automatic DPDK test reports
 help / color / mirror / Atom feed
* |SUCCESS| pw154914 [PATCH v3] test/argparse: change initialization to workaround LTO
       [not found] <20250701154202.237442-1-stephen@networkplumber.org>
@ 2025-07-01 15:13 ` qemudev
  2025-07-01 15:17 ` qemudev
                   ` (14 subsequent siblings)
  15 siblings, 0 replies; 16+ messages in thread
From: qemudev @ 2025-07-01 15:13 UTC (permalink / raw)
  To: test-report

Test-Label: loongarch-compilation
Test-Status: SUCCESS
http://dpdk.org/patch/154914

_Compilation OK_

Submitter: Stephen Hemminger <stephen@networkplumber.org>
Date: Tue,  1 Jul 2025 08:41:46 -0700
DPDK git baseline: Repo:dpdk
  Branch: main
  CommitID: 0eb86b4533d40bcd703972421b9a201c02f37f8a

154914 --> meson & ninja build successfully

Test environment and result as below:

+---------------------+----------------+
|     Environment     | compilation    |
+---------------------+----------------+
| Loongnix-Server 8.3 | PASS           |
+---------------------+----------------+

Loongnix-Server 8.3
    Kernel: 4.19.190+
    Compiler: gcc 8.3


^ permalink raw reply	[flat|nested] 16+ messages in thread

* |SUCCESS| pw154914 [PATCH v3] test/argparse: change initialization to workaround LTO
       [not found] <20250701154202.237442-1-stephen@networkplumber.org>
  2025-07-01 15:13 ` |SUCCESS| pw154914 [PATCH v3] test/argparse: change initialization to workaround LTO qemudev
@ 2025-07-01 15:17 ` qemudev
  2025-07-01 15:40 ` |WARNING| " checkpatch
                   ` (13 subsequent siblings)
  15 siblings, 0 replies; 16+ messages in thread
From: qemudev @ 2025-07-01 15:17 UTC (permalink / raw)
  To: test-report

Test-Label: loongarch-unit-testing
Test-Status: SUCCESS
http://dpdk.org/patch/154914

_Unit Testing PASS_

Submitter: Stephen Hemminger <stephen@networkplumber.org>
Date: Tue,  1 Jul 2025 08:41:46 -0700
DPDK git baseline: Repo:dpdk
  Branch: main
  CommitID: 0eb86b4533d40bcd703972421b9a201c02f37f8a

154914 --> testing pass

Test environment and result as below:

+---------------------+----------------+
|     Environment     | dpdk_unit_test |
+---------------------+----------------+
| Loongnix-Server 8.3 | PASS           |
+---------------------+----------------+

Loongnix-Server 8.3
    Kernel: 4.19.190+
    Compiler: gcc 8.3


Test result details:
  1/120 DPDK:fast-tests / acl_autotest                            OK              3.28s
  2/120 DPDK:fast-tests / alarm_autotest                          OK              1.59s
  3/120 DPDK:fast-tests / argparse_autotest                       OK              0.58s
  4/120 DPDK:fast-tests / atomic_autotest                         OK              7.25s
  5/120 DPDK:fast-tests / bitcount_autotest                       OK              0.42s
  6/120 DPDK:fast-tests / bitmap_autotest                         OK              0.43s
  7/120 DPDK:fast-tests / bitops_autotest                         OK              1.93s
  8/120 DPDK:fast-tests / bitratestats_autotest                   OK              0.43s
  9/120 DPDK:fast-tests / bitset_autotest                         OK              3.14s
 10/120 DPDK:fast-tests / bpf_autotest                            OK              0.43s
 11/120 DPDK:fast-tests / bpf_convert_autotest                    OK              0.43s
 12/120 DPDK:fast-tests / byteorder_autotest                      OK              0.43s
 13/120 DPDK:fast-tests / cfgfile_autotest                        OK              0.43s
 14/120 DPDK:fast-tests / cksum_autotest                          OK              0.43s
 15/120 DPDK:fast-tests / cmdline_autotest                        OK              0.43s
 16/120 DPDK:fast-tests / common_autotest                         OK              1.31s
 17/120 DPDK:fast-tests / compressdev_autotest                    SKIP            0.07s   exit status 77
 18/120 DPDK:fast-tests / cpuflags_autotest                       OK              0.42s
 19/120 DPDK:fast-tests / crc_autotest                            OK              0.43s
 20/120 DPDK:fast-tests / user_delay_us                           OK              0.43s
 21/120 DPDK:fast-tests / debug_autotest                          OK             17.99s
 22/120 DPDK:fast-tests / devargs_autotest                        OK              0.43s
 23/120 DPDK:fast-tests / dispatcher_autotest                     OK              2.53s
 24/120 DPDK:fast-tests / distributor_autotest                    OK              1.20s
 25/120 DPDK:fast-tests / eal_flags_c_opt_autotest                OK              0.80s
 26/120 DPDK:fast-tests / eal_flags_main_opt_autotest             OK              0.22s
 27/120 DPDK:fast-tests / eal_flags_n_opt_autotest                OK              0.20s
 28/120 DPDK:fast-tests / eal_flags_hpet_autotest                 OK              0.13s
 29/120 DPDK:fast-tests / eal_flags_no_huge_autotest              OK              0.22s
 30/120 DPDK:fast-tests / eal_flags_a_opt_autotest                OK              0.30s
 31/120 DPDK:fast-tests / eal_flags_b_opt_autotest                OK              0.25s
 32/120 DPDK:fast-tests / eal_flags_vdev_opt_autotest             OK              0.20s
 33/120 DPDK:fast-tests / eal_flags_r_opt_autotest                OK              0.19s
 34/120 DPDK:fast-tests / eal_flags_mem_autotest                  OK              0.59s
 35/120 DPDK:fast-tests / eal_flags_file_prefix_autotest          OK             22.24s
 36/120 DPDK:fast-tests / eal_flags_misc_autotest                 OK              1.05s
 37/120 DPDK:fast-tests / eal_fs_autotest                         OK              0.39s
 38/120 DPDK:fast-tests / errno_autotest                          OK              0.40s
 39/120 DPDK:fast-tests / ethdev_link_status                      OK              0.40s
 40/120 DPDK:fast-tests / event_eth_tx_adapter_autotest           OK              1.69s
 41/120 DPDK:fast-tests / event_ring_autotest                     OK              0.40s
 42/120 DPDK:fast-tests / eventdev_common_autotest                OK              0.40s
 43/120 DPDK:fast-tests / eventdev_selftest_sw                    OK              7.28s
 44/120 DPDK:fast-tests / fbarray_autotest                        OK              0.40s
 45/120 DPDK:fast-tests / fib_autotest                            OK              1.17s
 46/120 DPDK:fast-tests / fib6_autotest                           OK              0.99s
 47/120 DPDK:fast-tests / func_reentrancy_autotest                OK              2.31s
 48/120 DPDK:fast-tests / graph_autotest                          OK              0.40s
 49/120 DPDK:fast-tests / node_list_dump                          OK              0.40s
 50/120 DPDK:fast-tests / graph_feature_arc_autotest              OK              0.40s
 51/120 DPDK:fast-tests / hash_autotest                           OK              1.02s
 52/120 DPDK:fast-tests / hash_readwrite_func_autotest            OK              6.38s
 53/120 DPDK:fast-tests / interrupt_autotest                      OK              1.70s
 54/120 DPDK:fast-tests / ipfrag_autotest                         OK              0.08s
 55/120 DPDK:fast-tests / ipsec_autotest                          SKIP            0.40s   exit status 77
 56/120 DPDK:fast-tests / kvargs_autotest                         OK              0.40s
 57/120 DPDK:fast-tests / latencystats_autotest                   OK              0.40s
 58/120 DPDK:fast-tests / lcore_var_autotest                      OK              0.54s
 59/120 DPDK:fast-tests / lcores_autotest                         OK              5.21s
 60/120 DPDK:fast-tests / logs_autotest                           OK              0.40s
 61/120 DPDK:fast-tests / lpm_autotest                            OK              2.44s
 62/120 DPDK:fast-tests / lpm6_autotest                           OK              5.58s
 63/120 DPDK:fast-tests / malloc_autotest                         OK             60.58s
 64/120 DPDK:fast-tests / mbuf_autotest                           OK              4.57s
 65/120 DPDK:fast-tests / mcslock_autotest                        OK              2.81s
 66/120 DPDK:fast-tests / member_autotest                         OK              1.59s
 67/120 DPDK:fast-tests / memcpy_autotest                         OK              6.91s
 68/120 DPDK:fast-tests / memory_autotest                         OK              0.09s
 69/120 DPDK:fast-tests / mempool_autotest                        OK              0.43s
 70/120 DPDK:fast-tests / memzone_autotest                        OK              0.14s
 71/120 DPDK:fast-tests / meter_autotest                          OK              0.39s
 72/120 DPDK:fast-tests / metrics_autotest                        OK              0.40s
 73/120 DPDK:fast-tests / multiprocess_autotest                   OK              0.19s
 74/120 DPDK:fast-tests / net_ether_autotest                      OK              1.05s
 75/120 DPDK:fast-tests / net_ipv6_autotest                       OK              0.40s
 76/120 DPDK:fast-tests / pcapng_autotest                         OK              6.67s
 77/120 DPDK:fast-tests / pdcp_autotest                           SKIP            0.07s   exit status 77
 78/120 DPDK:fast-tests / pdump_autotest                          OK              0.51s
 79/120 DPDK:fast-tests / per_lcore_autotest                      OK              0.50s
 80/120 DPDK:fast-tests / pflock_autotest                         OK              1.20s
 81/120 DPDK:fast-tests / pie_autotest                            OK              0.40s
 82/120 DPDK:fast-tests / ring_pmd_autotest                       OK              0.40s
 83/120 DPDK:fast-tests / power_autotest                          OK              0.40s
 84/120 DPDK:fast-tests / power_cpufreq_autotest                  SKIP            0.07s   exit status 77
 85/120 DPDK:fast-tests / power_intel_uncore_autotest             SKIP            0.39s   exit status 77
 86/120 DPDK:fast-tests / power_kvm_vm_autotest                   SKIP            0.07s   exit status 77
 87/120 DPDK:fast-tests / prefetch_autotest                       OK              0.39s
 88/120 DPDK:fast-tests / ptr_compress_autotest                   OK              0.40s
 89/120 DPDK:fast-tests / rawdev_autotest                         OK              0.40s
 90/120 DPDK:fast-tests / rcu_qsbr_autotest                       OK              0.92s
 91/120 DPDK:fast-tests / reorder_autotest                        OK              0.45s
 92/120 DPDK:fast-tests / rib_autotest                            OK              7.71s
 93/120 DPDK:fast-tests / rib6_autotest                           OK              7.70s
 94/120 DPDK:fast-tests / ring_autotest                           OK              0.43s
 95/120 DPDK:fast-tests / rwlock_test1_autotest                   OK              1.14s
 96/120 DPDK:fast-tests / rwlock_rda_autotest                     OK              5.40s
 97/120 DPDK:fast-tests / rwlock_rds_wrm_autotest                 OK              5.40s
 98/120 DPDK:fast-tests / rwlock_rde_wro_autotest                 OK              5.40s
 99/120 DPDK:fast-tests / sched_autotest                          OK              0.40s
100/120 DPDK:fast-tests / security_autotest                       OK              0.07s
101/120 DPDK:fast-tests / seqlock_autotest                        OK              2.39s
102/120 DPDK:fast-tests / service_autotest                        OK              3.10s
103/120 DPDK:fast-tests / soring_autotest                         OK              0.40s
104/120 DPDK:fast-tests / spinlock_autotest                       OK              0.47s
105/120 DPDK:fast-tests / stack_autotest                          OK              0.87s
106/120 DPDK:fast-tests / stack_lf_autotest                       SKIP            0.06s   exit status 77
107/120 DPDK:fast-tests / string_autotest                         OK              0.39s
108/120 DPDK:fast-tests / table_autotest                          OK              7.62s
109/120 DPDK:fast-tests / tailq_autotest                          OK              0.39s
110/120 DPDK:fast-tests / telemetry_data_autotest                 OK              0.40s
111/120 DPDK:fast-tests / telemetry_json_autotest                 OK              0.40s
112/120 DPDK:fast-tests / thash_autotest                          OK              0.41s
113/120 DPDK:fast-tests / threads_autotest                        OK              0.58s
114/120 DPDK:fast-tests / ticketlock_autotest                     OK              0.55s
115/120 DPDK:fast-tests / timer_autotest                          OK              3.89s
116/120 DPDK:fast-tests / trace_autotest                          OK              0.39s
117/120 DPDK:fast-tests / trace_autotest_with_traces              OK              0.40s
118/120 DPDK:fast-tests / vdev_autotest                           OK              0.39s
119/120 DPDK:fast-tests / version_autotest                        OK              0.40s
120/120 DPDK:fast-tests / telemetry_all                           OK              1.32s


Ok:                 113
Expected Fail:      0
Fail:               0
Unexpected Pass:    0
Skipped:            7
Timeout:            0


^ permalink raw reply	[flat|nested] 16+ messages in thread

* |WARNING| pw154914 [PATCH v3] test/argparse: change initialization to workaround LTO
       [not found] <20250701154202.237442-1-stephen@networkplumber.org>
  2025-07-01 15:13 ` |SUCCESS| pw154914 [PATCH v3] test/argparse: change initialization to workaround LTO qemudev
  2025-07-01 15:17 ` qemudev
@ 2025-07-01 15:40 ` checkpatch
  2025-07-01 17:03 ` |SUCCESS| " 0-day Robot
                   ` (12 subsequent siblings)
  15 siblings, 0 replies; 16+ messages in thread
From: checkpatch @ 2025-07-01 15:40 UTC (permalink / raw)
  To: test-report; +Cc: Stephen Hemminger

[-- Warning: decoded text below may be mangled, UTF-8 assumed --]
[-- Attachment #1: Type: text/plain, Size: 340 bytes --]

Test-Label: checkpatch
Test-Status: WARNING
http://dpdk.org/patch/154914

_coding style issues_


WARNING:COMMIT_LOG_LONG_LINE: Possible unwrapped commit description (prefer a maximum 75 chars per line)
#96: 
    inlined from ‘test_argparse_init_obj’ at ../app/test/test_argparse.c:108:2,

total: 0 errors, 1 warnings, 47 lines checked

^ permalink raw reply	[flat|nested] 16+ messages in thread

* |SUCCESS| pw154914 [PATCH v3] test/argparse: change initialization to workaround LTO
       [not found] <20250701154202.237442-1-stephen@networkplumber.org>
                   ` (2 preceding siblings ...)
  2025-07-01 15:40 ` |WARNING| " checkpatch
@ 2025-07-01 17:03 ` 0-day Robot
  2025-07-02 21:38 ` |SUCCESS| pw154914 [PATCH] [v3] test/argparse: change initialization dpdklab
                   ` (11 subsequent siblings)
  15 siblings, 0 replies; 16+ messages in thread
From: 0-day Robot @ 2025-07-01 17:03 UTC (permalink / raw)
  To: test-report; +Cc: robot

From: robot@bytheb.org

Test-Label: github-robot: build
Test-Status: SUCCESS
http://patchwork.dpdk.org/patch/154914/

_github build: passed_
Build URL: https://github.com/ovsrobot/dpdk/actions/runs/16004494453

^ permalink raw reply	[flat|nested] 16+ messages in thread

* |SUCCESS| pw154914 [PATCH] [v3] test/argparse: change initialization
       [not found] <20250701154202.237442-1-stephen@networkplumber.org>
                   ` (3 preceding siblings ...)
  2025-07-01 17:03 ` |SUCCESS| " 0-day Robot
@ 2025-07-02 21:38 ` dpdklab
  2025-07-02 22:07 ` dpdklab
                   ` (10 subsequent siblings)
  15 siblings, 0 replies; 16+ messages in thread
From: dpdklab @ 2025-07-02 21:38 UTC (permalink / raw)
  To: Test Report; +Cc: dpdk-test-reports

Test-Label: iol-sample-apps-testing
Test-Status: SUCCESS
http://dpdk.org/patch/154914

_Testing PASS_

Submitter: Stephen Hemminger <stephen@networkplumber.org>
Date: Tuesday, July 01 2025 15:41:46 
DPDK git baseline: Repo:dpdk
  Branch: master
  CommitID:bd546772e1449ccc0789db338cc398815fa2636d

154914 --> testing pass

Upstream job id: Template-DTS-Pipeline#234725

Test environment and result as below:

+--------------+----------------------+
| Environment  | compressdev_zlib_pmd |
+==============+======================+
| Ubuntu 22.04 | PASS                 |
+--------------+----------------------+


Ubuntu 22.04
	Kernel: 5.15
	Compiler: gcc gcc (Ubuntu 11.4.0-1ubuntu1~22.04) 11.4.0

To view detailed results, visit:
https://lab.dpdk.org/results/dashboard/patchsets/33557/

UNH-IOL DPDK Community Lab

To manage your email subscriptions, visit: 
https://lab.dpdk.org/results/dashboard/preferences/subscriptions/

^ permalink raw reply	[flat|nested] 16+ messages in thread

* |SUCCESS| pw154914 [PATCH] [v3] test/argparse: change initialization
       [not found] <20250701154202.237442-1-stephen@networkplumber.org>
                   ` (4 preceding siblings ...)
  2025-07-02 21:38 ` |SUCCESS| pw154914 [PATCH] [v3] test/argparse: change initialization dpdklab
@ 2025-07-02 22:07 ` dpdklab
  2025-07-03  0:07 ` |PENDING| " dpdklab
                   ` (9 subsequent siblings)
  15 siblings, 0 replies; 16+ messages in thread
From: dpdklab @ 2025-07-02 22:07 UTC (permalink / raw)
  To: Ali Alnubani, Test Report; +Cc: dpdk-test-reports

Test-Label: iol-mellanox-Performance
Test-Status: SUCCESS
http://dpdk.org/patch/154914

_Performance Testing PASS_

Submitter: Stephen Hemminger <stephen@networkplumber.org>
Date: Tuesday, July 01 2025 15:41:46 
DPDK git baseline: Repo:dpdk
  Branch: master
  CommitID:bd546772e1449ccc0789db338cc398815fa2636d

154914 --> performance testing pass

Upstream job id: Template-DTS-Pipeline#234712

Test environment and result as below:

Ubuntu 24.04
Kernel: 6.8
Compiler: gcc gcc (Ubuntu 13.3.0-6ubuntu2~24.04) 13.3.0
NIC: NVIDIA Mellanox ConnectX-7 100000 Mbps
Fail/Total: 0/6

Detail performance results: 
+------------+---------+----------+-------------+------------------------------+
| frame_size | txd/rxd | num_cpus | num_threads |  throughput difference from  |
|            |         |          |             |           expected           |
+============+=========+==========+=============+==============================+
| 64         | 1024    | 1        | 1           | -0.2%                        |
+------------+---------+----------+-------------+------------------------------+
| 128        | 1024    | 1        | 1           | 1.1%                         |
+------------+---------+----------+-------------+------------------------------+
| 256        | 1024    | 1        | 1           | 2.6%                         |
+------------+---------+----------+-------------+------------------------------+
| 512        | 1024    | 1        | 1           | -0.1%                        |
+------------+---------+----------+-------------+------------------------------+
| 1024       | 1024    | 1        | 1           | 0.1%                         |
+------------+---------+----------+-------------+------------------------------+
| 1518       | 1024    | 1        | 1           | -0.1%                        |
+------------+---------+----------+-------------+------------------------------+

Ubuntu 24.04
Kernel: 6.8
Compiler: gcc gcc (Ubuntu 13.3.0-6ubuntu2~24.04) 13.3.0
NIC: Mellanox ConnectX-6 Lx 25000 Mbps
Fail/Total: 0/6

Detail performance results: 
+------------+---------+----------+-------------+------------------------------+
| frame_size | txd/rxd | num_cpus | num_threads |  throughput difference from  |
|            |         |          |             |           expected           |
+============+=========+==========+=============+==============================+
| 64         | 1024    | 1        | 1           | -0.1%                        |
+------------+---------+----------+-------------+------------------------------+
| 128        | 1024    | 1        | 1           | -0.0%                        |
+------------+---------+----------+-------------+------------------------------+
| 256        | 1024    | 1        | 1           | 0.2%                         |
+------------+---------+----------+-------------+------------------------------+
| 512        | 1024    | 1        | 1           | 0.2%                         |
+------------+---------+----------+-------------+------------------------------+
| 1024       | 1024    | 1        | 1           | -0.0%                        |
+------------+---------+----------+-------------+------------------------------+
| 1518       | 1024    | 1        | 1           | -0.0%                        |
+------------+---------+----------+-------------+------------------------------+

To view detailed results, visit:
https://lab.dpdk.org/results/dashboard/patchsets/33557/

UNH-IOL DPDK Community Lab

To manage your email subscriptions, visit: 
https://lab.dpdk.org/results/dashboard/preferences/subscriptions/

^ permalink raw reply	[flat|nested] 16+ messages in thread

* |PENDING| pw154914 [PATCH] [v3] test/argparse: change initialization
       [not found] <20250701154202.237442-1-stephen@networkplumber.org>
                   ` (5 preceding siblings ...)
  2025-07-02 22:07 ` dpdklab
@ 2025-07-03  0:07 ` dpdklab
  2025-07-03  0:17 ` |SUCCESS| " dpdklab
                   ` (8 subsequent siblings)
  15 siblings, 0 replies; 16+ messages in thread
From: dpdklab @ 2025-07-03  0:07 UTC (permalink / raw)
  To: Test Report; +Cc: dpdk-test-reports

Test-Label: iol-compile-amd64-testing
Test-Status: PENDING
http://dpdk.org/patch/154914

_Testing pending_

Submitter: Stephen Hemminger <stephen@networkplumber.org>
Date: Tuesday, July 01 2025 15:41:46 
DPDK git baseline: Repo:dpdk
  Branch: master
  CommitID:bd546772e1449ccc0789db338cc398815fa2636d

154914 --> testing pending

Upstream job id: Windows-Compile-DPDK-Native#29516

Test environment and result as below:

+---------------------+-------------------------+-------------------+
|     Environment     | dpdk_llvm_clang_compile | dpdk_msvc_compile |
+=====================+=========================+===================+
| Windows Server 2022 | PASS                    | PEND              |
+---------------------+-------------------------+-------------------+


Windows Server 2022
	Kernel: 10.0.20348.2031
	Compiler: clang 15.0.7, gcc 14.1.0 (MinGW), and MSVC VS 19.39.33521

To view detailed results, visit:
https://lab.dpdk.org/results/dashboard/patchsets/33557/

UNH-IOL DPDK Community Lab

To manage your email subscriptions, visit: 
https://lab.dpdk.org/results/dashboard/preferences/subscriptions/

^ permalink raw reply	[flat|nested] 16+ messages in thread

* |SUCCESS| pw154914 [PATCH] [v3] test/argparse: change initialization
       [not found] <20250701154202.237442-1-stephen@networkplumber.org>
                   ` (6 preceding siblings ...)
  2025-07-03  0:07 ` |PENDING| " dpdklab
@ 2025-07-03  0:17 ` dpdklab
  2025-07-03  0:24 ` |PENDING| " dpdklab
                   ` (7 subsequent siblings)
  15 siblings, 0 replies; 16+ messages in thread
From: dpdklab @ 2025-07-03  0:17 UTC (permalink / raw)
  To: Test Report; +Cc: dpdk-test-reports

Test-Label: iol-compile-amd64-testing
Test-Status: SUCCESS
http://dpdk.org/patch/154914

_Testing PASS_

Submitter: Stephen Hemminger <stephen@networkplumber.org>
Date: Tuesday, July 01 2025 15:41:46 
DPDK git baseline: Repo:dpdk
  Branch: master
  CommitID:bd546772e1449ccc0789db338cc398815fa2636d

154914 --> testing pass

Upstream job id: Windows-Compile-DPDK-VS#6240

Test environment and result as below:

+---------------------+-------------------------+-------------------+
|     Environment     | dpdk_llvm_clang_compile | dpdk_msvc_compile |
+=====================+=========================+===================+
| Windows Server 2022 | PASS                    | PASS              |
+---------------------+-------------------------+-------------------+


Windows Server 2022
	Kernel: 10.0.20348.2031
	Compiler: clang 15.0.7, gcc 14.1.0 (MinGW), and MSVC VS 19.39.33521

To view detailed results, visit:
https://lab.dpdk.org/results/dashboard/patchsets/33557/

UNH-IOL DPDK Community Lab

To manage your email subscriptions, visit: 
https://lab.dpdk.org/results/dashboard/preferences/subscriptions/

^ permalink raw reply	[flat|nested] 16+ messages in thread

* |PENDING| pw154914 [PATCH] [v3] test/argparse: change initialization
       [not found] <20250701154202.237442-1-stephen@networkplumber.org>
                   ` (7 preceding siblings ...)
  2025-07-03  0:17 ` |SUCCESS| " dpdklab
@ 2025-07-03  0:24 ` dpdklab
  2025-07-03  0:29 ` dpdklab
                   ` (6 subsequent siblings)
  15 siblings, 0 replies; 16+ messages in thread
From: dpdklab @ 2025-07-03  0:24 UTC (permalink / raw)
  To: Test Report; +Cc: dpdk-test-reports

Test-Label: iol-unit-amd64-testing
Test-Status: PENDING
http://dpdk.org/patch/154914

_Testing pending_

Submitter: Stephen Hemminger <stephen@networkplumber.org>
Date: Tuesday, July 01 2025 15:41:46 
DPDK git baseline: Repo:dpdk
  Branch: master
  CommitID:bd546772e1449ccc0789db338cc398815fa2636d

154914 --> testing pending

Upstream job id: Generic-VM-Unit-Test-DPDK#29660

Test environment and result as below:

+-------------------------------+----------------+
|          Environment          | dpdk_unit_test |
+===============================+================+
| CentOS Stream 9               | PEND           |
+-------------------------------+----------------+
| Debian GNU/Linux 12           | PEND           |
+-------------------------------+----------------+
| Fedora Linux 40               | PEND           |
+-------------------------------+----------------+
| CentOS Stream 10              | PEND           |
+-------------------------------+----------------+
| Fedora Linux 41               | PEND           |
+-------------------------------+----------------+
| Red Hat Enterprise Linux 9.5  | PEND           |
+-------------------------------+----------------+
| Red Hat Enterprise Linux 8.10 | PEND           |
+-------------------------------+----------------+
| Ubuntu 20.04                  | PEND           |
+-------------------------------+----------------+
| Ubuntu 24.04                  | PEND           |
+-------------------------------+----------------+
| Ubuntu 22.04                  | PEND           |
+-------------------------------+----------------+
| Windows Server 2022           | PASS           |
+-------------------------------+----------------+


CentOS Stream 9
	Kernel: 5.15
	Compiler: gcc gcc (GCC) 11.5.0 20240719 (Red Hat 11.5.0-7)

Debian GNU/Linux 12
	Kernel: 5.15
	Compiler: gcc gcc (Debian 12.2.0-14+deb12u1) 12.2.0

Fedora Linux 40
	Kernel: 5.15
	Compiler: gcc gcc (GCC) 14.2.1 20240912 (Red Hat 14.2.1-3)

CentOS Stream 10
	Kernel: 5.15
	Compiler: gcc gcc (GCC) 14.2.1 20250110 (Red Hat 14.2.1-8)

Fedora Linux 41
	Kernel: 5.15
	Compiler: gcc gcc (GCC) 14.3.1 20250523 (Red Hat 14.3.1-1)

Red Hat Enterprise Linux 9.5
	Kernel: 5.15
	Compiler: gcc gcc (GCC) 11.5.0 20240719 (Red Hat 11.5.0-2)

Red Hat Enterprise Linux 8.10
	Kernel: 5.15
	Compiler: gcc gcc (GCC) 8.5.0 20210514 (Red Hat 8.5.0-22)

Ubuntu 20.04
	Kernel: 5.15
	Compiler: gcc gcc (Ubuntu 9.4.0-1ubuntu1~20.04.2) 9.4.0

Ubuntu 24.04
	Kernel: 5.15
	Compiler: gcc gcc (Ubuntu 13.3.0-6ubuntu2~24.04) 13.3.0

Ubuntu 22.04
	Kernel: 5.15
	Compiler: gcc gcc (Ubuntu 11.4.0-1ubuntu1~22.04) 11.4.0

Windows Server 2022
	Kernel: 10.0.20348.2031
	Compiler: clang 15.0.7, gcc 14.1.0 (MinGW), and MSVC VS 19.39.33521

To view detailed results, visit:
https://lab.dpdk.org/results/dashboard/patchsets/33557/

UNH-IOL DPDK Community Lab

To manage your email subscriptions, visit: 
https://lab.dpdk.org/results/dashboard/preferences/subscriptions/

^ permalink raw reply	[flat|nested] 16+ messages in thread

* |PENDING| pw154914 [PATCH] [v3] test/argparse: change initialization
       [not found] <20250701154202.237442-1-stephen@networkplumber.org>
                   ` (8 preceding siblings ...)
  2025-07-03  0:24 ` |PENDING| " dpdklab
@ 2025-07-03  0:29 ` dpdklab
  2025-07-03  2:03 ` |SUCCESS| " dpdklab
                   ` (5 subsequent siblings)
  15 siblings, 0 replies; 16+ messages in thread
From: dpdklab @ 2025-07-03  0:29 UTC (permalink / raw)
  To: Test Report; +Cc: dpdk-test-reports

Test-Label: iol-unit-arm64-testing
Test-Status: PENDING
http://dpdk.org/patch/154914

_Testing pending_

Submitter: Stephen Hemminger <stephen@networkplumber.org>
Date: Tuesday, July 01 2025 15:41:46 
DPDK git baseline: Repo:dpdk
  Branch: master
  CommitID:bd546772e1449ccc0789db338cc398815fa2636d

154914 --> testing pending

Upstream job id: Aarch32-Unit-Test#6792

Test environment and result as below:

+------------------------------+----------------+---------------------------+--------------+------------------------------+
|         Environment          | dpdk_unit_test | cryptodev_sw_zuc_autotest | lpm_autotest | cryptodev_sw_snow3g_autotest |
+==============================+================+===========================+==============+==============================+
| CentOS Stream 10             | PEND           | SKIPPED                   | SKIPPED      | SKIPPED                      |
+------------------------------+----------------+---------------------------+--------------+------------------------------+
| Fedora Linux 40              | PEND           | SKIPPED                   | SKIPPED      | SKIPPED                      |
+------------------------------+----------------+---------------------------+--------------+------------------------------+
| Debian GNU/Linux 12          | PEND           | SKIPPED                   | SKIPPED      | SKIPPED                      |
+------------------------------+----------------+---------------------------+--------------+------------------------------+
| CentOS Stream 9              | PEND           | SKIPPED                   | SKIPPED      | SKIPPED                      |
+------------------------------+----------------+---------------------------+--------------+------------------------------+
| Fedora Linux 41              | PEND           | SKIPPED                   | SKIPPED      | SKIPPED                      |
+------------------------------+----------------+---------------------------+--------------+------------------------------+
| Red Hat Enterprise Linux 9.5 | PEND           | SKIPPED                   | SKIPPED      | SKIPPED                      |
+------------------------------+----------------+---------------------------+--------------+------------------------------+
| Ubuntu 24.04                 | PEND           | SKIPPED                   | SKIPPED      | SKIPPED                      |
+------------------------------+----------------+---------------------------+--------------+------------------------------+
| Ubuntu 20.04                 | PEND           | SKIPPED                   | PEND         | SKIPPED                      |
+------------------------------+----------------+---------------------------+--------------+------------------------------+
| Ubuntu 22.04                 | PASS           | SKIPPED                   | SKIPPED      | SKIPPED                      |
+------------------------------+----------------+---------------------------+--------------+------------------------------+
| Debian 12 (arm)              | SKIPPED        | PEND                      | SKIPPED      | PEND                         |
+------------------------------+----------------+---------------------------+--------------+------------------------------+


CentOS Stream 10
	Kernel: 5.4
	Compiler: gcc gcc (GCC) 14.2.1 20250110 (Red Hat 14.2.1-8)

Fedora Linux 40
	Kernel: 5.4
	Compiler: gcc gcc (GCC) 14.2.1 20240912 (Red Hat 14.2.1-3)

Debian GNU/Linux 12
	Kernel: 5.4
	Compiler: gcc gcc (Debian 12.2.0-14+deb12u1) 12.2.0

CentOS Stream 9
	Kernel: 5.4
	Compiler: gcc gcc (GCC) 11.5.0 20240719 (Red Hat 11.5.0-7)

Fedora Linux 41
	Kernel: 5.4
	Compiler: clang gcc (GCC) 14.3.1 20250523 (Red Hat 14.3.1-1)

Red Hat Enterprise Linux 9.5
	Kernel: 5.4
	Compiler: gcc gcc (GCC) 11.5.0 20240719 (Red Hat 11.5.0-2)

Ubuntu 24.04
	Kernel: 5.4
	Compiler: gcc gcc (Ubuntu 13.3.0-6ubuntu2~24.04) 13.3.0

Ubuntu 20.04
	Kernel: 5.4
	Compiler: gcc gcc (Ubuntu 9.4.0-1ubuntu1~20.04.2) 9.4.0

Ubuntu 22.04
	Kernel: 5.4
	Compiler: gcc gcc (Ubuntu 11.4.0-1ubuntu1~22.04) 11.4.0

Debian 12 (arm)
	Kernel: Depends on container host
	Compiler: gcc (Debian 12.2.0-14) 12.2.0

To view detailed results, visit:
https://lab.dpdk.org/results/dashboard/patchsets/33557/

UNH-IOL DPDK Community Lab

To manage your email subscriptions, visit: 
https://lab.dpdk.org/results/dashboard/preferences/subscriptions/

^ permalink raw reply	[flat|nested] 16+ messages in thread

* |SUCCESS| pw154914 [PATCH] [v3] test/argparse: change initialization
       [not found] <20250701154202.237442-1-stephen@networkplumber.org>
                   ` (9 preceding siblings ...)
  2025-07-03  0:29 ` dpdklab
@ 2025-07-03  2:03 ` dpdklab
  2025-07-03  2:24 ` |PENDING| " dpdklab
                   ` (4 subsequent siblings)
  15 siblings, 0 replies; 16+ messages in thread
From: dpdklab @ 2025-07-03  2:03 UTC (permalink / raw)
  To: Test Report; +Cc: dpdk-test-reports

Test-Label: iol-compile-amd64-testing
Test-Status: SUCCESS
http://dpdk.org/patch/154914

_Testing PASS_

Submitter: Stephen Hemminger <stephen@networkplumber.org>
Date: Tuesday, July 01 2025 15:41:46 
DPDK git baseline: Repo:dpdk
  Branch: master
  CommitID:bd546772e1449ccc0789db338cc398815fa2636d

154914 --> testing pass

Upstream job id: Windows-Compile-DPDK-Native#29530

Test environment and result as below:

+---------------------+-------------------------+-------------------+----------------------+
|     Environment     | dpdk_llvm_clang_compile | dpdk_msvc_compile | dpdk_mingw64_compile |
+=====================+=========================+===================+======================+
| Windows Server 2022 | PASS                    | PASS              | PASS                 |
+---------------------+-------------------------+-------------------+----------------------+


Windows Server 2022
	Kernel: 10.0.20348.2031
	Compiler: clang 15.0.7, gcc 14.1.0 (MinGW), and MSVC VS 19.39.33521

To view detailed results, visit:
https://lab.dpdk.org/results/dashboard/patchsets/33557/

UNH-IOL DPDK Community Lab

To manage your email subscriptions, visit: 
https://lab.dpdk.org/results/dashboard/preferences/subscriptions/

^ permalink raw reply	[flat|nested] 16+ messages in thread

* |PENDING| pw154914 [PATCH] [v3] test/argparse: change initialization
       [not found] <20250701154202.237442-1-stephen@networkplumber.org>
                   ` (10 preceding siblings ...)
  2025-07-03  2:03 ` |SUCCESS| " dpdklab
@ 2025-07-03  2:24 ` dpdklab
  2025-07-03  3:50 ` dpdklab
                   ` (3 subsequent siblings)
  15 siblings, 0 replies; 16+ messages in thread
From: dpdklab @ 2025-07-03  2:24 UTC (permalink / raw)
  To: Test Report; +Cc: dpdk-test-reports

Test-Label: iol-compile-amd64-testing
Test-Status: PENDING
http://dpdk.org/patch/154914

_Testing pending_

Submitter: Stephen Hemminger <stephen@networkplumber.org>
Date: Tuesday, July 01 2025 15:41:46 
DPDK git baseline: Repo:dpdk
  Branch: master
  CommitID:bd546772e1449ccc0789db338cc398815fa2636d

154914 --> testing pending

Upstream job id: Generic-VM-DPDK-Compile-Meson#36899

Test environment and result as below:

+---------------------+--------------------+-------------------------+-------------------+
|     Environment     | dpdk_meson_compile | dpdk_llvm_clang_compile | dpdk_msvc_compile |
+=====================+====================+=========================+===================+
| Ubuntu 20.04        | PASS               | SKIPPED                 | SKIPPED           |
+---------------------+--------------------+-------------------------+-------------------+
| Windows Server 2022 | SKIPPED            | PEND                    | PEND              |
+---------------------+--------------------+-------------------------+-------------------+


Ubuntu 20.04
	Kernel: 4.19
	Compiler: gcc gcc (Ubuntu 9.4.0-1ubuntu1~20.04.2) 9.4.0

Windows Server 2022
	Kernel: 10.0.20348.2031
	Compiler: clang 15.0.7, gcc 14.1.0 (MinGW), and MSVC VS 19.39.33521

To view detailed results, visit:
https://lab.dpdk.org/results/dashboard/patchsets/33557/

UNH-IOL DPDK Community Lab

To manage your email subscriptions, visit: 
https://lab.dpdk.org/results/dashboard/preferences/subscriptions/

^ permalink raw reply	[flat|nested] 16+ messages in thread

* |PENDING| pw154914 [PATCH] [v3] test/argparse: change initialization
       [not found] <20250701154202.237442-1-stephen@networkplumber.org>
                   ` (11 preceding siblings ...)
  2025-07-03  2:24 ` |PENDING| " dpdklab
@ 2025-07-03  3:50 ` dpdklab
  2025-07-03  4:11 ` dpdklab
                   ` (2 subsequent siblings)
  15 siblings, 0 replies; 16+ messages in thread
From: dpdklab @ 2025-07-03  3:50 UTC (permalink / raw)
  To: Test Report; +Cc: dpdk-test-reports

Test-Label: iol-unit-arm64-testing
Test-Status: PENDING
http://dpdk.org/patch/154914

_Testing pending_

Submitter: Stephen Hemminger <stephen@networkplumber.org>
Date: Tuesday, July 01 2025 15:41:46 
DPDK git baseline: Repo:dpdk
  Branch: master
  CommitID:bd546772e1449ccc0789db338cc398815fa2636d

154914 --> testing pending

Upstream job id: Generic-Unit-Test-DPDK#352108

Test environment and result as below:

+------------------------------+----------------+---------------------------+--------------+------------------------------+
|         Environment          | dpdk_unit_test | cryptodev_sw_zuc_autotest | lpm_autotest | cryptodev_sw_snow3g_autotest |
+==============================+================+===========================+==============+==============================+
| CentOS Stream 9              | PEND           | SKIPPED                   | SKIPPED      | SKIPPED                      |
+------------------------------+----------------+---------------------------+--------------+------------------------------+
| Fedora Linux 40              | PEND           | SKIPPED                   | SKIPPED      | SKIPPED                      |
+------------------------------+----------------+---------------------------+--------------+------------------------------+
| Fedora Linux 41              | PEND           | SKIPPED                   | SKIPPED      | SKIPPED                      |
+------------------------------+----------------+---------------------------+--------------+------------------------------+
| CentOS Stream 10             | PEND           | SKIPPED                   | SKIPPED      | SKIPPED                      |
+------------------------------+----------------+---------------------------+--------------+------------------------------+
| Debian GNU/Linux 12          | PEND           | SKIPPED                   | SKIPPED      | SKIPPED                      |
+------------------------------+----------------+---------------------------+--------------+------------------------------+
| Red Hat Enterprise Linux 9.5 | PEND           | SKIPPED                   | SKIPPED      | SKIPPED                      |
+------------------------------+----------------+---------------------------+--------------+------------------------------+
| Ubuntu 20.04                 | PEND           | SKIPPED                   | PEND         | SKIPPED                      |
+------------------------------+----------------+---------------------------+--------------+------------------------------+
| Ubuntu 24.04                 | PEND           | SKIPPED                   | SKIPPED      | SKIPPED                      |
+------------------------------+----------------+---------------------------+--------------+------------------------------+
| Ubuntu 22.04                 | PEND           | SKIPPED                   | SKIPPED      | SKIPPED                      |
+------------------------------+----------------+---------------------------+--------------+------------------------------+
| Debian 12 (arm)              | SKIPPED        | PEND                      | SKIPPED      | PASS                         |
+------------------------------+----------------+---------------------------+--------------+------------------------------+


CentOS Stream 9
	Kernel: 5.4
	Compiler: gcc gcc (GCC) 11.5.0 20240719 (Red Hat 11.5.0-7)

Fedora Linux 40
	Kernel: 5.4
	Compiler: gcc gcc (GCC) 14.2.1 20240912 (Red Hat 14.2.1-3)

Fedora Linux 41
	Kernel: 5.4
	Compiler: gcc gcc (GCC) 14.3.1 20250523 (Red Hat 14.3.1-1)

CentOS Stream 10
	Kernel: 5.4
	Compiler: gcc gcc (GCC) 14.2.1 20250110 (Red Hat 14.2.1-8)

Debian GNU/Linux 12
	Kernel: 5.4
	Compiler: gcc gcc (Debian 12.2.0-14+deb12u1) 12.2.0

Red Hat Enterprise Linux 9.5
	Kernel: 5.4
	Compiler: gcc gcc (GCC) 11.5.0 20240719 (Red Hat 11.5.0-2)

Ubuntu 20.04
	Kernel: 5.4
	Compiler: gcc gcc (Ubuntu 9.4.0-1ubuntu1~20.04.2) 9.4.0

Ubuntu 24.04
	Kernel: 5.4
	Compiler: gcc gcc (Ubuntu 13.3.0-6ubuntu2~24.04) 13.3.0

Ubuntu 22.04
	Kernel: 5.4
	Compiler: gcc gcc (Ubuntu 11.4.0-1ubuntu1~22.04) 11.4.0

Debian 12 (arm)
	Kernel: Depends on container host
	Compiler: gcc (Debian 12.2.0-14) 12.2.0

To view detailed results, visit:
https://lab.dpdk.org/results/dashboard/patchsets/33557/

UNH-IOL DPDK Community Lab

To manage your email subscriptions, visit: 
https://lab.dpdk.org/results/dashboard/preferences/subscriptions/

^ permalink raw reply	[flat|nested] 16+ messages in thread

* |PENDING| pw154914 [PATCH] [v3] test/argparse: change initialization
       [not found] <20250701154202.237442-1-stephen@networkplumber.org>
                   ` (12 preceding siblings ...)
  2025-07-03  3:50 ` dpdklab
@ 2025-07-03  4:11 ` dpdklab
  2025-07-03  4:15 ` |FAILURE| " dpdklab
  2025-07-03  4:15 ` dpdklab
  15 siblings, 0 replies; 16+ messages in thread
From: dpdklab @ 2025-07-03  4:11 UTC (permalink / raw)
  To: Test Report; +Cc: dpdk-test-reports

Test-Label: iol-unit-amd64-testing
Test-Status: PENDING
http://dpdk.org/patch/154914

_Testing pending_

Submitter: Stephen Hemminger <stephen@networkplumber.org>
Date: Tuesday, July 01 2025 15:41:46 
DPDK git baseline: Repo:dpdk
  Branch: master
  CommitID:bd546772e1449ccc0789db338cc398815fa2636d

154914 --> testing pending

Upstream job id: Generic-VM-Unit-Test-DPDK#29674

Test environment and result as below:

+-------------------------------+----------------+
|          Environment          | dpdk_unit_test |
+===============================+================+
| CentOS Stream 10              | PEND           |
+-------------------------------+----------------+
| CentOS Stream 9               | PEND           |
+-------------------------------+----------------+
| Fedora Linux 40               | PEND           |
+-------------------------------+----------------+
| Debian GNU/Linux 12           | PEND           |
+-------------------------------+----------------+
| Fedora Linux 41               | PEND           |
+-------------------------------+----------------+
| Red Hat Enterprise Linux 8.10 | PEND           |
+-------------------------------+----------------+
| Red Hat Enterprise Linux 9.5  | PEND           |
+-------------------------------+----------------+
| Ubuntu 20.04                  | PEND           |
+-------------------------------+----------------+
| Ubuntu 22.04                  | PEND           |
+-------------------------------+----------------+
| Ubuntu 24.04                  | PEND           |
+-------------------------------+----------------+
| Windows Server 2022           | PASS           |
+-------------------------------+----------------+


CentOS Stream 10
	Kernel: 5.15
	Compiler: gcc gcc (GCC) 14.2.1 20250110 (Red Hat 14.2.1-8)

CentOS Stream 9
	Kernel: 5.15
	Compiler: gcc gcc (GCC) 11.5.0 20240719 (Red Hat 11.5.0-7)

Fedora Linux 40
	Kernel: 5.15
	Compiler: gcc gcc (GCC) 14.2.1 20240912 (Red Hat 14.2.1-3)

Debian GNU/Linux 12
	Kernel: 5.15
	Compiler: gcc gcc (Debian 12.2.0-14+deb12u1) 12.2.0

Fedora Linux 41
	Kernel: 5.15
	Compiler: gcc gcc (GCC) 14.3.1 20250523 (Red Hat 14.3.1-1)

Red Hat Enterprise Linux 8.10
	Kernel: 5.15
	Compiler: gcc gcc (GCC) 8.5.0 20210514 (Red Hat 8.5.0-22)

Red Hat Enterprise Linux 9.5
	Kernel: 5.15
	Compiler: gcc gcc (GCC) 11.5.0 20240719 (Red Hat 11.5.0-2)

Ubuntu 20.04
	Kernel: 5.15
	Compiler: gcc gcc (Ubuntu 9.4.0-1ubuntu1~20.04.2) 9.4.0

Ubuntu 22.04
	Kernel: 5.15
	Compiler: gcc gcc (Ubuntu 11.4.0-1ubuntu1~22.04) 11.4.0

Ubuntu 24.04
	Kernel: 5.15
	Compiler: gcc gcc (Ubuntu 13.3.0-6ubuntu2~24.04) 13.3.0

Windows Server 2022
	Kernel: 10.0.20348.2031
	Compiler: clang 15.0.7, gcc 14.1.0 (MinGW), and MSVC VS 19.39.33521

To view detailed results, visit:
https://lab.dpdk.org/results/dashboard/patchsets/33557/

UNH-IOL DPDK Community Lab

To manage your email subscriptions, visit: 
https://lab.dpdk.org/results/dashboard/preferences/subscriptions/

^ permalink raw reply	[flat|nested] 16+ messages in thread

* |FAILURE| pw154914 [PATCH] [v3] test/argparse: change initialization
       [not found] <20250701154202.237442-1-stephen@networkplumber.org>
                   ` (13 preceding siblings ...)
  2025-07-03  4:11 ` dpdklab
@ 2025-07-03  4:15 ` dpdklab
  2025-07-03  4:15 ` dpdklab
  15 siblings, 0 replies; 16+ messages in thread
From: dpdklab @ 2025-07-03  4:15 UTC (permalink / raw)
  To: Test Report; +Cc: dpdk-test-reports, Stephen Hemminger

Test-Label: iol-unit-arm64-testing
Test-Status: FAILURE
http://dpdk.org/patch/154914

_Testing issues_

Submitter: Stephen Hemminger <stephen@networkplumber.org>
Date: Tuesday, July 01 2025 15:41:46 
DPDK git baseline: Repo:dpdk
  Branch: master
  CommitID:bd546772e1449ccc0789db338cc398815fa2636d

154914 --> testing issues

Upstream job id: Generic-Unit-Test-DPDK#352114

Test environment and result as below:

+------------------------------+----------------+---------------------------+--------------+------------------------------+
|         Environment          | dpdk_unit_test | cryptodev_sw_zuc_autotest | lpm_autotest | cryptodev_sw_snow3g_autotest |
+==============================+================+===========================+==============+==============================+
| CentOS Stream 9              | PEND           | SKIPPED                   | SKIPPED      | SKIPPED                      |
+------------------------------+----------------+---------------------------+--------------+------------------------------+
| Fedora Linux 40              | PEND           | SKIPPED                   | SKIPPED      | SKIPPED                      |
+------------------------------+----------------+---------------------------+--------------+------------------------------+
| Fedora Linux 41              | PEND           | SKIPPED                   | SKIPPED      | SKIPPED                      |
+------------------------------+----------------+---------------------------+--------------+------------------------------+
| CentOS Stream 10             | PASS           | SKIPPED                   | SKIPPED      | SKIPPED                      |
+------------------------------+----------------+---------------------------+--------------+------------------------------+
| Debian GNU/Linux 12          | PEND           | SKIPPED                   | SKIPPED      | SKIPPED                      |
+------------------------------+----------------+---------------------------+--------------+------------------------------+
| Red Hat Enterprise Linux 9.5 | PASS           | SKIPPED                   | SKIPPED      | SKIPPED                      |
+------------------------------+----------------+---------------------------+--------------+------------------------------+
| Ubuntu 20.04                 | PASS           | SKIPPED                   | PEND         | SKIPPED                      |
+------------------------------+----------------+---------------------------+--------------+------------------------------+
| Ubuntu 24.04                 | FAIL           | SKIPPED                   | SKIPPED      | SKIPPED                      |
+------------------------------+----------------+---------------------------+--------------+------------------------------+
| Ubuntu 22.04                 | PEND           | SKIPPED                   | SKIPPED      | SKIPPED                      |
+------------------------------+----------------+---------------------------+--------------+------------------------------+
| Debian 12 (arm)              | SKIPPED        | PASS                      | SKIPPED      | PASS                         |
+------------------------------+----------------+---------------------------+--------------+------------------------------+

==== Unit test summary for Ubuntu 24.04 (dpdk_unit_test): ====
ninja: Entering directory `/home-local/jenkins-local/jenkins-agent/workspace/Generic-Unit-Test-DPDK@2/dpdk/build'
ninja: no work to do.
  1/120 DPDK:fast-tests / acl_autotest                   OK              10.70s
  2/120 DPDK:fast-tests / alarm_autotest                 OK               1.57s
  3/120 DPDK:fast-tests / argparse_autotest              OK               0.48s
  4/120 DPDK:fast-tests / atomic_autotest                OK               7.26s
  5/120 DPDK:fast-tests / bitcount_autotest              OK               0.65s
  6/120 DPDK:fast-tests / bitmap_autotest                OK               0.54s
  7/120 DPDK:fast-tests / bitops_autotest                OK               2.14s
  8/120 DPDK:fast-tests / bitratestats_autotest          OK               0.65s
  9/120 DPDK:fast-tests / bitset_autotest                OK               7.72s
 10/120 DPDK:fast-tests / bpf_autotest                   OK               0.46s
 11/120 DPDK:fast-tests / bpf_convert_autotest           OK               0.58s
 12/120 DPDK:fast-tests / byteorder_autotest             OK               0.54s
 13/120 DPDK:fast-tests / cfgfile_autotest               OK               0.55s
 14/120 DPDK:fast-tests / cksum_autotest                 OK               0.53s
 15/120 DPDK:fast-tests / cmdline_autotest               OK               0.60s
 16/120 DPDK:fast-tests / common_autotest                OK               2.67s
 17/120 DPDK:fast-tests / compressdev_autotest           SKIP             0.26s   exit status 77
 18/120 DPDK:fast-tests / cpuflags_autotest              OK               0.66s
 19/120 DPDK:fast-tests / crc_autotest                   OK               0.54s
 20/120 DPDK:fast-tests / user_delay_us                  OK               0.54s
 21/120 DPDK:fast-tests / debug_autotest                 OK               2.34s
 22/120 DPDK:fast-tests / devargs_autotest               OK               0.56s
 23/120 DPDK:fast-tests / dispatcher_autotest            FAIL            55.17s   killed by signal 11 SIGSEGV
>>> DPDK_TEST=dispatcher_autotest MALLOC_PERTURB_=214 /home-local/jenkins-local/jenkins-agent/workspace/Generic-Unit-Test-DPDK@2/dpdk/build/app/dpdk-test

 24/120 DPDK:fast-tests / distributor_autotest           OK               6.17s
 25/120 DPDK:fast-tests / eal_flags_c_opt_autotest       OK               5.16s
 26/120 DPDK:fast-tests / eal_flags_main_opt_autotest    OK               1.53s
 27/120 DPDK:fast-tests / eal_flags_n_opt_autotest       OK               1.30s
 28/120 DPDK:fast-tests / eal_flags_hpet_autotest        OK               0.77s
 29/120 DPDK:fast-tests / eal_flags_no_huge_autotest     OK               1.70s
 30/120 DPDK:fast-tests / eal_flags_a_opt_autotest       OK               2.20s
 31/120 DPDK:fast-tests / eal_flags_b_opt_autotest       OK               1.75s
 32/120 DPDK:fast-tests / eal_flags_vdev_opt_autotest    OK               1.30s
 33/120 DPDK:fast-tests / eal_flags_r_opt_autotest       OK               1.25s
 34/120 DPDK:fast-tests / eal_flags_mem_autotest         OK               1.87s
 35/120 DPDK:fast-tests / eal_flags_file_prefix_autotest OK               4.74s
 36/120 DPDK:fast-tests / eal_flags_misc_autotest        OK               6.77s
 37/120 DPDK:fast-tests / eal_fs_autotest                OK               0.62s
 38/120 DPDK:fast-tests / errno_autotest                 OK               0.55s
 39/120 DPDK:fast-tests / ethdev_link_status             OK               0.55s
 40/120 DPDK:fast-tests / event_eth_tx_adapter_autotest  OK               3.56s
 41/120 DPDK:fast-tests / event_ring_autotest            OK               0.58s
 42/120 DPDK:fast-tests / eventdev_common_autotest       OK               0.52s
 43/120 DPDK:fast-tests / eventdev_selftest_sw           OK              43.12s
 44/120 DPDK:fast-tests / fbarray_autotest               OK               0.57s
 45/120 DPDK:fast-tests / fib_autotest                   OK               2.88s
 46/120 DPDK:fast-tests / fib6_autotest                  OK               2.55s
 47/120 DPDK:fast-tests / func_reentrancy_autotest       OK               3.10s
 48/120 DPDK:fast-tests / graph_autotest                 OK               0.59s
 49/120 DPDK:fast-tests / node_list_dump                 OK               0.50s
 50/120 DPDK:fast-tests / graph_feature_arc_autotest     OK               0.50s
 51/120 DPDK:fast-tests / hash_autotest                  OK               2.04s
 52/120 DPDK:fast-tests / hash_readwrite_func_autotest   OK              25.48s
 53/120 DPDK:fast-tests / interrupt_autotest             OK               1.69s
 54/120 DPDK:fast-tests / ipfrag_autotest                OK               0.34s
 55/120 DPDK:fast-tests / ipsec_autotest                 SKIP             0.58s   exit status 77
 56/120 DPDK:fast-tests / kvargs_autotest                OK               0.52s
 57/120 DPDK:fast-tests / latencystats_autotest          OK               0.53s
 58/120 DPDK:fast-tests / lcore_var_autotest             OK               2.07s
 59/120 DPDK:fast-tests / lcores_autotest                OK               8.58s
 60/120 DPDK:fast-tests / logs_autotest                  OK               0.57s
 61/120 DPDK:fast-tests / lpm_autotest                   OK               4.93s
 62/120 DPDK:fast-tests / lpm6_autotest                  OK              12.63s
 63/120 DPDK:fast-tests / malloc_autotest                OK               1.44s
 64/120 DPDK:fast-tests / mbuf_autotest                  OK               1.69s
 65/120 DPDK:fast-tests / mcslock_autotest               OK              22.51s
 66/120 DPDK:fast-tests / member_autotest                OK               4.76s
 67/120 DPDK:fast-tests / memcpy_autotest                OK              15.21s
 68/120 DPDK:fast-tests / memory_autotest                OK               0.32s
 69/120 DPDK:fast-tests / mempool_autotest               OK               1.25s
 70/120 DPDK:fast-tests / memzone_autotest               OK               0.35s
 71/120 DPDK:fast-tests / meter_autotest                 OK               0.55s
 72/120 DPDK:fast-tests / metrics_autotest               OK               0.53s
 73/120 DPDK:fast-tests / multiprocess_autotest          OK               1.21s
 74/120 DPDK:fast-tests / net_ether_autotest             OK               2.80s
 75/120 DPDK:fast-tests / net_ipv6_autotest              OK               0.50s
 76/120 DPDK:fast-tests / pcapng_autotest                OK               7.11s
 77/120 DPDK:fast-tests / pdcp_autotest                  SKIP             0.29s   exit status 77
 78/120 DPDK:fast-tests / pdump_autotest                 OK               1.56s
 79/120 DPDK:fast-tests / per_lcore_autotest             OK               0.63s
 80/120 DPDK:fast-tests / pflock_autotest                OK               1.06s
 81/120 DPDK:fast-tests / pie_autotest                   OK               0.52s
 82/120 DPDK:fast-tests / ring_pmd_autotest              OK               0.51s
 83/120 DPDK:fast-tests / power_autotest                 OK               0.49s
 84/120 DPDK:fast-tests / power_cpufreq_autotest         SKIP             0.32s   exit status 77
 85/120 DPDK:fast-tests / power_intel_uncore_autotest    SKIP             0.57s   exit status 77
 86/120 DPDK:fast-tests / power_kvm_vm_autotest          SKIP             0.30s   exit status 77
 87/120 DPDK:fast-tests / prefetch_autotest              OK               0.56s
 88/120 DPDK:fast-tests / ptr_compress_autotest          OK               0.51s
 89/120 DPDK:fast-tests / rawdev_autotest                OK               0.49s
 90/120 DPDK:fast-tests / rcu_qsbr_autotest              OK               2.53s
 91/120 DPDK:fast-tests / reorder_autotest               OK               1.39s
 92/120 DPDK:fast-tests / rib_autotest                   OK              11.29s
 93/120 DPDK:fast-tests / rib6_autotest                  OK              12.05s
 94/120 DPDK:fast-tests / ring_autotest                  OK               0.68s
 95/120 DPDK:fast-tests / rwlock_test1_autotest          OK               0.87s
 96/120 DPDK:fast-tests / rwlock_rda_autotest            OK               5.56s
 97/120 DPDK:fast-tests / rwlock_rds_wrm_autotest        OK               5.59s
 98/120 DPDK:fast-tests / rwlock_rde_wro_autotest        OK               5.65s
 99/120 DPDK:fast-tests / sched_autotest                 OK               0.51s
100/120 DPDK:fast-tests / security_autotest              OK               0.29s
101/120 DPDK:fast-tests / seqlock_autotest               OK               2.64s
102/120 DPDK:fast-tests / service_autotest               OK               3.54s
103/120 DPDK:fast-tests / soring_autotest                OK               0.53s
104/120 DPDK:fast-tests / spinlock_autotest              OK               0.60s
105/120 DPDK:fast-tests / stack_autotest                 OK               0.67s
106/120 DPDK:fast-tests / stack_lf_autotest              OK               0.68s
107/120 DPDK:fast-tests / string_autotest                OK               0.56s
108/120 DPDK:fast-tests / table_autotest                 OK              15.77s
109/120 DPDK:fast-tests / tailq_autotest                 OK               0.43s
110/120 DPDK:fast-tests / telemetry_data_autotest        OK               0.55s
111/120 DPDK:fast-tests / telemetry_json_autotest        OK               0.52s
112/120 DPDK:fast-tests / thash_autotest                 OK               0.64s
113/120 DPDK:fast-tests / threads_autotest               OK               0.72s
114/120 DPDK:fast-tests / ticketlock_autotest            OK               1.24s
115/120 DPDK:fast-tests / timer_autotest                 OK               4.14s
116/120 DPDK:fast-tests / trace_autotest                 OK               0.78s
117/120 DPDK:fast-tests / trace_autotest_with_traces     OK               0.55s
118/120 DPDK:fast-tests / vdev_autotest                  OK               0.49s
119/120 DPDK:fast-tests / version_autotest               OK               0.48s
120/120 DPDK:fast-tests / telemetry_all                  OK               1.31s


Ok:                 113 
Expected Fail:      0   
Fail:               1   
Unexpected Pass:    0   
Skipped:            6   
Timeout:            0   

Full log written to /home-local/jenkins-local/jenkins-agent/workspace/Generic-Unit-Test-DPDK@2/dpdk/build/meson-logs/testlog.txt



Test log output from the failed test dispatcher_autotest:

Sorry, we were not able to find the logs for this test.
Download the log output from the CI site for this test run.
==== End log output ====

CentOS Stream 9
	Kernel: 5.4
	Compiler: gcc gcc (GCC) 11.5.0 20240719 (Red Hat 11.5.0-7)

Fedora Linux 40
	Kernel: 5.4
	Compiler: gcc gcc (GCC) 14.2.1 20240912 (Red Hat 14.2.1-3)

Fedora Linux 41
	Kernel: 5.4
	Compiler: gcc gcc (GCC) 14.3.1 20250523 (Red Hat 14.3.1-1)

CentOS Stream 10
	Kernel: 5.4
	Compiler: gcc gcc (GCC) 14.2.1 20250110 (Red Hat 14.2.1-8)

Debian GNU/Linux 12
	Kernel: 5.4
	Compiler: gcc gcc (Debian 12.2.0-14+deb12u1) 12.2.0

Red Hat Enterprise Linux 9.5
	Kernel: 5.4
	Compiler: gcc gcc (GCC) 11.5.0 20240719 (Red Hat 11.5.0-2)

Ubuntu 20.04
	Kernel: 5.4
	Compiler: gcc gcc (Ubuntu 9.4.0-1ubuntu1~20.04.2) 9.4.0

Ubuntu 24.04
	Kernel: 5.4
	Compiler: gcc gcc (Ubuntu 13.3.0-6ubuntu2~24.04) 13.3.0

Ubuntu 22.04
	Kernel: 5.4
	Compiler: gcc gcc (Ubuntu 11.4.0-1ubuntu1~22.04) 11.4.0

Debian 12 (arm)
	Kernel: Depends on container host
	Compiler: gcc (Debian 12.2.0-14) 12.2.0

To view detailed results, visit:
https://lab.dpdk.org/results/dashboard/patchsets/33557/

UNH-IOL DPDK Community Lab

To manage your email subscriptions, visit: 
https://lab.dpdk.org/results/dashboard/preferences/subscriptions/

^ permalink raw reply	[flat|nested] 16+ messages in thread

* |FAILURE| pw154914 [PATCH] [v3] test/argparse: change initialization
       [not found] <20250701154202.237442-1-stephen@networkplumber.org>
                   ` (14 preceding siblings ...)
  2025-07-03  4:15 ` |FAILURE| " dpdklab
@ 2025-07-03  4:15 ` dpdklab
  15 siblings, 0 replies; 16+ messages in thread
From: dpdklab @ 2025-07-03  4:15 UTC (permalink / raw)
  To: Test Report; +Cc: dpdk-test-reports, Stephen Hemminger

Test-Label: iol-unit-arm64-testing
Test-Status: FAILURE
http://dpdk.org/patch/154914

_Testing issues_

Submitter: Stephen Hemminger <stephen@networkplumber.org>
Date: Tuesday, July 01 2025 15:41:46 
DPDK git baseline: Repo:dpdk
  Branch: master
  CommitID:bd546772e1449ccc0789db338cc398815fa2636d

154914 --> testing issues

Upstream job id: Generic-Unit-Test-DPDK#352116

Test environment and result as below:

+------------------------------+----------------+---------------------------+--------------+------------------------------+
|         Environment          | dpdk_unit_test | cryptodev_sw_zuc_autotest | lpm_autotest | cryptodev_sw_snow3g_autotest |
+==============================+================+===========================+==============+==============================+
| CentOS Stream 9              | PEND           | SKIPPED                   | SKIPPED      | SKIPPED                      |
+------------------------------+----------------+---------------------------+--------------+------------------------------+
| Fedora Linux 40              | PEND           | SKIPPED                   | SKIPPED      | SKIPPED                      |
+------------------------------+----------------+---------------------------+--------------+------------------------------+
| Fedora Linux 41              | PEND           | SKIPPED                   | SKIPPED      | SKIPPED                      |
+------------------------------+----------------+---------------------------+--------------+------------------------------+
| CentOS Stream 10             | PASS           | SKIPPED                   | SKIPPED      | SKIPPED                      |
+------------------------------+----------------+---------------------------+--------------+------------------------------+
| Debian GNU/Linux 12          | PEND           | SKIPPED                   | SKIPPED      | SKIPPED                      |
+------------------------------+----------------+---------------------------+--------------+------------------------------+
| Red Hat Enterprise Linux 9.5 | PASS           | SKIPPED                   | SKIPPED      | SKIPPED                      |
+------------------------------+----------------+---------------------------+--------------+------------------------------+
| Ubuntu 20.04                 | PASS           | SKIPPED                   | PEND         | SKIPPED                      |
+------------------------------+----------------+---------------------------+--------------+------------------------------+
| Ubuntu 24.04                 | FAIL           | SKIPPED                   | SKIPPED      | SKIPPED                      |
+------------------------------+----------------+---------------------------+--------------+------------------------------+
| Ubuntu 22.04                 | PEND           | SKIPPED                   | SKIPPED      | SKIPPED                      |
+------------------------------+----------------+---------------------------+--------------+------------------------------+
| Debian 12 (arm)              | SKIPPED        | PASS                      | SKIPPED      | PASS                         |
+------------------------------+----------------+---------------------------+--------------+------------------------------+

==== Unit test summary for Ubuntu 24.04 (dpdk_unit_test): ====
ninja: Entering directory `/home-local/jenkins-local/jenkins-agent/workspace/Generic-Unit-Test-DPDK@2/dpdk/build'
ninja: no work to do.
  1/120 DPDK:fast-tests / acl_autotest                   OK              10.70s
  2/120 DPDK:fast-tests / alarm_autotest                 OK               1.57s
  3/120 DPDK:fast-tests / argparse_autotest              OK               0.48s
  4/120 DPDK:fast-tests / atomic_autotest                OK               7.26s
  5/120 DPDK:fast-tests / bitcount_autotest              OK               0.65s
  6/120 DPDK:fast-tests / bitmap_autotest                OK               0.54s
  7/120 DPDK:fast-tests / bitops_autotest                OK               2.14s
  8/120 DPDK:fast-tests / bitratestats_autotest          OK               0.65s
  9/120 DPDK:fast-tests / bitset_autotest                OK               7.72s
 10/120 DPDK:fast-tests / bpf_autotest                   OK               0.46s
 11/120 DPDK:fast-tests / bpf_convert_autotest           OK               0.58s
 12/120 DPDK:fast-tests / byteorder_autotest             OK               0.54s
 13/120 DPDK:fast-tests / cfgfile_autotest               OK               0.55s
 14/120 DPDK:fast-tests / cksum_autotest                 OK               0.53s
 15/120 DPDK:fast-tests / cmdline_autotest               OK               0.60s
 16/120 DPDK:fast-tests / common_autotest                OK               2.67s
 17/120 DPDK:fast-tests / compressdev_autotest           SKIP             0.26s   exit status 77
 18/120 DPDK:fast-tests / cpuflags_autotest              OK               0.66s
 19/120 DPDK:fast-tests / crc_autotest                   OK               0.54s
 20/120 DPDK:fast-tests / user_delay_us                  OK               0.54s
 21/120 DPDK:fast-tests / debug_autotest                 OK               2.34s
 22/120 DPDK:fast-tests / devargs_autotest               OK               0.56s
 23/120 DPDK:fast-tests / dispatcher_autotest            FAIL            55.17s   killed by signal 11 SIGSEGV
>>> DPDK_TEST=dispatcher_autotest MALLOC_PERTURB_=214 /home-local/jenkins-local/jenkins-agent/workspace/Generic-Unit-Test-DPDK@2/dpdk/build/app/dpdk-test

 24/120 DPDK:fast-tests / distributor_autotest           OK               6.17s
 25/120 DPDK:fast-tests / eal_flags_c_opt_autotest       OK               5.16s
 26/120 DPDK:fast-tests / eal_flags_main_opt_autotest    OK               1.53s
 27/120 DPDK:fast-tests / eal_flags_n_opt_autotest       OK               1.30s
 28/120 DPDK:fast-tests / eal_flags_hpet_autotest        OK               0.77s
 29/120 DPDK:fast-tests / eal_flags_no_huge_autotest     OK               1.70s
 30/120 DPDK:fast-tests / eal_flags_a_opt_autotest       OK               2.20s
 31/120 DPDK:fast-tests / eal_flags_b_opt_autotest       OK               1.75s
 32/120 DPDK:fast-tests / eal_flags_vdev_opt_autotest    OK               1.30s
 33/120 DPDK:fast-tests / eal_flags_r_opt_autotest       OK               1.25s
 34/120 DPDK:fast-tests / eal_flags_mem_autotest         OK               1.87s
 35/120 DPDK:fast-tests / eal_flags_file_prefix_autotest OK               4.74s
 36/120 DPDK:fast-tests / eal_flags_misc_autotest        OK               6.77s
 37/120 DPDK:fast-tests / eal_fs_autotest                OK               0.62s
 38/120 DPDK:fast-tests / errno_autotest                 OK               0.55s
 39/120 DPDK:fast-tests / ethdev_link_status             OK               0.55s
 40/120 DPDK:fast-tests / event_eth_tx_adapter_autotest  OK               3.56s
 41/120 DPDK:fast-tests / event_ring_autotest            OK               0.58s
 42/120 DPDK:fast-tests / eventdev_common_autotest       OK               0.52s
 43/120 DPDK:fast-tests / eventdev_selftest_sw           OK              43.12s
 44/120 DPDK:fast-tests / fbarray_autotest               OK               0.57s
 45/120 DPDK:fast-tests / fib_autotest                   OK               2.88s
 46/120 DPDK:fast-tests / fib6_autotest                  OK               2.55s
 47/120 DPDK:fast-tests / func_reentrancy_autotest       OK               3.10s
 48/120 DPDK:fast-tests / graph_autotest                 OK               0.59s
 49/120 DPDK:fast-tests / node_list_dump                 OK               0.50s
 50/120 DPDK:fast-tests / graph_feature_arc_autotest     OK               0.50s
 51/120 DPDK:fast-tests / hash_autotest                  OK               2.04s
 52/120 DPDK:fast-tests / hash_readwrite_func_autotest   OK              25.48s
 53/120 DPDK:fast-tests / interrupt_autotest             OK               1.69s
 54/120 DPDK:fast-tests / ipfrag_autotest                OK               0.34s
 55/120 DPDK:fast-tests / ipsec_autotest                 SKIP             0.58s   exit status 77
 56/120 DPDK:fast-tests / kvargs_autotest                OK               0.52s
 57/120 DPDK:fast-tests / latencystats_autotest          OK               0.53s
 58/120 DPDK:fast-tests / lcore_var_autotest             OK               2.07s
 59/120 DPDK:fast-tests / lcores_autotest                OK               8.58s
 60/120 DPDK:fast-tests / logs_autotest                  OK               0.57s
 61/120 DPDK:fast-tests / lpm_autotest                   OK               4.93s
 62/120 DPDK:fast-tests / lpm6_autotest                  OK              12.63s
 63/120 DPDK:fast-tests / malloc_autotest                OK               1.44s
 64/120 DPDK:fast-tests / mbuf_autotest                  OK               1.69s
 65/120 DPDK:fast-tests / mcslock_autotest               OK              22.51s
 66/120 DPDK:fast-tests / member_autotest                OK               4.76s
 67/120 DPDK:fast-tests / memcpy_autotest                OK              15.21s
 68/120 DPDK:fast-tests / memory_autotest                OK               0.32s
 69/120 DPDK:fast-tests / mempool_autotest               OK               1.25s
 70/120 DPDK:fast-tests / memzone_autotest               OK               0.35s
 71/120 DPDK:fast-tests / meter_autotest                 OK               0.55s
 72/120 DPDK:fast-tests / metrics_autotest               OK               0.53s
 73/120 DPDK:fast-tests / multiprocess_autotest          OK               1.21s
 74/120 DPDK:fast-tests / net_ether_autotest             OK               2.80s
 75/120 DPDK:fast-tests / net_ipv6_autotest              OK               0.50s
 76/120 DPDK:fast-tests / pcapng_autotest                OK               7.11s
 77/120 DPDK:fast-tests / pdcp_autotest                  SKIP             0.29s   exit status 77
 78/120 DPDK:fast-tests / pdump_autotest                 OK               1.56s
 79/120 DPDK:fast-tests / per_lcore_autotest             OK               0.63s
 80/120 DPDK:fast-tests / pflock_autotest                OK               1.06s
 81/120 DPDK:fast-tests / pie_autotest                   OK               0.52s
 82/120 DPDK:fast-tests / ring_pmd_autotest              OK               0.51s
 83/120 DPDK:fast-tests / power_autotest                 OK               0.49s
 84/120 DPDK:fast-tests / power_cpufreq_autotest         SKIP             0.32s   exit status 77
 85/120 DPDK:fast-tests / power_intel_uncore_autotest    SKIP             0.57s   exit status 77
 86/120 DPDK:fast-tests / power_kvm_vm_autotest          SKIP             0.30s   exit status 77
 87/120 DPDK:fast-tests / prefetch_autotest              OK               0.56s
 88/120 DPDK:fast-tests / ptr_compress_autotest          OK               0.51s
 89/120 DPDK:fast-tests / rawdev_autotest                OK               0.49s
 90/120 DPDK:fast-tests / rcu_qsbr_autotest              OK               2.53s
 91/120 DPDK:fast-tests / reorder_autotest               OK               1.39s
 92/120 DPDK:fast-tests / rib_autotest                   OK              11.29s
 93/120 DPDK:fast-tests / rib6_autotest                  OK              12.05s
 94/120 DPDK:fast-tests / ring_autotest                  OK               0.68s
 95/120 DPDK:fast-tests / rwlock_test1_autotest          OK               0.87s
 96/120 DPDK:fast-tests / rwlock_rda_autotest            OK               5.56s
 97/120 DPDK:fast-tests / rwlock_rds_wrm_autotest        OK               5.59s
 98/120 DPDK:fast-tests / rwlock_rde_wro_autotest        OK               5.65s
 99/120 DPDK:fast-tests / sched_autotest                 OK               0.51s
100/120 DPDK:fast-tests / security_autotest              OK               0.29s
101/120 DPDK:fast-tests / seqlock_autotest               OK               2.64s
102/120 DPDK:fast-tests / service_autotest               OK               3.54s
103/120 DPDK:fast-tests / soring_autotest                OK               0.53s
104/120 DPDK:fast-tests / spinlock_autotest              OK               0.60s
105/120 DPDK:fast-tests / stack_autotest                 OK               0.67s
106/120 DPDK:fast-tests / stack_lf_autotest              OK               0.68s
107/120 DPDK:fast-tests / string_autotest                OK               0.56s
108/120 DPDK:fast-tests / table_autotest                 OK              15.77s
109/120 DPDK:fast-tests / tailq_autotest                 OK               0.43s
110/120 DPDK:fast-tests / telemetry_data_autotest        OK               0.55s
111/120 DPDK:fast-tests / telemetry_json_autotest        OK               0.52s
112/120 DPDK:fast-tests / thash_autotest                 OK               0.64s
113/120 DPDK:fast-tests / threads_autotest               OK               0.72s
114/120 DPDK:fast-tests / ticketlock_autotest            OK               1.24s
115/120 DPDK:fast-tests / timer_autotest                 OK               4.14s
116/120 DPDK:fast-tests / trace_autotest                 OK               0.78s
117/120 DPDK:fast-tests / trace_autotest_with_traces     OK               0.55s
118/120 DPDK:fast-tests / vdev_autotest                  OK               0.49s
119/120 DPDK:fast-tests / version_autotest               OK               0.48s
120/120 DPDK:fast-tests / telemetry_all                  OK               1.31s


Ok:                 113 
Expected Fail:      0   
Fail:               1   
Unexpected Pass:    0   
Skipped:            6   
Timeout:            0   

Full log written to /home-local/jenkins-local/jenkins-agent/workspace/Generic-Unit-Test-DPDK@2/dpdk/build/meson-logs/testlog.txt



Test log output from the failed test dispatcher_autotest:

Sorry, we were not able to find the logs for this test.
Download the log output from the CI site for this test run.
==== End log output ====

CentOS Stream 9
	Kernel: 5.4
	Compiler: gcc gcc (GCC) 11.5.0 20240719 (Red Hat 11.5.0-7)

Fedora Linux 40
	Kernel: 5.4
	Compiler: gcc gcc (GCC) 14.2.1 20240912 (Red Hat 14.2.1-3)

Fedora Linux 41
	Kernel: 5.4
	Compiler: gcc gcc (GCC) 14.3.1 20250523 (Red Hat 14.3.1-1)

CentOS Stream 10
	Kernel: 5.4
	Compiler: gcc gcc (GCC) 14.2.1 20250110 (Red Hat 14.2.1-8)

Debian GNU/Linux 12
	Kernel: 5.4
	Compiler: gcc gcc (Debian 12.2.0-14+deb12u1) 12.2.0

Red Hat Enterprise Linux 9.5
	Kernel: 5.4
	Compiler: gcc gcc (GCC) 11.5.0 20240719 (Red Hat 11.5.0-2)

Ubuntu 20.04
	Kernel: 5.4
	Compiler: gcc gcc (Ubuntu 9.4.0-1ubuntu1~20.04.2) 9.4.0

Ubuntu 24.04
	Kernel: 5.4
	Compiler: gcc gcc (Ubuntu 13.3.0-6ubuntu2~24.04) 13.3.0

Ubuntu 22.04
	Kernel: 5.4
	Compiler: gcc gcc (Ubuntu 11.4.0-1ubuntu1~22.04) 11.4.0

Debian 12 (arm)
	Kernel: Depends on container host
	Compiler: gcc (Debian 12.2.0-14) 12.2.0

To view detailed results, visit:
https://lab.dpdk.org/results/dashboard/patchsets/33557/

UNH-IOL DPDK Community Lab

To manage your email subscriptions, visit: 
https://lab.dpdk.org/results/dashboard/preferences/subscriptions/

^ permalink raw reply	[flat|nested] 16+ messages in thread

end of thread, other threads:[~2025-07-03  4:15 UTC | newest]

Thread overview: 16+ messages (download: mbox.gz / follow: Atom feed)
-- links below jump to the message on this page --
     [not found] <20250701154202.237442-1-stephen@networkplumber.org>
2025-07-01 15:13 ` |SUCCESS| pw154914 [PATCH v3] test/argparse: change initialization to workaround LTO qemudev
2025-07-01 15:17 ` qemudev
2025-07-01 15:40 ` |WARNING| " checkpatch
2025-07-01 17:03 ` |SUCCESS| " 0-day Robot
2025-07-02 21:38 ` |SUCCESS| pw154914 [PATCH] [v3] test/argparse: change initialization dpdklab
2025-07-02 22:07 ` dpdklab
2025-07-03  0:07 ` |PENDING| " dpdklab
2025-07-03  0:17 ` |SUCCESS| " dpdklab
2025-07-03  0:24 ` |PENDING| " dpdklab
2025-07-03  0:29 ` dpdklab
2025-07-03  2:03 ` |SUCCESS| " dpdklab
2025-07-03  2:24 ` |PENDING| " dpdklab
2025-07-03  3:50 ` dpdklab
2025-07-03  4:11 ` dpdklab
2025-07-03  4:15 ` |FAILURE| " dpdklab
2025-07-03  4:15 ` dpdklab

This is a public inbox, see mirroring instructions
for how to clone and mirror all data and code used for this inbox;
as well as URLs for NNTP newsgroup(s).