automatic DPDK test reports
 help / color / mirror / Atom feed
* |SUCCESS| pw154915-154919 [PATCH 5/5] riscv: override machine_args only when default
       [not found] <tencent_BB4AC51B7378583861673C5BAAF816C04308@qq.com>
@ 2025-07-01 15:41 ` qemudev
  2025-07-01 15:46 ` qemudev
                   ` (23 subsequent siblings)
  24 siblings, 0 replies; 25+ messages in thread
From: qemudev @ 2025-07-01 15:41 UTC (permalink / raw)
  To: test-report

Test-Label: loongarch-compilation
Test-Status: SUCCESS
http://dpdk.org/patch/154919

_Compilation OK_

Submitter: uk7b@foxmail.com
Date: Wed,  2 Jul 2025 00:13:38 +0800
DPDK git baseline: Repo:dpdk
  Branch: main
  CommitID: 0eb86b4533d40bcd703972421b9a201c02f37f8a

154915-154919 --> meson & ninja build successfully

Test environment and result as below:

+---------------------+----------------+
|     Environment     | compilation    |
+---------------------+----------------+
| Loongnix-Server 8.3 | PASS           |
+---------------------+----------------+

Loongnix-Server 8.3
    Kernel: 4.19.190+
    Compiler: gcc 8.3


^ permalink raw reply	[flat|nested] 25+ messages in thread

* |SUCCESS| pw154915-154919 [PATCH 5/5] riscv: override machine_args only when default
       [not found] <tencent_BB4AC51B7378583861673C5BAAF816C04308@qq.com>
  2025-07-01 15:41 ` |SUCCESS| pw154915-154919 [PATCH 5/5] riscv: override machine_args only when default qemudev
@ 2025-07-01 15:46 ` qemudev
  2025-07-01 16:14 ` |SUCCESS| pw154919 " checkpatch
                   ` (22 subsequent siblings)
  24 siblings, 0 replies; 25+ messages in thread
From: qemudev @ 2025-07-01 15:46 UTC (permalink / raw)
  To: test-report

Test-Label: loongarch-unit-testing
Test-Status: SUCCESS
http://dpdk.org/patch/154919

_Unit Testing PASS_

Submitter: uk7b@foxmail.com
Date: Wed,  2 Jul 2025 00:13:38 +0800
DPDK git baseline: Repo:dpdk
  Branch: main
  CommitID: 0eb86b4533d40bcd703972421b9a201c02f37f8a

154915-154919 --> testing pass

Test environment and result as below:

+---------------------+----------------+
|     Environment     | dpdk_unit_test |
+---------------------+----------------+
| Loongnix-Server 8.3 | PASS           |
+---------------------+----------------+

Loongnix-Server 8.3
    Kernel: 4.19.190+
    Compiler: gcc 8.3


Test result details:
  1/120 DPDK:fast-tests / acl_autotest                            OK              3.27s
  2/120 DPDK:fast-tests / alarm_autotest                          OK              1.62s
  3/120 DPDK:fast-tests / argparse_autotest                       OK              0.61s
  4/120 DPDK:fast-tests / atomic_autotest                         OK              7.13s
  5/120 DPDK:fast-tests / bitcount_autotest                       OK              0.63s
  6/120 DPDK:fast-tests / bitmap_autotest                         OK              0.61s
  7/120 DPDK:fast-tests / bitops_autotest                         OK              2.11s
  8/120 DPDK:fast-tests / bitratestats_autotest                   OK              0.63s
  9/120 DPDK:fast-tests / bitset_autotest                         OK              3.37s
 10/120 DPDK:fast-tests / bpf_autotest                            OK              0.61s
 11/120 DPDK:fast-tests / bpf_convert_autotest                    OK              0.61s
 12/120 DPDK:fast-tests / byteorder_autotest                      OK              0.62s
 13/120 DPDK:fast-tests / cfgfile_autotest                        OK              0.61s
 14/120 DPDK:fast-tests / cksum_autotest                          OK              0.61s
 15/120 DPDK:fast-tests / cmdline_autotest                        OK              0.61s
 16/120 DPDK:fast-tests / common_autotest                         OK              1.49s
 17/120 DPDK:fast-tests / compressdev_autotest                    SKIP            0.07s   exit status 77
 18/120 DPDK:fast-tests / cpuflags_autotest                       OK              0.61s
 19/120 DPDK:fast-tests / crc_autotest                            OK              0.60s
 20/120 DPDK:fast-tests / user_delay_us                           OK              0.57s
 21/120 DPDK:fast-tests / debug_autotest                          OK             15.70s
 22/120 DPDK:fast-tests / devargs_autotest                        OK              0.61s
 23/120 DPDK:fast-tests / dispatcher_autotest                     OK              2.52s
 24/120 DPDK:fast-tests / distributor_autotest                    OK              1.20s
 25/120 DPDK:fast-tests / eal_flags_c_opt_autotest                OK              0.83s
 26/120 DPDK:fast-tests / eal_flags_main_opt_autotest             OK              0.23s
 27/120 DPDK:fast-tests / eal_flags_n_opt_autotest                OK              0.21s
 28/120 DPDK:fast-tests / eal_flags_hpet_autotest                 OK              0.14s
 29/120 DPDK:fast-tests / eal_flags_no_huge_autotest              OK              0.24s
 30/120 DPDK:fast-tests / eal_flags_a_opt_autotest                OK              0.32s
 31/120 DPDK:fast-tests / eal_flags_b_opt_autotest                OK              0.26s
 32/120 DPDK:fast-tests / eal_flags_vdev_opt_autotest             OK              0.21s
 33/120 DPDK:fast-tests / eal_flags_r_opt_autotest                OK              0.20s
 34/120 DPDK:fast-tests / eal_flags_mem_autotest                  OK              0.62s
 35/120 DPDK:fast-tests / eal_flags_file_prefix_autotest          OK             22.28s
 36/120 DPDK:fast-tests / eal_flags_misc_autotest                 OK              1.09s
 37/120 DPDK:fast-tests / eal_fs_autotest                         OK              0.59s
 38/120 DPDK:fast-tests / errno_autotest                          OK              0.59s
 39/120 DPDK:fast-tests / ethdev_link_status                      OK              0.58s
 40/120 DPDK:fast-tests / event_eth_tx_adapter_autotest           OK              1.69s
 41/120 DPDK:fast-tests / event_ring_autotest                     OK              0.61s
 42/120 DPDK:fast-tests / eventdev_common_autotest                OK              0.60s
 43/120 DPDK:fast-tests / eventdev_selftest_sw                    OK              7.40s
 44/120 DPDK:fast-tests / fbarray_autotest                        OK              0.61s
 45/120 DPDK:fast-tests / fib_autotest                            OK              1.44s
 46/120 DPDK:fast-tests / fib6_autotest                           OK              1.23s
 47/120 DPDK:fast-tests / func_reentrancy_autotest                OK              2.26s
 48/120 DPDK:fast-tests / graph_autotest                          OK              0.59s
 49/120 DPDK:fast-tests / node_list_dump                          OK              0.59s
 50/120 DPDK:fast-tests / graph_feature_arc_autotest              OK              0.59s
 51/120 DPDK:fast-tests / hash_autotest                           OK              1.21s
 52/120 DPDK:fast-tests / hash_readwrite_func_autotest            OK              6.40s
 53/120 DPDK:fast-tests / interrupt_autotest                      OK              1.90s
 54/120 DPDK:fast-tests / ipfrag_autotest                         OK              0.08s
 55/120 DPDK:fast-tests / ipsec_autotest                          SKIP            0.61s   exit status 77
 56/120 DPDK:fast-tests / kvargs_autotest                         OK              0.61s
 57/120 DPDK:fast-tests / latencystats_autotest                   OK              0.61s
 58/120 DPDK:fast-tests / lcore_var_autotest                      OK              0.73s
 59/120 DPDK:fast-tests / lcores_autotest                         OK              5.41s
 60/120 DPDK:fast-tests / logs_autotest                           OK              0.60s
 61/120 DPDK:fast-tests / lpm_autotest                            OK              2.65s
 62/120 DPDK:fast-tests / lpm6_autotest                           OK              5.79s
 63/120 DPDK:fast-tests / malloc_autotest                         OK             59.18s
 64/120 DPDK:fast-tests / mbuf_autotest                           OK              5.17s
 65/120 DPDK:fast-tests / mcslock_autotest                        OK              3.57s
 66/120 DPDK:fast-tests / member_autotest                         OK              1.80s
 67/120 DPDK:fast-tests / memcpy_autotest                         OK              7.30s
 68/120 DPDK:fast-tests / memory_autotest                         OK              0.09s
 69/120 DPDK:fast-tests / mempool_autotest                        OK              0.44s
 70/120 DPDK:fast-tests / memzone_autotest                        OK              0.14s
 71/120 DPDK:fast-tests / meter_autotest                          OK              0.60s
 72/120 DPDK:fast-tests / metrics_autotest                        OK              0.60s
 73/120 DPDK:fast-tests / multiprocess_autotest                   OK              0.20s
 74/120 DPDK:fast-tests / net_ether_autotest                      OK              1.20s
 75/120 DPDK:fast-tests / net_ipv6_autotest                       OK              0.66s
 76/120 DPDK:fast-tests / pcapng_autotest                         OK              7.55s
 77/120 DPDK:fast-tests / pdcp_autotest                           SKIP            0.07s   exit status 77
 78/120 DPDK:fast-tests / pdump_autotest                          OK              0.73s
 79/120 DPDK:fast-tests / per_lcore_autotest                      OK              0.70s
 80/120 DPDK:fast-tests / pflock_autotest                         OK              1.41s
 81/120 DPDK:fast-tests / pie_autotest                            OK              0.60s
 82/120 DPDK:fast-tests / ring_pmd_autotest                       OK              0.61s
 83/120 DPDK:fast-tests / power_autotest                          OK              0.60s
 84/120 DPDK:fast-tests / power_cpufreq_autotest                  SKIP            0.07s   exit status 77
 85/120 DPDK:fast-tests / power_intel_uncore_autotest             SKIP            0.58s   exit status 77
 86/120 DPDK:fast-tests / power_kvm_vm_autotest                   SKIP            0.07s   exit status 77
 87/120 DPDK:fast-tests / prefetch_autotest                       OK              0.60s
 88/120 DPDK:fast-tests / ptr_compress_autotest                   OK              0.60s
 89/120 DPDK:fast-tests / rawdev_autotest                         OK              0.60s
 90/120 DPDK:fast-tests / rcu_qsbr_autotest                       OK              1.12s
 91/120 DPDK:fast-tests / reorder_autotest                        OK              0.66s
 92/120 DPDK:fast-tests / rib_autotest                            OK              9.24s
 93/120 DPDK:fast-tests / rib6_autotest                           OK              9.25s
 94/120 DPDK:fast-tests / ring_autotest                           OK              0.63s
 95/120 DPDK:fast-tests / rwlock_test1_autotest                   OK              1.35s
 96/120 DPDK:fast-tests / rwlock_rda_autotest                     OK              5.60s
 97/120 DPDK:fast-tests / rwlock_rds_wrm_autotest                 OK              5.60s
 98/120 DPDK:fast-tests / rwlock_rde_wro_autotest                 OK              5.60s
 99/120 DPDK:fast-tests / sched_autotest                          OK              0.61s
100/120 DPDK:fast-tests / security_autotest                       OK              0.07s
101/120 DPDK:fast-tests / seqlock_autotest                        OK              2.61s
102/120 DPDK:fast-tests / service_autotest                        OK              3.30s
103/120 DPDK:fast-tests / soring_autotest                         OK              0.61s
104/120 DPDK:fast-tests / spinlock_autotest                       OK              0.68s
105/120 DPDK:fast-tests / stack_autotest                          OK              0.87s
106/120 DPDK:fast-tests / stack_lf_autotest                       SKIP            0.06s   exit status 77
107/120 DPDK:fast-tests / string_autotest                         OK              0.60s
108/120 DPDK:fast-tests / table_autotest                          OK              7.78s
109/120 DPDK:fast-tests / tailq_autotest                          OK              0.61s
110/120 DPDK:fast-tests / telemetry_data_autotest                 OK              0.61s
111/120 DPDK:fast-tests / telemetry_json_autotest                 OK              0.60s
112/120 DPDK:fast-tests / thash_autotest                          OK              0.61s
113/120 DPDK:fast-tests / threads_autotest                        OK              0.78s
114/120 DPDK:fast-tests / ticketlock_autotest                     OK              0.74s
115/120 DPDK:fast-tests / timer_autotest                          OK              3.87s
116/120 DPDK:fast-tests / trace_autotest                          OK              0.59s
117/120 DPDK:fast-tests / trace_autotest_with_traces              OK              0.60s
118/120 DPDK:fast-tests / vdev_autotest                           OK              0.59s
119/120 DPDK:fast-tests / version_autotest                        OK              0.60s
120/120 DPDK:fast-tests / telemetry_all                           OK              1.33s


Ok:                 113
Expected Fail:      0
Fail:               0
Unexpected Pass:    0
Skipped:            7
Timeout:            0


^ permalink raw reply	[flat|nested] 25+ messages in thread

* |SUCCESS| pw154919 [PATCH 5/5] riscv: override machine_args only when default
       [not found] <tencent_BB4AC51B7378583861673C5BAAF816C04308@qq.com>
  2025-07-01 15:41 ` |SUCCESS| pw154915-154919 [PATCH 5/5] riscv: override machine_args only when default qemudev
  2025-07-01 15:46 ` qemudev
@ 2025-07-01 16:14 ` checkpatch
  2025-07-01 17:22 ` |FAILURE| " 0-day Robot
                   ` (21 subsequent siblings)
  24 siblings, 0 replies; 25+ messages in thread
From: checkpatch @ 2025-07-01 16:14 UTC (permalink / raw)
  To: test-report

Test-Label: checkpatch
Test-Status: SUCCESS
http://dpdk.org/patch/154919

_coding style OK_



^ permalink raw reply	[flat|nested] 25+ messages in thread

* |FAILURE| pw154919 [PATCH 5/5] riscv: override machine_args only when default
       [not found] <tencent_BB4AC51B7378583861673C5BAAF816C04308@qq.com>
                   ` (2 preceding siblings ...)
  2025-07-01 16:14 ` |SUCCESS| pw154919 " checkpatch
@ 2025-07-01 17:22 ` 0-day Robot
  2025-07-01 18:49 ` |SUCCESS| pw154915-154919 [PATCH] [5/5] riscv: override machine_args dpdklab
                   ` (20 subsequent siblings)
  24 siblings, 0 replies; 25+ messages in thread
From: 0-day Robot @ 2025-07-01 17:22 UTC (permalink / raw)
  To: test-report; +Cc: uk7b, robot

From: robot@bytheb.org

Test-Label: github-robot: build
Test-Status: FAILURE
http://patchwork.dpdk.org/patch/154919/

_github build: failed_
Build URL: https://github.com/ovsrobot/dpdk/actions/runs/16004897646
Build Logs:
-----------------------Summary of failed steps-----------------------
"ubuntu-22.04-gcc-riscv64" failed at step Build and test
----------------------End summary of failed steps--------------------

-------------------------------BEGIN LOGS----------------------------
####################################################################################
#### [Begin job log] "ubuntu-22.04-gcc-riscv64" at step Build and test
####################################################################################
   30 |                 vuint32m4_t v_shift     = __riscv_vsll_vx_u32m4(v_entry_idx, 3 + NH_SZ, vl); \
      |                 ^~~~~~~~~~~
../lib/fib/dir24_8_rvv.c:60:1: note: in expansion of macro ‘DECLARE_VECTOR_FN’
   60 | DECLARE_VECTOR_FN(8b, 3)
      | ^~~~~~~~~~~~~~~~~
../lib/fib/dir24_8_rvv.c:31:17: error: unknown type name ‘vuint64m8_t’; did you mean ‘uint64_t’?
   31 |                 vuint64m8_t vtbl_entry  = __riscv_vand_vx_u64m8( \
      |                 ^~~~~~~~~~~
../lib/fib/dir24_8_rvv.c:60:1: note: in expansion of macro ‘DECLARE_VECTOR_FN’
   60 | DECLARE_VECTOR_FN(8b, 3)
      | ^~~~~~~~~~~~~~~~~
../lib/fib/dir24_8_rvv.c:34:17: error: unknown type name ‘vbool8_t’
   34 |                 vbool8_t mask = __riscv_vmseq_vx_u64m8_b8( \
      |                 ^~~~~~~~
../lib/fib/dir24_8_rvv.c:60:1: note: in expansion of macro ‘DECLARE_VECTOR_FN’
   60 | DECLARE_VECTOR_FN(8b, 3)
      | ^~~~~~~~~~~~~~~~~
cc1: all warnings being treated as errors
[611/6276] Compiling C object lib/librte_fib.a.p/fib_trie.c.o
[612/6276] Compiling C object lib/librte_fib.a.p/fib_dir24_8.c.o
[613/6276] Compiling C object drivers/libtmp_rte_crypto_cnxk.a.p/crypto_cnxk_cn20k_cryptodev_ops.c.o
[614/6276] Compiling C object drivers/libtmp_rte_crypto_octeontx.a.p/crypto_octeontx_otx_cryptodev_ops.c.o
[615/6276] Compiling C object drivers/libtmp_rte_crypto_cnxk.a.p/crypto_cnxk_cn10k_cryptodev_ops.c.o
ninja: build stopped: subcommand failed.
##[error]Process completed with exit code 1.
####################################################################################
#### [End job log] "ubuntu-22.04-gcc-riscv64" at step Build and test
####################################################################################
--------------------------------END LOGS-----------------------------

^ permalink raw reply	[flat|nested] 25+ messages in thread

* |SUCCESS| pw154915-154919 [PATCH] [5/5] riscv: override machine_args
       [not found] <tencent_BB4AC51B7378583861673C5BAAF816C04308@qq.com>
                   ` (3 preceding siblings ...)
  2025-07-01 17:22 ` |FAILURE| " 0-day Robot
@ 2025-07-01 18:49 ` dpdklab
  2025-07-01 18:54 ` dpdklab
                   ` (19 subsequent siblings)
  24 siblings, 0 replies; 25+ messages in thread
From: dpdklab @ 2025-07-01 18:49 UTC (permalink / raw)
  To: Test Report; +Cc: dpdk-test-reports

Test-Label: iol-sample-apps-testing
Test-Status: SUCCESS
http://dpdk.org/patch/154919

_Testing PASS_

Submitter: None <uk7b@foxmail.com>
Date: Tuesday, July 01 2025 16:13:42 
DPDK git baseline: Repo:dpdk
  Branch: master
  CommitID:0eb86b4533d40bcd703972421b9a201c02f37f8a

154915-154919 --> testing pass

Upstream job id: Template-DTS-Pipeline#234432

Test environment and result as below:

+--------------+----------------------+
| Environment  | compressdev_zlib_pmd |
+==============+======================+
| Ubuntu 22.04 | PASS                 |
+--------------+----------------------+


Ubuntu 22.04
	Kernel: 5.15
	Compiler: gcc gcc (Ubuntu 11.4.0-1ubuntu1~22.04) 11.4.0

To view detailed results, visit:
https://lab.dpdk.org/results/dashboard/patchsets/33558/

UNH-IOL DPDK Community Lab

To manage your email subscriptions, visit: 
https://lab.dpdk.org/results/dashboard/preferences/subscriptions/

^ permalink raw reply	[flat|nested] 25+ messages in thread

* |SUCCESS| pw154915-154919 [PATCH] [5/5] riscv: override machine_args
       [not found] <tencent_BB4AC51B7378583861673C5BAAF816C04308@qq.com>
                   ` (4 preceding siblings ...)
  2025-07-01 18:49 ` |SUCCESS| pw154915-154919 [PATCH] [5/5] riscv: override machine_args dpdklab
@ 2025-07-01 18:54 ` dpdklab
  2025-07-01 18:57 ` dpdklab
                   ` (18 subsequent siblings)
  24 siblings, 0 replies; 25+ messages in thread
From: dpdklab @ 2025-07-01 18:54 UTC (permalink / raw)
  To: Test Report, Ali Alnubani; +Cc: dpdk-test-reports

Test-Label: iol-mellanox-Performance
Test-Status: SUCCESS
http://dpdk.org/patch/154919

_Performance Testing PASS_

Submitter: None <uk7b@foxmail.com>
Date: Tuesday, July 01 2025 16:13:42 
DPDK git baseline: Repo:dpdk
  Branch: master
  CommitID:0eb86b4533d40bcd703972421b9a201c02f37f8a

154915-154919 --> performance testing pass

Upstream job id: Template-DTS-Pipeline#234418

Test environment and result as below:

Ubuntu 24.04
Kernel: 6.8
Compiler: gcc gcc (Ubuntu 13.3.0-6ubuntu2~24.04) 13.3.0
NIC: Mellanox ConnectX-6 Lx 25000 Mbps
Fail/Total: 0/6

Detail performance results: 
+------------+---------+----------+-------------+------------------------------+
| frame_size | txd/rxd | num_cpus | num_threads |  throughput difference from  |
|            |         |          |             |           expected           |
+============+=========+==========+=============+==============================+
| 64         | 1024    | 1        | 1           | -0.0%                        |
+------------+---------+----------+-------------+------------------------------+
| 128        | 1024    | 1        | 1           | -0.1%                        |
+------------+---------+----------+-------------+------------------------------+
| 256        | 1024    | 1        | 1           | -0.0%                        |
+------------+---------+----------+-------------+------------------------------+
| 512        | 1024    | 1        | 1           | -0.0%                        |
+------------+---------+----------+-------------+------------------------------+
| 1024       | 1024    | 1        | 1           | 0.0%                         |
+------------+---------+----------+-------------+------------------------------+
| 1518       | 1024    | 1        | 1           | 0.0%                         |
+------------+---------+----------+-------------+------------------------------+

Ubuntu 24.04
Kernel: 6.8
Compiler: gcc gcc (Ubuntu 13.3.0-6ubuntu2~24.04) 13.3.0
NIC: NVIDIA Mellanox ConnectX-7 100000 Mbps
Fail/Total: 0/6

Detail performance results: 
+------------+---------+----------+-------------+------------------------------+
| frame_size | txd/rxd | num_cpus | num_threads |  throughput difference from  |
|            |         |          |             |           expected           |
+============+=========+==========+=============+==============================+
| 64         | 1024    | 1        | 1           | -0.4%                        |
+------------+---------+----------+-------------+------------------------------+
| 128        | 1024    | 1        | 1           | -0.3%                        |
+------------+---------+----------+-------------+------------------------------+
| 256        | 1024    | 1        | 1           | 0.1%                         |
+------------+---------+----------+-------------+------------------------------+
| 512        | 1024    | 1        | 1           | 0.1%                         |
+------------+---------+----------+-------------+------------------------------+
| 1024       | 1024    | 1        | 1           | -0.1%                        |
+------------+---------+----------+-------------+------------------------------+
| 1518       | 1024    | 1        | 1           | -0.0%                        |
+------------+---------+----------+-------------+------------------------------+

To view detailed results, visit:
https://lab.dpdk.org/results/dashboard/patchsets/33558/

UNH-IOL DPDK Community Lab

To manage your email subscriptions, visit: 
https://lab.dpdk.org/results/dashboard/preferences/subscriptions/

^ permalink raw reply	[flat|nested] 25+ messages in thread

* |SUCCESS| pw154915-154919 [PATCH] [5/5] riscv: override machine_args
       [not found] <tencent_BB4AC51B7378583861673C5BAAF816C04308@qq.com>
                   ` (5 preceding siblings ...)
  2025-07-01 18:54 ` dpdklab
@ 2025-07-01 18:57 ` dpdklab
  2025-07-01 19:01 ` dpdklab
                   ` (17 subsequent siblings)
  24 siblings, 0 replies; 25+ messages in thread
From: dpdklab @ 2025-07-01 18:57 UTC (permalink / raw)
  To: Test Report; +Cc: dpdk-test-reports

Test-Label: iol-compile-amd64-testing
Test-Status: SUCCESS
http://dpdk.org/patch/154919

_Testing PASS_

Submitter: None <uk7b@foxmail.com>
Date: Tuesday, July 01 2025 16:13:42 
DPDK git baseline: Repo:dpdk
  Branch: master
  CommitID:0eb86b4533d40bcd703972421b9a201c02f37f8a

154915-154919 --> testing pass

Upstream job id: Generic-VM-DPDK-Compile-Meson#36860

Test environment and result as below:

+--------------+--------------------+
| Environment  | dpdk_meson_compile |
+==============+====================+
| FreeBSD 14.2 | PASS               |
+--------------+--------------------+


FreeBSD 14.2
	Kernel: 14.2-RELEASE
	Compiler: clang 18.1.6

To view detailed results, visit:
https://lab.dpdk.org/results/dashboard/patchsets/33558/

UNH-IOL DPDK Community Lab

To manage your email subscriptions, visit: 
https://lab.dpdk.org/results/dashboard/preferences/subscriptions/

^ permalink raw reply	[flat|nested] 25+ messages in thread

* |SUCCESS| pw154915-154919 [PATCH] [5/5] riscv: override machine_args
       [not found] <tencent_BB4AC51B7378583861673C5BAAF816C04308@qq.com>
                   ` (6 preceding siblings ...)
  2025-07-01 18:57 ` dpdklab
@ 2025-07-01 19:01 ` dpdklab
  2025-07-01 19:42 ` dpdklab
                   ` (16 subsequent siblings)
  24 siblings, 0 replies; 25+ messages in thread
From: dpdklab @ 2025-07-01 19:01 UTC (permalink / raw)
  To: Test Report; +Cc: dpdk-test-reports

Test-Label: iol-compile-amd64-testing
Test-Status: SUCCESS
http://dpdk.org/patch/154919

_Testing PASS_

Submitter: None <uk7b@foxmail.com>
Date: Tuesday, July 01 2025 16:13:42 
DPDK git baseline: Repo:dpdk
  Branch: master
  CommitID:0eb86b4533d40bcd703972421b9a201c02f37f8a

154915-154919 --> testing pass

Upstream job id: Generic-VM-DPDK-Compile-Meson#36859

Test environment and result as below:

+--------------+--------------------+
| Environment  | dpdk_meson_compile |
+==============+====================+
| FreeBSD 14.2 | PASS               |
+--------------+--------------------+
| Ubuntu 20.04 | PASS               |
+--------------+--------------------+


FreeBSD 14.2
	Kernel: 14.2-RELEASE
	Compiler: clang 18.1.6

Ubuntu 20.04
	Kernel: 4.19
	Compiler: gcc gcc (Ubuntu 9.4.0-1ubuntu1~20.04.2) 9.4.0

To view detailed results, visit:
https://lab.dpdk.org/results/dashboard/patchsets/33558/

UNH-IOL DPDK Community Lab

To manage your email subscriptions, visit: 
https://lab.dpdk.org/results/dashboard/preferences/subscriptions/

^ permalink raw reply	[flat|nested] 25+ messages in thread

* |SUCCESS| pw154915-154919 [PATCH] [5/5] riscv: override machine_args
       [not found] <tencent_BB4AC51B7378583861673C5BAAF816C04308@qq.com>
                   ` (7 preceding siblings ...)
  2025-07-01 19:01 ` dpdklab
@ 2025-07-01 19:42 ` dpdklab
  2025-07-01 20:21 ` dpdklab
                   ` (15 subsequent siblings)
  24 siblings, 0 replies; 25+ messages in thread
From: dpdklab @ 2025-07-01 19:42 UTC (permalink / raw)
  To: Test Report; +Cc: dpdk-test-reports

Test-Label: iol-sample-apps-testing
Test-Status: SUCCESS
http://dpdk.org/patch/154919

_Testing PASS_

Submitter: None <uk7b@foxmail.com>
Date: Tuesday, July 01 2025 16:13:42 
DPDK git baseline: Repo:dpdk
  Branch: master
  CommitID:0eb86b4533d40bcd703972421b9a201c02f37f8a

154915-154919 --> testing pass

Upstream job id: Template-DTS-Pipeline#234431

Test environment and result as below:

+--------------+----------------------+
| Environment  | compressdev_zlib_pmd |
+==============+======================+
| Ubuntu 22.04 | PASS                 |
+--------------+----------------------+


Ubuntu 22.04
	Kernel: 5.15
	Compiler: gcc gcc (Ubuntu 11.4.0-1ubuntu1~22.04) 11.4.0

To view detailed results, visit:
https://lab.dpdk.org/results/dashboard/patchsets/33558/

UNH-IOL DPDK Community Lab

To manage your email subscriptions, visit: 
https://lab.dpdk.org/results/dashboard/preferences/subscriptions/

^ permalink raw reply	[flat|nested] 25+ messages in thread

* |SUCCESS| pw154915-154919 [PATCH] [5/5] riscv: override machine_args
       [not found] <tencent_BB4AC51B7378583861673C5BAAF816C04308@qq.com>
                   ` (8 preceding siblings ...)
  2025-07-01 19:42 ` dpdklab
@ 2025-07-01 20:21 ` dpdklab
  2025-07-01 20:40 ` dpdklab
                   ` (14 subsequent siblings)
  24 siblings, 0 replies; 25+ messages in thread
From: dpdklab @ 2025-07-01 20:21 UTC (permalink / raw)
  To: Test Report; +Cc: dpdk-test-reports

Test-Label: iol-compile-amd64-testing
Test-Status: SUCCESS
http://dpdk.org/patch/154919

_Testing PASS_

Submitter: None <uk7b@foxmail.com>
Date: Tuesday, July 01 2025 16:13:42 
DPDK git baseline: Repo:dpdk
  Branch: master
  CommitID:0eb86b4533d40bcd703972421b9a201c02f37f8a

154915-154919 --> testing pass

Upstream job id: Windows-Compile-DPDK-VS#6225

Test environment and result as below:

+---------------------+--------------------+-------------------+
|     Environment     | dpdk_meson_compile | dpdk_msvc_compile |
+=====================+====================+===================+
| FreeBSD 14.2        | PASS               | SKIPPED           |
+---------------------+--------------------+-------------------+
| Ubuntu 20.04        | PASS               | SKIPPED           |
+---------------------+--------------------+-------------------+
| Windows Server 2022 | SKIPPED            | PASS              |
+---------------------+--------------------+-------------------+


FreeBSD 14.2
	Kernel: 14.2-RELEASE
	Compiler: clang 18.1.6

Ubuntu 20.04
	Kernel: 4.19
	Compiler: gcc gcc (Ubuntu 9.4.0-1ubuntu1~20.04.2) 9.4.0

Windows Server 2022
	Kernel: 10.0.20348.2031
	Compiler: clang 15.0.7, gcc 14.1.0 (MinGW), and MSVC VS 19.39.33521

To view detailed results, visit:
https://lab.dpdk.org/results/dashboard/patchsets/33558/

UNH-IOL DPDK Community Lab

To manage your email subscriptions, visit: 
https://lab.dpdk.org/results/dashboard/preferences/subscriptions/

^ permalink raw reply	[flat|nested] 25+ messages in thread

* |SUCCESS| pw154915-154919 [PATCH] [5/5] riscv: override machine_args
       [not found] <tencent_BB4AC51B7378583861673C5BAAF816C04308@qq.com>
                   ` (9 preceding siblings ...)
  2025-07-01 20:21 ` dpdklab
@ 2025-07-01 20:40 ` dpdklab
  2025-07-01 20:53 ` |PENDING| " dpdklab
                   ` (13 subsequent siblings)
  24 siblings, 0 replies; 25+ messages in thread
From: dpdklab @ 2025-07-01 20:40 UTC (permalink / raw)
  To: Test Report; +Cc: dpdk-test-reports

Test-Label: iol-broadcom-Performance
Test-Status: SUCCESS
http://dpdk.org/patch/154919

_Performance Testing PASS_

Submitter: None <uk7b@foxmail.com>
Date: Tuesday, July 01 2025 16:13:42 
DPDK git baseline: Repo:dpdk
  Branch: master
  CommitID:0eb86b4533d40bcd703972421b9a201c02f37f8a

154915-154919 --> performance testing pass

Upstream job id: Template-DTS-Pipeline#234424

Test environment and result as below:

Ubuntu 22.04
Kernel: 5.15
Compiler: gcc gcc (Ubuntu 11.4.0-1ubuntu1~22.04) 11.4.0
NIC: Broadcom Inc. and subsidiaries BCM57414 NetXtreme-E 10Gb/25Gb RDMA Ethernet Controller 16d7 25 Mbps
Fail/Total: 0/3

Detail performance results: 
+------------+---------+----------+-------------+------------------------------+
| frame_size | txd/rxd | num_cpus | num_threads |  throughput difference from  |
|            |         |          |             |           expected           |
+============+=========+==========+=============+==============================+
| 64         | 128     | 1        | 1           | 0.7%                         |
+------------+---------+----------+-------------+------------------------------+
| 64         | 512     | 1        | 1           | 1.0%                         |
+------------+---------+----------+-------------+------------------------------+
| 64         | 2048    | 1        | 1           | -0.6%                        |
+------------+---------+----------+-------------+------------------------------+

Ubuntu 22.04
Kernel: 5.15
Compiler: gcc gcc (Ubuntu 11.4.0-1ubuntu1~22.04) 11.4.0
NIC: Arm Broadcom Inc. brcm_57414 25000 Mbps
Fail/Total: 0/2

Detail performance results: 
+------------+---------+----------+-------------+------------------------------+
| frame_size | txd/rxd | num_cpus | num_threads |  throughput difference from  |
|            |         |          |             |           expected           |
+============+=========+==========+=============+==============================+
| 64         | 512     | 1        | 1           | -0.1%                        |
+------------+---------+----------+-------------+------------------------------+
| 64         | 2048    | 1        | 1           | -0.2%                        |
+------------+---------+----------+-------------+------------------------------+

To view detailed results, visit:
https://lab.dpdk.org/results/dashboard/patchsets/33558/

UNH-IOL DPDK Community Lab

To manage your email subscriptions, visit: 
https://lab.dpdk.org/results/dashboard/preferences/subscriptions/

^ permalink raw reply	[flat|nested] 25+ messages in thread

* |PENDING| pw154915-154919 [PATCH] [5/5] riscv: override machine_args
       [not found] <tencent_BB4AC51B7378583861673C5BAAF816C04308@qq.com>
                   ` (10 preceding siblings ...)
  2025-07-01 20:40 ` dpdklab
@ 2025-07-01 20:53 ` dpdklab
  2025-07-01 21:03 ` |SUCCESS| " dpdklab
                   ` (12 subsequent siblings)
  24 siblings, 0 replies; 25+ messages in thread
From: dpdklab @ 2025-07-01 20:53 UTC (permalink / raw)
  To: Test Report; +Cc: dpdk-test-reports

Test-Label: iol-unit-amd64-testing
Test-Status: PENDING
http://dpdk.org/patch/154919

_Testing pending_

Submitter: None <uk7b@foxmail.com>
Date: Tuesday, July 01 2025 16:13:42 
DPDK git baseline: Repo:dpdk
  Branch: master
  CommitID:0eb86b4533d40bcd703972421b9a201c02f37f8a

154915-154919 --> testing pending

Upstream job id: Generic-VM-Unit-Test-DPDK#29631

Test environment and result as below:

+-------------------------------+----------------+
|          Environment          | dpdk_unit_test |
+===============================+================+
| CentOS Stream 10              | PEND           |
+-------------------------------+----------------+
| CentOS Stream 9               | PEND           |
+-------------------------------+----------------+
| Debian GNU/Linux 12           | PEND           |
+-------------------------------+----------------+
| Fedora Linux 40               | PEND           |
+-------------------------------+----------------+
| Fedora Linux 41               | PEND           |
+-------------------------------+----------------+
| Red Hat Enterprise Linux 8.10 | PEND           |
+-------------------------------+----------------+
| Red Hat Enterprise Linux 9.5  | PEND           |
+-------------------------------+----------------+
| Ubuntu 22.04                  | PEND           |
+-------------------------------+----------------+
| Ubuntu 20.04                  | PEND           |
+-------------------------------+----------------+
| Ubuntu 24.04                  | PEND           |
+-------------------------------+----------------+
| Windows Server 2022           | PASS           |
+-------------------------------+----------------+


CentOS Stream 10
	Kernel: 5.15
	Compiler: gcc gcc (GCC) 14.2.1 20250110 (Red Hat 14.2.1-8)

CentOS Stream 9
	Kernel: 5.15
	Compiler: gcc gcc (GCC) 11.5.0 20240719 (Red Hat 11.5.0-7)

Debian GNU/Linux 12
	Kernel: 5.15
	Compiler: gcc gcc (Debian 12.2.0-14+deb12u1) 12.2.0

Fedora Linux 40
	Kernel: 5.15
	Compiler: gcc gcc (GCC) 14.2.1 20240912 (Red Hat 14.2.1-3)

Fedora Linux 41
	Kernel: 5.15
	Compiler: gcc gcc (GCC) 14.3.1 20250523 (Red Hat 14.3.1-1)

Red Hat Enterprise Linux 8.10
	Kernel: 5.15
	Compiler: gcc gcc (GCC) 8.5.0 20210514 (Red Hat 8.5.0-22)

Red Hat Enterprise Linux 9.5
	Kernel: 5.15
	Compiler: gcc gcc (GCC) 11.5.0 20240719 (Red Hat 11.5.0-2)

Ubuntu 22.04
	Kernel: 5.15
	Compiler: gcc gcc (Ubuntu 11.4.0-1ubuntu1~22.04) 11.4.0

Ubuntu 20.04
	Kernel: 5.15
	Compiler: gcc gcc (Ubuntu 9.4.0-1ubuntu1~20.04.2) 9.4.0

Ubuntu 24.04
	Kernel: 5.15
	Compiler: gcc gcc (Ubuntu 13.3.0-6ubuntu2~24.04) 13.3.0

Windows Server 2022
	Kernel: 10.0.20348.2031
	Compiler: clang 15.0.7, gcc 14.1.0 (MinGW), and MSVC VS 19.39.33521

To view detailed results, visit:
https://lab.dpdk.org/results/dashboard/patchsets/33558/

UNH-IOL DPDK Community Lab

To manage your email subscriptions, visit: 
https://lab.dpdk.org/results/dashboard/preferences/subscriptions/

^ permalink raw reply	[flat|nested] 25+ messages in thread

* |SUCCESS| pw154915-154919 [PATCH] [5/5] riscv: override machine_args
       [not found] <tencent_BB4AC51B7378583861673C5BAAF816C04308@qq.com>
                   ` (11 preceding siblings ...)
  2025-07-01 20:53 ` |PENDING| " dpdklab
@ 2025-07-01 21:03 ` dpdklab
  2025-07-01 21:08 ` dpdklab
                   ` (11 subsequent siblings)
  24 siblings, 0 replies; 25+ messages in thread
From: dpdklab @ 2025-07-01 21:03 UTC (permalink / raw)
  To: Test Report; +Cc: dpdk-test-reports

Test-Label: iol-intel-Functional
Test-Status: SUCCESS
http://dpdk.org/patch/154919

_Functional Testing PASS_

Submitter: None <uk7b@foxmail.com>
Date: Tuesday, July 01 2025 16:13:42 
DPDK git baseline: Repo:dpdk
  Branch: master
  CommitID:0eb86b4533d40bcd703972421b9a201c02f37f8a

154915-154919 --> functional testing pass

Upstream job id: Template-DTS-Pipeline#234429

Test environment and result as below:

Ubuntu 22.04
Kernel: 5.15
Compiler: gcc gcc (Ubuntu 11.4.0-1ubuntu1~22.04) 11.4.0
NIC: Intel Corporation QAT 8970 0 Mbps

Aggregate Results by Test Suite
+----------------------------+--------+
|         Test Suite         | Result |
+============================+========+
| crypto_perf_cryptodev_perf |  PASS  |
+----------------------------+--------+


To view detailed results, visit:
https://lab.dpdk.org/results/dashboard/patchsets/33558/

UNH-IOL DPDK Community Lab

To manage your email subscriptions, visit: 
https://lab.dpdk.org/results/dashboard/preferences/subscriptions/

^ permalink raw reply	[flat|nested] 25+ messages in thread

* |SUCCESS| pw154915-154919 [PATCH] [5/5] riscv: override machine_args
       [not found] <tencent_BB4AC51B7378583861673C5BAAF816C04308@qq.com>
                   ` (12 preceding siblings ...)
  2025-07-01 21:03 ` |SUCCESS| " dpdklab
@ 2025-07-01 21:08 ` dpdklab
  2025-07-01 21:11 ` dpdklab
                   ` (10 subsequent siblings)
  24 siblings, 0 replies; 25+ messages in thread
From: dpdklab @ 2025-07-01 21:08 UTC (permalink / raw)
  To: Test Report; +Cc: dpdk-test-reports

Test-Label: iol-compile-amd64-testing
Test-Status: SUCCESS
http://dpdk.org/patch/154919

_Testing PASS_

Submitter: None <uk7b@foxmail.com>
Date: Tuesday, July 01 2025 16:13:42 
DPDK git baseline: Repo:dpdk
  Branch: master
  CommitID:0eb86b4533d40bcd703972421b9a201c02f37f8a

154915-154919 --> testing pass

Upstream job id: Windows-Compile-DPDK-Native#29491

Test environment and result as below:

+---------------------+--------------------+-------------------+-------------------------+
|     Environment     | dpdk_meson_compile | dpdk_msvc_compile | dpdk_llvm_clang_compile |
+=====================+====================+===================+=========================+
| FreeBSD 14.2        | PASS               | SKIPPED           | SKIPPED                 |
+---------------------+--------------------+-------------------+-------------------------+
| Ubuntu 20.04        | PASS               | SKIPPED           | SKIPPED                 |
+---------------------+--------------------+-------------------+-------------------------+
| Windows Server 2022 | SKIPPED            | PASS              | PASS                    |
+---------------------+--------------------+-------------------+-------------------------+


FreeBSD 14.2
	Kernel: 14.2-RELEASE
	Compiler: clang 18.1.6

Ubuntu 20.04
	Kernel: 4.19
	Compiler: gcc gcc (Ubuntu 9.4.0-1ubuntu1~20.04.2) 9.4.0

Windows Server 2022
	Kernel: 10.0.20348.2031
	Compiler: clang 15.0.7, gcc 14.1.0 (MinGW), and MSVC VS 19.39.33521

To view detailed results, visit:
https://lab.dpdk.org/results/dashboard/patchsets/33558/

UNH-IOL DPDK Community Lab

To manage your email subscriptions, visit: 
https://lab.dpdk.org/results/dashboard/preferences/subscriptions/

^ permalink raw reply	[flat|nested] 25+ messages in thread

* |SUCCESS| pw154915-154919 [PATCH] [5/5] riscv: override machine_args
       [not found] <tencent_BB4AC51B7378583861673C5BAAF816C04308@qq.com>
                   ` (13 preceding siblings ...)
  2025-07-01 21:08 ` dpdklab
@ 2025-07-01 21:11 ` dpdklab
  2025-07-01 21:31 ` |PENDING| " dpdklab
                   ` (9 subsequent siblings)
  24 siblings, 0 replies; 25+ messages in thread
From: dpdklab @ 2025-07-01 21:11 UTC (permalink / raw)
  To: Test Report; +Cc: dpdk-test-reports

Test-Label: iol-compile-amd64-testing
Test-Status: SUCCESS
http://dpdk.org/patch/154919

_Testing PASS_

Submitter: None <uk7b@foxmail.com>
Date: Tuesday, July 01 2025 16:13:42 
DPDK git baseline: Repo:dpdk
  Branch: master
  CommitID:0eb86b4533d40bcd703972421b9a201c02f37f8a

154915-154919 --> testing pass

Upstream job id: Windows-Compile-DPDK-Native#29492

Test environment and result as below:

+---------------------+--------------------+-------------------+-------------------------+----------------------+
|     Environment     | dpdk_meson_compile | dpdk_msvc_compile | dpdk_llvm_clang_compile | dpdk_mingw64_compile |
+=====================+====================+===================+=========================+======================+
| FreeBSD 14.2        | PASS               | SKIPPED           | SKIPPED                 | SKIPPED              |
+---------------------+--------------------+-------------------+-------------------------+----------------------+
| Ubuntu 20.04        | PASS               | SKIPPED           | SKIPPED                 | SKIPPED              |
+---------------------+--------------------+-------------------+-------------------------+----------------------+
| Windows Server 2022 | SKIPPED            | PASS              | PASS                    | PASS                 |
+---------------------+--------------------+-------------------+-------------------------+----------------------+


FreeBSD 14.2
	Kernel: 14.2-RELEASE
	Compiler: clang 18.1.6

Ubuntu 20.04
	Kernel: 4.19
	Compiler: gcc gcc (Ubuntu 9.4.0-1ubuntu1~20.04.2) 9.4.0

Windows Server 2022
	Kernel: 10.0.20348.2031
	Compiler: clang 15.0.7, gcc 14.1.0 (MinGW), and MSVC VS 19.39.33521

To view detailed results, visit:
https://lab.dpdk.org/results/dashboard/patchsets/33558/

UNH-IOL DPDK Community Lab

To manage your email subscriptions, visit: 
https://lab.dpdk.org/results/dashboard/preferences/subscriptions/

^ permalink raw reply	[flat|nested] 25+ messages in thread

* |PENDING| pw154915-154919 [PATCH] [5/5] riscv: override machine_args
       [not found] <tencent_BB4AC51B7378583861673C5BAAF816C04308@qq.com>
                   ` (14 preceding siblings ...)
  2025-07-01 21:11 ` dpdklab
@ 2025-07-01 21:31 ` dpdklab
  2025-07-01 22:31 ` |SUCCESS| " dpdklab
                   ` (8 subsequent siblings)
  24 siblings, 0 replies; 25+ messages in thread
From: dpdklab @ 2025-07-01 21:31 UTC (permalink / raw)
  To: Test Report; +Cc: dpdk-test-reports

Test-Label: iol-unit-arm64-testing
Test-Status: PENDING
http://dpdk.org/patch/154919

_Testing pending_

Submitter: None <uk7b@foxmail.com>
Date: Tuesday, July 01 2025 16:13:42 
DPDK git baseline: Repo:dpdk
  Branch: master
  CommitID:0eb86b4533d40bcd703972421b9a201c02f37f8a

154915-154919 --> testing pending

Upstream job id: Generic-Unit-Test-DPDK#351609

Test environment and result as below:

+------------------------------+----------------+--------------+------------------------------+---------------------------+
|         Environment          | dpdk_unit_test | lpm_autotest | cryptodev_sw_snow3g_autotest | cryptodev_sw_zuc_autotest |
+==============================+================+==============+==============================+===========================+
| CentOS Stream 10             | PASS           | SKIPPED      | SKIPPED                      | SKIPPED                   |
+------------------------------+----------------+--------------+------------------------------+---------------------------+
| CentOS Stream 9              | PEND           | SKIPPED      | SKIPPED                      | SKIPPED                   |
+------------------------------+----------------+--------------+------------------------------+---------------------------+
| Debian GNU/Linux 12          | PEND           | SKIPPED      | SKIPPED                      | SKIPPED                   |
+------------------------------+----------------+--------------+------------------------------+---------------------------+
| Fedora Linux 41              | PEND           | SKIPPED      | SKIPPED                      | SKIPPED                   |
+------------------------------+----------------+--------------+------------------------------+---------------------------+
| Fedora Linux 40              | PEND           | SKIPPED      | SKIPPED                      | SKIPPED                   |
+------------------------------+----------------+--------------+------------------------------+---------------------------+
| Red Hat Enterprise Linux 9.5 | PEND           | SKIPPED      | SKIPPED                      | SKIPPED                   |
+------------------------------+----------------+--------------+------------------------------+---------------------------+
| Ubuntu 20.04                 | PEND           | PEND         | SKIPPED                      | SKIPPED                   |
+------------------------------+----------------+--------------+------------------------------+---------------------------+
| Ubuntu 22.04                 | PEND           | SKIPPED      | SKIPPED                      | SKIPPED                   |
+------------------------------+----------------+--------------+------------------------------+---------------------------+
| Ubuntu 24.04                 | PEND           | SKIPPED      | SKIPPED                      | SKIPPED                   |
+------------------------------+----------------+--------------+------------------------------+---------------------------+
| Debian 12 (arm)              | SKIPPED        | SKIPPED      | PEND                         | PEND                      |
+------------------------------+----------------+--------------+------------------------------+---------------------------+


CentOS Stream 10
	Kernel: 5.4
	Compiler: gcc gcc (GCC) 14.2.1 20250110 (Red Hat 14.2.1-8)

CentOS Stream 9
	Kernel: 5.4
	Compiler: gcc gcc (GCC) 11.5.0 20240719 (Red Hat 11.5.0-7)

Debian GNU/Linux 12
	Kernel: 5.4
	Compiler: gcc gcc (Debian 12.2.0-14+deb12u1) 12.2.0

Fedora Linux 41
	Kernel: 5.4
	Compiler: gcc gcc (GCC) 14.3.1 20250523 (Red Hat 14.3.1-1)

Fedora Linux 40
	Kernel: 5.4
	Compiler: clang gcc (GCC) 14.2.1 20240912 (Red Hat 14.2.1-3)

Red Hat Enterprise Linux 9.5
	Kernel: 5.4
	Compiler: gcc gcc (GCC) 11.5.0 20240719 (Red Hat 11.5.0-2)

Ubuntu 20.04
	Kernel: 5.4
	Compiler: gcc gcc (Ubuntu 9.4.0-1ubuntu1~20.04.2) 9.4.0

Ubuntu 22.04
	Kernel: 5.4
	Compiler: gcc gcc (Ubuntu 11.4.0-1ubuntu1~22.04) 11.4.0

Ubuntu 24.04
	Kernel: 5.4
	Compiler: gcc gcc (Ubuntu 13.3.0-6ubuntu2~24.04) 13.3.0

Debian 12 (arm)
	Kernel: Depends on container host
	Compiler: gcc (Debian 12.2.0-14) 12.2.0

To view detailed results, visit:
https://lab.dpdk.org/results/dashboard/patchsets/33558/

UNH-IOL DPDK Community Lab

To manage your email subscriptions, visit: 
https://lab.dpdk.org/results/dashboard/preferences/subscriptions/

^ permalink raw reply	[flat|nested] 25+ messages in thread

* |SUCCESS| pw154915-154919 [PATCH] [5/5] riscv: override machine_args
       [not found] <tencent_BB4AC51B7378583861673C5BAAF816C04308@qq.com>
                   ` (15 preceding siblings ...)
  2025-07-01 21:31 ` |PENDING| " dpdklab
@ 2025-07-01 22:31 ` dpdklab
  2025-07-01 23:06 ` dpdklab
                   ` (7 subsequent siblings)
  24 siblings, 0 replies; 25+ messages in thread
From: dpdklab @ 2025-07-01 22:31 UTC (permalink / raw)
  To: Test Report; +Cc: dpdk-test-reports

Test-Label: iol-unit-amd64-testing
Test-Status: SUCCESS
http://dpdk.org/patch/154919

_Testing PASS_

Submitter: None <uk7b@foxmail.com>
Date: Tuesday, July 01 2025 16:13:42 
DPDK git baseline: Repo:dpdk
  Branch: master
  CommitID:0eb86b4533d40bcd703972421b9a201c02f37f8a

154915-154919 --> testing pass

Upstream job id: Generic-Unit-Test-DPDK#351618

Test environment and result as below:

+-------------------------------+----------------+
|          Environment          | dpdk_unit_test |
+===============================+================+
| CentOS Stream 10              | PASS           |
+-------------------------------+----------------+
| CentOS Stream 9               | PASS           |
+-------------------------------+----------------+
| Debian GNU/Linux 12           | PASS           |
+-------------------------------+----------------+
| Fedora Linux 40               | PASS           |
+-------------------------------+----------------+
| Fedora Linux 41               | PASS           |
+-------------------------------+----------------+
| Red Hat Enterprise Linux 8.10 | PASS           |
+-------------------------------+----------------+
| Red Hat Enterprise Linux 9.5  | PASS           |
+-------------------------------+----------------+
| Ubuntu 22.04                  | PASS           |
+-------------------------------+----------------+
| Ubuntu 20.04                  | PASS           |
+-------------------------------+----------------+
| Ubuntu 24.04                  | PASS           |
+-------------------------------+----------------+
| Windows Server 2022           | PASS           |
+-------------------------------+----------------+


CentOS Stream 10
	Kernel: 5.15
	Compiler: gcc gcc (GCC) 14.2.1 20250110 (Red Hat 14.2.1-8)

CentOS Stream 9
	Kernel: 5.15
	Compiler: gcc gcc (GCC) 11.5.0 20240719 (Red Hat 11.5.0-7)

Debian GNU/Linux 12
	Kernel: 5.15
	Compiler: gcc gcc (Debian 12.2.0-14+deb12u1) 12.2.0

Fedora Linux 40
	Kernel: 5.15
	Compiler: gcc gcc (GCC) 14.2.1 20240912 (Red Hat 14.2.1-3)

Fedora Linux 41
	Kernel: 5.15
	Compiler: gcc gcc (GCC) 14.3.1 20250523 (Red Hat 14.3.1-1)

Red Hat Enterprise Linux 8.10
	Kernel: 5.15
	Compiler: gcc gcc (GCC) 8.5.0 20210514 (Red Hat 8.5.0-22)

Red Hat Enterprise Linux 9.5
	Kernel: 5.15
	Compiler: gcc gcc (GCC) 11.5.0 20240719 (Red Hat 11.5.0-2)

Ubuntu 22.04
	Kernel: 5.15
	Compiler: gcc gcc (Ubuntu 11.4.0-1ubuntu1~22.04) 11.4.0

Ubuntu 20.04
	Kernel: 5.15
	Compiler: gcc gcc (Ubuntu 9.4.0-1ubuntu1~20.04.2) 9.4.0

Ubuntu 24.04
	Kernel: 5.15
	Compiler: gcc gcc (Ubuntu 13.3.0-6ubuntu2~24.04) 13.3.0

Windows Server 2022
	Kernel: 10.0.20348.2031
	Compiler: clang 15.0.7, gcc 14.1.0 (MinGW), and MSVC VS 19.39.33521

To view detailed results, visit:
https://lab.dpdk.org/results/dashboard/patchsets/33558/

UNH-IOL DPDK Community Lab

To manage your email subscriptions, visit: 
https://lab.dpdk.org/results/dashboard/preferences/subscriptions/

^ permalink raw reply	[flat|nested] 25+ messages in thread

* |SUCCESS| pw154915-154919 [PATCH] [5/5] riscv: override machine_args
       [not found] <tencent_BB4AC51B7378583861673C5BAAF816C04308@qq.com>
                   ` (16 preceding siblings ...)
  2025-07-01 22:31 ` |SUCCESS| " dpdklab
@ 2025-07-01 23:06 ` dpdklab
  2025-07-01 23:47 ` dpdklab
                   ` (6 subsequent siblings)
  24 siblings, 0 replies; 25+ messages in thread
From: dpdklab @ 2025-07-01 23:06 UTC (permalink / raw)
  To: Test Report; +Cc: dpdk-test-reports

Test-Label: iol-unit-amd64-testing
Test-Status: SUCCESS
http://dpdk.org/patch/154919

_Testing PASS_

Submitter: None <uk7b@foxmail.com>
Date: Tuesday, July 01 2025 16:13:42 
DPDK git baseline: Repo:dpdk
  Branch: master
  CommitID:0eb86b4533d40bcd703972421b9a201c02f37f8a

154915-154919 --> testing pass

Upstream job id: Generic-VM-Unit-Test-DPDK#29637

Test environment and result as below:

+-------------------------------+----------------+
|          Environment          | dpdk_unit_test |
+===============================+================+
| CentOS Stream 10              | PASS           |
+-------------------------------+----------------+
| CentOS Stream 9               | PASS           |
+-------------------------------+----------------+
| Debian GNU/Linux 12           | PASS           |
+-------------------------------+----------------+
| Fedora Linux 40               | PASS           |
+-------------------------------+----------------+
| Fedora Linux 41               | PASS           |
+-------------------------------+----------------+
| Red Hat Enterprise Linux 8.10 | PASS           |
+-------------------------------+----------------+
| Red Hat Enterprise Linux 9.5  | PASS           |
+-------------------------------+----------------+
| Ubuntu 22.04                  | PASS           |
+-------------------------------+----------------+
| Ubuntu 20.04                  | PASS           |
+-------------------------------+----------------+
| Ubuntu 24.04                  | PASS           |
+-------------------------------+----------------+
| Windows Server 2022           | PASS           |
+-------------------------------+----------------+


CentOS Stream 10
	Kernel: 5.15
	Compiler: gcc gcc (GCC) 14.2.1 20250110 (Red Hat 14.2.1-8)

CentOS Stream 9
	Kernel: 5.15
	Compiler: gcc gcc (GCC) 11.5.0 20240719 (Red Hat 11.5.0-7)

Debian GNU/Linux 12
	Kernel: 5.15
	Compiler: gcc gcc (Debian 12.2.0-14+deb12u1) 12.2.0

Fedora Linux 40
	Kernel: 5.15
	Compiler: gcc gcc (GCC) 14.2.1 20240912 (Red Hat 14.2.1-3)

Fedora Linux 41
	Kernel: 5.15
	Compiler: gcc gcc (GCC) 14.3.1 20250523 (Red Hat 14.3.1-1)

Red Hat Enterprise Linux 8.10
	Kernel: 5.15
	Compiler: gcc gcc (GCC) 8.5.0 20210514 (Red Hat 8.5.0-22)

Red Hat Enterprise Linux 9.5
	Kernel: 5.15
	Compiler: gcc gcc (GCC) 11.5.0 20240719 (Red Hat 11.5.0-2)

Ubuntu 22.04
	Kernel: 5.15
	Compiler: gcc gcc (Ubuntu 11.4.0-1ubuntu1~22.04) 11.4.0

Ubuntu 20.04
	Kernel: 5.15
	Compiler: gcc gcc (Ubuntu 9.4.0-1ubuntu1~20.04.2) 9.4.0

Ubuntu 24.04
	Kernel: 5.15
	Compiler: gcc gcc (Ubuntu 13.3.0-6ubuntu2~24.04) 13.3.0

Windows Server 2022
	Kernel: 10.0.20348.2031
	Compiler: clang 15.0.7, gcc 14.1.0 (MinGW), and MSVC VS 19.39.33521

To view detailed results, visit:
https://lab.dpdk.org/results/dashboard/patchsets/33558/

UNH-IOL DPDK Community Lab

To manage your email subscriptions, visit: 
https://lab.dpdk.org/results/dashboard/preferences/subscriptions/

^ permalink raw reply	[flat|nested] 25+ messages in thread

* |SUCCESS| pw154915-154919 [PATCH] [5/5] riscv: override machine_args
       [not found] <tencent_BB4AC51B7378583861673C5BAAF816C04308@qq.com>
                   ` (17 preceding siblings ...)
  2025-07-01 23:06 ` dpdklab
@ 2025-07-01 23:47 ` dpdklab
  2025-07-01 23:47 ` dpdklab
                   ` (5 subsequent siblings)
  24 siblings, 0 replies; 25+ messages in thread
From: dpdklab @ 2025-07-01 23:47 UTC (permalink / raw)
  To: Test Report; +Cc: dpdk-test-reports

Test-Label: iol-abi-testing
Test-Status: SUCCESS
http://dpdk.org/patch/154919

_Testing PASS_

Submitter: None <uk7b@foxmail.com>
Date: Tuesday, July 01 2025 16:13:42 
DPDK git baseline: Repo:dpdk
  Branch: master
  CommitID:0eb86b4533d40bcd703972421b9a201c02f37f8a

154915-154919 --> testing pass

Upstream job id: Generic-DPDK-Compile-ABI#132645

Test environment and result as below:

+-------------------------------+----------+
|          Environment          | abi_test |
+===============================+==========+
| CentOS Stream 9               | PASS     |
+-------------------------------+----------+
| Debian GNU/Linux 12           | PASS     |
+-------------------------------+----------+
| CentOS Stream 10              | PASS     |
+-------------------------------+----------+
| Fedora Linux 40               | PASS     |
+-------------------------------+----------+
| Fedora Linux 41               | PASS     |
+-------------------------------+----------+
| openSUSE Leap 15.6            | PASS     |
+-------------------------------+----------+
| Ubuntu 22.04                  | PASS     |
+-------------------------------+----------+
| Red Hat Enterprise Linux 9.5  | PASS     |
+-------------------------------+----------+
| Red Hat Enterprise Linux 8.10 | PASS     |
+-------------------------------+----------+
| Ubuntu 24.04                  | PASS     |
+-------------------------------+----------+


CentOS Stream 9
	Kernel: 5.15
	Compiler: gcc gcc (GCC) 11.5.0 20240719 (Red Hat 11.5.0-7)

Debian GNU/Linux 12
	Kernel: 5.15
	Compiler: gcc gcc (Debian 12.2.0-14+deb12u1) 12.2.0

CentOS Stream 10
	Kernel: 5.15
	Compiler: gcc gcc (GCC) 14.2.1 20250110 (Red Hat 14.2.1-8)

Fedora Linux 40
	Kernel: 5.15
	Compiler: gcc gcc (GCC) 14.2.1 20240912 (Red Hat 14.2.1-3)

Fedora Linux 41
	Kernel: 5.15
	Compiler: gcc gcc (GCC) 14.3.1 20250523 (Red Hat 14.3.1-1)

openSUSE Leap 15.6
	Kernel: 5.15
	Compiler: gcc gcc (SUSE Linux) 7.5.0

Ubuntu 22.04
	Kernel: 5.15
	Compiler: gcc gcc (Ubuntu 11.4.0-1ubuntu1~22.04) 11.4.0

Red Hat Enterprise Linux 9.5
	Kernel: 5.15
	Compiler: gcc gcc (GCC) 11.5.0 20240719 (Red Hat 11.5.0-2)

Red Hat Enterprise Linux 8.10
	Kernel: 5.15
	Compiler: gcc gcc (GCC) 8.5.0 20210514 (Red Hat 8.5.0-22)

Ubuntu 24.04
	Kernel: 5.15
	Compiler: gcc gcc (Ubuntu 13.3.0-6ubuntu2~24.04) 13.3.0

To view detailed results, visit:
https://lab.dpdk.org/results/dashboard/patchsets/33558/

UNH-IOL DPDK Community Lab

To manage your email subscriptions, visit: 
https://lab.dpdk.org/results/dashboard/preferences/subscriptions/

^ permalink raw reply	[flat|nested] 25+ messages in thread

* |SUCCESS| pw154915-154919 [PATCH] [5/5] riscv: override machine_args
       [not found] <tencent_BB4AC51B7378583861673C5BAAF816C04308@qq.com>
                   ` (18 preceding siblings ...)
  2025-07-01 23:47 ` dpdklab
@ 2025-07-01 23:47 ` dpdklab
  2025-07-02  0:09 ` |WARNING| " dpdklab
                   ` (4 subsequent siblings)
  24 siblings, 0 replies; 25+ messages in thread
From: dpdklab @ 2025-07-01 23:47 UTC (permalink / raw)
  To: Test Report; +Cc: dpdk-test-reports

Test-Label: iol-abi-testing
Test-Status: SUCCESS
http://dpdk.org/patch/154919

_Testing PASS_

Submitter: None <uk7b@foxmail.com>
Date: Tuesday, July 01 2025 16:13:42 
DPDK git baseline: Repo:dpdk
  Branch: master
  CommitID:0eb86b4533d40bcd703972421b9a201c02f37f8a

154915-154919 --> testing pass

Upstream job id: Generic-DPDK-Compile-ABI#132643

Test environment and result as below:

+-------------------------------+----------+
|          Environment          | abi_test |
+===============================+==========+
| CentOS Stream 9               | PASS     |
+-------------------------------+----------+
| Debian GNU/Linux 12           | PASS     |
+-------------------------------+----------+
| CentOS Stream 10              | PASS     |
+-------------------------------+----------+
| Fedora Linux 40               | PASS     |
+-------------------------------+----------+
| Fedora Linux 41               | PASS     |
+-------------------------------+----------+
| openSUSE Leap 15.6            | PASS     |
+-------------------------------+----------+
| Ubuntu 22.04                  | PASS     |
+-------------------------------+----------+
| Red Hat Enterprise Linux 9.5  | PASS     |
+-------------------------------+----------+
| Red Hat Enterprise Linux 8.10 | PASS     |
+-------------------------------+----------+
| Ubuntu 24.04                  | PASS     |
+-------------------------------+----------+


CentOS Stream 9
	Kernel: 5.15
	Compiler: gcc gcc (GCC) 11.5.0 20240719 (Red Hat 11.5.0-7)

Debian GNU/Linux 12
	Kernel: 5.15
	Compiler: gcc gcc (Debian 12.2.0-14+deb12u1) 12.2.0

CentOS Stream 10
	Kernel: 5.15
	Compiler: gcc gcc (GCC) 14.2.1 20250110 (Red Hat 14.2.1-8)

Fedora Linux 40
	Kernel: 5.15
	Compiler: gcc gcc (GCC) 14.2.1 20240912 (Red Hat 14.2.1-3)

Fedora Linux 41
	Kernel: 5.15
	Compiler: gcc gcc (GCC) 14.3.1 20250523 (Red Hat 14.3.1-1)

openSUSE Leap 15.6
	Kernel: 5.15
	Compiler: gcc gcc (SUSE Linux) 7.5.0

Ubuntu 22.04
	Kernel: 5.15
	Compiler: gcc gcc (Ubuntu 11.4.0-1ubuntu1~22.04) 11.4.0

Red Hat Enterprise Linux 9.5
	Kernel: 5.15
	Compiler: gcc gcc (GCC) 11.5.0 20240719 (Red Hat 11.5.0-2)

Red Hat Enterprise Linux 8.10
	Kernel: 5.15
	Compiler: gcc gcc (GCC) 8.5.0 20210514 (Red Hat 8.5.0-22)

Ubuntu 24.04
	Kernel: 5.15
	Compiler: gcc gcc (Ubuntu 13.3.0-6ubuntu2~24.04) 13.3.0

To view detailed results, visit:
https://lab.dpdk.org/results/dashboard/patchsets/33558/

UNH-IOL DPDK Community Lab

To manage your email subscriptions, visit: 
https://lab.dpdk.org/results/dashboard/preferences/subscriptions/

^ permalink raw reply	[flat|nested] 25+ messages in thread

* |WARNING| pw154915-154919 [PATCH] [5/5] riscv: override machine_args
       [not found] <tencent_BB4AC51B7378583861673C5BAAF816C04308@qq.com>
                   ` (19 preceding siblings ...)
  2025-07-01 23:47 ` dpdklab
@ 2025-07-02  0:09 ` dpdklab
  2025-07-02  0:09 ` dpdklab
                   ` (3 subsequent siblings)
  24 siblings, 0 replies; 25+ messages in thread
From: dpdklab @ 2025-07-02  0:09 UTC (permalink / raw)
  To: Test Report; +Cc: dpdk-test-reports

Test-Label: iol-compile-amd64-testing
Test-Status: WARNING
http://dpdk.org/patch/154919

_Testing issues_

Submitter: None <uk7b@foxmail.com>
Date: Tuesday, July 01 2025 16:13:42 
DPDK git baseline: Repo:dpdk
  Branch: master
  CommitID:0eb86b4533d40bcd703972421b9a201c02f37f8a

154915-154919 --> testing issues

Upstream job id: Generic-DPDK-Compile-Meson#404386

Test environment and result as below:

+-------------------------------+--------------------+-------------------+-------------------------+----------------------+-------------------+------------------+
|          Environment          | dpdk_meson_compile | dpdk_msvc_compile | dpdk_llvm_clang_compile | dpdk_mingw64_compile | dpdk_compile_spdk | dpdk_compile_ovs |
+===============================+====================+===================+=========================+======================+===================+==================+
| FreeBSD 14.2                  | PASS               | SKIPPED           | SKIPPED                 | SKIPPED              | SKIPPED           | SKIPPED          |
+-------------------------------+--------------------+-------------------+-------------------------+----------------------+-------------------+------------------+
| Ubuntu 20.04                  | PASS               | SKIPPED           | SKIPPED                 | SKIPPED              | SKIPPED           | SKIPPED          |
+-------------------------------+--------------------+-------------------+-------------------------+----------------------+-------------------+------------------+
| CentOS Stream 9               | PASS               | SKIPPED           | SKIPPED                 | SKIPPED              | PASS              | SKIPPED          |
+-------------------------------+--------------------+-------------------+-------------------------+----------------------+-------------------+------------------+
| CentOS Stream 10              | PASS               | SKIPPED           | SKIPPED                 | SKIPPED              | SKIPPED           | SKIPPED          |
+-------------------------------+--------------------+-------------------+-------------------------+----------------------+-------------------+------------------+
| Debian GNU/Linux 12           | PASS               | SKIPPED           | SKIPPED                 | SKIPPED              | PASS              | SKIPPED          |
+-------------------------------+--------------------+-------------------+-------------------------+----------------------+-------------------+------------------+
| Fedora Linux 40               | PASS               | SKIPPED           | SKIPPED                 | SKIPPED              | PASS              | SKIPPED          |
+-------------------------------+--------------------+-------------------+-------------------------+----------------------+-------------------+------------------+
| Fedora Linux 41               | PASS               | SKIPPED           | SKIPPED                 | SKIPPED              | PASS              | PASS             |
+-------------------------------+--------------------+-------------------+-------------------------+----------------------+-------------------+------------------+
| openSUSE Leap 15.6            | PASS               | SKIPPED           | SKIPPED                 | SKIPPED              | SKIPPED           | SKIPPED          |
+-------------------------------+--------------------+-------------------+-------------------------+----------------------+-------------------+------------------+
| Red Hat Enterprise Linux 8.10 | PASS               | SKIPPED           | SKIPPED                 | SKIPPED              | SKIPPED           | SKIPPED          |
+-------------------------------+--------------------+-------------------+-------------------------+----------------------+-------------------+------------------+
| Red Hat Enterprise Linux 9.5  | PASS               | SKIPPED           | SKIPPED                 | SKIPPED              | SKIPPED           | SKIPPED          |
+-------------------------------+--------------------+-------------------+-------------------------+----------------------+-------------------+------------------+
| Ubuntu 22.04                  | PASS               | SKIPPED           | SKIPPED                 | SKIPPED              | PASS              | SKIPPED          |
+-------------------------------+--------------------+-------------------+-------------------------+----------------------+-------------------+------------------+
| Ubuntu 24.04                  | PASS               | SKIPPED           | SKIPPED                 | SKIPPED              | PASS              | PASS             |
+-------------------------------+--------------------+-------------------+-------------------------+----------------------+-------------------+------------------+
| Alpine Linux 3.22.0           | PASS               | SKIPPED           | SKIPPED                 | SKIPPED              | SKIPPED           | SKIPPED          |
+-------------------------------+--------------------+-------------------+-------------------------+----------------------+-------------------+------------------+
| Windows Server 2022           | SKIPPED            | PASS              | PASS                    | PASS                 | SKIPPED           | SKIPPED          |
+-------------------------------+--------------------+-------------------+-------------------------+----------------------+-------------------+------------------+


FreeBSD 14.2
	Kernel: 14.2-RELEASE
	Compiler: clang 18.1.6

Ubuntu 20.04
	Kernel: 4.19
	Compiler: gcc gcc (Ubuntu 9.4.0-1ubuntu1~20.04.2) 9.4.0

CentOS Stream 9
	Kernel: 5.15
	Compiler: gcc gcc (GCC) 11.5.0 20240719 (Red Hat 11.5.0-7)

CentOS Stream 10
	Kernel: 5.15
	Compiler: gcc gcc (GCC) 14.2.1 20250110 (Red Hat 14.2.1-8)

Debian GNU/Linux 12
	Kernel: 5.15
	Compiler: gcc gcc (Debian 12.2.0-14+deb12u1) 12.2.0

Fedora Linux 40
	Kernel: 5.15
	Compiler: clang gcc (GCC) 14.2.1 20240912 (Red Hat 14.2.1-3)

Fedora Linux 41
	Kernel: 5.15
	Compiler: clang gcc (GCC) 14.3.1 20250523 (Red Hat 14.3.1-1)

openSUSE Leap 15.6
	Kernel: 5.15
	Compiler: gcc gcc (SUSE Linux) 7.5.0

Red Hat Enterprise Linux 8.10
	Kernel: 5.15
	Compiler: gcc gcc (GCC) 8.5.0 20210514 (Red Hat 8.5.0-22)

Red Hat Enterprise Linux 9.5
	Kernel: 5.15
	Compiler: gcc gcc (GCC) 11.5.0 20240719 (Red Hat 11.5.0-2)

Ubuntu 22.04
	Kernel: 5.15
	Compiler: gcc gcc (Ubuntu 11.4.0-1ubuntu1~22.04) 11.4.0

Ubuntu 24.04
	Kernel: 5.15
	Compiler: gcc gcc (Ubuntu 13.3.0-6ubuntu2~24.04) 13.3.0

Alpine Linux 3.22.0
	Kernel: 5.15
	Compiler: gcc gcc (Alpine 14.2.0) 14.2.0

Windows Server 2022
	Kernel: 10.0.20348.2031
	Compiler: clang 15.0.7, gcc 14.1.0 (MinGW), and MSVC VS 19.39.33521

To view detailed results, visit:
https://lab.dpdk.org/results/dashboard/patchsets/33558/

UNH-IOL DPDK Community Lab

To manage your email subscriptions, visit: 
https://lab.dpdk.org/results/dashboard/preferences/subscriptions/

^ permalink raw reply	[flat|nested] 25+ messages in thread

* |WARNING| pw154915-154919 [PATCH] [5/5] riscv: override machine_args
       [not found] <tencent_BB4AC51B7378583861673C5BAAF816C04308@qq.com>
                   ` (20 preceding siblings ...)
  2025-07-02  0:09 ` |WARNING| " dpdklab
@ 2025-07-02  0:09 ` dpdklab
  2025-07-02  0:12 ` dpdklab
                   ` (2 subsequent siblings)
  24 siblings, 0 replies; 25+ messages in thread
From: dpdklab @ 2025-07-02  0:09 UTC (permalink / raw)
  To: Test Report; +Cc: dpdk-test-reports

Test-Label: iol-compile-amd64-testing
Test-Status: WARNING
http://dpdk.org/patch/154919

_Testing issues_

Submitter: None <uk7b@foxmail.com>
Date: Tuesday, July 01 2025 16:13:42 
DPDK git baseline: Repo:dpdk
  Branch: master
  CommitID:0eb86b4533d40bcd703972421b9a201c02f37f8a

154915-154919 --> testing issues

Upstream job id: Generic-DPDK-Compile-Meson#404397

Test environment and result as below:

+-------------------------------+--------------------+-------------------+-------------------------+----------------------+-------------------+------------------+
|          Environment          | dpdk_meson_compile | dpdk_msvc_compile | dpdk_llvm_clang_compile | dpdk_mingw64_compile | dpdk_compile_spdk | dpdk_compile_ovs |
+===============================+====================+===================+=========================+======================+===================+==================+
| FreeBSD 14.2                  | PASS               | SKIPPED           | SKIPPED                 | SKIPPED              | SKIPPED           | SKIPPED          |
+-------------------------------+--------------------+-------------------+-------------------------+----------------------+-------------------+------------------+
| Ubuntu 20.04                  | PASS               | SKIPPED           | SKIPPED                 | SKIPPED              | SKIPPED           | SKIPPED          |
+-------------------------------+--------------------+-------------------+-------------------------+----------------------+-------------------+------------------+
| CentOS Stream 9               | PASS               | SKIPPED           | SKIPPED                 | SKIPPED              | PASS              | SKIPPED          |
+-------------------------------+--------------------+-------------------+-------------------------+----------------------+-------------------+------------------+
| CentOS Stream 10              | PASS               | SKIPPED           | SKIPPED                 | SKIPPED              | SKIPPED           | SKIPPED          |
+-------------------------------+--------------------+-------------------+-------------------------+----------------------+-------------------+------------------+
| Debian GNU/Linux 12           | PASS               | SKIPPED           | SKIPPED                 | SKIPPED              | PASS              | SKIPPED          |
+-------------------------------+--------------------+-------------------+-------------------------+----------------------+-------------------+------------------+
| Fedora Linux 40               | PASS               | SKIPPED           | SKIPPED                 | SKIPPED              | PASS              | SKIPPED          |
+-------------------------------+--------------------+-------------------+-------------------------+----------------------+-------------------+------------------+
| Fedora Linux 41               | PASS               | SKIPPED           | SKIPPED                 | SKIPPED              | PASS              | PASS             |
+-------------------------------+--------------------+-------------------+-------------------------+----------------------+-------------------+------------------+
| openSUSE Leap 15.6            | PASS               | SKIPPED           | SKIPPED                 | SKIPPED              | SKIPPED           | SKIPPED          |
+-------------------------------+--------------------+-------------------+-------------------------+----------------------+-------------------+------------------+
| Red Hat Enterprise Linux 8.10 | PASS               | SKIPPED           | SKIPPED                 | SKIPPED              | SKIPPED           | SKIPPED          |
+-------------------------------+--------------------+-------------------+-------------------------+----------------------+-------------------+------------------+
| Red Hat Enterprise Linux 9.5  | PASS               | SKIPPED           | SKIPPED                 | SKIPPED              | SKIPPED           | SKIPPED          |
+-------------------------------+--------------------+-------------------+-------------------------+----------------------+-------------------+------------------+
| Ubuntu 22.04                  | PASS               | SKIPPED           | SKIPPED                 | SKIPPED              | PASS              | SKIPPED          |
+-------------------------------+--------------------+-------------------+-------------------------+----------------------+-------------------+------------------+
| Ubuntu 24.04                  | PASS               | SKIPPED           | SKIPPED                 | SKIPPED              | PASS              | PASS             |
+-------------------------------+--------------------+-------------------+-------------------------+----------------------+-------------------+------------------+
| Alpine Linux 3.22.0           | PASS               | SKIPPED           | SKIPPED                 | SKIPPED              | SKIPPED           | SKIPPED          |
+-------------------------------+--------------------+-------------------+-------------------------+----------------------+-------------------+------------------+
| Windows Server 2022           | SKIPPED            | PASS              | PASS                    | PASS                 | SKIPPED           | SKIPPED          |
+-------------------------------+--------------------+-------------------+-------------------------+----------------------+-------------------+------------------+


FreeBSD 14.2
	Kernel: 14.2-RELEASE
	Compiler: clang 18.1.6

Ubuntu 20.04
	Kernel: 4.19
	Compiler: gcc gcc (Ubuntu 9.4.0-1ubuntu1~20.04.2) 9.4.0

CentOS Stream 9
	Kernel: 5.15
	Compiler: gcc gcc (GCC) 11.5.0 20240719 (Red Hat 11.5.0-7)

CentOS Stream 10
	Kernel: 5.15
	Compiler: gcc gcc (GCC) 14.2.1 20250110 (Red Hat 14.2.1-8)

Debian GNU/Linux 12
	Kernel: 5.15
	Compiler: gcc gcc (Debian 12.2.0-14+deb12u1) 12.2.0

Fedora Linux 40
	Kernel: 5.15
	Compiler: clang gcc (GCC) 14.2.1 20240912 (Red Hat 14.2.1-3)

Fedora Linux 41
	Kernel: 5.15
	Compiler: clang gcc (GCC) 14.3.1 20250523 (Red Hat 14.3.1-1)

openSUSE Leap 15.6
	Kernel: 5.15
	Compiler: gcc gcc (SUSE Linux) 7.5.0

Red Hat Enterprise Linux 8.10
	Kernel: 5.15
	Compiler: gcc gcc (GCC) 8.5.0 20210514 (Red Hat 8.5.0-22)

Red Hat Enterprise Linux 9.5
	Kernel: 5.15
	Compiler: gcc gcc (GCC) 11.5.0 20240719 (Red Hat 11.5.0-2)

Ubuntu 22.04
	Kernel: 5.15
	Compiler: gcc gcc (Ubuntu 11.4.0-1ubuntu1~22.04) 11.4.0

Ubuntu 24.04
	Kernel: 5.15
	Compiler: gcc gcc (Ubuntu 13.3.0-6ubuntu2~24.04) 13.3.0

Alpine Linux 3.22.0
	Kernel: 5.15
	Compiler: gcc gcc (Alpine 14.2.0) 14.2.0

Windows Server 2022
	Kernel: 10.0.20348.2031
	Compiler: clang 15.0.7, gcc 14.1.0 (MinGW), and MSVC VS 19.39.33521

To view detailed results, visit:
https://lab.dpdk.org/results/dashboard/patchsets/33558/

UNH-IOL DPDK Community Lab

To manage your email subscriptions, visit: 
https://lab.dpdk.org/results/dashboard/preferences/subscriptions/

^ permalink raw reply	[flat|nested] 25+ messages in thread

* |WARNING| pw154915-154919 [PATCH] [5/5] riscv: override machine_args
       [not found] <tencent_BB4AC51B7378583861673C5BAAF816C04308@qq.com>
                   ` (21 preceding siblings ...)
  2025-07-02  0:09 ` dpdklab
@ 2025-07-02  0:12 ` dpdklab
  2025-07-02  2:41 ` |SUCCESS| " dpdklab
  2025-07-02  8:35 ` dpdklab
  24 siblings, 0 replies; 25+ messages in thread
From: dpdklab @ 2025-07-02  0:12 UTC (permalink / raw)
  To: Test Report; +Cc: dpdk-test-reports

Test-Label: iol-compile-amd64-testing
Test-Status: WARNING
http://dpdk.org/patch/154919

_Testing issues_

Submitter: None <uk7b@foxmail.com>
Date: Tuesday, July 01 2025 16:13:42 
DPDK git baseline: Repo:dpdk
  Branch: master
  CommitID:0eb86b4533d40bcd703972421b9a201c02f37f8a

154915-154919 --> testing issues

Upstream job id: Generic-DPDK-Compile-Meson#404388

Test environment and result as below:

+-------------------------------+--------------------+-------------------+-------------------------+----------------------+-------------------+------------------+
|          Environment          | dpdk_meson_compile | dpdk_msvc_compile | dpdk_llvm_clang_compile | dpdk_mingw64_compile | dpdk_compile_spdk | dpdk_compile_ovs |
+===============================+====================+===================+=========================+======================+===================+==================+
| FreeBSD 14.2                  | PASS               | SKIPPED           | SKIPPED                 | SKIPPED              | SKIPPED           | SKIPPED          |
+-------------------------------+--------------------+-------------------+-------------------------+----------------------+-------------------+------------------+
| Ubuntu 20.04                  | PASS               | SKIPPED           | SKIPPED                 | SKIPPED              | SKIPPED           | SKIPPED          |
+-------------------------------+--------------------+-------------------+-------------------------+----------------------+-------------------+------------------+
| CentOS Stream 9               | PASS               | SKIPPED           | SKIPPED                 | SKIPPED              | PASS              | SKIPPED          |
+-------------------------------+--------------------+-------------------+-------------------------+----------------------+-------------------+------------------+
| CentOS Stream 10              | PASS               | SKIPPED           | SKIPPED                 | SKIPPED              | SKIPPED           | SKIPPED          |
+-------------------------------+--------------------+-------------------+-------------------------+----------------------+-------------------+------------------+
| Debian GNU/Linux 12           | PASS               | SKIPPED           | SKIPPED                 | SKIPPED              | PASS              | SKIPPED          |
+-------------------------------+--------------------+-------------------+-------------------------+----------------------+-------------------+------------------+
| Fedora Linux 40               | PASS               | SKIPPED           | SKIPPED                 | SKIPPED              | PASS              | SKIPPED          |
+-------------------------------+--------------------+-------------------+-------------------------+----------------------+-------------------+------------------+
| Fedora Linux 41               | PASS               | SKIPPED           | SKIPPED                 | SKIPPED              | PASS              | PASS             |
+-------------------------------+--------------------+-------------------+-------------------------+----------------------+-------------------+------------------+
| openSUSE Leap 15.6            | PASS               | SKIPPED           | SKIPPED                 | SKIPPED              | SKIPPED           | SKIPPED          |
+-------------------------------+--------------------+-------------------+-------------------------+----------------------+-------------------+------------------+
| Red Hat Enterprise Linux 8.10 | PASS               | SKIPPED           | SKIPPED                 | SKIPPED              | SKIPPED           | SKIPPED          |
+-------------------------------+--------------------+-------------------+-------------------------+----------------------+-------------------+------------------+
| Red Hat Enterprise Linux 9.5  | PASS               | SKIPPED           | SKIPPED                 | SKIPPED              | SKIPPED           | SKIPPED          |
+-------------------------------+--------------------+-------------------+-------------------------+----------------------+-------------------+------------------+
| Ubuntu 22.04                  | PASS               | SKIPPED           | SKIPPED                 | SKIPPED              | PASS              | SKIPPED          |
+-------------------------------+--------------------+-------------------+-------------------------+----------------------+-------------------+------------------+
| Ubuntu 24.04                  | PASS               | SKIPPED           | SKIPPED                 | SKIPPED              | PASS              | PASS             |
+-------------------------------+--------------------+-------------------+-------------------------+----------------------+-------------------+------------------+
| Alpine Linux 3.22.0           | PASS               | SKIPPED           | SKIPPED                 | SKIPPED              | SKIPPED           | SKIPPED          |
+-------------------------------+--------------------+-------------------+-------------------------+----------------------+-------------------+------------------+
| Windows Server 2022           | SKIPPED            | PASS              | PASS                    | PASS                 | SKIPPED           | SKIPPED          |
+-------------------------------+--------------------+-------------------+-------------------------+----------------------+-------------------+------------------+


FreeBSD 14.2
	Kernel: 14.2-RELEASE
	Compiler: clang 18.1.6

Ubuntu 20.04
	Kernel: 4.19
	Compiler: gcc gcc (Ubuntu 9.4.0-1ubuntu1~20.04.2) 9.4.0

CentOS Stream 9
	Kernel: 5.15
	Compiler: gcc gcc (GCC) 11.5.0 20240719 (Red Hat 11.5.0-7)

CentOS Stream 10
	Kernel: 5.15
	Compiler: gcc gcc (GCC) 14.2.1 20250110 (Red Hat 14.2.1-8)

Debian GNU/Linux 12
	Kernel: 5.15
	Compiler: gcc gcc (Debian 12.2.0-14+deb12u1) 12.2.0

Fedora Linux 40
	Kernel: 5.15
	Compiler: clang gcc (GCC) 14.2.1 20240912 (Red Hat 14.2.1-3)

Fedora Linux 41
	Kernel: 5.15
	Compiler: clang gcc (GCC) 14.3.1 20250523 (Red Hat 14.3.1-1)

openSUSE Leap 15.6
	Kernel: 5.15
	Compiler: gcc gcc (SUSE Linux) 7.5.0

Red Hat Enterprise Linux 8.10
	Kernel: 5.15
	Compiler: gcc gcc (GCC) 8.5.0 20210514 (Red Hat 8.5.0-22)

Red Hat Enterprise Linux 9.5
	Kernel: 5.15
	Compiler: gcc gcc (GCC) 11.5.0 20240719 (Red Hat 11.5.0-2)

Ubuntu 22.04
	Kernel: 5.15
	Compiler: gcc gcc (Ubuntu 11.4.0-1ubuntu1~22.04) 11.4.0

Ubuntu 24.04
	Kernel: 5.15
	Compiler: gcc gcc (Ubuntu 13.3.0-6ubuntu2~24.04) 13.3.0

Alpine Linux 3.22.0
	Kernel: 5.15
	Compiler: gcc gcc (Alpine 14.2.0) 14.2.0

Windows Server 2022
	Kernel: 10.0.20348.2031
	Compiler: clang 15.0.7, gcc 14.1.0 (MinGW), and MSVC VS 19.39.33521

To view detailed results, visit:
https://lab.dpdk.org/results/dashboard/patchsets/33558/

UNH-IOL DPDK Community Lab

To manage your email subscriptions, visit: 
https://lab.dpdk.org/results/dashboard/preferences/subscriptions/

^ permalink raw reply	[flat|nested] 25+ messages in thread

* |SUCCESS| pw154915-154919 [PATCH] [5/5] riscv: override machine_args
       [not found] <tencent_BB4AC51B7378583861673C5BAAF816C04308@qq.com>
                   ` (22 preceding siblings ...)
  2025-07-02  0:12 ` dpdklab
@ 2025-07-02  2:41 ` dpdklab
  2025-07-02  8:35 ` dpdklab
  24 siblings, 0 replies; 25+ messages in thread
From: dpdklab @ 2025-07-02  2:41 UTC (permalink / raw)
  To: Test Report; +Cc: dpdk-test-reports

Test-Label: iol-compile-arm64-testing
Test-Status: SUCCESS
http://dpdk.org/patch/154919

_Testing PASS_

Submitter: None <uk7b@foxmail.com>
Date: Tuesday, July 01 2025 16:13:42 
DPDK git baseline: Repo:dpdk
  Branch: master
  CommitID:0eb86b4533d40bcd703972421b9a201c02f37f8a

154915-154919 --> testing pass

Upstream job id: Generic-DPDK-Compile-Meson#404405

Test environment and result as below:

+------------------------------+--------------------+
|         Environment          | dpdk_meson_compile |
+==============================+====================+
| Red Hat Enterprise Linux 9.5 | PASS               |
+------------------------------+--------------------+
| Ubuntu 20.04                 | PASS               |
+------------------------------+--------------------+
| Debian GNU/Linux 12          | PASS               |
+------------------------------+--------------------+
| Fedora Linux 40              | PASS               |
+------------------------------+--------------------+
| Fedora Linux 41              | PASS               |
+------------------------------+--------------------+
| Ubuntu 22.04                 | PASS               |
+------------------------------+--------------------+
| Ubuntu 24.04                 | PASS               |
+------------------------------+--------------------+
| CentOS Stream 9              | PASS               |
+------------------------------+--------------------+
| CentOS Stream 10             | PASS               |
+------------------------------+--------------------+


Red Hat Enterprise Linux 9.5
	Kernel: 5.4
	Compiler: gcc gcc (GCC) 11.5.0 20240719 (Red Hat 11.5.0-2)

Ubuntu 20.04
	Kernel: 5.15
	Compiler: aarch64-linux-gnu-gcc gcc (Ubuntu 9.4.0-1ubuntu1~20.04.2) 9.4.0

Debian GNU/Linux 12
	Kernel: 5.4
	Compiler: gcc gcc (Debian 12.2.0-14+deb12u1) 12.2.0

Fedora Linux 40
	Kernel: 5.4
	Compiler: gcc gcc (GCC) 14.2.1 20240912 (Red Hat 14.2.1-3)

Fedora Linux 41
	Kernel: 5.4
	Compiler: gcc gcc (GCC) 14.3.1 20250523 (Red Hat 14.3.1-1)

Ubuntu 22.04
	Kernel: 5.4
	Compiler: gcc gcc (Ubuntu 11.4.0-1ubuntu1~22.04) 11.4.0

Ubuntu 24.04
	Kernel: 5.4
	Compiler: gcc gcc (Ubuntu 13.3.0-6ubuntu2~24.04) 13.3.0

CentOS Stream 9
	Kernel: 5.4
	Compiler: gcc gcc (GCC) 11.5.0 20240719 (Red Hat 11.5.0-7)

CentOS Stream 10
	Kernel: 5.4
	Compiler: gcc gcc (GCC) 14.2.1 20250110 (Red Hat 14.2.1-8)

To view detailed results, visit:
https://lab.dpdk.org/results/dashboard/patchsets/33558/

UNH-IOL DPDK Community Lab

To manage your email subscriptions, visit: 
https://lab.dpdk.org/results/dashboard/preferences/subscriptions/

^ permalink raw reply	[flat|nested] 25+ messages in thread

* |SUCCESS| pw154915-154919 [PATCH] [5/5] riscv: override machine_args
       [not found] <tencent_BB4AC51B7378583861673C5BAAF816C04308@qq.com>
                   ` (23 preceding siblings ...)
  2025-07-02  2:41 ` |SUCCESS| " dpdklab
@ 2025-07-02  8:35 ` dpdklab
  24 siblings, 0 replies; 25+ messages in thread
From: dpdklab @ 2025-07-02  8:35 UTC (permalink / raw)
  To: Test Report; +Cc: dpdk-test-reports

Test-Label: iol-sample-apps-testing
Test-Status: SUCCESS
http://dpdk.org/patch/154919

_Testing PASS_

Submitter: None <uk7b@foxmail.com>
Date: Tuesday, July 01 2025 16:13:42 
DPDK git baseline: Repo:dpdk
  Branch: master
  CommitID:0eb86b4533d40bcd703972421b9a201c02f37f8a

154915-154919 --> testing pass

Upstream job id: ACVP-FIPS-testing#10368

Test environment and result as below:

+--------------+----------------------+----------------------+
| Environment  | compressdev_zlib_pmd | dpdk_fips_validation |
+==============+======================+======================+
| Ubuntu 22.04 | PASS                 | SKIPPED              |
+--------------+----------------------+----------------------+
| Ubuntu 20.04 | SKIPPED              | PASS                 |
+--------------+----------------------+----------------------+


Ubuntu 22.04
	Kernel: 5.15
	Compiler: gcc gcc (Ubuntu 11.4.0-1ubuntu1~22.04) 11.4.0

Ubuntu 20.04
	Kernel: 5.15
	Compiler: gcc gcc (Ubuntu 9.4.0-1ubuntu1~20.04.2) 9.4.0

To view detailed results, visit:
https://lab.dpdk.org/results/dashboard/patchsets/33558/

UNH-IOL DPDK Community Lab

To manage your email subscriptions, visit: 
https://lab.dpdk.org/results/dashboard/preferences/subscriptions/

^ permalink raw reply	[flat|nested] 25+ messages in thread

end of thread, other threads:[~2025-07-02  8:35 UTC | newest]

Thread overview: 25+ messages (download: mbox.gz / follow: Atom feed)
-- links below jump to the message on this page --
     [not found] <tencent_BB4AC51B7378583861673C5BAAF816C04308@qq.com>
2025-07-01 15:41 ` |SUCCESS| pw154915-154919 [PATCH 5/5] riscv: override machine_args only when default qemudev
2025-07-01 15:46 ` qemudev
2025-07-01 16:14 ` |SUCCESS| pw154919 " checkpatch
2025-07-01 17:22 ` |FAILURE| " 0-day Robot
2025-07-01 18:49 ` |SUCCESS| pw154915-154919 [PATCH] [5/5] riscv: override machine_args dpdklab
2025-07-01 18:54 ` dpdklab
2025-07-01 18:57 ` dpdklab
2025-07-01 19:01 ` dpdklab
2025-07-01 19:42 ` dpdklab
2025-07-01 20:21 ` dpdklab
2025-07-01 20:40 ` dpdklab
2025-07-01 20:53 ` |PENDING| " dpdklab
2025-07-01 21:03 ` |SUCCESS| " dpdklab
2025-07-01 21:08 ` dpdklab
2025-07-01 21:11 ` dpdklab
2025-07-01 21:31 ` |PENDING| " dpdklab
2025-07-01 22:31 ` |SUCCESS| " dpdklab
2025-07-01 23:06 ` dpdklab
2025-07-01 23:47 ` dpdklab
2025-07-01 23:47 ` dpdklab
2025-07-02  0:09 ` |WARNING| " dpdklab
2025-07-02  0:09 ` dpdklab
2025-07-02  0:12 ` dpdklab
2025-07-02  2:41 ` |SUCCESS| " dpdklab
2025-07-02  8:35 ` dpdklab

This is a public inbox, see mirroring instructions
for how to clone and mirror all data and code used for this inbox;
as well as URLs for NNTP newsgroup(s).