automatic DPDK test reports
 help / color / mirror / Atom feed
From: qemudev@loongson.cn
To: test-report@dpdk.org
Subject: |SUCCESS| pw154969 [PATCH v2] build/x86: fix support for older compilers
Date: Wed, 2 Jul 2025 23:27:22 +0800	[thread overview]
Message-ID: <202507021527.562FRMGV1476034@localhost.localdomain> (raw)
In-Reply-To: <20250702160138.3441279-1-bruce.richardson@intel.com>

Test-Label: loongarch-compilation
Test-Status: SUCCESS
http://dpdk.org/patch/154969

_Compilation OK_

Submitter: Bruce Richardson <bruce.richardson@intel.com>
Date: Wed,  2 Jul 2025 17:00:45 +0100
DPDK git baseline: Repo:dpdk
  Branch: main
  CommitID: bd546772e1449ccc0789db338cc398815fa2636d

154969 --> meson & ninja build successfully

Test environment and result as below:

+---------------------+----------------+
|     Environment     | compilation    |
+---------------------+----------------+
| Loongnix-Server 8.3 | PASS           |
+---------------------+----------------+

Loongnix-Server 8.3
    Kernel: 4.19.190+
    Compiler: gcc 8.3


       reply	other threads:[~2025-07-02 16:03 UTC|newest]

Thread overview: 18+ messages / expand[flat|nested]  mbox.gz  Atom feed  top
     [not found] <20250702160138.3441279-1-bruce.richardson@intel.com>
2025-07-02 15:27 ` qemudev [this message]
2025-07-02 15:31 ` qemudev
2025-07-02 16:00 ` |WARNING| " checkpatch
2025-07-02 17:05 ` |FAILURE| " 0-day Robot
2025-07-02 17:50 ` |SUCCESS| pw154969 [PATCH] [v2] build/x86: fix support for older com dpdklab
2025-07-02 18:03 ` dpdklab
2025-07-02 19:03 ` |FAILURE| " dpdklab
2025-07-02 19:04 ` dpdklab
2025-07-02 19:41 ` |PENDING| " dpdklab
2025-07-02 19:47 ` |SUCCESS| " dpdklab
2025-07-02 20:06 ` dpdklab
2025-07-02 20:16 ` |FAILURE| " dpdklab
2025-07-02 21:13 ` |WARNING| " dpdklab
2025-07-02 21:13 ` dpdklab
2025-07-02 21:13 ` dpdklab
2025-07-02 21:30 ` |SUCCESS| " dpdklab
2025-07-02 21:32 ` |FAILURE| " dpdklab
2025-07-03  0:25 ` dpdklab

Reply instructions:

You may reply publicly to this message via plain-text email
using any one of the following methods:

* Save the following mbox file, import it into your mail client,
  and reply-to-all from there: mbox

  Avoid top-posting and favor interleaved quoting:
  https://en.wikipedia.org/wiki/Posting_style#Interleaved_style

* Reply using the --to, --cc, and --in-reply-to
  switches of git-send-email(1):

  git send-email \
    --in-reply-to=202507021527.562FRMGV1476034@localhost.localdomain \
    --to=qemudev@loongson.cn \
    --cc=test-report@dpdk.org \
    /path/to/YOUR_REPLY

  https://kernel.org/pub/software/scm/git/docs/git-send-email.html

* If your mail client supports setting the In-Reply-To header
  via mailto: links, try the mailto: link
Be sure your reply has a Subject: header at the top and a blank line before the message body.
This is a public inbox, see mirroring instructions
for how to clone and mirror all data and code used for this inbox;
as well as URLs for NNTP newsgroup(s).