automatic DPDK test reports
 help / color / mirror / Atom feed
* |SUCCESS| pw155005 [PATCH] net/mlx5: fix decreasing the reference count of a Tx queue
       [not found] <20250703150252.145065-1-bingz@nvidia.com>
@ 2025-07-03 14:33 ` qemudev
  2025-07-03 14:37 ` qemudev
                   ` (8 subsequent siblings)
  9 siblings, 0 replies; 10+ messages in thread
From: qemudev @ 2025-07-03 14:33 UTC (permalink / raw)
  To: test-report

Test-Label: loongarch-compilation
Test-Status: SUCCESS
http://dpdk.org/patch/155005

_Compilation OK_

Submitter: Bing Zhao <bingz@nvidia.com>
Date: Thu, 3 Jul 2025 18:02:52 +0300
DPDK git baseline: Repo:dpdk
  Branch: main
  CommitID: 8a59ec1fe088cc2998b4376808dc7728d4e31946

155005 --> meson & ninja build successfully

Test environment and result as below:

+---------------------+----------------+
|     Environment     | compilation    |
+---------------------+----------------+
| Loongnix-Server 8.3 | PASS           |
+---------------------+----------------+

Loongnix-Server 8.3
    Kernel: 4.19.190+
    Compiler: gcc 8.3


^ permalink raw reply	[flat|nested] 10+ messages in thread

* |SUCCESS| pw155005 [PATCH] net/mlx5: fix decreasing the reference count of a Tx queue
       [not found] <20250703150252.145065-1-bingz@nvidia.com>
  2025-07-03 14:33 ` |SUCCESS| pw155005 [PATCH] net/mlx5: fix decreasing the reference count of a Tx queue qemudev
@ 2025-07-03 14:37 ` qemudev
  2025-07-03 15:03 ` checkpatch
                   ` (7 subsequent siblings)
  9 siblings, 0 replies; 10+ messages in thread
From: qemudev @ 2025-07-03 14:37 UTC (permalink / raw)
  To: test-report

Test-Label: loongarch-unit-testing
Test-Status: SUCCESS
http://dpdk.org/patch/155005

_Unit Testing PASS_

Submitter: Bing Zhao <bingz@nvidia.com>
Date: Thu, 3 Jul 2025 18:02:52 +0300
DPDK git baseline: Repo:dpdk
  Branch: main
  CommitID: 8a59ec1fe088cc2998b4376808dc7728d4e31946

155005 --> testing pass

Test environment and result as below:

+---------------------+----------------+
|     Environment     | dpdk_unit_test |
+---------------------+----------------+
| Loongnix-Server 8.3 | PASS           |
+---------------------+----------------+

Loongnix-Server 8.3
    Kernel: 4.19.190+
    Compiler: gcc 8.3


Test result details:
  1/120 DPDK:fast-tests / acl_autotest                            OK              3.35s
  2/120 DPDK:fast-tests / alarm_autotest                          OK              1.60s
  3/120 DPDK:fast-tests / argparse_autotest                       OK              0.58s
  4/120 DPDK:fast-tests / atomic_autotest                         OK              6.93s
  5/120 DPDK:fast-tests / bitcount_autotest                       OK              0.20s
  6/120 DPDK:fast-tests / bitmap_autotest                         OK              0.20s
  7/120 DPDK:fast-tests / bitops_autotest                         OK              1.70s
  8/120 DPDK:fast-tests / bitratestats_autotest                   OK              0.20s
  9/120 DPDK:fast-tests / bitset_autotest                         OK              2.94s
 10/120 DPDK:fast-tests / bpf_autotest                            OK              0.20s
 11/120 DPDK:fast-tests / bpf_convert_autotest                    OK              0.21s
 12/120 DPDK:fast-tests / byteorder_autotest                      OK              0.44s
 13/120 DPDK:fast-tests / cfgfile_autotest                        OK              0.43s
 14/120 DPDK:fast-tests / cksum_autotest                          OK              0.43s
 15/120 DPDK:fast-tests / cmdline_autotest                        OK              0.44s
 16/120 DPDK:fast-tests / common_autotest                         OK              1.32s
 17/120 DPDK:fast-tests / compressdev_autotest                    SKIP            0.06s   exit status 77
 18/120 DPDK:fast-tests / cpuflags_autotest                       OK              0.40s
 19/120 DPDK:fast-tests / crc_autotest                            OK              0.40s
 20/120 DPDK:fast-tests / user_delay_us                           OK              0.40s
 21/120 DPDK:fast-tests / debug_autotest                          OK             18.31s
 22/120 DPDK:fast-tests / devargs_autotest                        OK              0.40s
 23/120 DPDK:fast-tests / dispatcher_autotest                     OK              2.50s
 24/120 DPDK:fast-tests / distributor_autotest                    OK              1.20s
 25/120 DPDK:fast-tests / eal_flags_c_opt_autotest                OK              0.83s
 26/120 DPDK:fast-tests / eal_flags_main_opt_autotest             OK              0.23s
 27/120 DPDK:fast-tests / eal_flags_n_opt_autotest                OK              0.21s
 28/120 DPDK:fast-tests / eal_flags_hpet_autotest                 OK              0.14s
 29/120 DPDK:fast-tests / eal_flags_no_huge_autotest              OK              0.23s
 30/120 DPDK:fast-tests / eal_flags_a_opt_autotest                OK              0.31s
 31/120 DPDK:fast-tests / eal_flags_b_opt_autotest                OK              0.26s
 32/120 DPDK:fast-tests / eal_flags_vdev_opt_autotest             OK              0.20s
 33/120 DPDK:fast-tests / eal_flags_r_opt_autotest                OK              0.19s
 34/120 DPDK:fast-tests / eal_flags_mem_autotest                  OK              0.61s
 35/120 DPDK:fast-tests / eal_flags_file_prefix_autotest          OK             22.26s
 36/120 DPDK:fast-tests / eal_flags_misc_autotest                 OK              1.09s
 37/120 DPDK:fast-tests / eal_fs_autotest                         OK              0.39s
 38/120 DPDK:fast-tests / errno_autotest                          OK              0.40s
 39/120 DPDK:fast-tests / ethdev_link_status                      OK              0.40s
 40/120 DPDK:fast-tests / event_eth_tx_adapter_autotest           OK              1.69s
 41/120 DPDK:fast-tests / event_ring_autotest                     OK              0.40s
 42/120 DPDK:fast-tests / eventdev_common_autotest                OK              0.40s
 43/120 DPDK:fast-tests / eventdev_selftest_sw                    OK              7.30s
 44/120 DPDK:fast-tests / fbarray_autotest                        OK              0.40s
 45/120 DPDK:fast-tests / fib_autotest                            OK              1.24s
 46/120 DPDK:fast-tests / fib6_autotest                           OK              1.04s
 47/120 DPDK:fast-tests / func_reentrancy_autotest                OK              2.19s
 48/120 DPDK:fast-tests / graph_autotest                          OK              0.40s
 49/120 DPDK:fast-tests / node_list_dump                          OK              0.40s
 50/120 DPDK:fast-tests / graph_feature_arc_autotest              OK              0.40s
 51/120 DPDK:fast-tests / hash_autotest                           OK              1.02s
 52/120 DPDK:fast-tests / hash_readwrite_func_autotest            OK              6.38s
 53/120 DPDK:fast-tests / interrupt_autotest                      OK              1.60s
 54/120 DPDK:fast-tests / ipfrag_autotest                         OK              0.08s
 55/120 DPDK:fast-tests / ipsec_autotest                          SKIP            0.40s   exit status 77
 56/120 DPDK:fast-tests / kvargs_autotest                         OK              0.40s
 57/120 DPDK:fast-tests / latencystats_autotest                   OK              0.40s
 58/120 DPDK:fast-tests / lcore_var_autotest                      OK              0.54s
 59/120 DPDK:fast-tests / lcores_autotest                         OK              5.21s
 60/120 DPDK:fast-tests / logs_autotest                           OK              0.40s
 61/120 DPDK:fast-tests / lpm_autotest                            OK              2.44s
 62/120 DPDK:fast-tests / lpm6_autotest                           OK              5.56s
 63/120 DPDK:fast-tests / malloc_autotest                         OK             63.21s
 64/120 DPDK:fast-tests / mbuf_autotest                           OK              5.47s
 65/120 DPDK:fast-tests / mcslock_autotest                        OK              4.16s
 66/120 DPDK:fast-tests / member_autotest                         OK              1.60s
 67/120 DPDK:fast-tests / memcpy_autotest                         OK              7.11s
 68/120 DPDK:fast-tests / memory_autotest                         OK              0.09s
 69/120 DPDK:fast-tests / mempool_autotest                        OK              0.44s
 70/120 DPDK:fast-tests / memzone_autotest                        OK              0.14s
 71/120 DPDK:fast-tests / meter_autotest                          OK              0.39s
 72/120 DPDK:fast-tests / metrics_autotest                        OK              0.40s
 73/120 DPDK:fast-tests / multiprocess_autotest                   OK              0.20s
 74/120 DPDK:fast-tests / net_ether_autotest                      OK              1.06s
 75/120 DPDK:fast-tests / net_ipv6_autotest                       OK              0.40s
 76/120 DPDK:fast-tests / pcapng_autotest                         OK              7.06s
 77/120 DPDK:fast-tests / pdcp_autotest                           SKIP            0.07s   exit status 77
 78/120 DPDK:fast-tests / pdump_autotest                          OK              0.50s
 79/120 DPDK:fast-tests / per_lcore_autotest                      OK              0.50s
 80/120 DPDK:fast-tests / pflock_autotest                         OK              1.21s
 81/120 DPDK:fast-tests / pie_autotest                            OK              0.40s
 82/120 DPDK:fast-tests / ring_pmd_autotest                       OK              0.40s
 83/120 DPDK:fast-tests / power_autotest                          OK              0.40s
 84/120 DPDK:fast-tests / power_cpufreq_autotest                  SKIP            0.07s   exit status 77
 85/120 DPDK:fast-tests / power_intel_uncore_autotest             SKIP            0.39s   exit status 77
 86/120 DPDK:fast-tests / power_kvm_vm_autotest                   SKIP            0.07s   exit status 77
 87/120 DPDK:fast-tests / prefetch_autotest                       OK              0.39s
 88/120 DPDK:fast-tests / ptr_compress_autotest                   OK              0.40s
 89/120 DPDK:fast-tests / rawdev_autotest                         OK              0.40s
 90/120 DPDK:fast-tests / rcu_qsbr_autotest                       OK              0.92s
 91/120 DPDK:fast-tests / reorder_autotest                        OK              0.45s
 92/120 DPDK:fast-tests / rib_autotest                            OK              9.05s
 93/120 DPDK:fast-tests / rib6_autotest                           OK              9.04s
 94/120 DPDK:fast-tests / ring_autotest                           OK              0.43s
 95/120 DPDK:fast-tests / rwlock_test1_autotest                   OK              1.14s
 96/120 DPDK:fast-tests / rwlock_rda_autotest                     OK              5.40s
 97/120 DPDK:fast-tests / rwlock_rds_wrm_autotest                 OK              5.40s
 98/120 DPDK:fast-tests / rwlock_rde_wro_autotest                 OK              5.40s
 99/120 DPDK:fast-tests / sched_autotest                          OK              0.40s
100/120 DPDK:fast-tests / security_autotest                       OK              0.07s
101/120 DPDK:fast-tests / seqlock_autotest                        OK              2.39s
102/120 DPDK:fast-tests / service_autotest                        OK              3.10s
103/120 DPDK:fast-tests / soring_autotest                         OK              0.40s
104/120 DPDK:fast-tests / spinlock_autotest                       OK              0.48s
105/120 DPDK:fast-tests / stack_autotest                          OK              0.87s
106/120 DPDK:fast-tests / stack_lf_autotest                       SKIP            0.06s   exit status 77
107/120 DPDK:fast-tests / string_autotest                         OK              0.39s
108/120 DPDK:fast-tests / table_autotest                          OK              7.52s
109/120 DPDK:fast-tests / tailq_autotest                          OK              0.39s
110/120 DPDK:fast-tests / telemetry_data_autotest                 OK              0.40s
111/120 DPDK:fast-tests / telemetry_json_autotest                 OK              0.40s
112/120 DPDK:fast-tests / thash_autotest                          OK              0.41s
113/120 DPDK:fast-tests / threads_autotest                        OK              0.59s
114/120 DPDK:fast-tests / ticketlock_autotest                     OK              0.55s
115/120 DPDK:fast-tests / timer_autotest                          OK              3.89s
116/120 DPDK:fast-tests / trace_autotest                          OK              0.39s
117/120 DPDK:fast-tests / trace_autotest_with_traces              OK              0.40s
118/120 DPDK:fast-tests / vdev_autotest                           OK              0.39s
119/120 DPDK:fast-tests / version_autotest                        OK              0.40s
120/120 DPDK:fast-tests / telemetry_all                           OK              1.32s


Ok:                 113
Expected Fail:      0
Fail:               0
Unexpected Pass:    0
Skipped:            7
Timeout:            0


^ permalink raw reply	[flat|nested] 10+ messages in thread

* |SUCCESS| pw155005 [PATCH] net/mlx5: fix decreasing the reference count of a Tx queue
       [not found] <20250703150252.145065-1-bingz@nvidia.com>
  2025-07-03 14:33 ` |SUCCESS| pw155005 [PATCH] net/mlx5: fix decreasing the reference count of a Tx queue qemudev
  2025-07-03 14:37 ` qemudev
@ 2025-07-03 15:03 ` checkpatch
  2025-07-03 16:02 ` |FAILURE| pw155005 [PATCH] net/mlx5: fix decreasing the reference co dpdklab
                   ` (6 subsequent siblings)
  9 siblings, 0 replies; 10+ messages in thread
From: checkpatch @ 2025-07-03 15:03 UTC (permalink / raw)
  To: test-report

Test-Label: checkpatch
Test-Status: SUCCESS
http://dpdk.org/patch/155005

_coding style OK_



^ permalink raw reply	[flat|nested] 10+ messages in thread

* |FAILURE| pw155005 [PATCH] net/mlx5: fix decreasing the reference co
       [not found] <20250703150252.145065-1-bingz@nvidia.com>
                   ` (2 preceding siblings ...)
  2025-07-03 15:03 ` checkpatch
@ 2025-07-03 16:02 ` dpdklab
  2025-07-03 16:10 ` |PENDING| " dpdklab
                   ` (5 subsequent siblings)
  9 siblings, 0 replies; 10+ messages in thread
From: dpdklab @ 2025-07-03 16:02 UTC (permalink / raw)
  To: Test Report; +Cc: dpdk-test-reports, Bing Zhao

Test-Label: iol-sample-apps-testing
Test-Status: FAILURE
http://dpdk.org/patch/155005

_Testing issues_

Submitter: Bing Zhao <bingz@nvidia.com>
Date: Thursday, July 03 2025 15:02:52 
DPDK git baseline: Repo:dpdk
  Branch: master
  CommitID:8a59ec1fe088cc2998b4376808dc7728d4e31946

155005 --> testing issues

Upstream job id: Template-DTS-Pipeline#234837

Test environment and result as below:

+--------------+----------------------+
| Environment  | compressdev_zlib_pmd |
+==============+======================+
| Ubuntu 22.04 | FAIL                 |
+--------------+----------------------+

==== 20 line log output for Ubuntu 22.04 (compressdev_zlib_pmd): ====
 --- Failed to get log output --- 
==== End log output ====

Ubuntu 22.04
	Kernel: 5.15
	Compiler: gcc gcc (Ubuntu 11.4.0-1ubuntu1~22.04) 11.4.0

To view detailed results, visit:
https://lab.dpdk.org/results/dashboard/patchsets/33588/

UNH-IOL DPDK Community Lab

To manage your email subscriptions, visit: 
https://lab.dpdk.org/results/dashboard/preferences/subscriptions/

^ permalink raw reply	[flat|nested] 10+ messages in thread

* |PENDING| pw155005 [PATCH] net/mlx5: fix decreasing the reference co
       [not found] <20250703150252.145065-1-bingz@nvidia.com>
                   ` (3 preceding siblings ...)
  2025-07-03 16:02 ` |FAILURE| pw155005 [PATCH] net/mlx5: fix decreasing the reference co dpdklab
@ 2025-07-03 16:10 ` dpdklab
  2025-07-03 16:23 ` |SUCCESS| pw155005 [PATCH] net/mlx5: fix decreasing the reference count of a Tx queue 0-day Robot
                   ` (4 subsequent siblings)
  9 siblings, 0 replies; 10+ messages in thread
From: dpdklab @ 2025-07-03 16:10 UTC (permalink / raw)
  To: Test Report; +Cc: dpdk-test-reports

Test-Label: iol-compile-amd64-testing
Test-Status: PENDING
http://dpdk.org/patch/155005

_Testing pending_

Submitter: Bing Zhao <bingz@nvidia.com>
Date: Thursday, July 03 2025 15:02:52 
DPDK git baseline: Repo:dpdk
  Branch: master
  CommitID:8a59ec1fe088cc2998b4376808dc7728d4e31946

155005 --> testing pending

Upstream job id: Generic-VM-DPDK-Compile-Meson#36909

Test environment and result as below:

+---------------------+--------------------+-------------------+
|     Environment     | dpdk_meson_compile | dpdk_msvc_compile |
+=====================+====================+===================+
| Ubuntu 20.04        | PASS               | SKIPPED           |
+---------------------+--------------------+-------------------+
| Windows Server 2022 | SKIPPED            | PEND              |
+---------------------+--------------------+-------------------+


Ubuntu 20.04
	Kernel: 4.19
	Compiler: gcc gcc (Ubuntu 9.4.0-1ubuntu1~20.04.2) 9.4.0

Windows Server 2022
	Kernel: 10.0.20348.2031
	Compiler: clang 15.0.7, gcc 14.1.0 (MinGW), and MSVC VS 19.39.33521

To view detailed results, visit:
https://lab.dpdk.org/results/dashboard/patchsets/33588/

UNH-IOL DPDK Community Lab

To manage your email subscriptions, visit: 
https://lab.dpdk.org/results/dashboard/preferences/subscriptions/

^ permalink raw reply	[flat|nested] 10+ messages in thread

* |SUCCESS| pw155005 [PATCH] net/mlx5: fix decreasing the reference count of a Tx queue
       [not found] <20250703150252.145065-1-bingz@nvidia.com>
                   ` (4 preceding siblings ...)
  2025-07-03 16:10 ` |PENDING| " dpdklab
@ 2025-07-03 16:23 ` 0-day Robot
  2025-07-03 16:27 ` |SUCCESS| pw155005 [PATCH] net/mlx5: fix decreasing the reference co dpdklab
                   ` (3 subsequent siblings)
  9 siblings, 0 replies; 10+ messages in thread
From: 0-day Robot @ 2025-07-03 16:23 UTC (permalink / raw)
  To: test-report; +Cc: robot

From: robot@bytheb.org

Test-Label: github-robot: build
Test-Status: SUCCESS
http://patchwork.dpdk.org/patch/155005/

_github build: passed_
Build URL: https://github.com/ovsrobot/dpdk/actions/runs/16054479905

^ permalink raw reply	[flat|nested] 10+ messages in thread

* |SUCCESS| pw155005 [PATCH] net/mlx5: fix decreasing the reference co
       [not found] <20250703150252.145065-1-bingz@nvidia.com>
                   ` (5 preceding siblings ...)
  2025-07-03 16:23 ` |SUCCESS| pw155005 [PATCH] net/mlx5: fix decreasing the reference count of a Tx queue 0-day Robot
@ 2025-07-03 16:27 ` dpdklab
  2025-07-03 16:33 ` |PENDING| " dpdklab
                   ` (2 subsequent siblings)
  9 siblings, 0 replies; 10+ messages in thread
From: dpdklab @ 2025-07-03 16:27 UTC (permalink / raw)
  To: Test Report; +Cc: dpdk-test-reports

Test-Label: iol-compile-amd64-testing
Test-Status: SUCCESS
http://dpdk.org/patch/155005

_Testing PASS_

Submitter: Bing Zhao <bingz@nvidia.com>
Date: Thursday, July 03 2025 15:02:52 
DPDK git baseline: Repo:dpdk
  Branch: master
  CommitID:8a59ec1fe088cc2998b4376808dc7728d4e31946

155005 --> testing pass

Upstream job id: Windows-Compile-DPDK-Native#29542

Test environment and result as below:

+---------------------+--------------------+-------------------+-------------------------+
|     Environment     | dpdk_meson_compile | dpdk_msvc_compile | dpdk_llvm_clang_compile |
+=====================+====================+===================+=========================+
| Ubuntu 20.04        | PASS               | SKIPPED           | SKIPPED                 |
+---------------------+--------------------+-------------------+-------------------------+
| Windows Server 2022 | SKIPPED            | PASS              | PASS                    |
+---------------------+--------------------+-------------------+-------------------------+


Ubuntu 20.04
	Kernel: 4.19
	Compiler: gcc gcc (Ubuntu 9.4.0-1ubuntu1~20.04.2) 9.4.0

Windows Server 2022
	Kernel: 10.0.20348.2031
	Compiler: clang 15.0.7, gcc 14.1.0 (MinGW), and MSVC VS 19.39.33521

To view detailed results, visit:
https://lab.dpdk.org/results/dashboard/patchsets/33588/

UNH-IOL DPDK Community Lab

To manage your email subscriptions, visit: 
https://lab.dpdk.org/results/dashboard/preferences/subscriptions/

^ permalink raw reply	[flat|nested] 10+ messages in thread

* |PENDING| pw155005 [PATCH] net/mlx5: fix decreasing the reference co
       [not found] <20250703150252.145065-1-bingz@nvidia.com>
                   ` (6 preceding siblings ...)
  2025-07-03 16:27 ` |SUCCESS| pw155005 [PATCH] net/mlx5: fix decreasing the reference co dpdklab
@ 2025-07-03 16:33 ` dpdklab
  2025-07-03 16:40 ` dpdklab
  2025-07-03 16:45 ` |SUCCESS| " dpdklab
  9 siblings, 0 replies; 10+ messages in thread
From: dpdklab @ 2025-07-03 16:33 UTC (permalink / raw)
  To: Test Report; +Cc: dpdk-test-reports

Test-Label: iol-unit-arm64-testing
Test-Status: PENDING
http://dpdk.org/patch/155005

_Testing pending_

Submitter: Bing Zhao <bingz@nvidia.com>
Date: Thursday, July 03 2025 15:02:52 
DPDK git baseline: Repo:dpdk
  Branch: master
  CommitID:8a59ec1fe088cc2998b4376808dc7728d4e31946

155005 --> testing pending

Upstream job id: Aarch32-Unit-Test#6799

Test environment and result as below:

+------------------------------+----------------+--------------+------------------------------+---------------------------+
|         Environment          | dpdk_unit_test | lpm_autotest | cryptodev_sw_snow3g_autotest | cryptodev_sw_zuc_autotest |
+==============================+================+==============+==============================+===========================+
| CentOS Stream 9              | PEND           | SKIPPED      | SKIPPED                      | SKIPPED                   |
+------------------------------+----------------+--------------+------------------------------+---------------------------+
| Fedora Linux 40              | PEND           | SKIPPED      | SKIPPED                      | SKIPPED                   |
+------------------------------+----------------+--------------+------------------------------+---------------------------+
| Debian GNU/Linux 12          | PEND           | SKIPPED      | SKIPPED                      | SKIPPED                   |
+------------------------------+----------------+--------------+------------------------------+---------------------------+
| CentOS Stream 10             | PEND           | SKIPPED      | SKIPPED                      | SKIPPED                   |
+------------------------------+----------------+--------------+------------------------------+---------------------------+
| Fedora Linux 41              | PEND           | SKIPPED      | SKIPPED                      | SKIPPED                   |
+------------------------------+----------------+--------------+------------------------------+---------------------------+
| Ubuntu 20.04                 | PEND           | PEND         | SKIPPED                      | SKIPPED                   |
+------------------------------+----------------+--------------+------------------------------+---------------------------+
| Red Hat Enterprise Linux 9.5 | PEND           | SKIPPED      | SKIPPED                      | SKIPPED                   |
+------------------------------+----------------+--------------+------------------------------+---------------------------+
| Ubuntu 22.04                 | PASS           | SKIPPED      | SKIPPED                      | SKIPPED                   |
+------------------------------+----------------+--------------+------------------------------+---------------------------+
| Ubuntu 24.04                 | PEND           | SKIPPED      | SKIPPED                      | SKIPPED                   |
+------------------------------+----------------+--------------+------------------------------+---------------------------+
| Debian 12 (arm)              | SKIPPED        | SKIPPED      | PEND                         | PEND                      |
+------------------------------+----------------+--------------+------------------------------+---------------------------+


CentOS Stream 9
	Kernel: 5.4
	Compiler: gcc gcc (GCC) 11.5.0 20240719 (Red Hat 11.5.0-7)

Fedora Linux 40
	Kernel: 5.4
	Compiler: gcc gcc (GCC) 14.2.1 20240912 (Red Hat 14.2.1-3)

Debian GNU/Linux 12
	Kernel: 5.4
	Compiler: gcc gcc (Debian 12.2.0-14+deb12u1) 12.2.0

CentOS Stream 10
	Kernel: 5.4
	Compiler: gcc gcc (GCC) 14.2.1 20250110 (Red Hat 14.2.1-8)

Fedora Linux 41
	Kernel: 5.4
	Compiler: clang gcc (GCC) 14.3.1 20250523 (Red Hat 14.3.1-1)

Ubuntu 20.04
	Kernel: 5.4
	Compiler: gcc gcc (Ubuntu 9.4.0-1ubuntu1~20.04.2) 9.4.0

Red Hat Enterprise Linux 9.5
	Kernel: 5.4
	Compiler: gcc gcc (GCC) 11.5.0 20240719 (Red Hat 11.5.0-2)

Ubuntu 22.04
	Kernel: 5.4
	Compiler: gcc gcc (Ubuntu 11.4.0-1ubuntu1~22.04) 11.4.0

Ubuntu 24.04
	Kernel: 5.4
	Compiler: gcc gcc (Ubuntu 13.3.0-6ubuntu2~24.04) 13.3.0

Debian 12 (arm)
	Kernel: Depends on container host
	Compiler: gcc (Debian 12.2.0-14) 12.2.0

To view detailed results, visit:
https://lab.dpdk.org/results/dashboard/patchsets/33588/

UNH-IOL DPDK Community Lab

To manage your email subscriptions, visit: 
https://lab.dpdk.org/results/dashboard/preferences/subscriptions/

^ permalink raw reply	[flat|nested] 10+ messages in thread

* |PENDING| pw155005 [PATCH] net/mlx5: fix decreasing the reference co
       [not found] <20250703150252.145065-1-bingz@nvidia.com>
                   ` (7 preceding siblings ...)
  2025-07-03 16:33 ` |PENDING| " dpdklab
@ 2025-07-03 16:40 ` dpdklab
  2025-07-03 16:45 ` |SUCCESS| " dpdklab
  9 siblings, 0 replies; 10+ messages in thread
From: dpdklab @ 2025-07-03 16:40 UTC (permalink / raw)
  To: Test Report; +Cc: dpdk-test-reports

Test-Label: iol-unit-amd64-testing
Test-Status: PENDING
http://dpdk.org/patch/155005

_Testing pending_

Submitter: Bing Zhao <bingz@nvidia.com>
Date: Thursday, July 03 2025 15:02:52 
DPDK git baseline: Repo:dpdk
  Branch: master
  CommitID:8a59ec1fe088cc2998b4376808dc7728d4e31946

155005 --> testing pending

Upstream job id: Generic-VM-Unit-Test-DPDK#29687

Test environment and result as below:

+-------------------------------+----------------+
|          Environment          | dpdk_unit_test |
+===============================+================+
| CentOS Stream 9               | PEND           |
+-------------------------------+----------------+
| CentOS Stream 10              | PEND           |
+-------------------------------+----------------+
| Debian GNU/Linux 12           | PEND           |
+-------------------------------+----------------+
| Fedora Linux 40               | PEND           |
+-------------------------------+----------------+
| Fedora Linux 41               | PEND           |
+-------------------------------+----------------+
| Red Hat Enterprise Linux 9.5  | PEND           |
+-------------------------------+----------------+
| Red Hat Enterprise Linux 8.10 | PEND           |
+-------------------------------+----------------+
| Ubuntu 20.04                  | PEND           |
+-------------------------------+----------------+
| Ubuntu 24.04                  | PEND           |
+-------------------------------+----------------+
| Ubuntu 22.04                  | PEND           |
+-------------------------------+----------------+
| Windows Server 2022           | PASS           |
+-------------------------------+----------------+


CentOS Stream 9
	Kernel: 5.15
	Compiler: gcc gcc (GCC) 11.5.0 20240719 (Red Hat 11.5.0-7)

CentOS Stream 10
	Kernel: 5.15
	Compiler: gcc gcc (GCC) 14.2.1 20250110 (Red Hat 14.2.1-8)

Debian GNU/Linux 12
	Kernel: 5.15
	Compiler: gcc gcc (Debian 12.2.0-14+deb12u1) 12.2.0

Fedora Linux 40
	Kernel: 5.15
	Compiler: gcc gcc (GCC) 14.2.1 20240912 (Red Hat 14.2.1-3)

Fedora Linux 41
	Kernel: 5.15
	Compiler: gcc gcc (GCC) 14.3.1 20250523 (Red Hat 14.3.1-1)

Red Hat Enterprise Linux 9.5
	Kernel: 5.15
	Compiler: gcc gcc (GCC) 11.5.0 20240719 (Red Hat 11.5.0-2)

Red Hat Enterprise Linux 8.10
	Kernel: 5.15
	Compiler: gcc gcc (GCC) 8.5.0 20210514 (Red Hat 8.5.0-22)

Ubuntu 20.04
	Kernel: 5.15
	Compiler: gcc gcc (Ubuntu 9.4.0-1ubuntu1~20.04.2) 9.4.0

Ubuntu 24.04
	Kernel: 5.15
	Compiler: gcc gcc (Ubuntu 13.3.0-6ubuntu2~24.04) 13.3.0

Ubuntu 22.04
	Kernel: 5.15
	Compiler: gcc gcc (Ubuntu 11.4.0-1ubuntu1~22.04) 11.4.0

Windows Server 2022
	Kernel: 10.0.20348.2031
	Compiler: clang 15.0.7, gcc 14.1.0 (MinGW), and MSVC VS 19.39.33521

To view detailed results, visit:
https://lab.dpdk.org/results/dashboard/patchsets/33588/

UNH-IOL DPDK Community Lab

To manage your email subscriptions, visit: 
https://lab.dpdk.org/results/dashboard/preferences/subscriptions/

^ permalink raw reply	[flat|nested] 10+ messages in thread

* |SUCCESS| pw155005 [PATCH] net/mlx5: fix decreasing the reference co
       [not found] <20250703150252.145065-1-bingz@nvidia.com>
                   ` (8 preceding siblings ...)
  2025-07-03 16:40 ` dpdklab
@ 2025-07-03 16:45 ` dpdklab
  9 siblings, 0 replies; 10+ messages in thread
From: dpdklab @ 2025-07-03 16:45 UTC (permalink / raw)
  To: Test Report; +Cc: dpdk-test-reports

Test-Label: iol-compile-amd64-testing
Test-Status: SUCCESS
http://dpdk.org/patch/155005

_Testing PASS_

Submitter: Bing Zhao <bingz@nvidia.com>
Date: Thursday, July 03 2025 15:02:52 
DPDK git baseline: Repo:dpdk
  Branch: master
  CommitID:8a59ec1fe088cc2998b4376808dc7728d4e31946

155005 --> testing pass

Upstream job id: Windows-Compile-DPDK-Native#29543

Test environment and result as below:

+---------------------+--------------------+-------------------+-------------------------+----------------------+
|     Environment     | dpdk_meson_compile | dpdk_msvc_compile | dpdk_llvm_clang_compile | dpdk_mingw64_compile |
+=====================+====================+===================+=========================+======================+
| Ubuntu 20.04        | PASS               | SKIPPED           | SKIPPED                 | SKIPPED              |
+---------------------+--------------------+-------------------+-------------------------+----------------------+
| Windows Server 2022 | SKIPPED            | PASS              | PASS                    | PASS                 |
+---------------------+--------------------+-------------------+-------------------------+----------------------+


Ubuntu 20.04
	Kernel: 4.19
	Compiler: gcc gcc (Ubuntu 9.4.0-1ubuntu1~20.04.2) 9.4.0

Windows Server 2022
	Kernel: 10.0.20348.2031
	Compiler: clang 15.0.7, gcc 14.1.0 (MinGW), and MSVC VS 19.39.33521

To view detailed results, visit:
https://lab.dpdk.org/results/dashboard/patchsets/33588/

UNH-IOL DPDK Community Lab

To manage your email subscriptions, visit: 
https://lab.dpdk.org/results/dashboard/preferences/subscriptions/

^ permalink raw reply	[flat|nested] 10+ messages in thread

end of thread, other threads:[~2025-07-03 16:45 UTC | newest]

Thread overview: 10+ messages (download: mbox.gz / follow: Atom feed)
-- links below jump to the message on this page --
     [not found] <20250703150252.145065-1-bingz@nvidia.com>
2025-07-03 14:33 ` |SUCCESS| pw155005 [PATCH] net/mlx5: fix decreasing the reference count of a Tx queue qemudev
2025-07-03 14:37 ` qemudev
2025-07-03 15:03 ` checkpatch
2025-07-03 16:02 ` |FAILURE| pw155005 [PATCH] net/mlx5: fix decreasing the reference co dpdklab
2025-07-03 16:10 ` |PENDING| " dpdklab
2025-07-03 16:23 ` |SUCCESS| pw155005 [PATCH] net/mlx5: fix decreasing the reference count of a Tx queue 0-day Robot
2025-07-03 16:27 ` |SUCCESS| pw155005 [PATCH] net/mlx5: fix decreasing the reference co dpdklab
2025-07-03 16:33 ` |PENDING| " dpdklab
2025-07-03 16:40 ` dpdklab
2025-07-03 16:45 ` |SUCCESS| " dpdklab

This is a public inbox, see mirroring instructions
for how to clone and mirror all data and code used for this inbox;
as well as URLs for NNTP newsgroup(s).