From: qemudev@loongson.cn
To: test-report@dpdk.org
Subject: |SUCCESS| pw155008 [PATCH] mbuf: add new ptype for slow protocols
Date: Fri, 4 Jul 2025 16:11:25 +0800 [thread overview]
Message-ID: <202507040811.5648BPjP2319792@localhost.localdomain> (raw)
In-Reply-To: <20250704084502.237979-1-kuka@cesnet.cz>
Test-Label: loongarch-compilation
Test-Status: SUCCESS
http://dpdk.org/patch/155008
_Compilation OK_
Submitter: Mario Kuka <kuka@cesnet.cz>
Date: Fri, 4 Jul 2025 10:45:01 +0200
DPDK git baseline: Repo:dpdk
Branch: main
CommitID: 70c2297528e7c7789af452f78de1932e9a20c8a2
155008 --> meson & ninja build successfully
Test environment and result as below:
+---------------------+----------------+
| Environment | compilation |
+---------------------+----------------+
| Loongnix-Server 8.3 | PASS |
+---------------------+----------------+
Loongnix-Server 8.3
Kernel: 4.19.190+
Compiler: gcc 8.3
next parent reply other threads:[~2025-07-04 8:47 UTC|newest]
Thread overview: 17+ messages / expand[flat|nested] mbox.gz Atom feed top
[not found] <20250704084502.237979-1-kuka@cesnet.cz>
2025-07-04 8:11 ` qemudev [this message]
2025-07-04 8:16 ` qemudev
2025-07-04 8:44 ` checkpatch
2025-07-04 10:03 ` 0-day Robot
2025-07-04 23:49 ` dpdklab
2025-07-05 0:13 ` dpdklab
2025-07-05 0:39 ` dpdklab
2025-07-05 0:53 ` |FAILURE| " dpdklab
2025-07-05 1:23 ` |SUCCESS| " dpdklab
2025-07-05 1:33 ` |PENDING| " dpdklab
2025-07-05 1:45 ` |SUCCESS| " dpdklab
2025-07-05 2:01 ` dpdklab
2025-07-05 2:10 ` dpdklab
2025-07-05 2:51 ` dpdklab
2025-07-05 2:59 ` dpdklab
2025-07-05 3:26 ` |FAILURE| " dpdklab
2025-07-05 4:40 ` |PENDING| " dpdklab
Reply instructions:
You may reply publicly to this message via plain-text email
using any one of the following methods:
* Save the following mbox file, import it into your mail client,
and reply-to-all from there: mbox
Avoid top-posting and favor interleaved quoting:
https://en.wikipedia.org/wiki/Posting_style#Interleaved_style
* Reply using the --to, --cc, and --in-reply-to
switches of git-send-email(1):
git send-email \
--in-reply-to=202507040811.5648BPjP2319792@localhost.localdomain \
--to=qemudev@loongson.cn \
--cc=test-report@dpdk.org \
/path/to/YOUR_REPLY
https://kernel.org/pub/software/scm/git/docs/git-send-email.html
* If your mail client supports setting the In-Reply-To header
via mailto: links, try the mailto: link
Be sure your reply has a Subject: header at the top and a blank line
before the message body.
This is a public inbox, see mirroring instructions
for how to clone and mirror all data and code used for this inbox;
as well as URLs for NNTP newsgroup(s).