automatic DPDK test reports
 help / color / mirror / Atom feed
* |SUCCESS| pw155014-155016 [PATCH v2 3/3] app/testpmd: improve output when processing cmdline files
       [not found] <20250704183437.25901-4-bruce.richardson@intel.com>
@ 2025-07-04 18:01 ` qemudev
  2025-07-04 18:06 ` qemudev
                   ` (16 subsequent siblings)
  17 siblings, 0 replies; 18+ messages in thread
From: qemudev @ 2025-07-04 18:01 UTC (permalink / raw)
  To: test-report

Test-Label: loongarch-compilation
Test-Status: SUCCESS
http://dpdk.org/patch/155016

_Compilation OK_

Submitter: Bruce Richardson <bruce.richardson@intel.com>
Date: Fri,  4 Jul 2025 19:34:34 +0100
DPDK git baseline: Repo:dpdk-next-net
  Branch: main
  CommitID: b18c543ec30729ccc7708a6e064a1f9db5d8c11f

155014-155016 --> meson & ninja build successfully

Test environment and result as below:

+---------------------+----------------+
|     Environment     | compilation    |
+---------------------+----------------+
| Loongnix-Server 8.3 | PASS           |
+---------------------+----------------+

Loongnix-Server 8.3
    Kernel: 4.19.190+
    Compiler: gcc 8.3


^ permalink raw reply	[flat|nested] 18+ messages in thread

* |SUCCESS| pw155014-155016 [PATCH v2 3/3] app/testpmd: improve output when processing cmdline files
       [not found] <20250704183437.25901-4-bruce.richardson@intel.com>
  2025-07-04 18:01 ` |SUCCESS| pw155014-155016 [PATCH v2 3/3] app/testpmd: improve output when processing cmdline files qemudev
@ 2025-07-04 18:06 ` qemudev
  2025-07-04 18:35 ` |SUCCESS| pw155016 " checkpatch
                   ` (15 subsequent siblings)
  17 siblings, 0 replies; 18+ messages in thread
From: qemudev @ 2025-07-04 18:06 UTC (permalink / raw)
  To: test-report

Test-Label: loongarch-unit-testing
Test-Status: SUCCESS
http://dpdk.org/patch/155016

_Unit Testing PASS_

Submitter: Bruce Richardson <bruce.richardson@intel.com>
Date: Fri,  4 Jul 2025 19:34:34 +0100
DPDK git baseline: Repo:dpdk-next-net
  Branch: main
  CommitID: b18c543ec30729ccc7708a6e064a1f9db5d8c11f

155014-155016 --> testing pass

Test environment and result as below:

+---------------------+----------------+
|     Environment     | dpdk_unit_test |
+---------------------+----------------+
| Loongnix-Server 8.3 | PASS           |
+---------------------+----------------+

Loongnix-Server 8.3
    Kernel: 4.19.190+
    Compiler: gcc 8.3


Test result details:
  1/121 DPDK:fast-tests / acl_autotest                            OK              3.27s
  2/121 DPDK:fast-tests / alarm_autotest                          OK              1.54s
  3/121 DPDK:fast-tests / argparse_autotest                       OK              0.54s
  4/121 DPDK:fast-tests / atomic_autotest                         OK              7.25s
  5/121 DPDK:fast-tests / bitcount_autotest                       OK              0.44s
  6/121 DPDK:fast-tests / bitmap_autotest                         OK              0.43s
  7/121 DPDK:fast-tests / bitops_autotest                         OK              1.93s
  8/121 DPDK:fast-tests / bitratestats_autotest                   OK              0.43s
  9/121 DPDK:fast-tests / bitset_autotest                         OK              3.16s
 10/121 DPDK:fast-tests / bpf_autotest                            OK              0.43s
 11/121 DPDK:fast-tests / bpf_convert_autotest                    OK              0.44s
 12/121 DPDK:fast-tests / byteorder_autotest                      OK              0.43s
 13/121 DPDK:fast-tests / cfgfile_autotest                        OK              0.43s
 14/121 DPDK:fast-tests / cksum_autotest                          OK              0.43s
 15/121 DPDK:fast-tests / cmdline_autotest                        OK              0.43s
 16/121 DPDK:fast-tests / common_autotest                         OK              1.31s
 17/121 DPDK:fast-tests / compressdev_autotest                    SKIP            0.07s   exit status 77
 18/121 DPDK:fast-tests / cpuflags_autotest                       OK              0.43s
 19/121 DPDK:fast-tests / crc_autotest                            OK              0.43s
 20/121 DPDK:fast-tests / user_delay_us                           OK              0.43s
 21/121 DPDK:fast-tests / debug_autotest                          OK             26.53s
 22/121 DPDK:fast-tests / devargs_autotest                        OK              0.42s
 23/121 DPDK:fast-tests / dispatcher_autotest                     OK              2.54s
 24/121 DPDK:fast-tests / distributor_autotest                    OK              1.20s
 25/121 DPDK:fast-tests / eal_flags_c_opt_autotest                OK              0.81s
 26/121 DPDK:fast-tests / eal_flags_main_opt_autotest             OK              0.23s
 27/121 DPDK:fast-tests / eal_flags_n_opt_autotest                OK              0.20s
 28/121 DPDK:fast-tests / eal_flags_hpet_autotest                 OK              0.14s
 29/121 DPDK:fast-tests / eal_flags_no_huge_autotest              OK              0.23s
 30/121 DPDK:fast-tests / eal_flags_a_opt_autotest                OK              0.31s
 31/121 DPDK:fast-tests / eal_flags_b_opt_autotest                OK              0.26s
 32/121 DPDK:fast-tests / eal_flags_vdev_opt_autotest             OK              0.20s
 33/121 DPDK:fast-tests / eal_flags_r_opt_autotest                OK              0.19s
 34/121 DPDK:fast-tests / eal_flags_mem_autotest                  OK              0.60s
 35/121 DPDK:fast-tests / eal_flags_file_prefix_autotest          OK             22.27s
 36/121 DPDK:fast-tests / eal_flags_misc_autotest                 OK              1.08s
 37/121 DPDK:fast-tests / eal_fs_autotest                         OK              0.43s
 38/121 DPDK:fast-tests / errno_autotest                          OK              0.43s
 39/121 DPDK:fast-tests / ethdev_link_status                      OK              0.43s
 40/121 DPDK:fast-tests / event_eth_tx_adapter_autotest           OK              1.69s
 41/121 DPDK:fast-tests / event_ring_autotest                     OK              0.43s
 42/121 DPDK:fast-tests / event_vector_adapter_autotest           OK              0.78s
 43/121 DPDK:fast-tests / eventdev_common_autotest                OK              0.42s
 44/121 DPDK:fast-tests / eventdev_selftest_sw                    OK              7.43s
 45/121 DPDK:fast-tests / fbarray_autotest                        OK              0.43s
 46/121 DPDK:fast-tests / fib_autotest                            OK              1.27s
 47/121 DPDK:fast-tests / fib6_autotest                           OK              1.06s
 48/121 DPDK:fast-tests / func_reentrancy_autotest                OK              2.22s
 49/121 DPDK:fast-tests / graph_autotest                          OK              0.43s
 50/121 DPDK:fast-tests / node_list_dump                          OK              0.43s
 51/121 DPDK:fast-tests / graph_feature_arc_autotest              OK              0.44s
 52/121 DPDK:fast-tests / hash_autotest                           OK              1.06s
 53/121 DPDK:fast-tests / hash_readwrite_func_autotest            OK              6.41s
 54/121 DPDK:fast-tests / interrupt_autotest                      OK              1.73s
 55/121 DPDK:fast-tests / ipfrag_autotest                         OK              0.08s
 56/121 DPDK:fast-tests / ipsec_autotest                          SKIP            0.43s   exit status 77
 57/121 DPDK:fast-tests / kvargs_autotest                         OK              0.44s
 58/121 DPDK:fast-tests / latencystats_autotest                   OK              0.44s
 59/121 DPDK:fast-tests / lcore_var_autotest                      OK              0.57s
 60/121 DPDK:fast-tests / lcores_autotest                         OK              5.24s
 61/121 DPDK:fast-tests / logs_autotest                           OK              0.43s
 62/121 DPDK:fast-tests / lpm_autotest                            OK              2.47s
 63/121 DPDK:fast-tests / lpm6_autotest                           OK              5.79s
 64/121 DPDK:fast-tests / malloc_autotest                         OK             63.37s
 65/121 DPDK:fast-tests / mbuf_autotest                           OK              5.07s
 66/121 DPDK:fast-tests / mcslock_autotest                        OK              3.98s
 67/121 DPDK:fast-tests / member_autotest                         OK              1.59s
 68/121 DPDK:fast-tests / memcpy_autotest                         OK              6.86s
 69/121 DPDK:fast-tests / memory_autotest                         OK              0.10s
 70/121 DPDK:fast-tests / mempool_autotest                        OK              0.44s
 71/121 DPDK:fast-tests / memzone_autotest                        OK              0.14s
 72/121 DPDK:fast-tests / meter_autotest                          OK              0.43s
 73/121 DPDK:fast-tests / metrics_autotest                        OK              0.42s
 74/121 DPDK:fast-tests / multiprocess_autotest                   OK              0.19s
 75/121 DPDK:fast-tests / net_ether_autotest                      OK              1.09s
 76/121 DPDK:fast-tests / net_ipv6_autotest                       OK              0.65s
 77/121 DPDK:fast-tests / pcapng_autotest                         OK              6.69s
 78/121 DPDK:fast-tests / pdcp_autotest                           SKIP            0.07s   exit status 77
 79/121 DPDK:fast-tests / pdump_autotest                          OK              0.55s
 80/121 DPDK:fast-tests / per_lcore_autotest                      OK              0.53s
 81/121 DPDK:fast-tests / pflock_autotest                         OK              1.24s
 82/121 DPDK:fast-tests / pie_autotest                            OK              0.43s
 83/121 DPDK:fast-tests / ring_pmd_autotest                       OK              0.43s
 84/121 DPDK:fast-tests / power_autotest                          OK              0.43s
 85/121 DPDK:fast-tests / power_cpufreq_autotest                  SKIP            0.07s   exit status 77
 86/121 DPDK:fast-tests / power_intel_uncore_autotest             SKIP            0.42s   exit status 77
 87/121 DPDK:fast-tests / power_kvm_vm_autotest                   SKIP            0.07s   exit status 77
 88/121 DPDK:fast-tests / prefetch_autotest                       OK              0.42s
 89/121 DPDK:fast-tests / ptr_compress_autotest                   OK              0.43s
 90/121 DPDK:fast-tests / rawdev_autotest                         OK              0.43s
 91/121 DPDK:fast-tests / rcu_qsbr_autotest                       OK              0.95s
 92/121 DPDK:fast-tests / reorder_autotest                        OK              0.49s
 93/121 DPDK:fast-tests / rib_autotest                            OK              9.08s
 94/121 DPDK:fast-tests / rib6_autotest                           OK              9.07s
 95/121 DPDK:fast-tests / ring_autotest                           OK              0.46s
 96/121 DPDK:fast-tests / rwlock_test1_autotest                   OK              1.17s
 97/121 DPDK:fast-tests / rwlock_rda_autotest                     OK              5.43s
 98/121 DPDK:fast-tests / rwlock_rds_wrm_autotest                 OK              5.51s
 99/121 DPDK:fast-tests / rwlock_rde_wro_autotest                 OK              5.43s
100/121 DPDK:fast-tests / sched_autotest                          OK              0.52s
101/121 DPDK:fast-tests / security_autotest                       OK              0.07s
102/121 DPDK:fast-tests / seqlock_autotest                        OK              2.42s
103/121 DPDK:fast-tests / service_autotest                        OK              3.13s
104/121 DPDK:fast-tests / soring_autotest                         OK              0.43s
105/121 DPDK:fast-tests / spinlock_autotest                       OK              0.51s
106/121 DPDK:fast-tests / stack_autotest                          OK              0.87s
107/121 DPDK:fast-tests / stack_lf_autotest                       SKIP            0.06s   exit status 77
108/121 DPDK:fast-tests / string_autotest                         OK              0.42s
109/121 DPDK:fast-tests / table_autotest                          OK              7.79s
110/121 DPDK:fast-tests / tailq_autotest                          OK              0.42s
111/121 DPDK:fast-tests / telemetry_data_autotest                 OK              0.52s
112/121 DPDK:fast-tests / telemetry_json_autotest                 OK              0.43s
113/121 DPDK:fast-tests / thash_autotest                          OK              0.44s
114/121 DPDK:fast-tests / threads_autotest                        OK              0.61s
115/121 DPDK:fast-tests / ticketlock_autotest                     OK              0.61s
116/121 DPDK:fast-tests / timer_autotest                          OK              3.94s
117/121 DPDK:fast-tests / trace_autotest                          OK              0.63s
118/121 DPDK:fast-tests / trace_autotest_with_traces              OK              0.50s
119/121 DPDK:fast-tests / vdev_autotest                           OK              0.50s
120/121 DPDK:fast-tests / version_autotest                        OK              0.49s
121/121 DPDK:fast-tests / telemetry_all                           OK              1.33s


Ok:                 114
Expected Fail:      0
Fail:               0
Unexpected Pass:    0
Skipped:            7
Timeout:            0


^ permalink raw reply	[flat|nested] 18+ messages in thread

* |SUCCESS| pw155016 [PATCH v2 3/3] app/testpmd: improve output when processing cmdline files
       [not found] <20250704183437.25901-4-bruce.richardson@intel.com>
  2025-07-04 18:01 ` |SUCCESS| pw155014-155016 [PATCH v2 3/3] app/testpmd: improve output when processing cmdline files qemudev
  2025-07-04 18:06 ` qemudev
@ 2025-07-04 18:35 ` checkpatch
  2025-07-04 19:43 ` |FAILURE| " 0-day Robot
                   ` (14 subsequent siblings)
  17 siblings, 0 replies; 18+ messages in thread
From: checkpatch @ 2025-07-04 18:35 UTC (permalink / raw)
  To: test-report

Test-Label: checkpatch
Test-Status: SUCCESS
http://dpdk.org/patch/155016

_coding style OK_



^ permalink raw reply	[flat|nested] 18+ messages in thread

* |FAILURE| pw155016 [PATCH v2 3/3] app/testpmd: improve output when processing cmdline files
       [not found] <20250704183437.25901-4-bruce.richardson@intel.com>
                   ` (2 preceding siblings ...)
  2025-07-04 18:35 ` |SUCCESS| pw155016 " checkpatch
@ 2025-07-04 19:43 ` 0-day Robot
  2025-07-04 21:04 ` |SUCCESS| pw155014-155016 [PATCH] [v2,3/3] app/testpmd: improve outp dpdklab
                   ` (13 subsequent siblings)
  17 siblings, 0 replies; 18+ messages in thread
From: 0-day Robot @ 2025-07-04 19:43 UTC (permalink / raw)
  To: test-report; +Cc: bruce.richardson, robot

From: robot@bytheb.org

Test-Label: github-robot: build
Test-Status: FAILURE
http://patchwork.dpdk.org/patch/155016/

_github build: failed_
Build URL: https://github.com/ovsrobot/dpdk/actions/runs/16079437390
Build Logs:
-----------------------Summary of failed steps-----------------------
"windows-2022-msvc" failed at step Build
----------------------End summary of failed steps--------------------

-------------------------------BEGIN LOGS----------------------------
####################################################################################
#### [Begin job log] "windows-2022-msvc" at step Build
####################################################################################
[282/452] Compiling C object lib/librte_reorder.a.p/reorder_rte_reorder.c.obj
[283/452] Linking static target lib/librte_reorder.a
[284/452] Generating lib/rte_fib_map with a custom command
[285/452] Linking static target lib/librte_security.a
[286/452] Linking target lib/rte_reorder-25.dll
   Creating library lib\rte_reorder.lib and object lib\rte_reorder.exp

[287/452] Compiling C object lib/librte_fib.a.p/fib_rte_fib6.c.obj
[288/452] Linking target lib/rte_security-25.dll
   Creating library lib\rte_security.lib and object lib\rte_security.exp

[289/452] Generating symbol file lib/rte_rib-25.dll.p/rte_rib-25.dll.symbols
[290/452] Compiling C object app/dpdk-testpmd.exe.p/test-pmd_cmdline.c.obj
FAILED: app/dpdk-testpmd.exe.p/test-pmd_cmdline.c.obj 
"cl" "-Iapp\dpdk-testpmd.exe.p" "-Iapp" "-I..\app" "-Iapp\test-pmd" "-I..\app\test-pmd" "-Ilib\ethdev" "-I..\lib\ethdev" "-Ilib\eal\common" "-I..\lib\eal\common" "-I." "-I.." "-Iconfig" "-I..\config" "-Ilib\eal\include" "-I..\lib\eal\include" "-Ilib\eal\windows\include" "-I..\lib\eal\windows\include" "-Ilib\eal\x86\include" "-I..\lib\eal\x86\include" "-Ilib\eal" "-I..\lib\eal" "-Ilib\log" "-I..\lib\log" "-Ilib\kvargs" "-I..\lib\kvargs" "-Ilib\net" "-I..\lib\net" "-Ilib\mbuf" "-I..\lib\mbuf" "-Ilib\mempool" "-I..\lib\mempool" "-Ilib\ring" "-I..\lib\ring" "-Ilib\metrics" "-I..\lib\metrics" "-Ilib\telemetry" "-I..\lib\telemetry" "-Ilib\meter" "-I..\lib\meter" "-Ilib\cmdline" "-I..\lib\cmdline" "-Ilib\bitratestats" "-I..\lib\bitratestats" "-Ilib\gro" "-I..\lib\gro" "-Ilib\gso" "-I..\lib\gso" "-Ilib\latencystats" "-I..\lib\latencystats" "/MD" "/nologo" "/showIncludes" "/utf-8" "/W3" "/WX" "/std:c11" "/O2" "/Gw" "/wd4244" "/wd4267" "/wd4146" "/experimental:c11atomics" "/d1experimental:typeof" "/experimental:statementExpressions" "/FI" "rte_config.h" "-D_GNU_SOURCE" "-D_WIN32_WINNT=0x0A00" "-DALLOW_EXPERIMENTAL_API" "/Fdapp\dpdk-testpmd.exe.p\test-pmd_cmdline.c.pdb" /Foapp/dpdk-testpmd.exe.p/test-pmd_cmdline.c.obj "/c" ../app/test-pmd/cmdline.c
../app/test-pmd/cmdline.c(13): fatal error C1083: Cannot open include file: 'libgen.h': No such file or directory
[291/452] Compiling C object lib/librte_fib.a.p/fib_trie.c.obj
[292/452] Compiling C object app/dpdk-test-gpudev.exe.p/test-gpudev_main.c.obj
[293/452] Compiling C object app/dpdk-testpmd.exe.p/test-pmd_5tswap.c.obj
[294/452] Compiling C object app/dpdk-test-fib.exe.p/test-fib_main.c.obj
[295/452] Compiling C object app/dpdk-testpmd.exe.p/test-pmd_cmdline_cman.c.obj
ninja: build stopped: subcommand failed.
INFO: autodetecting backend as ninja
INFO: calculating backend command to run: C:\hostedtoolcache\windows\Python\3.13.5\x64\Scripts\ninja.EXE -C D:/a/dpdk/dpdk/build
##[error]Process completed with exit code 1.
####################################################################################
#### [End job log] "windows-2022-msvc" at step Build
####################################################################################
--------------------------------END LOGS-----------------------------

^ permalink raw reply	[flat|nested] 18+ messages in thread

* |SUCCESS| pw155014-155016 [PATCH] [v2,3/3] app/testpmd: improve outp
       [not found] <20250704183437.25901-4-bruce.richardson@intel.com>
                   ` (3 preceding siblings ...)
  2025-07-04 19:43 ` |FAILURE| " 0-day Robot
@ 2025-07-04 21:04 ` dpdklab
  2025-07-04 21:06 ` |PENDING| " dpdklab
                   ` (12 subsequent siblings)
  17 siblings, 0 replies; 18+ messages in thread
From: dpdklab @ 2025-07-04 21:04 UTC (permalink / raw)
  To: Test Report; +Cc: dpdk-test-reports

Test-Label: iol-sample-apps-testing
Test-Status: SUCCESS
http://dpdk.org/patch/155016

_Testing PASS_

Submitter: Bruce Richardson <bruce.richardson@intel.com>
Date: Friday, July 04 2025 18:34:36 
DPDK git baseline: Repo:dpdk
  Branch: master
  CommitID:b18c543ec30729ccc7708a6e064a1f9db5d8c11f

155014-155016 --> testing pass

Upstream job id: Template-DTS-Pipeline#235144

Test environment and result as below:

+--------------+----------------------+
| Environment  | compressdev_zlib_pmd |
+==============+======================+
| Ubuntu 22.04 | PASS                 |
+--------------+----------------------+


Ubuntu 22.04
	Kernel: 5.15
	Compiler: gcc gcc (Ubuntu 11.4.0-1ubuntu1~22.04) 11.4.0

To view detailed results, visit:
https://lab.dpdk.org/results/dashboard/patchsets/33596/

UNH-IOL DPDK Community Lab

To manage your email subscriptions, visit: 
https://lab.dpdk.org/results/dashboard/preferences/subscriptions/

^ permalink raw reply	[flat|nested] 18+ messages in thread

* |PENDING| pw155014-155016 [PATCH] [v2,3/3] app/testpmd: improve outp
       [not found] <20250704183437.25901-4-bruce.richardson@intel.com>
                   ` (4 preceding siblings ...)
  2025-07-04 21:04 ` |SUCCESS| pw155014-155016 [PATCH] [v2,3/3] app/testpmd: improve outp dpdklab
@ 2025-07-04 21:06 ` dpdklab
  2025-07-04 21:08 ` |FAILURE| " dpdklab
                   ` (11 subsequent siblings)
  17 siblings, 0 replies; 18+ messages in thread
From: dpdklab @ 2025-07-04 21:06 UTC (permalink / raw)
  To: Test Report; +Cc: dpdk-test-reports

Test-Label: iol-compile-amd64-testing
Test-Status: PENDING
http://dpdk.org/patch/155016

_Testing pending_

Submitter: Bruce Richardson <bruce.richardson@intel.com>
Date: Friday, July 04 2025 18:34:36 
DPDK git baseline: Repo:dpdk
  Branch: master
  CommitID:b18c543ec30729ccc7708a6e064a1f9db5d8c11f

155014-155016 --> testing pending

Upstream job id: Generic-VM-DPDK-Compile-Meson#36945

Test environment and result as below:

+---------------------+--------------------+-------------------+
|     Environment     | dpdk_meson_compile | dpdk_msvc_compile |
+=====================+====================+===================+
| Ubuntu 20.04        | PASS               | SKIPPED           |
+---------------------+--------------------+-------------------+
| Windows Server 2022 | SKIPPED            | PEND              |
+---------------------+--------------------+-------------------+


Ubuntu 20.04
	Kernel: 4.19
	Compiler: gcc gcc (Ubuntu 9.4.0-1ubuntu1~20.04.2) 9.4.0

Windows Server 2022
	Kernel: 10.0.20348.2031
	Compiler: clang 15.0.7, gcc 14.1.0 (MinGW), and MSVC VS 19.39.33521

To view detailed results, visit:
https://lab.dpdk.org/results/dashboard/patchsets/33596/

UNH-IOL DPDK Community Lab

To manage your email subscriptions, visit: 
https://lab.dpdk.org/results/dashboard/preferences/subscriptions/

^ permalink raw reply	[flat|nested] 18+ messages in thread

* |FAILURE| pw155014-155016 [PATCH] [v2,3/3] app/testpmd: improve outp
       [not found] <20250704183437.25901-4-bruce.richardson@intel.com>
                   ` (5 preceding siblings ...)
  2025-07-04 21:06 ` |PENDING| " dpdklab
@ 2025-07-04 21:08 ` dpdklab
  2025-07-04 21:19 ` |SUCCESS| " dpdklab
                   ` (10 subsequent siblings)
  17 siblings, 0 replies; 18+ messages in thread
From: dpdklab @ 2025-07-04 21:08 UTC (permalink / raw)
  To: Test Report; +Cc: dpdk-test-reports, Bruce Richardson

Test-Label: iol-compile-amd64-testing
Test-Status: FAILURE
http://dpdk.org/patch/155016

_Testing issues_

Submitter: Bruce Richardson <bruce.richardson@intel.com>
Date: Friday, July 04 2025 18:34:36 
DPDK git baseline: Repo:dpdk
  Branch: master
  CommitID:b18c543ec30729ccc7708a6e064a1f9db5d8c11f

155014-155016 --> testing issues

Upstream job id: Windows-Compile-DPDK-VS#6265

Test environment and result as below:

+---------------------+--------------------+-------------------+
|     Environment     | dpdk_meson_compile | dpdk_msvc_compile |
+=====================+====================+===================+
| Ubuntu 20.04        | PASS               | SKIPPED           |
+---------------------+--------------------+-------------------+
| Windows Server 2022 | SKIPPED            | FAIL              |
+---------------------+--------------------+-------------------+

==== 20 line log output for Windows Server 2022 (dpdk_msvc_compile): ====
\0[\07\01\0/\04\05\02\0]\0 \0C\0o\0m\0p\0i\0l\0i\0n\0g\0 \0C\0 \0o\0b\0j\0e\0c\0t\0 \0l\0i\0b\0/\0l\0i\0b\0r\0t\0e\0_\0l\0p\0m\0.\0a\0.\0p\0/\0l\0p\0m\0_\0r\0t\0e\0_\0l\0p\0m\06\0.\0c\0.\0o\0b\0j\0
\0
\0[\07\02\0/\04\05\02\0]\0 \0L\0i\0n\0k\0i\0n\0g\0 \0s\0t\0a\0t\0i\0c\0 \0t\0a\0r\0g\0e\0t\0 \0l\0i\0b\0/\0l\0i\0b\0r\0t\0e\0_\0l\0p\0m\0.\0a\0
\0
\0[\07\03\0/\04\05\02\0]\0 \0C\0o\0m\0p\0i\0l\0i\0n\0g\0 \0C\0 \0o\0b\0j\0e\0c\0t\0 \0a\0p\0p\0/\0d\0p\0d\0k\0-\0t\0e\0s\0t\0p\0m\0d\0.\0e\0x\0e\0.\0p\0/\0t\0e\0s\0t\0-\0p\0m\0d\0_\05\0t\0s\0w\0a\0p\0.\0c\0.\0o\0b\0j\0
\0
\0[\07\04\0/\04\05\02\0]\0 \0C\0o\0m\0p\0i\0l\0i\0n\0g\0 \0C\0 \0o\0b\0j\0e\0c\0t\0 \0a\0p\0p\0/\0d\0p\0d\0k\0-\0t\0e\0s\0t\0p\0m\0d\0.\0e\0x\0e\0.\0p\0/\0t\0e\0s\0t\0-\0p\0m\0d\0_\0c\0m\0d\0l\0i\0n\0e\0.\0c\0.\0o\0b\0j\0
\0
\0F\0A\0I\0L\0E\0D\0:\0 \0a\0p\0p\0/\0d\0p\0d\0k\0-\0t\0e\0s\0t\0p\0m\0d\0.\0e\0x\0e\0.\0p\0/\0t\0e\0s\0t\0-\0p\0m\0d\0_\0c\0m\0d\0l\0i\0n\0e\0.\0c\0.\0o\0b\0j\0 \0
\0
\0"\0c\0l\0"\0 \0"\0-\0I\0a\0p\0p\0\\0d\0p\0d\0k\0-\0t\0e\0s\0t\0p\0m\0d\0.\0e\0x\0e\0.\0p\0"\0 \0"\0-\0I\0a\0p\0p\0"\0 \0"\0-\0I\0.\0.\0\\0a\0p\0p\0"\0 \0"\0-\0I\0a\0p\0p\0\\0t\0e\0s\0t\0-\0p\0m\0d\0"\0 \0"\0-\0I\0.\0.\0\\0a\0p\0p\0\\0t\0e\0s\0t\0-\0p\0m\0d\0"\0 \0"\0-\0I\0l\0i\0b\0\\0e\0t\0h\0d\0e\0v\0"\0 \0"\0-\0I\0.\0.\0\\0l\0i\0b\0\\0e\0t\0h\0d\0e\0v\0"\0 \0"\0-\0I\0l\0i\0b\0\\0e\0a\0l\0\\0c\0o\0m\0m\0o\0n\0"\0 \0"\0-\0I\0.\0.\0\\0l\0i\0b\0\\0e\0a\0l\0\\0c\0o\0m\0m\0o\0n\0"\0 \0"\0-\0I\0.\0"\0 \0"\0-\0I\0.\0.\0"\0 \0"\0-\0I\0c\0o\0n\0f\0i\0g\0"\0 \0"\0-\0I\0.\0.\0\\0c\0o\0n\0f\0i\0g\0"\0 \0"\0-\0I\0l\0i\0b\0\\0e\0a\0l\0\\0i\0n\0c\0l\0u\0d\0e\0"\0 \0"\0-\0I\0.\0.\0\\0l\0i\0b\0\\0e\0a\0l\0\\0i\0n\0c\0l\0u\0d\0e\0"\0 \0"\0-\0I\0l\0i\0b\0\\0e\0a\0l\0\\0w\0i\0n\0d\0o\0w\0s\0\\0i\0n\0c\0l\0u\0d\0e\0"\0 \0"\0-\0I\0.\0.\0\\0l\0i\0b\0\\0e\0a\0l\0\\0w\0i\0n\0d\0o\0w\0s\0\\0i\0n\0c\0l\0u\0d\0e\0"\0 \0"\0-\0I\0l\0i\0b\0\\0e\0a\0l\0\\0x\08\06\0\\0i\0n\0c\0l\0u\0d\0e\0"\0 \0"\0-\0I\0.\0.\0\\0l\0i\0b\0\\0e\0a\0l\0\\0x\08\06\0\\0i\0n\0c\0l\0u\0d\0e\0"\0 \0"\0-\0I\0l\0i\0b\0\\0e\0a\0l\0"\0 \0"\0-\0I\0.\0.\0\\0l\0i\0b\0\\0e\0a\0l\0"\0 \0"\0-\0I\0l\0i\0b\0\\0l\0o\0g\0"\0 \0"\0-\0I\0.\0.\0\\0l\0i\0b\0\\0l\0o\0g\0"\0 \0"\0-\0I\0l\0i\0b\0\\0k\0v\0a\0r\0g\0s\0"\0 \0"\0-\0I\0.\0.\0\\0l\0i\0b\0\\0k\0v\0a\0r\0g\0s\0"\0 \0"\0-\0I\0l\0i\0b\0\\0n\0e\0t\0"\0 \0"\0-\0I\0.\0.\0\\0l\0i\0b\0\\0n\0e\0t\0"\0 \0"\0-\0I\0l\0i\0b\0\\0m\0b\0u\0f\0"\0 \0"\0-\0I\0.\0.\0\\0l\0i\0b\0\\0m\0b\0u\0f\0"\0 \0"\0-\0I
 \0l\0i\0b\0\\0m\0e\0m\0p\0o\0o\0l\0"\0 \0"\0-\0I\0.\0.\0\\0l\0i\0b\0\\0m\0e\0m\0p\0o\0o\0l\0"\0 \0"\0-\0I\0l\0i\0b\0\\0r\0i\0n\0g\0"\0 \0"\0-\0I\0.\0.\0\\0l\0i\0b\0\\0r\0i\0n\0g\0"\0 \0"\0-\0I\0l\0i\0b\0\\0m\0e\0t\0r\0i\0c\0s\0"\0 \0"\0-\0I\0.\0.\0\\0l\0i\0b\0\\0m\0e\0t\0r\0i\0c\0s\0"\0 \0"\0-\0I\0l\0i\0b\0\\0t\0e\0l\0e\0m\0e\0t\0r\0y\0"\0 \0"\0-\0I\0.\0.\0\\0l\0i\0b\0\\0t\0e\0l\0e\0m\0e\0t\0r\0y\0"\0 \0"\0-\0I\0l\0i\0b\0\\0m\0e\0t\0e\0r\0"\0 \0"\0-\0I\0.\0.\0\\0l\0i\0b\0\\0m\0e\0t\0e\0r\0"\0 \0"\0-\0I\0l\0i\0b\0\\0c\0m\0d\0l\0i\0n\0e\0"\0 \0"\0-\0I\0.\0.\0\\0l\0i\0b\0\\0c\0m\0d\0l\0i\0n\0e\0"\0 \0"\0-\0I\0l\0i\0b\0\\0b\0i\0t\0r\0a\0t\0e\0s\0t\0a\0t\0s\0"\0 \0"\0-\0I\0.\0.\0\\0l\0i\0b\0\\0b\0i\0t\0r\0a\0t\0e\0s\0t\0a\0t\0s\0"\0 \0"\0-\0I\0l\0i\0b\0\\0g\0r\0o\0"\0 \0"\0-\0I\0.\0.\0\\0l\0i\0b\0\\0g\0r\0o\0"\0 \0"\0-\0I\0l\0i\0b\0\\0g\0s\0o\0"\0 \0"\0-\0I\0.\0.\0\\0l\0i\0b\0\\0g\0s\0o\0"\0 \0"\0-\0I\0l\0i\0b\0\\0l\0a\0t\0e\0n\0c\0y\0s\0t\0a\0t\0s\0"\0 \0"\0-\0I\0.\0.\0\\0l\0i\0b\0\\0l\0a\0t\0e\0n\0c\0y\0s\0t\0a\0t\0s\0"\0 \0"\0-\0I\0C\0:\0\\0P\0r\0o\0g\0r\0a\0m\0 \0F\0i\0l\0e\0s\0\\0M\0e\0l\0l\0a\0n\0o\0x\0\\0M\0L\0N\0X\0_\0W\0i\0n\0O\0F\02\0_\0D\0e\0v\0X\0_\0S\0D\0K\0\\0i\0n\0c\0"\0 \0"\0/\0M\0D\0"\0 \0"\0/\0n\0o\0l\0o\0g\0o\0"\0 \0"\0/\0s\0h\0o\0w\0I\0n\0c\0l\0u\0d\0e\0s\0"\0 \0"\0/\0u\0t\0f\0-\08\0"\0 \0"\0/\0W\03\0"\0 \0"\0/\0W\0X\0"\0 \0"\0/\0s\0t\0d\0:\0c\01\01\0"\0 \0"\0/\0O\02\0"\0 \0"\0/\0G\0w\0"\0 \0"\0/\0w\0d\04\02\04\04\0"\0 \0"\0/\0w\0d\04\02\06\07\0"\0 \0"\0/\0
 w\0d\04\01\04\06\0"\0 \0"\0/\0e\0x\0p\0e\0r\0i\0m\0e\0n\0t\0a\0l\0:\0c\01\01\0a\0t\0o\0m\0i\0c\0s\0"\0 \0"\0/\0d\01\0e\0x\0p\0e\0r\0i\0m\0e\0n\0t\0a\0l\0:\0t\0y\0p\0e\0o\0f\0"\0 \0"\0/\0e\0x\0p\0e\0r\0i\0m\0e\0n\0t\0a\0l\0:\0s\0t\0a\0t\0e\0m\0e\0n\0t\0E\0x\0p\0r\0e\0s\0s\0i\0o\0n\0s\0"\0 \0"\0/\0F\0I\0"\0 \0"\0r\0t\0e\0_\0c\0o\0n\0f\0i\0g\0.\0h\0"\0 \0"\0-\0D\0_\0G\0N\0U\0_\0S\0O\0U\0R\0C\0E\0"\0 \0"\0-\0D\0_\0W\0I\0N\03\02\0_\0W\0I\0N\0N\0T\0=\00\0x\00\0A\00\00\0"\0 \0"\0-\0D\0A\0L\0L\0O\0W\0_\0E\0X\0P\0E\0R\0I\0M\0E\0N\0T\0A\0L\0_\0A\0P\0I\0"\0 \0"\0/\0F\0d\0a\0p\0p\0\\0d\0p\0d\0k\0-\0t\0e\0s\0t\0p\0m\0d\0.\0e\0x\0e\0.\0p\0\\0t\0e\0s\0t\0-\0p\0m\0d\0_\0c\0m\0d\0l\0i\0n\0e\0.\0c\0.\0p\0d\0b\0"\0 \0/\0F\0o\0a\0p\0p\0/\0d\0p\0d\0k\0-\0t\0e\0s\0t\0p\0m\0d\0.\0e\0x\0e\0.\0p\0/\0t\0e\0s\0t\0-\0p\0m\0d\0_\0c\0m\0d\0l\0i\0n\0e\0.\0c\0.\0o\0b\0j\0 \0"\0/\0c\0"\0 \0.\0.\0/\0a\0p\0p\0/\0t\0e\0s\0t\0-\0p\0m\0d\0/\0c\0m\0d\0l\0i\0n\0e\0.\0c\0
\0
\0.\0.\0/\0a\0p\0p\0/\0t\0e\0s\0t\0-\0p\0m\0d\0/\0c\0m\0d\0l\0i\0n\0e\0.\0c\0(\01\03\0)\0:\0 \0f\0a\0t\0a\0l\0 \0e\0r\0r\0o\0r\0 \0C\01\00\08\03\0:\0 \0C\0a\0n\0n\0o\0t\0 \0o\0p\0e\0n\0 \0i\0n\0c\0l\0u\0d\0e\0 \0f\0i\0l\0e\0:\0 \0'\0l\0i\0b\0g\0e\0n\0.\0h\0'\0:\0 \0N\0o\0 \0s\0u\0c\0h\0 \0f\0i\0l\0e\0 \0o\0r\0 \0d\0i\0r\0e\0c\0t\0o\0r\0y\0
\0
\0[\07\05\0/\04\05\02\0]\0 \0C\0o\0m\0p\0i\0l\0i\0n\0g\0 \0C\0 \0o\0b\0j\0e\0c\0t\0 \0a\0p\0p\0/\0d\0p\0d\0k\0-\0t\0e\0s\0t\0p\0m\0d\0.\0e\0x\0e\0.\0p\0/\0t\0e\0s\0t\0-\0p\0m\0d\0_\0c\0m\0d\0l\0i\0n\0e\0_\0c\0m\0a\0n\0.\0c\0.\0o\0b\0j\0
\0
\0[\07\06\0/\04\05\02\0]\0 \0C\0o\0m\0p\0i\0l\0i\0n\0g\0 \0C\0 \0o\0b\0j\0e\0c\0t\0 \0l\0i\0b\0/\0l\0i\0b\0r\0t\0e\0_\0i\0p\0_\0f\0r\0a\0g\0.\0a\0.\0p\0/\0i\0p\0_\0f\0r\0a\0g\0_\0r\0t\0e\0_\0i\0p\0v\04\0_\0f\0r\0a\0g\0m\0e\0n\0t\0a\0t\0i\0o\0n\0.\0c\0.\0o\0b\0j\0
\0
\0[\07\07\0/\04\05\02\0]\0 \0C\0o\0m\0p\0i\0l\0i\0n\0g\0 \0C\0 \0o\0b\0j\0e\0c\0t\0 \0l\0i\0b\0/\0l\0i\0b\0r\0t\0e\0_\0i\0p\0_\0f\0r\0a\0g\0.\0a\0.\0p\0/\0i\0p\0_\0f\0r\0a\0g\0_\0r\0t\0e\0_\0i\0p\0v\06\0_\0r\0e\0a\0s\0s\0e\0m\0b\0l\0y\0.\0c\0.\0o\0b\0j\0
\0
\0[\07\08\0/\04\05\02\0]\0 \0C\0o\0m\0p\0i\0l\0i\0n\0g\0 \0C\0 \0o\0b\0j\0e\0c\0t\0 \0a\0p\0p\0/\0d\0p\0d\0k\0-\0t\0e\0s\0t\0p\0m\0d\0.\0e\0x\0e\0.\0p\0/\0t\0e\0s\0t\0-\0p\0m\0d\0_\0c\0m\0d\0l\0i\0n\0e\0_\0m\0t\0r\0.\0c\0.\0o\0b\0j\0
\0
\0[\07\09\0/\04\05\02\0]\0 \0C\0o\0m\0p\0i\0l\0i\0n\0g\0 \0C\0 \0o\0b\0j\0e\0c\0t\0 \0a\0p\0p\0/\0d\0p\0d\0k\0-\0t\0e\0s\0t\0p\0m\0d\0.\0e\0x\0e\0.\0p\0/\0t\0e\0s\0t\0-\0p\0m\0d\0_\0c\0m\0d\0l\0i\0n\0e\0_\0t\0m\0.\0c\0.\0o\0b\0j\0
\0
\0[\08\00\0/\04\05\02\0]\0 \0C\0o\0m\0p\0i\0l\0i\0n\0g\0 \0C\0 \0o\0b\0j\0e\0c\0t\0 \0l\0i\0b\0/\0l\0i\0b\0r\0t\0e\0_\0i\0p\0_\0f\0r\0a\0g\0.\0a\0.\0p\0/\0i\0p\0_\0f\0r\0a\0g\0_\0r\0t\0e\0_\0i\0p\0_\0f\0r\0a\0g\0_\0c\0o\0m\0m\0o\0n\0.\0c\0.\0o\0b\0j\0
\0
\0[\08\01\0/\04\05\02\0]\0 \0C\0o\0m\0p\0i\0l\0i\0n\0g\0 \0C\0 \0o\0b\0j\0e\0c\0t\0 \0a\0p\0p\0/\0d\0p\0d\0k\0-\0t\0e\0s\0t\0p\0m\0d\0.\0e\0x\0e\0.\0p\0/\0t\0e\0s\0t\0-\0p\0m\0d\0_\0c\0s\0u\0m\0o\0n\0l\0y\0.\0c\0.\0o\0b\0j\0
\0
\0[\08\02\0/\04\05\02\0]\0 \0C\0o\0m\0p\0i\0l\0i\0n\0g\0 \0C\0 \0o\0b\0j\0e\0c\0t\0 \0a\0p\0p\0/\0d\0p\0d\0k\0-\0t\0e\0s\0t\0p\0m\0d\0.\0e\0x\0e\0.\0p\0/\0t\0e\0s\0t\0-\0p\0m\0d\0_\0c\0o\0n\0f\0i\0g\0.\0c\0.\0o\0b\0j\0
\0
\0[\08\03\0/\04\05\02\0]\0 \0C\0o\0m\0p\0i\0l\0i\0n\0g\0 \0C\0 \0o\0b\0j\0e\0c\0t\0 \0a\0p\0p\0/\0d\0p\0d\0k\0-\0t\0e\0s\0t\0p\0m\0d\0.\0e\0x\0e\0.\0p\0/\0t\0e\0s\0t\0-\0p\0m\0d\0_\0c\0m\0d\0l\0i\0n\0e\0_\0f\0l\0o\0w\0.\0c\0.\0o\0b\0j\0
\0
\0n\0i\0n\0j\0a\0:\0 \0b\0u\0i\0l\0d\0 \0s\0t\0o\0p\0p\0e\0d\0:\0 \0s\0u\0b\0c\0o\0m\0m\0a\0n\0d\0 \0f\0a\0i\0l\0e\0d\0.\0
\0
\0I\0N\0F\0O\0:\0 \0a\0u\0t\0o\0d\0e\0t\0e\0c\0t\0i\0n\0g\0 \0b\0a\0c\0k\0e\0n\0d\0 \0a\0s\0 \0n\0i\0n\0j\0a\0
\0
\0I\0N\0F\0O\0:\0 \0c\0a\0l\0c\0u\0l\0a\0t\0i\0n\0g\0 \0b\0a\0c\0k\0e\0n\0d\0 \0c\0o\0m\0m\0a\0n\0d\0 \0t\0o\0 \0r\0u\0n\0:\0 \0"\0C\0:\0\\0P\0r\0o\0g\0r\0a\0m\0 \0F\0i\0l\0e\0s\0\\0M\0e\0s\0o\0n\0\\0n\0i\0n\0j\0a\0.\0E\0X\0E\0"\0 \0-\0C\0 \0C\0:\0/\0U\0s\0e\0r\0s\0/\0b\0u\0i\0l\0d\0e\0r\0/\0j\0e\0n\0k\0i\0n\0s\0/\0w\0o\0r\0k\0s\0p\0a\0c\0e\0/\0W\0i\0n\0d\0o\0w\0s\0-\0C\0o\0m\0p\0i\0l\0e\0-\0D\0P\0D\0K\0-\0V\0S\0/\0d\0p\0d\0k\0/\0b\0u\0i\0l\0d\0
\0
\0
==== End log output ====

Ubuntu 20.04
	Kernel: 4.19
	Compiler: gcc gcc (Ubuntu 9.4.0-1ubuntu1~20.04.2) 9.4.0

Windows Server 2022
	Kernel: 10.0.20348.2031
	Compiler: clang 15.0.7, gcc 14.1.0 (MinGW), and MSVC VS 19.39.33521

To view detailed results, visit:
https://lab.dpdk.org/results/dashboard/patchsets/33596/

UNH-IOL DPDK Community Lab

To manage your email subscriptions, visit: 
https://lab.dpdk.org/results/dashboard/preferences/subscriptions/

^ permalink raw reply	[flat|nested] 18+ messages in thread

* |SUCCESS| pw155014-155016 [PATCH] [v2,3/3] app/testpmd: improve outp
       [not found] <20250704183437.25901-4-bruce.richardson@intel.com>
                   ` (6 preceding siblings ...)
  2025-07-04 21:08 ` |FAILURE| " dpdklab
@ 2025-07-04 21:19 ` dpdklab
  2025-07-04 21:39 ` |PENDING| " dpdklab
                   ` (9 subsequent siblings)
  17 siblings, 0 replies; 18+ messages in thread
From: dpdklab @ 2025-07-04 21:19 UTC (permalink / raw)
  To: Ali Alnubani, Test Report; +Cc: dpdk-test-reports

Test-Label: iol-mellanox-Performance
Test-Status: SUCCESS
http://dpdk.org/patch/155016

_Performance Testing PASS_

Submitter: Bruce Richardson <bruce.richardson@intel.com>
Date: Friday, July 04 2025 18:34:36 
DPDK git baseline: Repo:dpdk
  Branch: master
  CommitID:b18c543ec30729ccc7708a6e064a1f9db5d8c11f

155014-155016 --> performance testing pass

Upstream job id: Template-DTS-Pipeline#235131

Test environment and result as below:

Ubuntu 24.04
Kernel: 6.8
Compiler: gcc gcc (Ubuntu 13.3.0-6ubuntu2~24.04) 13.3.0
NIC: NVIDIA Mellanox ConnectX-7 100000 Mbps
Fail/Total: 0/6

Detail performance results: 
+------------+---------+----------+-------------+------------------------------+
| frame_size | txd/rxd | num_cpus | num_threads |  throughput difference from  |
|            |         |          |             |           expected           |
+============+=========+==========+=============+==============================+
| 64         | 1024    | 1        | 1           | -0.3%                        |
+------------+---------+----------+-------------+------------------------------+
| 128        | 1024    | 1        | 1           | 0.3%                         |
+------------+---------+----------+-------------+------------------------------+
| 256        | 1024    | 1        | 1           | 0.8%                         |
+------------+---------+----------+-------------+------------------------------+
| 512        | 1024    | 1        | 1           | 0.1%                         |
+------------+---------+----------+-------------+------------------------------+
| 1024       | 1024    | 1        | 1           | -0.0%                        |
+------------+---------+----------+-------------+------------------------------+
| 1518       | 1024    | 1        | 1           | 0.2%                         |
+------------+---------+----------+-------------+------------------------------+

Ubuntu 24.04
Kernel: 6.8
Compiler: gcc gcc (Ubuntu 13.3.0-6ubuntu2~24.04) 13.3.0
NIC: Mellanox ConnectX-6 Lx 25000 Mbps
Fail/Total: 0/6

Detail performance results: 
+------------+---------+----------+-------------+------------------------------+
| frame_size | txd/rxd | num_cpus | num_threads |  throughput difference from  |
|            |         |          |             |           expected           |
+============+=========+==========+=============+==============================+
| 64         | 1024    | 1        | 1           | -0.1%                        |
+------------+---------+----------+-------------+------------------------------+
| 128        | 1024    | 1        | 1           | -0.0%                        |
+------------+---------+----------+-------------+------------------------------+
| 256        | 1024    | 1        | 1           | -0.1%                        |
+------------+---------+----------+-------------+------------------------------+
| 512        | 1024    | 1        | 1           | -0.0%                        |
+------------+---------+----------+-------------+------------------------------+
| 1024       | 1024    | 1        | 1           | -0.0%                        |
+------------+---------+----------+-------------+------------------------------+
| 1518       | 1024    | 1        | 1           | -0.0%                        |
+------------+---------+----------+-------------+------------------------------+

To view detailed results, visit:
https://lab.dpdk.org/results/dashboard/patchsets/33596/

UNH-IOL DPDK Community Lab

To manage your email subscriptions, visit: 
https://lab.dpdk.org/results/dashboard/preferences/subscriptions/

^ permalink raw reply	[flat|nested] 18+ messages in thread

* |PENDING| pw155014-155016 [PATCH] [v2,3/3] app/testpmd: improve outp
       [not found] <20250704183437.25901-4-bruce.richardson@intel.com>
                   ` (7 preceding siblings ...)
  2025-07-04 21:19 ` |SUCCESS| " dpdklab
@ 2025-07-04 21:39 ` dpdklab
  2025-07-04 23:35 ` |FAILURE| " dpdklab
                   ` (8 subsequent siblings)
  17 siblings, 0 replies; 18+ messages in thread
From: dpdklab @ 2025-07-04 21:39 UTC (permalink / raw)
  To: Test Report; +Cc: dpdk-test-reports

Test-Label: iol-unit-arm64-testing
Test-Status: PENDING
http://dpdk.org/patch/155016

_Testing pending_

Submitter: Bruce Richardson <bruce.richardson@intel.com>
Date: Friday, July 04 2025 18:34:36 
DPDK git baseline: Repo:dpdk
  Branch: master
  CommitID:b18c543ec30729ccc7708a6e064a1f9db5d8c11f

155014-155016 --> testing pending

Upstream job id: Aarch32-Unit-Test#6817

Test environment and result as below:

+------------------------------+----------------+---------------------------+--------------+------------------------------+
|         Environment          | dpdk_unit_test | cryptodev_sw_zuc_autotest | lpm_autotest | cryptodev_sw_snow3g_autotest |
+==============================+================+===========================+==============+==============================+
| CentOS Stream 10             | PEND           | SKIPPED                   | SKIPPED      | SKIPPED                      |
+------------------------------+----------------+---------------------------+--------------+------------------------------+
| CentOS Stream 9              | PEND           | SKIPPED                   | SKIPPED      | SKIPPED                      |
+------------------------------+----------------+---------------------------+--------------+------------------------------+
| Fedora Linux 40              | PEND           | SKIPPED                   | SKIPPED      | SKIPPED                      |
+------------------------------+----------------+---------------------------+--------------+------------------------------+
| Debian GNU/Linux 12          | PEND           | SKIPPED                   | SKIPPED      | SKIPPED                      |
+------------------------------+----------------+---------------------------+--------------+------------------------------+
| Fedora Linux 41              | PEND           | SKIPPED                   | SKIPPED      | SKIPPED                      |
+------------------------------+----------------+---------------------------+--------------+------------------------------+
| Red Hat Enterprise Linux 9.5 | PEND           | SKIPPED                   | SKIPPED      | SKIPPED                      |
+------------------------------+----------------+---------------------------+--------------+------------------------------+
| Ubuntu 22.04                 | PASS           | SKIPPED                   | SKIPPED      | SKIPPED                      |
+------------------------------+----------------+---------------------------+--------------+------------------------------+
| Ubuntu 24.04                 | PEND           | SKIPPED                   | SKIPPED      | SKIPPED                      |
+------------------------------+----------------+---------------------------+--------------+------------------------------+
| Ubuntu 20.04                 | PEND           | SKIPPED                   | PEND         | SKIPPED                      |
+------------------------------+----------------+---------------------------+--------------+------------------------------+
| Debian 12 (arm)              | SKIPPED        | PEND                      | SKIPPED      | PEND                         |
+------------------------------+----------------+---------------------------+--------------+------------------------------+


CentOS Stream 10
	Kernel: 5.4
	Compiler: gcc gcc (GCC) 14.2.1 20250110 (Red Hat 14.2.1-8)

CentOS Stream 9
	Kernel: 5.4
	Compiler: gcc gcc (GCC) 11.5.0 20240719 (Red Hat 11.5.0-7)

Fedora Linux 40
	Kernel: 5.4
	Compiler: gcc gcc (GCC) 14.2.1 20240912 (Red Hat 14.2.1-3)

Debian GNU/Linux 12
	Kernel: 5.4
	Compiler: gcc gcc (Debian 12.2.0-14+deb12u1) 12.2.0

Fedora Linux 41
	Kernel: 5.4
	Compiler: clang gcc (GCC) 14.3.1 20250523 (Red Hat 14.3.1-1)

Red Hat Enterprise Linux 9.5
	Kernel: 5.4
	Compiler: gcc gcc (GCC) 11.5.0 20240719 (Red Hat 11.5.0-2)

Ubuntu 22.04
	Kernel: 5.4
	Compiler: gcc gcc (Ubuntu 11.4.0-1ubuntu1~22.04) 11.4.0

Ubuntu 24.04
	Kernel: 5.4
	Compiler: gcc gcc (Ubuntu 13.3.0-6ubuntu2~24.04) 13.3.0

Ubuntu 20.04
	Kernel: 5.4
	Compiler: gcc gcc (Ubuntu 9.4.0-1ubuntu1~20.04.2) 9.4.0

Debian 12 (arm)
	Kernel: Depends on container host
	Compiler: gcc (Debian 12.2.0-14) 12.2.0

To view detailed results, visit:
https://lab.dpdk.org/results/dashboard/patchsets/33596/

UNH-IOL DPDK Community Lab

To manage your email subscriptions, visit: 
https://lab.dpdk.org/results/dashboard/preferences/subscriptions/

^ permalink raw reply	[flat|nested] 18+ messages in thread

* |FAILURE| pw155014-155016 [PATCH] [v2,3/3] app/testpmd: improve outp
       [not found] <20250704183437.25901-4-bruce.richardson@intel.com>
                   ` (8 preceding siblings ...)
  2025-07-04 21:39 ` |PENDING| " dpdklab
@ 2025-07-04 23:35 ` dpdklab
  2025-07-04 23:43 ` |SUCCESS| " dpdklab
                   ` (7 subsequent siblings)
  17 siblings, 0 replies; 18+ messages in thread
From: dpdklab @ 2025-07-04 23:35 UTC (permalink / raw)
  To: Test Report; +Cc: dpdk-test-reports, Bruce Richardson

Test-Label: iol-compile-amd64-testing
Test-Status: FAILURE
http://dpdk.org/patch/155016

_Testing issues_

Submitter: Bruce Richardson <bruce.richardson@intel.com>
Date: Friday, July 04 2025 18:34:36 
DPDK git baseline: Repo:dpdk
  Branch: master
  CommitID:b18c543ec30729ccc7708a6e064a1f9db5d8c11f

155014-155016 --> testing issues

Upstream job id: Windows-Compile-DPDK-Native#29578

Test environment and result as below:

+-------------------------------+--------------------+-------------------+-------------------+------------------+-------------------------+
|          Environment          | dpdk_meson_compile | dpdk_msvc_compile | dpdk_compile_spdk | dpdk_compile_ovs | dpdk_llvm_clang_compile |
+===============================+====================+===================+===================+==================+=========================+
| Ubuntu 20.04                  | PEND               | SKIPPED           | SKIPPED           | SKIPPED          | SKIPPED                 |
+-------------------------------+--------------------+-------------------+-------------------+------------------+-------------------------+
| CentOS Stream 9               | PEND               | SKIPPED           | PEND              | SKIPPED          | SKIPPED                 |
+-------------------------------+--------------------+-------------------+-------------------+------------------+-------------------------+
| CentOS Stream 10              | PEND               | SKIPPED           | SKIPPED           | SKIPPED          | SKIPPED                 |
+-------------------------------+--------------------+-------------------+-------------------+------------------+-------------------------+
| Debian GNU/Linux 12           | PEND               | SKIPPED           | PEND              | SKIPPED          | SKIPPED                 |
+-------------------------------+--------------------+-------------------+-------------------+------------------+-------------------------+
| Fedora Linux 40               | PEND               | SKIPPED           | PEND              | SKIPPED          | SKIPPED                 |
+-------------------------------+--------------------+-------------------+-------------------+------------------+-------------------------+
| Fedora Linux 41               | PEND               | SKIPPED           | PEND              | PEND             | SKIPPED                 |
+-------------------------------+--------------------+-------------------+-------------------+------------------+-------------------------+
| openSUSE Leap 15.6            | PEND               | SKIPPED           | SKIPPED           | SKIPPED          | SKIPPED                 |
+-------------------------------+--------------------+-------------------+-------------------+------------------+-------------------------+
| Red Hat Enterprise Linux 8.10 | PEND               | SKIPPED           | SKIPPED           | SKIPPED          | SKIPPED                 |
+-------------------------------+--------------------+-------------------+-------------------+------------------+-------------------------+
| Red Hat Enterprise Linux 9.5  | PEND               | SKIPPED           | SKIPPED           | SKIPPED          | SKIPPED                 |
+-------------------------------+--------------------+-------------------+-------------------+------------------+-------------------------+
| Ubuntu 22.04                  | PEND               | SKIPPED           | PEND              | SKIPPED          | SKIPPED                 |
+-------------------------------+--------------------+-------------------+-------------------+------------------+-------------------------+
| Ubuntu 24.04                  | PEND               | SKIPPED           | PEND              | PEND             | SKIPPED                 |
+-------------------------------+--------------------+-------------------+-------------------+------------------+-------------------------+
| Alpine Linux 3.22.0           | PEND               | SKIPPED           | SKIPPED           | SKIPPED          | SKIPPED                 |
+-------------------------------+--------------------+-------------------+-------------------+------------------+-------------------------+
| Windows Server 2022           | SKIPPED            | FAIL              | SKIPPED           | SKIPPED          | FAIL                    |
+-------------------------------+--------------------+-------------------+-------------------+------------------+-------------------------+

==== 20 line log output for Windows Server 2022 (dpdk_llvm_clang_compile): ====
[634/809] Linking static target drivers/librte_net_vmxnet3.a
[635/809] Compiling C object app/dpdk-testpmd.exe.p/test-pmd_config.c.obj
[636/809] Compiling C object app/dpdk-testpmd.exe.p/test-pmd_iofwd.c.obj
[637/809] Compiling C object app/dpdk-testpmd.exe.p/test-pmd_cmdline.c.obj
FAILED: app/dpdk-testpmd.exe.p/test-pmd_cmdline.c.obj
"clang" "-Iapp\dpdk-testpmd.exe.p" "-Iapp" "-I..\app" "-Iapp\test-pmd" "-I..\app\test-pmd" "-Ilib\ethdev" "-I..\lib\ethdev" "-Ilib\eal\common" "-I..\lib\eal\common" "-I." "-I.." "-Iconfig" "-I..\config" "-Ilib\eal\include" "-I..\lib\eal\include" "-Ilib\eal\windows\include" "-I..\lib\eal\windows\include" "-Ilib\eal\x86\include" "-I..\lib\eal\x86\include" "-Ilib\eal" "-I..\lib\eal" "-Ilib\log" "-I..\lib\log" "-Ilib\kvargs" "-I..\lib\kvargs" "-Ilib\net" "-I..\lib\net" "-Ilib\mbuf" "-I..\lib\mbuf" "-Ilib\mempool" "-I..\lib\mempool" "-Ilib\ring" "-I..\lib\ring" "-Ilib\metrics" "-I..\lib\metrics" "-Ilib\telemetry" "-I..\lib\telemetry" "-Ilib\meter" "-I..\lib\meter" "-Ilib\cmdline" "-I..\lib\cmdline" "-Ilib\bitratestats" "-I..\lib\bitratestats" "-Ilib\gro" "-I..\lib\gro" "-Ilib\gso" "-I..\lib\gso" "-Ilib\latencystats" "-I..\lib\latencystats" "-Idrivers\net\intel\i40e" "-I..\drivers\net\intel\i40e" "-Idrivers\net\intel\i40e\base" "-I..\drivers\net\intel\i40e\base" "-Idrivers\bus\pci" "-I..\d
 rivers\bus\pci" "-I..\drivers\bus\pci\windows" "-Ilib\pci" "-I..\lib\pci" "-Idrivers\bus\vdev" "-I..\drivers\bus\vdev" "-Ilib\hash" "-I..\lib\hash" "-Ilib\rcu" "-I..\lib\rcu" "-Idrivers\net\intel\ixgbe" "-I..\drivers\net\intel\ixgbe" "-Idrivers\net\intel\ixgbe\base" "-I..\drivers\net\intel\ixgbe\base" "-Ilib\security" "-I..\lib\security" "-Ilib\cryptodev" "-I..\lib\cryptodev" "-Idrivers\net\intel\iavf" "-I..\drivers\net\intel\iavf" "-I..\drivers\net\intel\iavf\base" "-Idrivers\net\intel\ice" "-I..\drivers\net\intel\ice" "-Idrivers\net\intel\ice\base" "-I..\drivers\net\intel\ice\base" "-IC:\Program Files\Mellanox\MLNX_WinOF2_DevX_SDK\inc" "-fdiagnostics-color=always" "-D_FILE_OFFSET_BITS=64" "-Wall" "-Winvalid-pch" "-Wextra" "-Werror" "-std=c11" "-O3" "-include" "rte_config.h" "-Wvla" "-Wcast-qual" "-Wdeprecated" "-Wformat" "-Wformat-nonliteral" "-Wformat-security" "-Wmissing-declarations" "-Wmissing-prototypes" "-Wnested-externs" "-Wold-style-definition" "-Wpointer-arith" "-Wsign-co
 mpare" "-Wstrict-prototypes" "-Wundef" "-Wwrite-strings" "-Wno-missing-field-initializers" "-D_GNU_SOURCE" "-D_WIN32_WINNT=0x0A00" "-D_CRT_SECURE_NO_WARNINGS" "-march=native" "-mrtm" "-DALLOW_EXPERIMENTAL_API" -MD -MQ app/dpdk-testpmd.exe.p/test-pmd_cmdline.c.obj -MF "app\dpdk-testpmd.exe.p\test-pmd_cmdline.c.obj.d" -o app/dpdk-testpmd.exe.p/test-pmd_cmdline.c.obj "-c" ../app/test-pmd/cmdline.c
../app/test-pmd/cmdline.c:13:10: fatal error: 'libgen.h' file not found
#include <libgen.h>
^~~~~~~~~~
1 error generated.
[638/809] Compiling C object drivers/librte_net_ring.a.p/meson-generated_.._rte_net_ring.pmd.c.obj
[639/809] Compiling C object drivers/rte_net_ring-25.dll.p/meson-generated_.._rte_net_ring.pmd.c.obj
[640/809] Compiling C object app/dpdk-testpmd.exe.p/test-pmd_hairpin.c.obj
[641/809] Compiling C object app/dpdk-testpmd.exe.p/test-pmd_parameters.c.obj
[642/809] Compiling C object app/dpdk-testpmd.exe.p/test-pmd_icmpecho.c.obj
[643/809] Compiling C object app/dpdk-testpmd.exe.p/test-pmd_ieee1588fwd.c.obj
[644/809] Compiling C object app/dpdk-testpmd.exe.p/test-pmd_flowgen.c.obj
[645/809] Compiling C object app/dpdk-testpmd.exe.p/test-pmd_csumonly.c.obj
[646/809] Compiling C object app/dpdk-testpmd.exe.p/test-pmd_noisy_vnf.c.obj
ninja: build stopped: subcommand failed.
==== End log output ====

Ubuntu 20.04
	Kernel: 4.19
	Compiler: gcc gcc (Ubuntu 9.4.0-1ubuntu1~20.04.2) 9.4.0

CentOS Stream 9
	Kernel: 5.15
	Compiler: gcc gcc (GCC) 11.5.0 20240719 (Red Hat 11.5.0-7)

CentOS Stream 10
	Kernel: 5.15
	Compiler: gcc gcc (GCC) 14.2.1 20250110 (Red Hat 14.2.1-8)

Debian GNU/Linux 12
	Kernel: 5.15
	Compiler: gcc gcc (Debian 12.2.0-14+deb12u1) 12.2.0

Fedora Linux 40
	Kernel: 5.15
	Compiler: gcc gcc (GCC) 14.2.1 20240912 (Red Hat 14.2.1-3)

Fedora Linux 41
	Kernel: 5.15
	Compiler: clang gcc (GCC) 14.3.1 20250523 (Red Hat 14.3.1-1)

openSUSE Leap 15.6
	Kernel: 5.15
	Compiler: gcc gcc (SUSE Linux) 7.5.0

Red Hat Enterprise Linux 8.10
	Kernel: 5.15
	Compiler: gcc gcc (GCC) 8.5.0 20210514 (Red Hat 8.5.0-22)

Red Hat Enterprise Linux 9.5
	Kernel: 5.15
	Compiler: gcc gcc (GCC) 11.5.0 20240719 (Red Hat 11.5.0-2)

Ubuntu 22.04
	Kernel: 5.15
	Compiler: gcc gcc (Ubuntu 11.4.0-1ubuntu1~22.04) 11.4.0

Ubuntu 24.04
	Kernel: 5.15
	Compiler: gcc gcc (Ubuntu 13.3.0-6ubuntu2~24.04) 13.3.0

Alpine Linux 3.22.0
	Kernel: 5.15
	Compiler: gcc gcc (Alpine 14.2.0) 14.2.0

Windows Server 2022
	Kernel: 10.0.20348.2031
	Compiler: clang 15.0.7, gcc 14.1.0 (MinGW), and MSVC VS 19.39.33521

To view detailed results, visit:
https://lab.dpdk.org/results/dashboard/patchsets/33596/

UNH-IOL DPDK Community Lab

To manage your email subscriptions, visit: 
https://lab.dpdk.org/results/dashboard/preferences/subscriptions/

^ permalink raw reply	[flat|nested] 18+ messages in thread

* |SUCCESS| pw155014-155016 [PATCH] [v2,3/3] app/testpmd: improve outp
       [not found] <20250704183437.25901-4-bruce.richardson@intel.com>
                   ` (9 preceding siblings ...)
  2025-07-04 23:35 ` |FAILURE| " dpdklab
@ 2025-07-04 23:43 ` dpdklab
  2025-07-04 23:45 ` dpdklab
                   ` (6 subsequent siblings)
  17 siblings, 0 replies; 18+ messages in thread
From: dpdklab @ 2025-07-04 23:43 UTC (permalink / raw)
  To: Test Report; +Cc: dpdk-test-reports

Test-Label: iol-sample-apps-testing
Test-Status: SUCCESS
http://dpdk.org/patch/155016

_Testing PASS_

Submitter: Bruce Richardson <bruce.richardson@intel.com>
Date: Friday, July 04 2025 18:34:36 
DPDK git baseline: Repo:dpdk
  Branch: master
  CommitID:b18c543ec30729ccc7708a6e064a1f9db5d8c11f

155014-155016 --> testing pass

Upstream job id: Template-DTS-Pipeline#235143

Test environment and result as below:

+--------------+----------------------+
| Environment  | compressdev_zlib_pmd |
+==============+======================+
| Ubuntu 22.04 | PASS                 |
+--------------+----------------------+


Ubuntu 22.04
	Kernel: 5.15
	Compiler: gcc gcc (Ubuntu 11.4.0-1ubuntu1~22.04) 11.4.0

To view detailed results, visit:
https://lab.dpdk.org/results/dashboard/patchsets/33596/

UNH-IOL DPDK Community Lab

To manage your email subscriptions, visit: 
https://lab.dpdk.org/results/dashboard/preferences/subscriptions/

^ permalink raw reply	[flat|nested] 18+ messages in thread

* |SUCCESS| pw155014-155016 [PATCH] [v2,3/3] app/testpmd: improve outp
       [not found] <20250704183437.25901-4-bruce.richardson@intel.com>
                   ` (10 preceding siblings ...)
  2025-07-04 23:43 ` |SUCCESS| " dpdklab
@ 2025-07-04 23:45 ` dpdklab
  2025-07-04 23:57 ` dpdklab
                   ` (5 subsequent siblings)
  17 siblings, 0 replies; 18+ messages in thread
From: dpdklab @ 2025-07-04 23:45 UTC (permalink / raw)
  To: Test Report; +Cc: dpdk-test-reports

Test-Label: iol-intel-Functional
Test-Status: SUCCESS
http://dpdk.org/patch/155016

_Functional Testing PASS_

Submitter: Bruce Richardson <bruce.richardson@intel.com>
Date: Friday, July 04 2025 18:34:36 
DPDK git baseline: Repo:dpdk
  Branch: master
  CommitID:b18c543ec30729ccc7708a6e064a1f9db5d8c11f

155014-155016 --> functional testing pass

Upstream job id: Template-DTS-Pipeline#235141

Test environment and result as below:

Ubuntu 22.04
Kernel: 5.15
Compiler: gcc gcc (Ubuntu 11.4.0-1ubuntu1~22.04) 11.4.0
NIC: Intel Corporation QAT 8970 0 Mbps

Aggregate Results by Test Suite
+----------------------------+--------+
|         Test Suite         | Result |
+============================+========+
| crypto_perf_cryptodev_perf |  PASS  |
+----------------------------+--------+


To view detailed results, visit:
https://lab.dpdk.org/results/dashboard/patchsets/33596/

UNH-IOL DPDK Community Lab

To manage your email subscriptions, visit: 
https://lab.dpdk.org/results/dashboard/preferences/subscriptions/

^ permalink raw reply	[flat|nested] 18+ messages in thread

* |SUCCESS| pw155014-155016 [PATCH] [v2,3/3] app/testpmd: improve outp
       [not found] <20250704183437.25901-4-bruce.richardson@intel.com>
                   ` (11 preceding siblings ...)
  2025-07-04 23:45 ` dpdklab
@ 2025-07-04 23:57 ` dpdklab
  2025-07-05  0:53 ` dpdklab
                   ` (4 subsequent siblings)
  17 siblings, 0 replies; 18+ messages in thread
From: dpdklab @ 2025-07-04 23:57 UTC (permalink / raw)
  To: Test Report; +Cc: dpdk-test-reports

Test-Label: iol-broadcom-Performance
Test-Status: SUCCESS
http://dpdk.org/patch/155016

_Performance Testing PASS_

Submitter: Bruce Richardson <bruce.richardson@intel.com>
Date: Friday, July 04 2025 18:34:36 
DPDK git baseline: Repo:dpdk
  Branch: master
  CommitID:b18c543ec30729ccc7708a6e064a1f9db5d8c11f

155014-155016 --> performance testing pass

Upstream job id: Template-DTS-Pipeline#235136

Test environment and result as below:

Ubuntu 22.04
Kernel: 5.15
Compiler: gcc gcc (Ubuntu 11.4.0-1ubuntu1~22.04) 11.4.0
NIC: Broadcom Inc. and subsidiaries BCM57414 NetXtreme-E 10Gb/25Gb RDMA Ethernet Controller 16d7 25 Mbps
Fail/Total: 0/3

Detail performance results: 
+------------+---------+----------+-------------+------------------------------+
| frame_size | txd/rxd | num_cpus | num_threads |  throughput difference from  |
|            |         |          |             |           expected           |
+============+=========+==========+=============+==============================+
| 64         | 128     | 1        | 1           | -0.7%                        |
+------------+---------+----------+-------------+------------------------------+
| 64         | 512     | 1        | 1           | -2.2%                        |
+------------+---------+----------+-------------+------------------------------+
| 64         | 2048    | 1        | 1           | -0.0%                        |
+------------+---------+----------+-------------+------------------------------+

Ubuntu 22.04
Kernel: 5.15
Compiler: gcc gcc (Ubuntu 11.4.0-1ubuntu1~22.04) 11.4.0
NIC: Arm Broadcom Inc. brcm_57414 25000 Mbps
Fail/Total: 0/2

Detail performance results: 
+------------+---------+----------+-------------+------------------------------+
| frame_size | txd/rxd | num_cpus | num_threads |  throughput difference from  |
|            |         |          |             |           expected           |
+============+=========+==========+=============+==============================+
| 64         | 512     | 1        | 1           | -0.1%                        |
+------------+---------+----------+-------------+------------------------------+
| 64         | 2048    | 1        | 1           | 0.0%                         |
+------------+---------+----------+-------------+------------------------------+

To view detailed results, visit:
https://lab.dpdk.org/results/dashboard/patchsets/33596/

UNH-IOL DPDK Community Lab

To manage your email subscriptions, visit: 
https://lab.dpdk.org/results/dashboard/preferences/subscriptions/

^ permalink raw reply	[flat|nested] 18+ messages in thread

* |SUCCESS| pw155014-155016 [PATCH] [v2,3/3] app/testpmd: improve outp
       [not found] <20250704183437.25901-4-bruce.richardson@intel.com>
                   ` (12 preceding siblings ...)
  2025-07-04 23:57 ` dpdklab
@ 2025-07-05  0:53 ` dpdklab
  2025-07-05  1:44 ` |FAILURE| " dpdklab
                   ` (3 subsequent siblings)
  17 siblings, 0 replies; 18+ messages in thread
From: dpdklab @ 2025-07-05  0:53 UTC (permalink / raw)
  To: Test Report; +Cc: dpdk-test-reports

Test-Label: iol-unit-amd64-testing
Test-Status: SUCCESS
http://dpdk.org/patch/155016

_Testing PASS_

Submitter: Bruce Richardson <bruce.richardson@intel.com>
Date: Friday, July 04 2025 18:34:36 
DPDK git baseline: Repo:dpdk
  Branch: master
  CommitID:b18c543ec30729ccc7708a6e064a1f9db5d8c11f

155014-155016 --> testing pass

Upstream job id: Generic-Unit-Test-DPDK#352729

Test environment and result as below:

+-------------------------------+----------------+
|          Environment          | dpdk_unit_test |
+===============================+================+
| CentOS Stream 10              | PASS           |
+-------------------------------+----------------+
| Debian GNU/Linux 12           | PASS           |
+-------------------------------+----------------+
| Fedora Linux 41               | PASS           |
+-------------------------------+----------------+
| Fedora Linux 40               | PASS           |
+-------------------------------+----------------+
| CentOS Stream 9               | PASS           |
+-------------------------------+----------------+
| Red Hat Enterprise Linux 8.10 | PASS           |
+-------------------------------+----------------+
| Ubuntu 22.04                  | PASS           |
+-------------------------------+----------------+
| Ubuntu 24.04                  | PASS           |
+-------------------------------+----------------+
| Red Hat Enterprise Linux 9.5  | PASS           |
+-------------------------------+----------------+
| Ubuntu 20.04                  | PASS           |
+-------------------------------+----------------+


CentOS Stream 10
	Kernel: 5.15
	Compiler: gcc gcc (GCC) 14.2.1 20250110 (Red Hat 14.2.1-8)

Debian GNU/Linux 12
	Kernel: 5.15
	Compiler: gcc gcc (Debian 12.2.0-14+deb12u1) 12.2.0

Fedora Linux 41
	Kernel: 5.15
	Compiler: gcc gcc (GCC) 14.3.1 20250523 (Red Hat 14.3.1-1)

Fedora Linux 40
	Kernel: 5.15
	Compiler: gcc gcc (GCC) 14.2.1 20240912 (Red Hat 14.2.1-3)

CentOS Stream 9
	Kernel: 5.15
	Compiler: gcc gcc (GCC) 11.5.0 20240719 (Red Hat 11.5.0-7)

Red Hat Enterprise Linux 8.10
	Kernel: 5.15
	Compiler: gcc gcc (GCC) 8.5.0 20210514 (Red Hat 8.5.0-22)

Ubuntu 22.04
	Kernel: 5.15
	Compiler: gcc gcc (Ubuntu 11.4.0-1ubuntu1~22.04) 11.4.0

Ubuntu 24.04
	Kernel: 5.15
	Compiler: gcc gcc (Ubuntu 13.3.0-6ubuntu2~24.04) 13.3.0

Red Hat Enterprise Linux 9.5
	Kernel: 5.15
	Compiler: gcc gcc (GCC) 11.5.0 20240719 (Red Hat 11.5.0-2)

Ubuntu 20.04
	Kernel: 5.15
	Compiler: gcc gcc (Ubuntu 9.4.0-1ubuntu1~20.04.2) 9.4.0

To view detailed results, visit:
https://lab.dpdk.org/results/dashboard/patchsets/33596/

UNH-IOL DPDK Community Lab

To manage your email subscriptions, visit: 
https://lab.dpdk.org/results/dashboard/preferences/subscriptions/

^ permalink raw reply	[flat|nested] 18+ messages in thread

* |FAILURE| pw155014-155016 [PATCH] [v2,3/3] app/testpmd: improve outp
       [not found] <20250704183437.25901-4-bruce.richardson@intel.com>
                   ` (13 preceding siblings ...)
  2025-07-05  0:53 ` dpdklab
@ 2025-07-05  1:44 ` dpdklab
  2025-07-05  1:59 ` |PENDING| " dpdklab
                   ` (2 subsequent siblings)
  17 siblings, 0 replies; 18+ messages in thread
From: dpdklab @ 2025-07-05  1:44 UTC (permalink / raw)
  To: Test Report; +Cc: dpdk-test-reports, Bruce Richardson

Test-Label: iol-unit-amd64-testing
Test-Status: FAILURE
http://dpdk.org/patch/155016

_Testing issues_

Submitter: Bruce Richardson <bruce.richardson@intel.com>
Date: Friday, July 04 2025 18:34:36 
DPDK git baseline: Repo:dpdk
  Branch: master
  CommitID:b18c543ec30729ccc7708a6e064a1f9db5d8c11f

155014-155016 --> testing issues

Upstream job id: Generic-VM-Unit-Test-DPDK#29730

Test environment and result as below:

+-------------------------------+----------------+
|          Environment          | dpdk_unit_test |
+===============================+================+
| CentOS Stream 10              | PASS           |
+-------------------------------+----------------+
| Debian GNU/Linux 12           | PASS           |
+-------------------------------+----------------+
| Fedora Linux 41               | PASS           |
+-------------------------------+----------------+
| Fedora Linux 40               | PASS           |
+-------------------------------+----------------+
| CentOS Stream 9               | PASS           |
+-------------------------------+----------------+
| Red Hat Enterprise Linux 8.10 | PASS           |
+-------------------------------+----------------+
| Ubuntu 22.04                  | PASS           |
+-------------------------------+----------------+
| Ubuntu 24.04                  | PASS           |
+-------------------------------+----------------+
| Red Hat Enterprise Linux 9.5  | PASS           |
+-------------------------------+----------------+
| Ubuntu 20.04                  | PASS           |
+-------------------------------+----------------+
| Windows Server 2022           | FAIL           |
+-------------------------------+----------------+

==== Unit test summary for Windows Server 2022 (dpdk_unit_test): ====
Failed to get the unit test results.
Displaying the unit test results is not supported for some environments,
such as our aarch32 testing, where meson is not used to run the tests.
Download the logs available on our CI site.
==== End log output ====

CentOS Stream 10
	Kernel: 5.15
	Compiler: gcc gcc (GCC) 14.2.1 20250110 (Red Hat 14.2.1-8)

Debian GNU/Linux 12
	Kernel: 5.15
	Compiler: gcc gcc (Debian 12.2.0-14+deb12u1) 12.2.0

Fedora Linux 41
	Kernel: 5.15
	Compiler: gcc gcc (GCC) 14.3.1 20250523 (Red Hat 14.3.1-1)

Fedora Linux 40
	Kernel: 5.15
	Compiler: gcc gcc (GCC) 14.2.1 20240912 (Red Hat 14.2.1-3)

CentOS Stream 9
	Kernel: 5.15
	Compiler: gcc gcc (GCC) 11.5.0 20240719 (Red Hat 11.5.0-7)

Red Hat Enterprise Linux 8.10
	Kernel: 5.15
	Compiler: gcc gcc (GCC) 8.5.0 20210514 (Red Hat 8.5.0-22)

Ubuntu 22.04
	Kernel: 5.15
	Compiler: gcc gcc (Ubuntu 11.4.0-1ubuntu1~22.04) 11.4.0

Ubuntu 24.04
	Kernel: 5.15
	Compiler: gcc gcc (Ubuntu 13.3.0-6ubuntu2~24.04) 13.3.0

Red Hat Enterprise Linux 9.5
	Kernel: 5.15
	Compiler: gcc gcc (GCC) 11.5.0 20240719 (Red Hat 11.5.0-2)

Ubuntu 20.04
	Kernel: 5.15
	Compiler: gcc gcc (Ubuntu 9.4.0-1ubuntu1~20.04.2) 9.4.0

Windows Server 2022
	Kernel: 10.0.20348.2031
	Compiler: clang 15.0.7, gcc 14.1.0 (MinGW), and MSVC VS 19.39.33521

To view detailed results, visit:
https://lab.dpdk.org/results/dashboard/patchsets/33596/

UNH-IOL DPDK Community Lab

To manage your email subscriptions, visit: 
https://lab.dpdk.org/results/dashboard/preferences/subscriptions/

^ permalink raw reply	[flat|nested] 18+ messages in thread

* |PENDING| pw155014-155016 [PATCH] [v2,3/3] app/testpmd: improve outp
       [not found] <20250704183437.25901-4-bruce.richardson@intel.com>
                   ` (14 preceding siblings ...)
  2025-07-05  1:44 ` |FAILURE| " dpdklab
@ 2025-07-05  1:59 ` dpdklab
  2025-07-05  2:08 ` |FAILURE| " dpdklab
  2025-07-05  2:21 ` |SUCCESS| " dpdklab
  17 siblings, 0 replies; 18+ messages in thread
From: dpdklab @ 2025-07-05  1:59 UTC (permalink / raw)
  To: Test Report; +Cc: dpdk-test-reports

Test-Label: iol-abi-testing
Test-Status: PENDING
http://dpdk.org/patch/155016

_Testing pending_

Submitter: Bruce Richardson <bruce.richardson@intel.com>
Date: Friday, July 04 2025 18:34:36 
DPDK git baseline: Repo:dpdk
  Branch: master
  CommitID:b18c543ec30729ccc7708a6e064a1f9db5d8c11f

155014-155016 --> testing pending

Upstream job id: Generic-DPDK-Compile-ABI#133118

Test environment and result as below:

+-------------------------------+----------+
|          Environment          | abi_test |
+===============================+==========+
| CentOS Stream 9               | PASS     |
+-------------------------------+----------+
| CentOS Stream 10              | PEND     |
+-------------------------------+----------+
| Fedora Linux 40               | PEND     |
+-------------------------------+----------+
| Debian GNU/Linux 12           | PEND     |
+-------------------------------+----------+
| Fedora Linux 41               | PEND     |
+-------------------------------+----------+
| openSUSE Leap 15.6            | PEND     |
+-------------------------------+----------+
| Red Hat Enterprise Linux 9.5  | PEND     |
+-------------------------------+----------+
| Ubuntu 22.04                  | PEND     |
+-------------------------------+----------+
| Red Hat Enterprise Linux 8.10 | PEND     |
+-------------------------------+----------+
| Ubuntu 24.04                  | PEND     |
+-------------------------------+----------+


CentOS Stream 9
	Kernel: 5.15
	Compiler: gcc gcc (GCC) 11.5.0 20240719 (Red Hat 11.5.0-7)

CentOS Stream 10
	Kernel: 5.15
	Compiler: gcc gcc (GCC) 14.2.1 20250110 (Red Hat 14.2.1-8)

Fedora Linux 40
	Kernel: 5.15
	Compiler: clang gcc (GCC) 14.2.1 20240912 (Red Hat 14.2.1-3)

Debian GNU/Linux 12
	Kernel: 5.15
	Compiler: gcc gcc (Debian 12.2.0-14+deb12u1) 12.2.0

Fedora Linux 41
	Kernel: 5.15
	Compiler: gcc gcc (GCC) 14.3.1 20250523 (Red Hat 14.3.1-1)

openSUSE Leap 15.6
	Kernel: 5.15
	Compiler: gcc gcc (SUSE Linux) 7.5.0

Red Hat Enterprise Linux 9.5
	Kernel: 5.15
	Compiler: gcc gcc (GCC) 11.5.0 20240719 (Red Hat 11.5.0-2)

Ubuntu 22.04
	Kernel: 5.15
	Compiler: gcc gcc (Ubuntu 11.4.0-1ubuntu1~22.04) 11.4.0

Red Hat Enterprise Linux 8.10
	Kernel: 5.15
	Compiler: gcc gcc (GCC) 8.5.0 20210514 (Red Hat 8.5.0-22)

Ubuntu 24.04
	Kernel: 5.15
	Compiler: gcc gcc (Ubuntu 13.3.0-6ubuntu2~24.04) 13.3.0

To view detailed results, visit:
https://lab.dpdk.org/results/dashboard/patchsets/33596/

UNH-IOL DPDK Community Lab

To manage your email subscriptions, visit: 
https://lab.dpdk.org/results/dashboard/preferences/subscriptions/

^ permalink raw reply	[flat|nested] 18+ messages in thread

* |FAILURE| pw155014-155016 [PATCH] [v2,3/3] app/testpmd: improve outp
       [not found] <20250704183437.25901-4-bruce.richardson@intel.com>
                   ` (15 preceding siblings ...)
  2025-07-05  1:59 ` |PENDING| " dpdklab
@ 2025-07-05  2:08 ` dpdklab
  2025-07-05  2:21 ` |SUCCESS| " dpdklab
  17 siblings, 0 replies; 18+ messages in thread
From: dpdklab @ 2025-07-05  2:08 UTC (permalink / raw)
  To: Test Report; +Cc: dpdk-test-reports, Bruce Richardson

Test-Label: iol-unit-amd64-testing
Test-Status: FAILURE
http://dpdk.org/patch/155016

_Testing issues_

Submitter: Bruce Richardson <bruce.richardson@intel.com>
Date: Friday, July 04 2025 18:34:36 
DPDK git baseline: Repo:dpdk
  Branch: master
  CommitID:b18c543ec30729ccc7708a6e064a1f9db5d8c11f

155014-155016 --> testing issues

Upstream job id: Generic-VM-Unit-Test-DPDK#29731

Test environment and result as below:

+-------------------------------+----------------+
|          Environment          | dpdk_unit_test |
+===============================+================+
| CentOS Stream 10              | PASS           |
+-------------------------------+----------------+
| Debian GNU/Linux 12           | PASS           |
+-------------------------------+----------------+
| Fedora Linux 41               | PASS           |
+-------------------------------+----------------+
| Fedora Linux 40               | PASS           |
+-------------------------------+----------------+
| CentOS Stream 9               | PASS           |
+-------------------------------+----------------+
| Red Hat Enterprise Linux 8.10 | PASS           |
+-------------------------------+----------------+
| Ubuntu 22.04                  | PASS           |
+-------------------------------+----------------+
| Ubuntu 24.04                  | PASS           |
+-------------------------------+----------------+
| Red Hat Enterprise Linux 9.5  | PASS           |
+-------------------------------+----------------+
| Ubuntu 20.04                  | PASS           |
+-------------------------------+----------------+
| Windows Server 2022           | FAIL           |
+-------------------------------+----------------+

==== Unit test summary for Windows Server 2022 (dpdk_unit_test): ====
Failed to get the unit test results.
Displaying the unit test results is not supported for some environments,
such as our aarch32 testing, where meson is not used to run the tests.
Download the logs available on our CI site.
==== End log output ====

CentOS Stream 10
	Kernel: 5.15
	Compiler: gcc gcc (GCC) 14.2.1 20250110 (Red Hat 14.2.1-8)

Debian GNU/Linux 12
	Kernel: 5.15
	Compiler: gcc gcc (Debian 12.2.0-14+deb12u1) 12.2.0

Fedora Linux 41
	Kernel: 5.15
	Compiler: gcc gcc (GCC) 14.3.1 20250523 (Red Hat 14.3.1-1)

Fedora Linux 40
	Kernel: 5.15
	Compiler: gcc gcc (GCC) 14.2.1 20240912 (Red Hat 14.2.1-3)

CentOS Stream 9
	Kernel: 5.15
	Compiler: gcc gcc (GCC) 11.5.0 20240719 (Red Hat 11.5.0-7)

Red Hat Enterprise Linux 8.10
	Kernel: 5.15
	Compiler: gcc gcc (GCC) 8.5.0 20210514 (Red Hat 8.5.0-22)

Ubuntu 22.04
	Kernel: 5.15
	Compiler: gcc gcc (Ubuntu 11.4.0-1ubuntu1~22.04) 11.4.0

Ubuntu 24.04
	Kernel: 5.15
	Compiler: gcc gcc (Ubuntu 13.3.0-6ubuntu2~24.04) 13.3.0

Red Hat Enterprise Linux 9.5
	Kernel: 5.15
	Compiler: gcc gcc (GCC) 11.5.0 20240719 (Red Hat 11.5.0-2)

Ubuntu 20.04
	Kernel: 5.15
	Compiler: gcc gcc (Ubuntu 9.4.0-1ubuntu1~20.04.2) 9.4.0

Windows Server 2022
	Kernel: 10.0.20348.2031
	Compiler: clang 15.0.7, gcc 14.1.0 (MinGW), and MSVC VS 19.39.33521

To view detailed results, visit:
https://lab.dpdk.org/results/dashboard/patchsets/33596/

UNH-IOL DPDK Community Lab

To manage your email subscriptions, visit: 
https://lab.dpdk.org/results/dashboard/preferences/subscriptions/

^ permalink raw reply	[flat|nested] 18+ messages in thread

* |SUCCESS| pw155014-155016 [PATCH] [v2,3/3] app/testpmd: improve outp
       [not found] <20250704183437.25901-4-bruce.richardson@intel.com>
                   ` (16 preceding siblings ...)
  2025-07-05  2:08 ` |FAILURE| " dpdklab
@ 2025-07-05  2:21 ` dpdklab
  17 siblings, 0 replies; 18+ messages in thread
From: dpdklab @ 2025-07-05  2:21 UTC (permalink / raw)
  To: Test Report; +Cc: dpdk-test-reports

Test-Label: iol-unit-arm64-testing
Test-Status: SUCCESS
http://dpdk.org/patch/155016

_Testing PASS_

Submitter: Bruce Richardson <bruce.richardson@intel.com>
Date: Friday, July 04 2025 18:34:36 
DPDK git baseline: Repo:dpdk
  Branch: master
  CommitID:b18c543ec30729ccc7708a6e064a1f9db5d8c11f

155014-155016 --> testing pass

Upstream job id: Generic-Unit-Test-DPDK#352736

Test environment and result as below:

+------------------------------+----------------+---------------------------+--------------+------------------------------+
|         Environment          | dpdk_unit_test | cryptodev_sw_zuc_autotest | lpm_autotest | cryptodev_sw_snow3g_autotest |
+==============================+================+===========================+==============+==============================+
| CentOS Stream 10             | PASS           | SKIPPED                   | SKIPPED      | SKIPPED                      |
+------------------------------+----------------+---------------------------+--------------+------------------------------+
| CentOS Stream 9              | PASS           | SKIPPED                   | SKIPPED      | SKIPPED                      |
+------------------------------+----------------+---------------------------+--------------+------------------------------+
| Fedora Linux 40              | PASS           | SKIPPED                   | SKIPPED      | SKIPPED                      |
+------------------------------+----------------+---------------------------+--------------+------------------------------+
| Debian GNU/Linux 12          | PASS           | SKIPPED                   | SKIPPED      | SKIPPED                      |
+------------------------------+----------------+---------------------------+--------------+------------------------------+
| Fedora Linux 41              | PASS           | SKIPPED                   | SKIPPED      | SKIPPED                      |
+------------------------------+----------------+---------------------------+--------------+------------------------------+
| Red Hat Enterprise Linux 9.5 | PASS           | SKIPPED                   | SKIPPED      | SKIPPED                      |
+------------------------------+----------------+---------------------------+--------------+------------------------------+
| Ubuntu 22.04                 | PASS           | SKIPPED                   | SKIPPED      | SKIPPED                      |
+------------------------------+----------------+---------------------------+--------------+------------------------------+
| Ubuntu 24.04                 | PASS           | SKIPPED                   | SKIPPED      | SKIPPED                      |
+------------------------------+----------------+---------------------------+--------------+------------------------------+
| Ubuntu 20.04                 | PASS           | SKIPPED                   | PASS         | SKIPPED                      |
+------------------------------+----------------+---------------------------+--------------+------------------------------+
| Debian 12 (arm)              | SKIPPED        | PASS                      | SKIPPED      | PASS                         |
+------------------------------+----------------+---------------------------+--------------+------------------------------+


CentOS Stream 10
	Kernel: 5.4
	Compiler: gcc gcc (GCC) 14.2.1 20250110 (Red Hat 14.2.1-8)

CentOS Stream 9
	Kernel: 5.4
	Compiler: gcc gcc (GCC) 11.5.0 20240719 (Red Hat 11.5.0-7)

Fedora Linux 40
	Kernel: 5.4
	Compiler: gcc gcc (GCC) 14.2.1 20240912 (Red Hat 14.2.1-3)

Debian GNU/Linux 12
	Kernel: 5.4
	Compiler: gcc gcc (Debian 12.2.0-14+deb12u1) 12.2.0

Fedora Linux 41
	Kernel: 5.4
	Compiler: clang gcc (GCC) 14.3.1 20250523 (Red Hat 14.3.1-1)

Red Hat Enterprise Linux 9.5
	Kernel: 5.4
	Compiler: gcc gcc (GCC) 11.5.0 20240719 (Red Hat 11.5.0-2)

Ubuntu 22.04
	Kernel: 5.4
	Compiler: gcc gcc (Ubuntu 11.4.0-1ubuntu1~22.04) 11.4.0

Ubuntu 24.04
	Kernel: 5.4
	Compiler: gcc gcc (Ubuntu 13.3.0-6ubuntu2~24.04) 13.3.0

Ubuntu 20.04
	Kernel: 5.4
	Compiler: gcc gcc (Ubuntu 9.4.0-1ubuntu1~20.04.2) 9.4.0

Debian 12 (arm)
	Kernel: Depends on container host
	Compiler: gcc (Debian 12.2.0-14) 12.2.0

To view detailed results, visit:
https://lab.dpdk.org/results/dashboard/patchsets/33596/

UNH-IOL DPDK Community Lab

To manage your email subscriptions, visit: 
https://lab.dpdk.org/results/dashboard/preferences/subscriptions/

^ permalink raw reply	[flat|nested] 18+ messages in thread

end of thread, other threads:[~2025-07-05  2:21 UTC | newest]

Thread overview: 18+ messages (download: mbox.gz / follow: Atom feed)
-- links below jump to the message on this page --
     [not found] <20250704183437.25901-4-bruce.richardson@intel.com>
2025-07-04 18:01 ` |SUCCESS| pw155014-155016 [PATCH v2 3/3] app/testpmd: improve output when processing cmdline files qemudev
2025-07-04 18:06 ` qemudev
2025-07-04 18:35 ` |SUCCESS| pw155016 " checkpatch
2025-07-04 19:43 ` |FAILURE| " 0-day Robot
2025-07-04 21:04 ` |SUCCESS| pw155014-155016 [PATCH] [v2,3/3] app/testpmd: improve outp dpdklab
2025-07-04 21:06 ` |PENDING| " dpdklab
2025-07-04 21:08 ` |FAILURE| " dpdklab
2025-07-04 21:19 ` |SUCCESS| " dpdklab
2025-07-04 21:39 ` |PENDING| " dpdklab
2025-07-04 23:35 ` |FAILURE| " dpdklab
2025-07-04 23:43 ` |SUCCESS| " dpdklab
2025-07-04 23:45 ` dpdklab
2025-07-04 23:57 ` dpdklab
2025-07-05  0:53 ` dpdklab
2025-07-05  1:44 ` |FAILURE| " dpdklab
2025-07-05  1:59 ` |PENDING| " dpdklab
2025-07-05  2:08 ` |FAILURE| " dpdklab
2025-07-05  2:21 ` |SUCCESS| " dpdklab

This is a public inbox, see mirroring instructions
for how to clone and mirror all data and code used for this inbox;
as well as URLs for NNTP newsgroup(s).