From: qemudev@loongson.cn
To: test-report@dpdk.org
Subject: |SUCCESS| pw155018 [PATCH v1] event/dlb2: add support for stop and restart dlb device
Date: Sun, 6 Jul 2025 02:37:24 +0800 [thread overview]
Message-ID: <202507051837.565IbOxr2803217@localhost.localdomain> (raw)
In-Reply-To: <20250705184209.924922-1-pravin.pathak@intel.com>
Test-Label: loongarch-compilation
Test-Status: SUCCESS
http://dpdk.org/patch/155018
_Compilation OK_
Submitter: Pravin Pathak <pravin.pathak@intel.com>
Date: Sat, 5 Jul 2025 13:42:09 -0500
DPDK git baseline: Repo:dpdk-next-eventdev
Branch: for-main
CommitID: 780a078533fe65635afefb9be8580853476676e5
155018 --> meson & ninja build successfully
Test environment and result as below:
+---------------------+----------------+
| Environment | compilation |
+---------------------+----------------+
| Loongnix-Server 8.3 | PASS |
+---------------------+----------------+
Loongnix-Server 8.3
Kernel: 4.19.190+
Compiler: gcc 8.3
next parent reply other threads:[~2025-07-05 19:13 UTC|newest]
Thread overview: 19+ messages / expand[flat|nested] mbox.gz Atom feed top
[not found] <20250705184209.924922-1-pravin.pathak@intel.com>
2025-07-05 18:37 ` qemudev [this message]
2025-07-05 18:41 ` |WARNING| " checkpatch
2025-07-05 18:42 ` |SUCCESS| " qemudev
2025-07-05 20:03 ` 0-day Robot
2025-07-05 20:12 ` |SUCCESS| pw155018 [PATCH] [v1] event/dlb2: add support for stop and dpdklab
2025-07-05 20:15 ` |PENDING| " dpdklab
2025-07-05 20:19 ` |SUCCESS| " dpdklab
2025-07-05 20:20 ` |PENDING| " dpdklab
2025-07-05 20:32 ` dpdklab
2025-07-05 20:45 ` |SUCCESS| " dpdklab
2025-07-05 20:49 ` dpdklab
2025-07-05 20:56 ` dpdklab
2025-07-05 20:57 ` |FAILURE| " dpdklab
2025-07-05 21:11 ` dpdklab
2025-07-05 21:17 ` |SUCCESS| " dpdklab
2025-07-05 21:22 ` |WARNING| " dpdklab
2025-07-05 21:50 ` |SUCCESS| " dpdklab
2025-07-05 21:58 ` |WARNING| " dpdklab
2025-07-05 22:02 ` |SUCCESS| " dpdklab
Reply instructions:
You may reply publicly to this message via plain-text email
using any one of the following methods:
* Save the following mbox file, import it into your mail client,
and reply-to-all from there: mbox
Avoid top-posting and favor interleaved quoting:
https://en.wikipedia.org/wiki/Posting_style#Interleaved_style
* Reply using the --to, --cc, and --in-reply-to
switches of git-send-email(1):
git send-email \
--in-reply-to=202507051837.565IbOxr2803217@localhost.localdomain \
--to=qemudev@loongson.cn \
--cc=test-report@dpdk.org \
/path/to/YOUR_REPLY
https://kernel.org/pub/software/scm/git/docs/git-send-email.html
* If your mail client supports setting the In-Reply-To header
via mailto: links, try the mailto: link
Be sure your reply has a Subject: header at the top and a blank line
before the message body.
This is a public inbox, see mirroring instructions
for how to clone and mirror all data and code used for this inbox;
as well as URLs for NNTP newsgroup(s).