From: qemudev@loongson.cn
To: test-report@dpdk.org
Subject: |SUCCESS| pw155018 [PATCH v1] event/dlb2: add support for stop and restart dlb device
Date: Sun, 6 Jul 2025 02:42:27 +0800 [thread overview]
Message-ID: <202507051842.565IgRtc2805276@localhost.localdomain> (raw)
In-Reply-To: <20250705184209.924922-1-pravin.pathak@intel.com>
Test-Label: loongarch-unit-testing
Test-Status: SUCCESS
http://dpdk.org/patch/155018
_Unit Testing PASS_
Submitter: Pravin Pathak <pravin.pathak@intel.com>
Date: Sat, 5 Jul 2025 13:42:09 -0500
DPDK git baseline: Repo:dpdk-next-eventdev
Branch: for-main
CommitID: 780a078533fe65635afefb9be8580853476676e5
155018 --> testing pass
Test environment and result as below:
+---------------------+----------------+
| Environment | dpdk_unit_test |
+---------------------+----------------+
| Loongnix-Server 8.3 | PASS |
+---------------------+----------------+
Loongnix-Server 8.3
Kernel: 4.19.190+
Compiler: gcc 8.3
Test result details:
1/121 DPDK:fast-tests / acl_autotest OK 3.33s
2/121 DPDK:fast-tests / alarm_autotest OK 1.60s
3/121 DPDK:fast-tests / argparse_autotest OK 0.62s
4/121 DPDK:fast-tests / atomic_autotest OK 7.30s
5/121 DPDK:fast-tests / bitcount_autotest OK 0.63s
6/121 DPDK:fast-tests / bitmap_autotest OK 0.60s
7/121 DPDK:fast-tests / bitops_autotest OK 2.12s
8/121 DPDK:fast-tests / bitratestats_autotest OK 0.62s
9/121 DPDK:fast-tests / bitset_autotest OK 3.32s
10/121 DPDK:fast-tests / bpf_autotest OK 0.62s
11/121 DPDK:fast-tests / bpf_convert_autotest OK 0.62s
12/121 DPDK:fast-tests / byteorder_autotest OK 0.61s
13/121 DPDK:fast-tests / cfgfile_autotest OK 0.62s
14/121 DPDK:fast-tests / cksum_autotest OK 0.61s
15/121 DPDK:fast-tests / cmdline_autotest OK 0.62s
16/121 DPDK:fast-tests / common_autotest OK 1.46s
17/121 DPDK:fast-tests / compressdev_autotest SKIP 0.08s exit status 77
18/121 DPDK:fast-tests / cpuflags_autotest OK 0.63s
19/121 DPDK:fast-tests / crc_autotest OK 0.62s
20/121 DPDK:fast-tests / user_delay_us OK 0.61s
21/121 DPDK:fast-tests / debug_autotest OK 29.31s
22/121 DPDK:fast-tests / devargs_autotest OK 0.61s
23/121 DPDK:fast-tests / dispatcher_autotest OK 2.57s
24/121 DPDK:fast-tests / distributor_autotest OK 1.20s
25/121 DPDK:fast-tests / eal_flags_c_opt_autotest OK 0.73s
26/121 DPDK:fast-tests / eal_flags_main_opt_autotest OK 0.22s
27/121 DPDK:fast-tests / eal_flags_n_opt_autotest OK 0.20s
28/121 DPDK:fast-tests / eal_flags_hpet_autotest OK 0.14s
29/121 DPDK:fast-tests / eal_flags_no_huge_autotest OK 0.22s
30/121 DPDK:fast-tests / eal_flags_a_opt_autotest OK 0.29s
31/121 DPDK:fast-tests / eal_flags_b_opt_autotest OK 0.24s
32/121 DPDK:fast-tests / eal_flags_vdev_opt_autotest OK 0.20s
33/121 DPDK:fast-tests / eal_flags_r_opt_autotest OK 0.19s
34/121 DPDK:fast-tests / eal_flags_mem_autotest OK 0.59s
35/121 DPDK:fast-tests / eal_flags_file_prefix_autotest OK 22.26s
36/121 DPDK:fast-tests / eal_flags_misc_autotest OK 1.02s
37/121 DPDK:fast-tests / eal_fs_autotest OK 0.62s
38/121 DPDK:fast-tests / errno_autotest OK 0.53s
39/121 DPDK:fast-tests / ethdev_link_status OK 0.62s
40/121 DPDK:fast-tests / event_eth_tx_adapter_autotest OK 1.69s
41/121 DPDK:fast-tests / event_ring_autotest OK 0.62s
42/121 DPDK:fast-tests / event_vector_adapter_autotest OK 0.97s
43/121 DPDK:fast-tests / eventdev_common_autotest OK 0.62s
44/121 DPDK:fast-tests / eventdev_selftest_sw OK 7.41s
45/121 DPDK:fast-tests / fbarray_autotest OK 0.63s
46/121 DPDK:fast-tests / fib_autotest OK 1.44s
47/121 DPDK:fast-tests / fib6_autotest OK 1.24s
48/121 DPDK:fast-tests / func_reentrancy_autotest OK 2.19s
49/121 DPDK:fast-tests / graph_autotest OK 0.63s
50/121 DPDK:fast-tests / node_list_dump OK 0.62s
51/121 DPDK:fast-tests / graph_feature_arc_autotest OK 0.62s
52/121 DPDK:fast-tests / hash_autotest OK 1.24s
53/121 DPDK:fast-tests / hash_readwrite_func_autotest OK 6.40s
54/121 DPDK:fast-tests / interrupt_autotest OK 1.92s
55/121 DPDK:fast-tests / ipfrag_autotest OK 0.08s
56/121 DPDK:fast-tests / ipsec_autotest SKIP 0.63s exit status 77
57/121 DPDK:fast-tests / kvargs_autotest OK 0.62s
58/121 DPDK:fast-tests / latencystats_autotest OK 0.62s
59/121 DPDK:fast-tests / lcore_var_autotest OK 0.73s
60/121 DPDK:fast-tests / lcores_autotest OK 5.42s
61/121 DPDK:fast-tests / logs_autotest OK 0.62s
62/121 DPDK:fast-tests / lpm_autotest OK 2.66s
63/121 DPDK:fast-tests / lpm6_autotest OK 5.79s
64/121 DPDK:fast-tests / malloc_autotest OK 61.54s
65/121 DPDK:fast-tests / mbuf_autotest OK 5.17s
66/121 DPDK:fast-tests / mcslock_autotest OK 4.40s
67/121 DPDK:fast-tests / member_autotest OK 1.80s
68/121 DPDK:fast-tests / memcpy_autotest OK 7.13s
69/121 DPDK:fast-tests / memory_autotest OK 0.11s
70/121 DPDK:fast-tests / mempool_autotest OK 0.45s
71/121 DPDK:fast-tests / memzone_autotest OK 0.15s
72/121 DPDK:fast-tests / meter_autotest OK 0.62s
73/121 DPDK:fast-tests / metrics_autotest OK 0.61s
74/121 DPDK:fast-tests / multiprocess_autotest OK 0.19s
75/121 DPDK:fast-tests / net_ether_autotest OK 1.28s
76/121 DPDK:fast-tests / net_ipv6_autotest OK 0.61s
77/121 DPDK:fast-tests / pcapng_autotest OK 6.56s
78/121 DPDK:fast-tests / pdcp_autotest SKIP 0.07s exit status 77
79/121 DPDK:fast-tests / pdump_autotest OK 0.74s
80/121 DPDK:fast-tests / per_lcore_autotest OK 0.71s
81/121 DPDK:fast-tests / pflock_autotest OK 1.43s
82/121 DPDK:fast-tests / pie_autotest OK 0.62s
83/121 DPDK:fast-tests / ring_pmd_autotest OK 0.62s
84/121 DPDK:fast-tests / power_autotest OK 0.62s
85/121 DPDK:fast-tests / power_cpufreq_autotest SKIP 0.08s exit status 77
86/121 DPDK:fast-tests / power_intel_uncore_autotest SKIP 0.62s exit status 77
87/121 DPDK:fast-tests / power_kvm_vm_autotest SKIP 0.08s exit status 77
88/121 DPDK:fast-tests / prefetch_autotest OK 0.62s
89/121 DPDK:fast-tests / ptr_compress_autotest OK 0.62s
90/121 DPDK:fast-tests / rawdev_autotest OK 0.62s
91/121 DPDK:fast-tests / rcu_qsbr_autotest OK 1.13s
92/121 DPDK:fast-tests / reorder_autotest OK 0.67s
93/121 DPDK:fast-tests / rib_autotest OK 9.27s
94/121 DPDK:fast-tests / rib6_autotest OK 9.26s
95/121 DPDK:fast-tests / ring_autotest OK 0.65s
96/121 DPDK:fast-tests / rwlock_test1_autotest OK 1.36s
97/121 DPDK:fast-tests / rwlock_rda_autotest OK 5.62s
98/121 DPDK:fast-tests / rwlock_rds_wrm_autotest OK 5.61s
99/121 DPDK:fast-tests / rwlock_rde_wro_autotest OK 5.62s
100/121 DPDK:fast-tests / sched_autotest OK 0.62s
101/121 DPDK:fast-tests / security_autotest OK 0.08s
102/121 DPDK:fast-tests / seqlock_autotest OK 2.62s
103/121 DPDK:fast-tests / service_autotest OK 3.29s
104/121 DPDK:fast-tests / soring_autotest OK 0.45s
105/121 DPDK:fast-tests / spinlock_autotest OK 0.69s
106/121 DPDK:fast-tests / stack_autotest OK 0.88s
107/121 DPDK:fast-tests / stack_lf_autotest SKIP 0.06s exit status 77
108/121 DPDK:fast-tests / string_autotest OK 0.62s
109/121 DPDK:fast-tests / table_autotest OK 7.99s
110/121 DPDK:fast-tests / tailq_autotest OK 0.62s
111/121 DPDK:fast-tests / telemetry_data_autotest OK 0.62s
112/121 DPDK:fast-tests / telemetry_json_autotest OK 0.62s
113/121 DPDK:fast-tests / thash_autotest OK 0.63s
114/121 DPDK:fast-tests / threads_autotest OK 0.78s
115/121 DPDK:fast-tests / ticketlock_autotest OK 0.78s
116/121 DPDK:fast-tests / timer_autotest OK 3.88s
117/121 DPDK:fast-tests / trace_autotest OK 0.61s
118/121 DPDK:fast-tests / trace_autotest_with_traces OK 0.61s
119/121 DPDK:fast-tests / vdev_autotest OK 0.61s
120/121 DPDK:fast-tests / version_autotest OK 0.61s
121/121 DPDK:fast-tests / telemetry_all OK 1.33s
Ok: 114
Expected Fail: 0
Fail: 0
Unexpected Pass: 0
Skipped: 7
Timeout: 0
next prev parent reply other threads:[~2025-07-05 19:19 UTC|newest]
Thread overview: 19+ messages / expand[flat|nested] mbox.gz Atom feed top
[not found] <20250705184209.924922-1-pravin.pathak@intel.com>
2025-07-05 18:37 ` qemudev
2025-07-05 18:41 ` |WARNING| " checkpatch
2025-07-05 18:42 ` qemudev [this message]
2025-07-05 20:03 ` |SUCCESS| " 0-day Robot
2025-07-05 20:12 ` |SUCCESS| pw155018 [PATCH] [v1] event/dlb2: add support for stop and dpdklab
2025-07-05 20:15 ` |PENDING| " dpdklab
2025-07-05 20:19 ` |SUCCESS| " dpdklab
2025-07-05 20:20 ` |PENDING| " dpdklab
2025-07-05 20:32 ` dpdklab
2025-07-05 20:45 ` |SUCCESS| " dpdklab
2025-07-05 20:49 ` dpdklab
2025-07-05 20:56 ` dpdklab
2025-07-05 20:57 ` |FAILURE| " dpdklab
2025-07-05 21:11 ` dpdklab
2025-07-05 21:17 ` |SUCCESS| " dpdklab
2025-07-05 21:22 ` |WARNING| " dpdklab
2025-07-05 21:50 ` |SUCCESS| " dpdklab
2025-07-05 21:58 ` |WARNING| " dpdklab
2025-07-05 22:02 ` |SUCCESS| " dpdklab
Reply instructions:
You may reply publicly to this message via plain-text email
using any one of the following methods:
* Save the following mbox file, import it into your mail client,
and reply-to-all from there: mbox
Avoid top-posting and favor interleaved quoting:
https://en.wikipedia.org/wiki/Posting_style#Interleaved_style
* Reply using the --to, --cc, and --in-reply-to
switches of git-send-email(1):
git send-email \
--in-reply-to=202507051842.565IgRtc2805276@localhost.localdomain \
--to=qemudev@loongson.cn \
--cc=test-report@dpdk.org \
/path/to/YOUR_REPLY
https://kernel.org/pub/software/scm/git/docs/git-send-email.html
* If your mail client supports setting the In-Reply-To header
via mailto: links, try the mailto: link
Be sure your reply has a Subject: header at the top and a blank line
before the message body.
This is a public inbox, see mirroring instructions
for how to clone and mirror all data and code used for this inbox;
as well as URLs for NNTP newsgroup(s).