From: qemudev@loongson.cn
To: test-report@dpdk.org
Subject: |SUCCESS| pw155021-155026 [PATCH v1 6/6] net/zxdh: add support I510/511 PF device ID
Date: Mon, 7 Jul 2025 13:51:30 +0800 [thread overview]
Message-ID: <202507070551.5675pU5e3171047@localhost.localdomain> (raw)
In-Reply-To: <20250707055621.357606-6-wang.junlong1@zte.com.cn>
Test-Label: loongarch-compilation
Test-Status: SUCCESS
http://dpdk.org/patch/155026
_Compilation OK_
Submitter: Junlong Wang <wang.junlong1@zte.com.cn>
Date: Mon, 7 Jul 2025 13:56:16 +0800
DPDK git baseline: Repo:dpdk-next-net
Branch: main
CommitID: a288c0dee9221fd2acf4f079ef1b1ff04135aedd
155021-155026 --> meson & ninja build successfully
Test environment and result as below:
+---------------------+----------------+
| Environment | compilation |
+---------------------+----------------+
| Loongnix-Server 8.3 | PASS |
+---------------------+----------------+
Loongnix-Server 8.3
Kernel: 4.19.190+
Compiler: gcc 8.3
next parent reply other threads:[~2025-07-07 6:28 UTC|newest]
Thread overview: 24+ messages / expand[flat|nested] mbox.gz Atom feed top
[not found] <20250707055621.357606-6-wang.junlong1@zte.com.cn>
2025-07-07 5:51 ` qemudev [this message]
2025-07-07 5:56 ` qemudev
2025-07-07 6:05 ` |SUCCESS| pw155026 " checkpatch
2025-07-07 6:48 ` |SUCCESS| pw155021-155026 [PATCH] [v1,6/6] net/zxdh: add support I51 dpdklab
2025-07-07 6:48 ` dpdklab
2025-07-07 6:51 ` |PENDING| " dpdklab
2025-07-07 6:56 ` |FAILURE| " dpdklab
2025-07-07 6:57 ` |PENDING| " dpdklab
2025-07-07 7:01 ` |SUCCESS| " dpdklab
2025-07-07 7:15 ` |PENDING| " dpdklab
2025-07-07 7:22 ` |FAILURE| " dpdklab
2025-07-07 7:23 ` |SUCCESS| pw155026 [PATCH v1 6/6] net/zxdh: add support I510/511 PF device ID 0-day Robot
2025-07-07 7:30 ` |SUCCESS| pw155021-155026 [PATCH] [v1,6/6] net/zxdh: add support I51 dpdklab
2025-07-07 8:28 ` dpdklab
2025-07-07 8:28 ` dpdklab
2025-07-07 9:06 ` dpdklab
2025-07-07 9:24 ` dpdklab
2025-07-07 9:59 ` |WARNING| " dpdklab
2025-07-07 10:49 ` dpdklab
2025-07-07 10:50 ` |SUCCESS| " dpdklab
2025-07-07 10:54 ` dpdklab
2025-07-07 11:28 ` dpdklab
2025-07-07 11:46 ` dpdklab
2025-07-07 12:18 ` |FAILURE| " dpdklab
Reply instructions:
You may reply publicly to this message via plain-text email
using any one of the following methods:
* Save the following mbox file, import it into your mail client,
and reply-to-all from there: mbox
Avoid top-posting and favor interleaved quoting:
https://en.wikipedia.org/wiki/Posting_style#Interleaved_style
* Reply using the --to, --cc, and --in-reply-to
switches of git-send-email(1):
git send-email \
--in-reply-to=202507070551.5675pU5e3171047@localhost.localdomain \
--to=qemudev@loongson.cn \
--cc=test-report@dpdk.org \
/path/to/YOUR_REPLY
https://kernel.org/pub/software/scm/git/docs/git-send-email.html
* If your mail client supports setting the In-Reply-To header
via mailto: links, try the mailto: link
Be sure your reply has a Subject: header at the top and a blank line
before the message body.
This is a public inbox, see mirroring instructions
for how to clone and mirror all data and code used for this inbox;
as well as URLs for NNTP newsgroup(s).