automatic DPDK test reports
 help / color / mirror / Atom feed
* |SUCCESS| pw155057 [PATCH] doc/mlx5: document firmware requirement for flex item
       [not found] <20250708114921.1031027-1-khadem@dreambigsemi.com>
@ 2025-07-08 11:21 ` qemudev
  2025-07-08 11:26 ` qemudev
                   ` (2 subsequent siblings)
  3 siblings, 0 replies; 4+ messages in thread
From: qemudev @ 2025-07-08 11:21 UTC (permalink / raw)
  To: test-report

Test-Label: loongarch-compilation
Test-Status: SUCCESS
http://dpdk.org/patch/155057

_Compilation OK_

Submitter: Khadem Ullah <14pwcse1224@uetpeshawar.edu.pk>
Date: Tue,  8 Jul 2025 07:49:21 -0400
DPDK git baseline: Repo:dpdk-next-net-mlx
  Branch: for-next-net
  CommitID: e2888614268cbf0abcc7cd72ad97ff4e4901d0a5

155057 --> meson & ninja build successfully

Test environment and result as below:

+---------------------+----------------+
|     Environment     | compilation    |
+---------------------+----------------+
| Loongnix-Server 8.3 | PASS           |
+---------------------+----------------+

Loongnix-Server 8.3
    Kernel: 4.19.190+
    Compiler: gcc 8.3


^ permalink raw reply	[flat|nested] 4+ messages in thread

* |SUCCESS| pw155057 [PATCH] doc/mlx5: document firmware requirement for flex item
       [not found] <20250708114921.1031027-1-khadem@dreambigsemi.com>
  2025-07-08 11:21 ` |SUCCESS| pw155057 [PATCH] doc/mlx5: document firmware requirement for flex item qemudev
@ 2025-07-08 11:26 ` qemudev
  2025-07-08 11:49 ` |WARNING| " checkpatch
  2025-07-08 12:43 ` |FAILURE| " 0-day Robot
  3 siblings, 0 replies; 4+ messages in thread
From: qemudev @ 2025-07-08 11:26 UTC (permalink / raw)
  To: test-report

Test-Label: loongarch-unit-testing
Test-Status: SUCCESS
http://dpdk.org/patch/155057

_Unit Testing PASS_

Submitter: Khadem Ullah <14pwcse1224@uetpeshawar.edu.pk>
Date: Tue,  8 Jul 2025 07:49:21 -0400
DPDK git baseline: Repo:dpdk-next-net-mlx
  Branch: for-next-net
  CommitID: e2888614268cbf0abcc7cd72ad97ff4e4901d0a5

155057 --> testing pass

Test environment and result as below:

+---------------------+----------------+
|     Environment     | dpdk_unit_test |
+---------------------+----------------+
| Loongnix-Server 8.3 | PASS           |
+---------------------+----------------+

Loongnix-Server 8.3
    Kernel: 4.19.190+
    Compiler: gcc 8.3


Test result details:
  1/120 DPDK:fast-tests / acl_autotest                            OK              3.15s
  2/120 DPDK:fast-tests / alarm_autotest                          OK              1.43s
  3/120 DPDK:fast-tests / argparse_autotest                       OK              0.42s
  4/120 DPDK:fast-tests / atomic_autotest                         OK              7.29s
  5/120 DPDK:fast-tests / bitcount_autotest                       OK              0.63s
  6/120 DPDK:fast-tests / bitmap_autotest                         OK              0.62s
  7/120 DPDK:fast-tests / bitops_autotest                         OK              2.11s
  8/120 DPDK:fast-tests / bitratestats_autotest                   OK              0.61s
  9/120 DPDK:fast-tests / bitset_autotest                         OK              3.33s
 10/120 DPDK:fast-tests / bpf_autotest                            OK              0.62s
 11/120 DPDK:fast-tests / bpf_convert_autotest                    OK              0.62s
 12/120 DPDK:fast-tests / byteorder_autotest                      OK              0.61s
 13/120 DPDK:fast-tests / cfgfile_autotest                        OK              0.69s
 14/120 DPDK:fast-tests / cksum_autotest                          OK              0.61s
 15/120 DPDK:fast-tests / cmdline_autotest                        OK              0.61s
 16/120 DPDK:fast-tests / common_autotest                         OK              1.49s
 17/120 DPDK:fast-tests / compressdev_autotest                    SKIP            0.08s   exit status 77
 18/120 DPDK:fast-tests / cpuflags_autotest                       OK              0.61s
 19/120 DPDK:fast-tests / crc_autotest                            OK              0.61s
 20/120 DPDK:fast-tests / user_delay_us                           OK              0.61s
 21/120 DPDK:fast-tests / debug_autotest                          OK             20.31s
 22/120 DPDK:fast-tests / devargs_autotest                        OK              0.61s
 23/120 DPDK:fast-tests / dispatcher_autotest                     OK              2.51s
 24/120 DPDK:fast-tests / distributor_autotest                    OK              1.21s
 25/120 DPDK:fast-tests / eal_flags_c_opt_autotest                OK              0.81s
 26/120 DPDK:fast-tests / eal_flags_main_opt_autotest             OK              0.23s
 27/120 DPDK:fast-tests / eal_flags_n_opt_autotest                OK              0.21s
 28/120 DPDK:fast-tests / eal_flags_hpet_autotest                 OK              0.14s
 29/120 DPDK:fast-tests / eal_flags_no_huge_autotest              OK              0.23s
 30/120 DPDK:fast-tests / eal_flags_a_opt_autotest                OK              0.31s
 31/120 DPDK:fast-tests / eal_flags_b_opt_autotest                OK              0.26s
 32/120 DPDK:fast-tests / eal_flags_vdev_opt_autotest             OK              0.21s
 33/120 DPDK:fast-tests / eal_flags_r_opt_autotest                OK              0.20s
 34/120 DPDK:fast-tests / eal_flags_mem_autotest                  OK              0.61s
 35/120 DPDK:fast-tests / eal_flags_file_prefix_autotest          OK             22.28s
 36/120 DPDK:fast-tests / eal_flags_misc_autotest                 OK              1.07s
 37/120 DPDK:fast-tests / eal_fs_autotest                         OK              0.61s
 38/120 DPDK:fast-tests / errno_autotest                          OK              0.61s
 39/120 DPDK:fast-tests / ethdev_link_status                      OK              0.61s
 40/120 DPDK:fast-tests / event_eth_tx_adapter_autotest           OK              1.70s
 41/120 DPDK:fast-tests / event_ring_autotest                     OK              0.63s
 42/120 DPDK:fast-tests / eventdev_common_autotest                OK              0.62s
 43/120 DPDK:fast-tests / eventdev_selftest_sw                    OK              7.50s
 44/120 DPDK:fast-tests / fbarray_autotest                        OK              0.63s
 45/120 DPDK:fast-tests / fib_autotest                            OK              1.46s
 46/120 DPDK:fast-tests / fib6_autotest                           OK              1.24s
 47/120 DPDK:fast-tests / func_reentrancy_autotest                OK              2.29s
 48/120 DPDK:fast-tests / graph_autotest                          OK              0.62s
 49/120 DPDK:fast-tests / node_list_dump                          OK              0.61s
 50/120 DPDK:fast-tests / graph_feature_arc_autotest              OK              0.62s
 51/120 DPDK:fast-tests / hash_autotest                           OK              1.23s
 52/120 DPDK:fast-tests / hash_readwrite_func_autotest            OK              6.38s
 53/120 DPDK:fast-tests / interrupt_autotest                      OK              1.92s
 54/120 DPDK:fast-tests / ipfrag_autotest                         OK              0.08s
 55/120 DPDK:fast-tests / ipsec_autotest                          SKIP            0.62s   exit status 77
 56/120 DPDK:fast-tests / kvargs_autotest                         OK              0.62s
 57/120 DPDK:fast-tests / latencystats_autotest                   OK              0.62s
 58/120 DPDK:fast-tests / lcore_var_autotest                      OK              0.73s
 59/120 DPDK:fast-tests / lcores_autotest                         OK              5.42s
 60/120 DPDK:fast-tests / logs_autotest                           OK              0.61s
 61/120 DPDK:fast-tests / lpm_autotest                            OK              2.66s
 62/120 DPDK:fast-tests / lpm6_autotest                           OK              5.71s
 63/120 DPDK:fast-tests / malloc_autotest                         OK             63.14s
 64/120 DPDK:fast-tests / mbuf_autotest                           OK              4.67s
 65/120 DPDK:fast-tests / mcslock_autotest                        OK              3.12s
 66/120 DPDK:fast-tests / member_autotest                         OK              1.64s
 67/120 DPDK:fast-tests / memcpy_autotest                         OK              7.35s
 68/120 DPDK:fast-tests / memory_autotest                         OK              0.09s
 69/120 DPDK:fast-tests / mempool_autotest                        OK              0.45s
 70/120 DPDK:fast-tests / memzone_autotest                        OK              0.15s
 71/120 DPDK:fast-tests / meter_autotest                          OK              0.62s
 72/120 DPDK:fast-tests / metrics_autotest                        OK              0.61s
 73/120 DPDK:fast-tests / multiprocess_autotest                   OK              0.20s
 74/120 DPDK:fast-tests / net_ether_autotest                      OK              1.28s
 75/120 DPDK:fast-tests / net_ipv6_autotest                       OK              0.62s
 76/120 DPDK:fast-tests / pcapng_autotest                         OK              7.62s
 77/120 DPDK:fast-tests / pdcp_autotest                           SKIP            0.08s   exit status 77
 78/120 DPDK:fast-tests / pdump_autotest                          OK              0.74s
 79/120 DPDK:fast-tests / per_lcore_autotest                      OK              0.71s
 80/120 DPDK:fast-tests / pflock_autotest                         OK              1.42s
 81/120 DPDK:fast-tests / pie_autotest                            OK              0.62s
 82/120 DPDK:fast-tests / ring_pmd_autotest                       OK              0.61s
 83/120 DPDK:fast-tests / power_autotest                          OK              0.61s
 84/120 DPDK:fast-tests / power_cpufreq_autotest                  SKIP            0.08s   exit status 77
 85/120 DPDK:fast-tests / power_intel_uncore_autotest             SKIP            0.62s   exit status 77
 86/120 DPDK:fast-tests / power_kvm_vm_autotest                   SKIP            0.08s   exit status 77
 87/120 DPDK:fast-tests / prefetch_autotest                       OK              0.61s
 88/120 DPDK:fast-tests / ptr_compress_autotest                   OK              0.62s
 89/120 DPDK:fast-tests / rawdev_autotest                         OK              0.61s
 90/120 DPDK:fast-tests / rcu_qsbr_autotest                       OK              1.13s
 91/120 DPDK:fast-tests / reorder_autotest                        OK              0.67s
 92/120 DPDK:fast-tests / rib_autotest                            OK              9.26s
 93/120 DPDK:fast-tests / rib6_autotest                           OK              9.26s
 94/120 DPDK:fast-tests / ring_autotest                           OK              0.65s
 95/120 DPDK:fast-tests / rwlock_test1_autotest                   OK              1.36s
 96/120 DPDK:fast-tests / rwlock_rda_autotest                     OK              5.55s
 97/120 DPDK:fast-tests / rwlock_rds_wrm_autotest                 OK              5.61s
 98/120 DPDK:fast-tests / rwlock_rde_wro_autotest                 OK              5.62s
 99/120 DPDK:fast-tests / sched_autotest                          OK              0.62s
100/120 DPDK:fast-tests / security_autotest                       OK              0.08s
101/120 DPDK:fast-tests / seqlock_autotest                        OK              2.61s
102/120 DPDK:fast-tests / service_autotest                        OK              3.31s
103/120 DPDK:fast-tests / soring_autotest                         OK              0.62s
104/120 DPDK:fast-tests / spinlock_autotest                       OK              0.69s
105/120 DPDK:fast-tests / stack_autotest                          OK              0.88s
106/120 DPDK:fast-tests / stack_lf_autotest                       SKIP            0.07s   exit status 77
107/120 DPDK:fast-tests / string_autotest                         OK              0.62s
108/120 DPDK:fast-tests / table_autotest                          OK              7.73s
109/120 DPDK:fast-tests / tailq_autotest                          OK              0.62s
110/120 DPDK:fast-tests / telemetry_data_autotest                 OK              0.61s
111/120 DPDK:fast-tests / telemetry_json_autotest                 OK              0.62s
112/120 DPDK:fast-tests / thash_autotest                          OK              0.63s
113/120 DPDK:fast-tests / threads_autotest                        OK              0.80s
114/120 DPDK:fast-tests / ticketlock_autotest                     OK              0.77s
115/120 DPDK:fast-tests / timer_autotest                          OK              3.88s
116/120 DPDK:fast-tests / trace_autotest                          OK              0.62s
117/120 DPDK:fast-tests / trace_autotest_with_traces              OK              0.62s
118/120 DPDK:fast-tests / vdev_autotest                           OK              0.62s
119/120 DPDK:fast-tests / version_autotest                        OK              0.62s
120/120 DPDK:fast-tests / telemetry_all                           OK              1.33s


Ok:                 113
Expected Fail:      0
Fail:               0
Unexpected Pass:    0
Skipped:            7
Timeout:            0


^ permalink raw reply	[flat|nested] 4+ messages in thread

* |WARNING| pw155057 [PATCH] doc/mlx5: document firmware requirement for flex item
       [not found] <20250708114921.1031027-1-khadem@dreambigsemi.com>
  2025-07-08 11:21 ` |SUCCESS| pw155057 [PATCH] doc/mlx5: document firmware requirement for flex item qemudev
  2025-07-08 11:26 ` qemudev
@ 2025-07-08 11:49 ` checkpatch
  2025-07-08 12:43 ` |FAILURE| " 0-day Robot
  3 siblings, 0 replies; 4+ messages in thread
From: checkpatch @ 2025-07-08 11:49 UTC (permalink / raw)
  To: test-report; +Cc: Khadem Ullah

Test-Label: checkpatch
Test-Status: WARNING
http://dpdk.org/patch/155057

_coding style issues_


WARNING:COMMIT_LOG_LONG_LINE: Possible unwrapped commit description (prefer a maximum 75 chars per line)
#91: 
definitions using FIELD_MODE_FIXED with size set to 0, such as in 'next_header'.

total: 0 errors, 1 warnings, 10 lines checked

^ permalink raw reply	[flat|nested] 4+ messages in thread

* |FAILURE| pw155057 [PATCH] doc/mlx5: document firmware requirement for flex item
       [not found] <20250708114921.1031027-1-khadem@dreambigsemi.com>
                   ` (2 preceding siblings ...)
  2025-07-08 11:49 ` |WARNING| " checkpatch
@ 2025-07-08 12:43 ` 0-day Robot
  3 siblings, 0 replies; 4+ messages in thread
From: 0-day Robot @ 2025-07-08 12:43 UTC (permalink / raw)
  To: test-report; +Cc: 14pwcse1224, robot

From: robot@bytheb.org

Test-Label: github-robot: build
Test-Status: FAILURE
http://patchwork.dpdk.org/patch/155057/

_github build: failed_
Build URL: https://github.com/ovsrobot/dpdk/actions/runs/16142687317
Build Logs:
-----------------------Summary of failed steps-----------------------
"ubuntu-22.04-gcc-abi+debug+doc+examples+tests" failed at step Build and test
"ubuntu-22.04-clang-asan+doc+tests" failed at step Build and test
----------------------End summary of failed steps--------------------

-------------------------------BEGIN LOGS----------------------------
####################################################################################
#### [Begin job log] "ubuntu-22.04-gcc-abi+debug+doc+examples+tests" at step Build and test
####################################################################################
[1977/1995] Linking target examples/dpdk-vdpa
[1978/1995] Linking target examples/dpdk-skeleton
[1979/1995] Linking target examples/dpdk-vhost
[1980/1995] Linking target examples/dpdk-vhost_blk
[1981/1995] Linking target examples/dpdk-vhost_crypto
[1982/1995] Linking target examples/dpdk-vm_power_manager
[1983/1995] Linking target examples/dpdk-vmdq
[1984/1995] Linking target examples/dpdk-guest_cli
[1985/1995] Linking target examples/dpdk-vmdq_dcb
[1986/1995] Linking target buildtools/chkincs/chkincs-exp
[1987/1995] Linking target buildtools/chkincs/chkincs
[1988/1995] Linking target buildtools/chkincs/chkincs-all
[1989/1995] Linking target buildtools/chkincs/chkincs-cpp
[1990/1995] Linking target buildtools/chkincs/chkincs-cpp-all
[1991/1995] Linking target buildtools/chkincs/chkincs-cpp-exp
[1992/1995] Generating doxygen-man with a custom command
[1993/1995] Generating dts_api_html with a custom command
[1994/1995] Generating html_guides with a custom command
FAILED: [code=2] doc/guides/html 
/usr/bin/python3 ../buildtools/call-sphinx-build.py /usr/bin/sphinx-build 25.07.0-rc2 /home/runner/work/dpdk/dpdk/doc/guides /home/runner/work/dpdk/dpdk/build/doc/guides -a -W

Warning, treated as error:
/home/runner/work/dpdk/dpdk/doc/guides/nics/mlx5.rst:480:Unexpected indentation.
ninja: build stopped: subcommand failed.
##[error]Process completed with exit code 2.
####################################################################################
#### [End job log] "ubuntu-22.04-gcc-abi+debug+doc+examples+tests" at step Build and test
####################################################################################




####################################################################################
#### [Begin job log] "ubuntu-22.04-clang-asan+doc+tests" at step Build and test
####################################################################################
[1977/1995] Linking target examples/dpdk-vdpa
[1978/1995] Linking target examples/dpdk-timer
[1979/1995] Linking target examples/dpdk-vhost_blk
[1980/1995] Linking target examples/dpdk-vhost
[1981/1995] Linking target examples/dpdk-vhost_crypto
[1982/1995] Linking target examples/dpdk-guest_cli
[1983/1995] Linking target examples/dpdk-vm_power_manager
[1984/1995] Linking target examples/dpdk-vmdq
[1985/1995] Linking target examples/dpdk-vmdq_dcb
[1986/1995] Linking target buildtools/chkincs/chkincs
[1987/1995] Linking target buildtools/chkincs/chkincs-exp
[1988/1995] Linking target buildtools/chkincs/chkincs-cpp
[1989/1995] Linking target buildtools/chkincs/chkincs-all
[1990/1995] Linking target buildtools/chkincs/chkincs-cpp-exp
[1991/1995] Linking target buildtools/chkincs/chkincs-cpp-all
[1992/1995] Generating doxygen-man with a custom command
[1993/1995] Generating dts_api_html with a custom command
[1994/1995] Generating html_guides with a custom command
FAILED: [code=2] doc/guides/html 
/usr/bin/python3 ../buildtools/call-sphinx-build.py /usr/bin/sphinx-build 25.07.0-rc2 /home/runner/work/dpdk/dpdk/doc/guides /home/runner/work/dpdk/dpdk/build/doc/guides -a -W

Warning, treated as error:
/home/runner/work/dpdk/dpdk/doc/guides/nics/mlx5.rst:480:Unexpected indentation.
ninja: build stopped: subcommand failed.
##[error]Process completed with exit code 2.
####################################################################################
#### [End job log] "ubuntu-22.04-clang-asan+doc+tests" at step Build and test
####################################################################################
--------------------------------END LOGS-----------------------------

^ permalink raw reply	[flat|nested] 4+ messages in thread

end of thread, other threads:[~2025-07-08 12:43 UTC | newest]

Thread overview: 4+ messages (download: mbox.gz / follow: Atom feed)
-- links below jump to the message on this page --
     [not found] <20250708114921.1031027-1-khadem@dreambigsemi.com>
2025-07-08 11:21 ` |SUCCESS| pw155057 [PATCH] doc/mlx5: document firmware requirement for flex item qemudev
2025-07-08 11:26 ` qemudev
2025-07-08 11:49 ` |WARNING| " checkpatch
2025-07-08 12:43 ` |FAILURE| " 0-day Robot

This is a public inbox, see mirroring instructions
for how to clone and mirror all data and code used for this inbox;
as well as URLs for NNTP newsgroup(s).