From: qemudev@loongson.cn
To: test-report@dpdk.org
Subject: |SUCCESS| pw155109 [PATCH v2] test_bbdev: enable to be compiled on Windows
Date: Wed, 9 Jul 2025 22:39:22 +0800 [thread overview]
Message-ID: <202507091439.569EdMgK168173@localhost.localdomain> (raw)
In-Reply-To: <1752074012-14869-1-git-send-email-andremue@linux.microsoft.com>
Test-Label: loongarch-compilation
Test-Status: SUCCESS
http://dpdk.org/patch/155109
_Compilation OK_
Submitter: Andre Muezerie <andremue@linux.microsoft.com>
Date: Wed, 9 Jul 2025 08:13:32 -0700
DPDK git baseline: Repo:dpdk
Branch: main
CommitID: 22dee9d46926a1a45791b8651fa0ddc4c1056dfe
155109 --> meson & ninja build successfully
Test environment and result as below:
+---------------------+----------------+
| Environment | compilation |
+---------------------+----------------+
| Loongnix-Server 8.3 | PASS |
+---------------------+----------------+
Loongnix-Server 8.3
Kernel: 4.19.190+
Compiler: gcc 8.3
next parent reply other threads:[~2025-07-09 15:15 UTC|newest]
Thread overview: 19+ messages / expand[flat|nested] mbox.gz Atom feed top
[not found] <1752074012-14869-1-git-send-email-andremue@linux.microsoft.com>
2025-07-09 14:39 ` qemudev [this message]
2025-07-09 14:44 ` qemudev
2025-07-09 15:12 ` checkpatch
2025-07-09 16:23 ` 0-day Robot
2025-07-09 17:10 ` |FAILURE| pw155109 [PATCH] [v2] " dpdklab
2025-07-09 19:26 ` |SUCCESS| pw155109 [PATCH] [v2] test_bbdev: enable to be compiled on dpdklab
2025-07-09 19:29 ` dpdklab
2025-07-09 19:36 ` dpdklab
2025-07-09 19:42 ` |PENDING| " dpdklab
2025-07-09 19:49 ` dpdklab
2025-07-09 19:53 ` |SUCCESS| " dpdklab
2025-07-09 19:55 ` dpdklab
2025-07-09 20:08 ` |WARNING| " dpdklab
2025-07-09 20:09 ` dpdklab
2025-07-09 20:12 ` |SUCCESS| " dpdklab
2025-07-09 20:12 ` dpdklab
2025-07-09 20:34 ` dpdklab
2025-07-09 21:04 ` |WARNING| " dpdklab
2025-07-09 23:34 ` |SUCCESS| " dpdklab
Reply instructions:
You may reply publicly to this message via plain-text email
using any one of the following methods:
* Save the following mbox file, import it into your mail client,
and reply-to-all from there: mbox
Avoid top-posting and favor interleaved quoting:
https://en.wikipedia.org/wiki/Posting_style#Interleaved_style
* Reply using the --to, --cc, and --in-reply-to
switches of git-send-email(1):
git send-email \
--in-reply-to=202507091439.569EdMgK168173@localhost.localdomain \
--to=qemudev@loongson.cn \
--cc=test-report@dpdk.org \
/path/to/YOUR_REPLY
https://kernel.org/pub/software/scm/git/docs/git-send-email.html
* If your mail client supports setting the In-Reply-To header
via mailto: links, try the mailto: link
Be sure your reply has a Subject: header at the top and a blank line
before the message body.
This is a public inbox, see mirroring instructions
for how to clone and mirror all data and code used for this inbox;
as well as URLs for NNTP newsgroup(s).