From: qemudev@loongson.cn
To: test-report@dpdk.org
Cc: Stephen Hemminger <stephen@networkplumber.org>, zhoumin@loongson.cn
Subject: |FAILURE| pw155146-155158 [PATCH v3 13/13] pdump: mark API and application as deprecated
Date: Fri, 11 Jul 2025 00:22:13 +0800 [thread overview]
Message-ID: <202507101622.56AGMDd3591431@localhost.localdomain> (raw)
In-Reply-To: <20250710164237.8630-14-stephen@networkplumber.org>
Test-Label: loongarch-unit-testing
Test-Status: FAILURE
http://dpdk.org/patch/155158
_Unit Testing FAIL_
Submitter: Stephen Hemminger <stephen@networkplumber.org>
Date: Thu, 10 Jul 2025 09:16:42 -0700
DPDK git baseline: Repo:dpdk
Branch: main
CommitID: 9fe9c0b231c8da5435bfccb1963121b4277f961c
155146-155158 --> testing fail
Test environment and result as below:
+---------------------+----------------+
| Environment | dpdk_unit_test |
+---------------------+----------------+
| Loongnix-Server 8.3 | FAIL |
+---------------------+----------------+
Loongnix-Server 8.3
Kernel: 4.19.190+
Compiler: gcc 8.3
Test result details:
1/121 DPDK:fast-tests / acl_autotest OK 3.21s
2/121 DPDK:fast-tests / alarm_autotest OK 1.50s
3/121 DPDK:fast-tests / argparse_autotest OK 0.50s
4/121 DPDK:fast-tests / atomic_autotest OK 7.27s
5/121 DPDK:fast-tests / bitcount_autotest OK 0.56s
6/121 DPDK:fast-tests / bitmap_autotest OK 0.46s
7/121 DPDK:fast-tests / bitops_autotest OK 1.96s
8/121 DPDK:fast-tests / bitratestats_autotest OK 0.50s
9/121 DPDK:fast-tests / bitset_autotest OK 3.23s
10/121 DPDK:fast-tests / bpf_autotest OK 0.50s
11/121 DPDK:fast-tests / bpf_convert_autotest OK 0.50s
12/121 DPDK:fast-tests / byteorder_autotest OK 0.50s
13/121 DPDK:fast-tests / cfgfile_autotest OK 0.50s
14/121 DPDK:fast-tests / cksum_autotest OK 0.61s
15/121 DPDK:fast-tests / cmdline_autotest OK 0.50s
16/121 DPDK:fast-tests / common_autotest OK 1.36s
17/121 DPDK:fast-tests / compressdev_autotest SKIP 0.07s exit status 77
18/121 DPDK:fast-tests / cpuflags_autotest OK 0.43s
19/121 DPDK:fast-tests / crc_autotest OK 0.43s
20/121 DPDK:fast-tests / user_delay_us OK 0.52s
21/121 DPDK:fast-tests / debug_autotest OK 14.68s
22/121 DPDK:fast-tests / devargs_autotest OK 0.43s
23/121 DPDK:fast-tests / dispatcher_autotest OK 2.55s
24/121 DPDK:fast-tests / distributor_autotest OK 1.20s
25/121 DPDK:fast-tests / eal_flags_c_opt_autotest OK 0.78s
26/121 DPDK:fast-tests / eal_flags_main_opt_autotest OK 0.22s
27/121 DPDK:fast-tests / eal_flags_n_opt_autotest OK 0.20s
28/121 DPDK:fast-tests / eal_flags_hpet_autotest OK 0.13s
29/121 DPDK:fast-tests / eal_flags_no_huge_autotest OK 0.22s
30/121 DPDK:fast-tests / eal_flags_a_opt_autotest OK 0.30s
31/121 DPDK:fast-tests / eal_flags_b_opt_autotest OK 0.25s
32/121 DPDK:fast-tests / eal_flags_vdev_opt_autotest OK 0.20s
33/121 DPDK:fast-tests / eal_flags_r_opt_autotest OK 0.19s
34/121 DPDK:fast-tests / eal_flags_mem_autotest OK 0.59s
35/121 DPDK:fast-tests / eal_flags_file_prefix_autotest OK 22.19s
36/121 DPDK:fast-tests / eal_flags_misc_autotest OK 1.05s
37/121 DPDK:fast-tests / eal_fs_autotest OK 0.43s
38/121 DPDK:fast-tests / errno_autotest OK 0.43s
39/121 DPDK:fast-tests / ethdev_link_status OK 0.43s
40/121 DPDK:fast-tests / ethdev_mirror FAIL 0.44s exit status 255
41/121 DPDK:fast-tests / event_eth_tx_adapter_autotest OK 1.70s
42/121 DPDK:fast-tests / event_ring_autotest OK 0.43s
43/121 DPDK:fast-tests / eventdev_common_autotest OK 0.43s
44/121 DPDK:fast-tests / eventdev_selftest_sw OK 7.35s
45/121 DPDK:fast-tests / fbarray_autotest OK 0.43s
46/121 DPDK:fast-tests / fib_autotest OK 1.24s
47/121 DPDK:fast-tests / fib6_autotest OK 1.06s
48/121 DPDK:fast-tests / func_reentrancy_autotest OK 2.15s
49/121 DPDK:fast-tests / graph_autotest OK 0.44s
50/121 DPDK:fast-tests / node_list_dump OK 0.43s
51/121 DPDK:fast-tests / graph_feature_arc_autotest OK 0.65s
52/121 DPDK:fast-tests / hash_autotest OK 1.25s
53/121 DPDK:fast-tests / hash_readwrite_func_autotest OK 6.40s
54/121 DPDK:fast-tests / interrupt_autotest OK 1.61s
55/121 DPDK:fast-tests / ipfrag_autotest OK 0.07s
56/121 DPDK:fast-tests / ipsec_autotest SKIP 0.31s exit status 77
57/121 DPDK:fast-tests / kvargs_autotest OK 0.31s
58/121 DPDK:fast-tests / latencystats_autotest OK 0.32s
59/121 DPDK:fast-tests / lcore_var_autotest OK 0.46s
60/121 DPDK:fast-tests / lcores_autotest OK 5.12s
61/121 DPDK:fast-tests / logs_autotest OK 0.31s
62/121 DPDK:fast-tests / lpm_autotest OK 2.35s
63/121 DPDK:fast-tests / lpm6_autotest OK 5.47s
64/121 DPDK:fast-tests / malloc_autotest OK 59.92s
65/121 DPDK:fast-tests / mbuf_autotest OK 5.46s
66/121 DPDK:fast-tests / mcslock_autotest OK 2.96s
67/121 DPDK:fast-tests / member_autotest OK 1.50s
68/121 DPDK:fast-tests / memcpy_autotest OK 6.75s
69/121 DPDK:fast-tests / memory_autotest OK 0.08s
70/121 DPDK:fast-tests / mempool_autotest OK 0.43s
71/121 DPDK:fast-tests / memzone_autotest OK 0.14s
72/121 DPDK:fast-tests / meter_autotest OK 0.31s
73/121 DPDK:fast-tests / metrics_autotest OK 0.31s
74/121 DPDK:fast-tests / multiprocess_autotest OK 0.45s
75/121 DPDK:fast-tests / net_ether_autotest OK 0.97s
76/121 DPDK:fast-tests / net_ipv6_autotest OK 0.31s
77/121 DPDK:fast-tests / pcapng_autotest OK 5.76s
78/121 DPDK:fast-tests / pdcp_autotest SKIP 0.06s exit status 77
79/121 DPDK:fast-tests / pdump_autotest OK 0.41s
80/121 DPDK:fast-tests / per_lcore_autotest OK 0.41s
81/121 DPDK:fast-tests / pflock_autotest OK 1.12s
82/121 DPDK:fast-tests / pie_autotest OK 0.31s
83/121 DPDK:fast-tests / ring_pmd_autotest OK 0.31s
84/121 DPDK:fast-tests / power_autotest OK 0.31s
85/121 DPDK:fast-tests / power_cpufreq_autotest SKIP 0.06s exit status 77
86/121 DPDK:fast-tests / power_intel_uncore_autotest SKIP 0.31s exit status 77
87/121 DPDK:fast-tests / power_kvm_vm_autotest SKIP 0.06s exit status 77
88/121 DPDK:fast-tests / prefetch_autotest OK 0.30s
89/121 DPDK:fast-tests / ptr_compress_autotest OK 0.31s
90/121 DPDK:fast-tests / rawdev_autotest OK 0.31s
91/121 DPDK:fast-tests / rcu_qsbr_autotest OK 0.83s
92/121 DPDK:fast-tests / reorder_autotest OK 0.36s
93/121 DPDK:fast-tests / rib_autotest OK 9.00s
94/121 DPDK:fast-tests / rib6_autotest OK 9.14s
95/121 DPDK:fast-tests / ring_autotest OK 0.34s
96/121 DPDK:fast-tests / rwlock_test1_autotest OK 1.06s
97/121 DPDK:fast-tests / rwlock_rda_autotest OK 5.31s
98/121 DPDK:fast-tests / rwlock_rds_wrm_autotest OK 5.31s
99/121 DPDK:fast-tests / rwlock_rde_wro_autotest OK 5.31s
100/121 DPDK:fast-tests / sched_autotest OK 0.31s
101/121 DPDK:fast-tests / security_autotest OK 0.06s
102/121 DPDK:fast-tests / seqlock_autotest OK 2.31s
103/121 DPDK:fast-tests / service_autotest OK 3.01s
104/121 DPDK:fast-tests / soring_autotest OK 0.31s
105/121 DPDK:fast-tests / spinlock_autotest OK 0.39s
106/121 DPDK:fast-tests / stack_autotest OK 0.86s
107/121 DPDK:fast-tests / stack_lf_autotest SKIP 0.05s exit status 77
108/121 DPDK:fast-tests / string_autotest OK 0.30s
109/121 DPDK:fast-tests / table_autotest OK 7.87s
110/121 DPDK:fast-tests / tailq_autotest OK 0.30s
111/121 DPDK:fast-tests / telemetry_data_autotest OK 0.31s
112/121 DPDK:fast-tests / telemetry_json_autotest OK 0.31s
113/121 DPDK:fast-tests / thash_autotest OK 0.32s
114/121 DPDK:fast-tests / threads_autotest OK 0.52s
115/121 DPDK:fast-tests / ticketlock_autotest OK 0.45s
116/121 DPDK:fast-tests / timer_autotest OK 3.87s
117/121 DPDK:fast-tests / trace_autotest OK 0.30s
118/121 DPDK:fast-tests / trace_autotest_with_traces OK 0.31s
119/121 DPDK:fast-tests / vdev_autotest OK 0.30s
120/121 DPDK:fast-tests / version_autotest OK 0.31s
121/121 DPDK:fast-tests / telemetry_all OK 1.24s
Ok: 113
Expected Fail: 0
Fail: 1
Unexpected Pass: 0
Skipped: 7
Timeout: 0
Test logs for failed test cases:
================================================================================
DPDK:fast-tests / ethdev_mirror: FAIL
================================================================================
-------------------------------------stdout-------------------------------------
RTE>>ethdev_mirror
+ ------------------------------------------------------- +
+ Test Suite : port mirroring
+ ------------------------------------------------------- +
+ TestCase [ 0] : ethdev_mirror_api failed
+ TestCase [ 1] : ethdev_mirror_packets failed
+ ------------------------------------------------------- +
+ Test Suite Summary : port mirroring
+ ------------------------------------------------------- +
+ Tests Total : 2
+ Tests Skipped : 0
+ Tests Executed : 2
+ Tests Unsupported: 0
+ Tests Passed : 0
+ Tests Failed : 2
+ ------------------------------------------------------- +
Test Failed
RTE>>
-------------------------------------stderr-------------------------------------
EAL: Detected CPU lcores: 32
EAL: Detected NUMA nodes: 8
EAL: Detected static linkage of DPDK
EAL: Multi-process socket /var/run/dpdk/rte/mp_socket
EAL: Selected IOVA mode 'VA'
APP: HPET is not enabled, using TSC as default timer
ETHDEV: Invalid port_id=32
ETHDEV: invalid snap len
ETHDEV: Invalid direction 0
ETHDEV: invalid snap len
ETHDEV: invalid snap len
EAL: Test assert ethdev_mirror_api line 148 failed: Could not create mirror from ring to null
ETHDEV: invalid snap len
EAL: Test assert ethdev_mirror_packets line 252 failed: Could not create mirror from ring to null
next prev parent reply other threads:[~2025-07-10 16:58 UTC|newest]
Thread overview: 27+ messages / expand[flat|nested] mbox.gz Atom feed top
[not found] <20250710164237.8630-14-stephen@networkplumber.org>
2025-07-10 16:17 ` |SUCCESS| " qemudev
2025-07-10 16:22 ` qemudev [this message]
2025-07-10 16:44 ` |SUCCESS| pw155158 " checkpatch
2025-07-10 17:53 ` |FAILURE| pw155146-155158 [PATCH] [v3,13/13] pdump: mark API and app dpdklab
2025-07-10 17:55 ` |PENDING| " dpdklab
2025-07-10 17:57 ` |SUCCESS| " dpdklab
2025-07-10 17:59 ` |PENDING| " dpdklab
2025-07-10 18:01 ` |FAILURE| " dpdklab
2025-07-10 18:05 ` |SUCCESS| " dpdklab
2025-07-10 18:14 ` dpdklab
2025-07-10 18:18 ` |FAILURE| " dpdklab
2025-07-10 18:22 ` |SUCCESS| " dpdklab
2025-07-10 18:27 ` |FAILURE| " dpdklab
2025-07-10 18:33 ` dpdklab
2025-07-10 18:35 ` dpdklab
2025-07-10 18:36 ` dpdklab
2025-07-10 18:37 ` dpdklab
2025-07-10 18:40 ` dpdklab
2025-07-10 18:43 ` |PENDING| " dpdklab
2025-07-10 18:55 ` |FAILURE| " dpdklab
2025-07-10 19:04 ` dpdklab
2025-07-10 19:05 ` dpdklab
2025-07-10 19:58 ` dpdklab
2025-07-10 21:03 ` |FAILURE| pw155158 [PATCH v3 13/13] pdump: mark API and application as deprecated 0-day Robot
2025-07-10 21:08 ` |FAILURE| pw155146-155158 [PATCH] [v3,13/13] pdump: mark API and app dpdklab
2025-07-10 23:23 ` |SUCCESS| " dpdklab
2025-07-10 23:34 ` dpdklab
Reply instructions:
You may reply publicly to this message via plain-text email
using any one of the following methods:
* Save the following mbox file, import it into your mail client,
and reply-to-all from there: mbox
Avoid top-posting and favor interleaved quoting:
https://en.wikipedia.org/wiki/Posting_style#Interleaved_style
* Reply using the --to, --cc, and --in-reply-to
switches of git-send-email(1):
git send-email \
--in-reply-to=202507101622.56AGMDd3591431@localhost.localdomain \
--to=qemudev@loongson.cn \
--cc=stephen@networkplumber.org \
--cc=test-report@dpdk.org \
--cc=zhoumin@loongson.cn \
/path/to/YOUR_REPLY
https://kernel.org/pub/software/scm/git/docs/git-send-email.html
* If your mail client supports setting the In-Reply-To header
via mailto: links, try the mailto: link
Be sure your reply has a Subject: header at the top and a blank line
before the message body.
This is a public inbox, see mirroring instructions
for how to clone and mirror all data and code used for this inbox;
as well as URLs for NNTP newsgroup(s).