* |SUCCESS| pw155209-155222 [PATCH v8 14/14] net/sxe: add Solve compilation problems.
[not found] <20250715034152.7020-14-liujie5@linkdatatechnology.com>
@ 2025-07-15 3:26 ` qemudev
2025-07-15 3:30 ` qemudev
` (3 subsequent siblings)
4 siblings, 0 replies; 5+ messages in thread
From: qemudev @ 2025-07-15 3:26 UTC (permalink / raw)
To: test-report
Test-Label: loongarch-compilation
Test-Status: SUCCESS
http://dpdk.org/patch/155222
_Compilation OK_
Submitter: Jie Liu <liujie5@linkdatatechnology.com>
Date: Mon, 14 Jul 2025 23:41:39 -0400
DPDK git baseline: Repo:dpdk
Branch: main
CommitID: 9fe9c0b231c8da5435bfccb1963121b4277f961c
155209-155222 --> meson & ninja build successfully
Test environment and result as below:
+---------------------+----------------+
| Environment | compilation |
+---------------------+----------------+
| Loongnix-Server 8.3 | PASS |
+---------------------+----------------+
Loongnix-Server 8.3
Kernel: 4.19.190+
Compiler: gcc 8.3
^ permalink raw reply [flat|nested] 5+ messages in thread
* |SUCCESS| pw155209-155222 [PATCH v8 14/14] net/sxe: add Solve compilation problems.
[not found] <20250715034152.7020-14-liujie5@linkdatatechnology.com>
2025-07-15 3:26 ` |SUCCESS| pw155209-155222 [PATCH v8 14/14] net/sxe: add Solve compilation problems qemudev
@ 2025-07-15 3:30 ` qemudev
2025-07-15 3:45 ` |WARNING| pw155222 " checkpatch
` (2 subsequent siblings)
4 siblings, 0 replies; 5+ messages in thread
From: qemudev @ 2025-07-15 3:30 UTC (permalink / raw)
To: test-report
Test-Label: loongarch-unit-testing
Test-Status: SUCCESS
http://dpdk.org/patch/155222
_Unit Testing PASS_
Submitter: Jie Liu <liujie5@linkdatatechnology.com>
Date: Mon, 14 Jul 2025 23:41:39 -0400
DPDK git baseline: Repo:dpdk
Branch: main
CommitID: 9fe9c0b231c8da5435bfccb1963121b4277f961c
155209-155222 --> testing pass
Test environment and result as below:
+---------------------+----------------+
| Environment | dpdk_unit_test |
+---------------------+----------------+
| Loongnix-Server 8.3 | PASS |
+---------------------+----------------+
Loongnix-Server 8.3
Kernel: 4.19.190+
Compiler: gcc 8.3
Test result details:
1/120 DPDK:fast-tests / acl_autotest OK 3.29s
2/120 DPDK:fast-tests / alarm_autotest OK 1.61s
3/120 DPDK:fast-tests / argparse_autotest OK 0.61s
4/120 DPDK:fast-tests / atomic_autotest OK 7.10s
5/120 DPDK:fast-tests / bitcount_autotest OK 0.31s
6/120 DPDK:fast-tests / bitmap_autotest OK 0.42s
7/120 DPDK:fast-tests / bitops_autotest OK 1.92s
8/120 DPDK:fast-tests / bitratestats_autotest OK 0.42s
9/120 DPDK:fast-tests / bitset_autotest OK 3.16s
10/120 DPDK:fast-tests / bpf_autotest OK 0.43s
11/120 DPDK:fast-tests / bpf_convert_autotest OK 0.42s
12/120 DPDK:fast-tests / byteorder_autotest OK 0.42s
13/120 DPDK:fast-tests / cfgfile_autotest OK 0.42s
14/120 DPDK:fast-tests / cksum_autotest OK 0.42s
15/120 DPDK:fast-tests / cmdline_autotest OK 0.42s
16/120 DPDK:fast-tests / common_autotest OK 1.29s
17/120 DPDK:fast-tests / compressdev_autotest SKIP 0.08s exit status 77
18/120 DPDK:fast-tests / cpuflags_autotest OK 0.63s
19/120 DPDK:fast-tests / crc_autotest OK 0.62s
20/120 DPDK:fast-tests / user_delay_us OK 0.62s
21/120 DPDK:fast-tests / debug_autotest OK 23.73s
22/120 DPDK:fast-tests / devargs_autotest OK 0.62s
23/120 DPDK:fast-tests / dispatcher_autotest OK 2.53s
24/120 DPDK:fast-tests / distributor_autotest OK 1.21s
25/120 DPDK:fast-tests / eal_flags_c_opt_autotest OK 0.85s
26/120 DPDK:fast-tests / eal_flags_main_opt_autotest OK 0.24s
27/120 DPDK:fast-tests / eal_flags_n_opt_autotest OK 0.21s
28/120 DPDK:fast-tests / eal_flags_hpet_autotest OK 0.14s
29/120 DPDK:fast-tests / eal_flags_no_huge_autotest OK 0.24s
30/120 DPDK:fast-tests / eal_flags_a_opt_autotest OK 0.32s
31/120 DPDK:fast-tests / eal_flags_b_opt_autotest OK 0.26s
32/120 DPDK:fast-tests / eal_flags_vdev_opt_autotest OK 0.21s
33/120 DPDK:fast-tests / eal_flags_r_opt_autotest OK 0.20s
34/120 DPDK:fast-tests / eal_flags_mem_autotest OK 0.62s
35/120 DPDK:fast-tests / eal_flags_file_prefix_autotest OK 22.29s
36/120 DPDK:fast-tests / eal_flags_misc_autotest OK 1.10s
37/120 DPDK:fast-tests / eal_fs_autotest OK 0.61s
38/120 DPDK:fast-tests / errno_autotest OK 0.61s
39/120 DPDK:fast-tests / ethdev_link_status OK 0.61s
40/120 DPDK:fast-tests / event_eth_tx_adapter_autotest OK 1.70s
41/120 DPDK:fast-tests / event_ring_autotest OK 0.62s
42/120 DPDK:fast-tests / eventdev_common_autotest OK 0.62s
43/120 DPDK:fast-tests / eventdev_selftest_sw OK 7.49s
44/120 DPDK:fast-tests / fbarray_autotest OK 0.51s
45/120 DPDK:fast-tests / fib_autotest OK 1.34s
46/120 DPDK:fast-tests / fib6_autotest OK 1.13s
47/120 DPDK:fast-tests / func_reentrancy_autotest OK 2.17s
48/120 DPDK:fast-tests / graph_autotest OK 0.31s
49/120 DPDK:fast-tests / node_list_dump OK 0.31s
50/120 DPDK:fast-tests / graph_feature_arc_autotest OK 0.31s
51/120 DPDK:fast-tests / hash_autotest OK 0.93s
52/120 DPDK:fast-tests / hash_readwrite_func_autotest OK 6.40s
53/120 DPDK:fast-tests / interrupt_autotest OK 1.61s
54/120 DPDK:fast-tests / ipfrag_autotest OK 0.07s
55/120 DPDK:fast-tests / ipsec_autotest SKIP 0.31s exit status 77
56/120 DPDK:fast-tests / kvargs_autotest OK 0.31s
57/120 DPDK:fast-tests / latencystats_autotest OK 0.31s
58/120 DPDK:fast-tests / lcore_var_autotest OK 0.45s
59/120 DPDK:fast-tests / lcores_autotest OK 5.10s
60/120 DPDK:fast-tests / logs_autotest OK 0.31s
61/120 DPDK:fast-tests / lpm_autotest OK 2.35s
62/120 DPDK:fast-tests / lpm6_autotest OK 5.45s
63/120 DPDK:fast-tests / malloc_autotest OK 61.89s
64/120 DPDK:fast-tests / mbuf_autotest OK 5.46s
65/120 DPDK:fast-tests / mcslock_autotest OK 3.48s
66/120 DPDK:fast-tests / member_autotest OK 1.51s
67/120 DPDK:fast-tests / memcpy_autotest OK 7.02s
68/120 DPDK:fast-tests / memory_autotest OK 0.08s
69/120 DPDK:fast-tests / mempool_autotest OK 0.43s
70/120 DPDK:fast-tests / memzone_autotest OK 0.14s
71/120 DPDK:fast-tests / meter_autotest OK 0.31s
72/120 DPDK:fast-tests / metrics_autotest OK 0.31s
73/120 DPDK:fast-tests / multiprocess_autotest OK 0.19s
74/120 DPDK:fast-tests / net_ether_autotest OK 0.97s
75/120 DPDK:fast-tests / net_ipv6_autotest OK 0.31s
76/120 DPDK:fast-tests / pcapng_autotest OK 6.90s
77/120 DPDK:fast-tests / pdcp_autotest SKIP 0.06s exit status 77
78/120 DPDK:fast-tests / pdump_autotest OK 0.42s
79/120 DPDK:fast-tests / per_lcore_autotest OK 0.41s
80/120 DPDK:fast-tests / pflock_autotest OK 1.12s
81/120 DPDK:fast-tests / pie_autotest OK 0.31s
82/120 DPDK:fast-tests / ring_pmd_autotest OK 0.31s
83/120 DPDK:fast-tests / power_autotest OK 0.31s
84/120 DPDK:fast-tests / power_cpufreq_autotest SKIP 0.06s exit status 77
85/120 DPDK:fast-tests / power_intel_uncore_autotest SKIP 0.31s exit status 77
86/120 DPDK:fast-tests / power_kvm_vm_autotest SKIP 0.06s exit status 77
87/120 DPDK:fast-tests / prefetch_autotest OK 0.31s
88/120 DPDK:fast-tests / ptr_compress_autotest OK 0.31s
89/120 DPDK:fast-tests / rawdev_autotest OK 0.31s
90/120 DPDK:fast-tests / rcu_qsbr_autotest OK 0.83s
91/120 DPDK:fast-tests / reorder_autotest OK 0.37s
92/120 DPDK:fast-tests / rib_autotest OK 8.96s
93/120 DPDK:fast-tests / rib6_autotest OK 8.95s
94/120 DPDK:fast-tests / ring_autotest OK 0.34s
95/120 DPDK:fast-tests / rwlock_test1_autotest OK 1.06s
96/120 DPDK:fast-tests / rwlock_rda_autotest OK 5.31s
97/120 DPDK:fast-tests / rwlock_rds_wrm_autotest OK 5.31s
98/120 DPDK:fast-tests / rwlock_rde_wro_autotest OK 5.52s
99/120 DPDK:fast-tests / sched_autotest OK 0.52s
100/120 DPDK:fast-tests / security_autotest OK 0.07s
101/120 DPDK:fast-tests / seqlock_autotest OK 2.42s
102/120 DPDK:fast-tests / service_autotest OK 3.13s
103/120 DPDK:fast-tests / soring_autotest OK 0.43s
104/120 DPDK:fast-tests / spinlock_autotest OK 0.51s
105/120 DPDK:fast-tests / stack_autotest OK 0.87s
106/120 DPDK:fast-tests / stack_lf_autotest SKIP 0.06s exit status 77
107/120 DPDK:fast-tests / string_autotest OK 0.43s
108/120 DPDK:fast-tests / table_autotest OK 7.55s
109/120 DPDK:fast-tests / tailq_autotest OK 0.43s
110/120 DPDK:fast-tests / telemetry_data_autotest OK 0.43s
111/120 DPDK:fast-tests / telemetry_json_autotest OK 0.43s
112/120 DPDK:fast-tests / thash_autotest OK 0.44s
113/120 DPDK:fast-tests / threads_autotest OK 0.60s
114/120 DPDK:fast-tests / ticketlock_autotest OK 0.58s
115/120 DPDK:fast-tests / timer_autotest OK 3.93s
116/120 DPDK:fast-tests / trace_autotest OK 0.43s
117/120 DPDK:fast-tests / trace_autotest_with_traces OK 0.43s
118/120 DPDK:fast-tests / vdev_autotest OK 0.65s
119/120 DPDK:fast-tests / version_autotest OK 0.65s
120/120 DPDK:fast-tests / telemetry_all OK 1.36s
Ok: 113
Expected Fail: 0
Fail: 0
Unexpected Pass: 0
Skipped: 7
Timeout: 0
^ permalink raw reply [flat|nested] 5+ messages in thread
* |WARNING| pw155222 [PATCH v8 14/14] net/sxe: add Solve compilation problems.
[not found] <20250715034152.7020-14-liujie5@linkdatatechnology.com>
2025-07-15 3:26 ` |SUCCESS| pw155209-155222 [PATCH v8 14/14] net/sxe: add Solve compilation problems qemudev
2025-07-15 3:30 ` qemudev
@ 2025-07-15 3:45 ` checkpatch
2025-07-15 4:02 ` |FAILURE| pw155209-155222 [PATCH] [v8, " dpdklab
2025-07-15 5:03 ` |FAILURE| pw155222 [PATCH v8 " 0-day Robot
4 siblings, 0 replies; 5+ messages in thread
From: checkpatch @ 2025-07-15 3:45 UTC (permalink / raw)
To: test-report; +Cc: Jie Liu
Test-Label: checkpatch
Test-Status: WARNING
http://dpdk.org/patch/155222
_coding style issues_
WARNING:TYPO_SPELLING: 'VERION' may be misspelled - perhaps 'VERSION'?
#392: FILE: drivers/net/sxe/include/sxe/sxe_cli.h:12:
+#define SXE_VERION_LEN (32)
WARNING:TYPO_SPELLING: 'VERION' may be misspelled - perhaps 'VERSION'?
#402: FILE: drivers/net/sxe/include/sxe/sxe_cli.h:50:
+ S8 fw_ver[SXE_VERION_LEN];
WARNING:TYPO_SPELLING: 'VERION' may be misspelled - perhaps 'VERSION'?
#403: FILE: drivers/net/sxe/include/sxe/sxe_cli.h:51:
+ S8 opt_ver[SXE_VERION_LEN];
total: 0 errors, 3 warnings, 0 checks, 899 lines checked
^ permalink raw reply [flat|nested] 5+ messages in thread
* |FAILURE| pw155209-155222 [PATCH] [v8, 14/14] net/sxe: add Solve compilation problems.
[not found] <20250715034152.7020-14-liujie5@linkdatatechnology.com>
` (2 preceding siblings ...)
2025-07-15 3:45 ` |WARNING| pw155222 " checkpatch
@ 2025-07-15 4:02 ` dpdklab
2025-07-15 5:03 ` |FAILURE| pw155222 [PATCH v8 " 0-day Robot
4 siblings, 0 replies; 5+ messages in thread
From: dpdklab @ 2025-07-15 4:02 UTC (permalink / raw)
To: test-report; +Cc: dpdk-test-reports
Test-Label: iol-testing
Test-Status: FAILURE
http://dpdk.org/patch/155222
_build patch failure_
Submitter: Jie Liu <liujie5@linkdatatechnology.com>
Date: Tuesday, July 15 2025 03:41:52
Applied on: CommitID:9fe9c0b231c8da5435bfccb1963121b4277f961c
Apply patch set 155209-155222 failed:
Cloning the DPDK mirror at: https://github.com/DPDK/dpdk.git (Attempt 1 of 3)
Trying to checkout branch: origin/main
Checked out to main (9fe9c0b231c8da5435bfccb1963121b4277f961c)
Done: main commit 9fe9c0b231c8da5435bfccb1963121b4277f961c
Trying to checkout branch: origin/main
Checked out to main (9fe9c0b231c8da5435bfccb1963121b4277f961c)
Applying patch...
Applying: net/sxe: add base driver directory and doc
Applying: net/sxe: add ethdev probe and remove
Applying: net/sxe: add tx rx setup and data path
Applying: net/sxe: add link, flow ctrl, mac ops, mtu ops function
Applying: net/sxe: support vlan filter
Applying: net/sxe: add filter function
Applying: net/sxe: support rss offload
Applying: net/sxe: add dcb function
Applying: net/sxe: support ptp
Applying: net/sxe: add xstats function
Applying: net/sxe: add custom cmd led ctrl
Applying: net/sxe: add simd function
Applying: net/sxe: add virtual function
Applying: net/sxe: add Solve compilation problems.
Running Check Meson
Processing meson.build
Processing buildtools/meson.build
Processing buildtools/chkincs/meson.build
Processing buildtools/pkg-config/meson.build
Processing buildtools/subproject/meson.build
Processing usertools/meson.build
Processing lib/meson.build
Processing lib/fib/meson.build
Processing lib/mbuf/meson.build
Processing lib/pcapng/meson.build
Processing lib/graph/meson.build
Processing lib/pci/meson.build
Processing lib/reorder/meson.build
Processing lib/power/meson.build
Processing lib/pdump/meson.build
Processing lib/stack/meson.build
Processing lib/pmu/meson.build
Processing lib/eventdev/meson.build
Processing lib/rib/meson.build
Processing lib/net/meson.build
Processing lib/dmadev/meson.build
Processing lib/distributor/meson.build
Processing lib/rcu/meson.build
Processing lib/table/meson.build
Processing lib/member/meson.build
Processing lib/latencystats/meson.build
Processing lib/ring/meson.build
Processing lib/ethdev/meson.build
Processing lib/gro/meson.build
Processing lib/kvargs/meson.build
Processing lib/hash/meson.build
Processing lib/sched/meson.build
Processing lib/argparse/meson.build
Processing lib/compressdev/meson.build
Processing lib/rawdev/meson.build
Processing lib/vhost/meson.build
Processing lib/acl/meson.build
Processing lib/ip_frag/meson.build
Processing lib/cryptodev/meson.build
Processing lib/lpm/meson.build
Processing lib/cmdline/meson.build
Processing lib/dispatcher/meson.build
Processing lib/efd/meson.build
Processing lib/metrics/meson.build
Processing lib/pipeline/meson.build
Processing lib/ptr_compress/meson.build
Processing lib/regexdev/meson.build
Processing lib/bitratestats/meson.build
Processing lib/timer/meson.build
Processing lib/bbdev/meson.build
Processing lib/meter/meson.build
Processing lib/ipsec/meson.build
Processing lib/mldev/meson.build
Processing lib/gso/meson.build
Processing lib/pdcp/meson.build
Processing lib/jobstats/meson.build
Processing lib/cfgfile/meson.build
Processing lib/mempool/meson.build
Processing lib/port/meson.build
Processing lib/gpudev/meson.build
Processing lib/log/meson.build
Processing lib/telemetry/meson.build
Processing lib/security/meson.build
Processing lib/eal/meson.build
Processing lib/eal/riscv/meson.build
Processing lib/eal/riscv/include/meson.build
Processing lib/eal/x86/meson.build
Processing lib/eal/x86/include/meson.build
Processing lib/eal/ppc/meson.build
Processing lib/eal/ppc/include/meson.build
Processing lib/eal/arm/meson.build
Processing lib/eal/arm/include/meson.build
Processing lib/eal/loongarch/meson.build
Processing lib/eal/loongarch/include/meson.build
Processing lib/eal/freebsd/meson.build
Processing lib/eal/freebsd/include/meson.build
Processing lib/eal/windows/meson.build
Processing lib/eal/windows/include/meson.build
Processing lib/eal/linux/meson.build
Processing lib/eal/linux/include/meson.build
Processing lib/eal/common/meson.build
Processing lib/eal/unix/meson.build
Processing lib/eal/include/meson.build
Processing lib/node/meson.build
Processing lib/bpf/meson.build
Processing app/meson.build
Processing app/graph/meson.build
Processing app/test-regex/meson.build
Processing app/pdump/meson.build
Processing app/test-flow-perf/meson.build
Processing app/test-crypto-perf/meson.build
Processing app/test-sad/meson.build
Processing app/test-cmdline/meson.build
Processing app/test-fib/meson.build
Processing app/test-acl/meson.build
Processing app/test-bbdev/meson.build
Processing app/test-eventdev/meson.build
Processing app/test-security-perf/meson.build
Processing app/test-gpudev/meson.build
Processing app/test/meson.build
Processing app/test/suites/meson.build
Processing app/test/test_cfgfiles/meson.build
Processing app/test-compress-perf/meson.build
Processing app/test-mldev/meson.build
Processing app/proc-info/meson.build
Processing app/test-pmd/meson.build
Processing app/dumpcap/meson.build
Processing app/test-dma-perf/meson.build
Processing app/test-pipeline/meson.build
Processing drivers/meson.build
Processing drivers/power/meson.build
Processing drivers/power/amd_uncore/meson.build
Processing drivers/power/intel_uncore/meson.build
Processing drivers/power/kvm_vm/meson.build
Processing drivers/power/intel_pstate/meson.build
Processing drivers/power/amd_pstate/meson.build
Processing drivers/power/acpi/meson.build
Processing drivers/power/cppc/meson.build
Processing drivers/net/meson.build
Error parsing drivers/net/meson.build:67, got some tabulation
Error: Incorrect indent at drivers/net/meson.build:68
Processing drivers/net/hinic/meson.build
Processing drivers/net/hinic/base/meson.build
Processing drivers/net/hns3/meson.build
Processing drivers/net/ark/meson.build
Processing drivers/net/avp/meson.build
Processing drivers/net/bnxt/meson.build
Processing drivers/net/bnxt/tf_ulp/meson.build
Processing drivers/net/bnxt/tf_ulp/generic_templates/meson.build
Processing drivers/net/bnxt/tf_core/meson.build
Processing drivers/net/bnxt/tf_core/v3/meson.build
Processing drivers/net/bnxt/hcapi/cfa/meson.build
Processing drivers/net/bnxt/hcapi/cfa_v3/meson.build
Processing drivers/net/ntnic/meson.build
Processing drivers/net/cxgbe/meson.build
Processing drivers/net/bonding/meson.build
Processing drivers/net/dpaa/meson.build
Processing drivers/net/octeon_ep/meson.build
Processing drivers/net/mlx5/meson.build
Processing drivers/net/mlx5/hws/meson.build
Processing drivers/net/mlx5/windows/meson.build
Processing drivers/net/mlx5/linux/meson.build
Processing drivers/net/vdev_netvsc/meson.build
Processing drivers/net/null/meson.build
Processing drivers/net/netvsc/meson.build
Processing drivers/net/ring/meson.build
Processing drivers/net/ena/meson.build
Processing drivers/net/enic/meson.build
Processing drivers/net/xsc/meson.build
Processing drivers/net/softnic/meson.build
Processing drivers/net/mana/meson.build
Processing drivers/net/thunderx/meson.build
Processing drivers/net/thunderx/base/meson.build
Processing drivers/net/sxe/meson.build
Processing drivers/net/failsafe/meson.build
Processing drivers/net/vhost/meson.build
Processing drivers/net/rnp/meson.build
Processing drivers/net/rnp/base/meson.build
Processing drivers/net/atlantic/meson.build
Processing drivers/net/vmxnet3/meson.build
Processing drivers/net/ionic/meson.build
Processing drivers/net/intel/i40e/meson.build
Processing drivers/net/intel/i40e/base/meson.build
Processing drivers/net/intel/idpf/meson.build
Processing drivers/net/intel/idpf/base/meson.build
Processing drivers/net/intel/ixgbe/meson.build
Processing drivers/net/intel/ixgbe/base/meson.build
Processing drivers/net/intel/e1000/meson.build
Processing drivers/net/intel/e1000/base/meson.build
Processing drivers/net/intel/iavf/meson.build
Processing drivers/net/intel/fm10k/meson.build
Processing drivers/net/intel/fm10k/base/meson.build
Processing drivers/net/intel/ipn3ke/meson.build
Processing drivers/net/intel/ice/meson.build
Processing drivers/net/intel/ice/base/meson.build
Processing drivers/net/intel/cpfl/meson.build
Processing drivers/net/bnx2x/meson.build
Processing drivers/net/af_packet/meson.build
Processing drivers/net/octeontx/meson.build
Processing drivers/net/octeontx/base/meson.build
Processing drivers/net/mvneta/meson.build
Processing drivers/net/r8169/meson.build
Processing drivers/net/txgbe/meson.build
Processing drivers/net/txgbe/base/meson.build
Processing drivers/net/tap/meson.build
Processing drivers/net/tap/bpf/meson.build
Processing drivers/net/nfb/meson.build
Processing drivers/net/sfc/meson.build
Processing drivers/net/enetc/meson.build
Processing drivers/net/pcap/meson.build
Processing drivers/net/mlx4/meson.build
Processing drivers/net/memif/meson.build
Processing drivers/net/nfp/meson.build
Processing drivers/net/enetfec/meson.build
Processing drivers/net/zxdh/meson.build
Processing drivers/net/ngbe/meson.build
Processing drivers/net/ngbe/base/meson.build
Processing drivers/net/dpaa2/meson.build
Processing drivers/net/cnxk/meson.build
Processing drivers/net/qede/meson.build
Processing drivers/net/qede/base/meson.build
Processing drivers/net/virtio/meson.build
Processing drivers/net/gve/meson.build
Processing drivers/net/af_xdp/meson.build
Processing drivers/net/axgbe/meson.build
Processing drivers/net/mvpp2/meson.build
Processing drivers/net/pfe/meson.build
Processing drivers/bus/meson.build
Processing drivers/bus/auxiliary/meson.build
Processing drivers/bus/pci/meson.build
Processing drivers/bus/vmbus/meson.build
Processing drivers/bus/dpaa/meson.build
Processing drivers/bus/cdx/meson.build
Processing drivers/bus/vdev/meson.build
Processing drivers/bus/uacce/meson.build
Processing drivers/bus/platform/meson.build
Processing drivers/bus/fslmc/meson.build
Processing drivers/bus/ifpga/meson.build
Processing drivers/vdpa/meson.build
Processing drivers/vdpa/mlx5/meson.build
Processing drivers/vdpa/sfc/meson.build
Processing drivers/vdpa/nfp/meson.build
Processing drivers/vdpa/ifc/meson.build
Processing drivers/gpu/meson.build
Processing drivers/gpu/cuda/meson.build
Processing drivers/regex/meson.build
Processing drivers/regex/mlx5/meson.build
Processing drivers/regex/cn9k/meson.build
Processing drivers/common/meson.build
Processing drivers/common/dpaax/meson.build
Processing drivers/common/zsda/meson.build
Processing drivers/common/nitrox/meson.build
Processing drivers/common/mlx5/meson.build
Processing drivers/common/mlx5/windows/meson.build
Processing drivers/common/mlx5/linux/meson.build
Processing drivers/common/sfc_efx/meson.build
Processing drivers/common/sfc_efx/base/meson.build
Processing drivers/common/cpt/meson.build
Processing drivers/common/qat/meson.build
Processing drivers/common/ionic/meson.build
Processing drivers/common/mvep/meson.build
Processing drivers/common/octeontx/meson.build
Processing drivers/common/nfp/meson.build
Processing drivers/common/cnxk/meson.build
Processing drivers/crypto/meson.build
Processing drivers/crypto/nitrox/meson.build
Processing drivers/crypto/mlx5/meson.build
Processing drivers/crypto/dpaa_sec/meson.build
Processing drivers/crypto/bcmfs/meson.build
Processing drivers/crypto/null/meson.build
Processing drivers/crypto/dpaa2_sec/meson.build
Processing drivers/crypto/ipsec_mb/meson.build
Processing drivers/crypto/caam_jr/meson.build
Processing drivers/crypto/openssl/meson.build
Processing drivers/crypto/ionic/meson.build
Processing drivers/crypto/octeontx/meson.build
Processing drivers/crypto/ccp/meson.build
Processing drivers/crypto/uadk/meson.build
Processing drivers/crypto/cnxk/meson.build
Processing drivers/crypto/scheduler/meson.build
Processing drivers/crypto/virtio/meson.build
Processing drivers/crypto/armv8/meson.build
Processing drivers/crypto/mvsam/meson.build
Processing drivers/baseband/meson.build
Processing drivers/baseband/la12xx/meson.build
Processing drivers/baseband/null/meson.build
Processing drivers/baseband/fpga_5gnr_fec/meson.build
Processing drivers/baseband/acc/meson.build
Processing drivers/baseband/turbo_sw/meson.build
Processing drivers/baseband/fpga_lte_fec/meson.build
Processing drivers/event/meson.build
Processing drivers/event/dlb2/meson.build
Processing drivers/event/dpaa/meson.build
Processing drivers/event/skeleton/meson.build
Processing drivers/event/sw/meson.build
Processing drivers/event/octeontx/meson.build
Processing drivers/event/dpaa2/meson.build
Processing drivers/event/cnxk/meson.build
Processing drivers/event/dsw/meson.build
Processing drivers/event/opdl/meson.build
Processing drivers/dma/meson.build
Processing drivers/dma/dpaa/meson.build
Processing drivers/dma/skeleton/meson.build
Processing drivers/dma/odm/meson.build
Processing drivers/dma/ioat/meson.build
Processing drivers/dma/idxd/meson.build
Processing drivers/dma/hisilicon/meson.build
Processing drivers/dma/dpaa2/meson.build
Processing drivers/dma/cnxk/meson.build
Processing drivers/raw/meson.build
Processing drivers/raw/cnxk_rvu_lf/meson.build
Processing drivers/raw/skeleton/meson.build
Processing drivers/raw/ntb/meson.build
Processing drivers/raw/cnxk_gpio/meson.build
Processing drivers/raw/cnxk_bphy/meson.build
Processing drivers/raw/ifpga/meson.build
Processing drivers/raw/ifpga/base/meson.build
Processing drivers/raw/gdtc/meson.build
Processing drivers/raw/dpaa2_cmdif/meson.build
Processing drivers/ml/meson.build
Processing drivers/ml/cnxk/meson.build
Processing drivers/compress/meson.build
Processing drivers/compress/nitrox/meson.build
Processing drivers/compress/mlx5/meson.build
Processing drivers/compress/zlib/meson.build
Processing drivers/compress/octeontx/meson.build
Processing drivers/compress/uadk/meson.build
Processing drivers/compress/isal/meson.build
Processing drivers/mempool/meson.build
Processing drivers/mempool/stack/meson.build
Processing drivers/mempool/dpaa/meson.build
Processing drivers/mempool/ring/meson.build
Processing drivers/mempool/bucket/meson.build
Processing drivers/mempool/octeontx/meson.build
Processing drivers/mempool/dpaa2/meson.build
Processing drivers/mempool/cnxk/meson.build
Processing kernel/meson.build
Processing kernel/freebsd/meson.build
Processing kernel/freebsd/contigmem/meson.build
Processing kernel/freebsd/nic_uio/meson.build
Processing doc/meson.build
Processing doc/guides/meson.build
Processing doc/api/meson.build
Processing doc/api/dts/meson.build
Processing config/meson.build
Processing config/riscv/meson.build
Processing config/x86/meson.build
Processing config/ppc/meson.build
Processing config/arm/meson.build
Processing config/loongarch/meson.build
Processing examples/meson.build
Processing examples/l2fwd-crypto/meson.build
Processing examples/bbdev_app/meson.build
Processing examples/l2fwd/meson.build
Processing examples/vmdq/meson.build
Processing examples/qos_meter/meson.build
Processing examples/distributor/meson.build
Processing examples/skeleton/meson.build
Processing examples/link_status_interrupt/meson.build
Processing examples/l2fwd-cat/meson.build
Processing examples/l2fwd-keepalive/meson.build
Processing examples/ipv4_multicast/meson.build
Processing examples/l2fwd-jobstats/meson.build
Processing examples/vdpa/meson.build
Processing examples/vm_power_manager/meson.build
Processing examples/vm_power_manager/guest_cli/meson.build
Processing examples/helloworld/meson.build
Processing examples/flow_filtering/meson.build
Processing examples/eventdev_pipeline/meson.build
Processing examples/fips_validation/meson.build
Processing examples/l3fwd-graph/meson.build
Processing examples/ntb/meson.build
Processing examples/vhost/meson.build
Processing examples/ipsec-secgw/meson.build
Processing examples/ethtool/meson.build
Processing examples/vhost_blk/meson.build
Processing examples/vmdq_dcb/meson.build
Processing examples/l2fwd-macsec/meson.build
Processing examples/cmdline/meson.build
Processing examples/l2fwd-event/meson.build
Processing examples/server_node_efd/efd_server/meson.build
Processing examples/server_node_efd/efd_node/meson.build
Processing examples/bond/meson.build
Processing examples/l3fwd/meson.build
Processing examples/ptpclient/meson.build
Processing examples/ip_pipeline/meson.build
Processing examples/service_cores/meson.build
Processing examples/pipeline/meson.build
Processing examples/ip_fragmentation/meson.build
Processing examples/dma/meson.build
Processing examples/l3fwd-power/meson.build
Processing examples/qos_sched/meson.build
Processing examples/rxtx_callbacks/meson.build
Processing examples/timer/meson.build
Processing examples/multi_process/symmetric_mp/meson.build
Processing examples/multi_process/simple_mp/meson.build
Processing examples/multi_process/hotplug_mp/meson.build
Processing examples/multi_process/client_server_mp/mp_client/meson.build
Processing examples/multi_process/client_server_mp/mp_server/meson.build
Processing examples/packet_ordering/meson.build
Processing examples/ip_reassembly/meson.build
Processing examples/vhost_crypto/meson.build
https://lab.dpdk.org/results/dashboard/patchsets/33654/
UNH-IOL DPDK Community Lab
^ permalink raw reply [flat|nested] 5+ messages in thread
* |FAILURE| pw155222 [PATCH v8 14/14] net/sxe: add Solve compilation problems.
[not found] <20250715034152.7020-14-liujie5@linkdatatechnology.com>
` (3 preceding siblings ...)
2025-07-15 4:02 ` |FAILURE| pw155209-155222 [PATCH] [v8, " dpdklab
@ 2025-07-15 5:03 ` 0-day Robot
4 siblings, 0 replies; 5+ messages in thread
From: 0-day Robot @ 2025-07-15 5:03 UTC (permalink / raw)
To: test-report; +Cc: liujie5, robot
From: robot@bytheb.org
Test-Label: github-robot: build
Test-Status: FAILURE
http://patchwork.dpdk.org/patch/155222/
_github build: failed_
Build URL: https://github.com/ovsrobot/dpdk/actions/runs/16283796210
Build Logs:
-----------------------Summary of failed steps-----------------------
"Check patches" failed at step Check patches
----------------------End summary of failed steps--------------------
-------------------------------BEGIN LOGS----------------------------
####################################################################################
#### [Begin job log] "Check patches" at step Check patches
####################################################################################
item ipv6
item nvgre
item raw
item sctp
item tcp
item udp
item vlan
item vxlan
action drop
action mark
action pf
action queue
action rss
action security
action vf
+ failed=true
+ devtools/check-meson.py
Error parsing drivers/net/meson.build:67, got some tabulation
Error: Incorrect indent at drivers/net/meson.build:68
+ devtools/check-spdx-tag.sh
drivers/net/sxe/rte_pmd_sxe_version.map
total: 1 missing SPDX, 0 license errors, 0 warnings
+ failed=true
+ '[' -z true ']'
##[error]Process completed with exit code 1.
####################################################################################
#### [End job log] "Check patches" at step Check patches
####################################################################################
--------------------------------END LOGS-----------------------------
^ permalink raw reply [flat|nested] 5+ messages in thread