From: qemudev@loongson.cn
To: test-report@dpdk.org
Cc: Stephen Hemminger <stephen@networkplumber.org>, zhoumin@loongson.cn
Subject: |FAILURE| pw155228-155240 [PATCH v4 13/13] pdump: mark API and application as deprecated
Date: Tue, 15 Jul 2025 23:50:42 +0800 [thread overview]
Message-ID: <202507151550.56FFogc92315872@localhost.localdomain> (raw)
In-Reply-To: <20250715161700.103209-14-stephen@networkplumber.org>
Test-Label: loongarch-unit-testing
Test-Status: FAILURE
http://dpdk.org/patch/155240
_Unit Testing FAIL_
Submitter: Stephen Hemminger <stephen@networkplumber.org>
Date: Tue, 15 Jul 2025 09:15:39 -0700
DPDK git baseline: Repo:dpdk
Branch: main
CommitID: 9fe9c0b231c8da5435bfccb1963121b4277f961c
155228-155240 --> testing fail
Test environment and result as below:
+---------------------+----------------+
| Environment | dpdk_unit_test |
+---------------------+----------------+
| Loongnix-Server 8.3 | FAIL |
+---------------------+----------------+
Loongnix-Server 8.3
Kernel: 4.19.190+
Compiler: gcc 8.3
Test result details:
1/121 DPDK:fast-tests / acl_autotest OK 3.33s
2/121 DPDK:fast-tests / alarm_autotest OK 1.61s
3/121 DPDK:fast-tests / argparse_autotest OK 0.63s
4/121 DPDK:fast-tests / atomic_autotest OK 7.12s
5/121 DPDK:fast-tests / bitcount_autotest OK 0.31s
6/121 DPDK:fast-tests / bitmap_autotest OK 0.42s
7/121 DPDK:fast-tests / bitops_autotest OK 1.92s
8/121 DPDK:fast-tests / bitratestats_autotest OK 0.42s
9/121 DPDK:fast-tests / bitset_autotest OK 3.14s
10/121 DPDK:fast-tests / bpf_autotest OK 0.42s
11/121 DPDK:fast-tests / bpf_convert_autotest OK 0.42s
12/121 DPDK:fast-tests / byteorder_autotest OK 0.42s
13/121 DPDK:fast-tests / cfgfile_autotest OK 0.45s
14/121 DPDK:fast-tests / cksum_autotest OK 0.42s
15/121 DPDK:fast-tests / cmdline_autotest OK 0.42s
16/121 DPDK:fast-tests / common_autotest OK 1.30s
17/121 DPDK:fast-tests / compressdev_autotest SKIP 0.07s exit status 77
18/121 DPDK:fast-tests / cpuflags_autotest OK 0.63s
19/121 DPDK:fast-tests / crc_autotest OK 0.61s
20/121 DPDK:fast-tests / user_delay_us OK 0.61s
21/121 DPDK:fast-tests / debug_autotest OK 17.51s
22/121 DPDK:fast-tests / devargs_autotest OK 0.62s
23/121 DPDK:fast-tests / dispatcher_autotest OK 2.58s
24/121 DPDK:fast-tests / distributor_autotest OK 1.21s
25/121 DPDK:fast-tests / eal_flags_c_opt_autotest OK 0.82s
26/121 DPDK:fast-tests / eal_flags_main_opt_autotest OK 0.24s
27/121 DPDK:fast-tests / eal_flags_n_opt_autotest OK 0.21s
28/121 DPDK:fast-tests / eal_flags_hpet_autotest OK 0.14s
29/121 DPDK:fast-tests / eal_flags_no_huge_autotest OK 0.24s
30/121 DPDK:fast-tests / eal_flags_a_opt_autotest OK 0.32s
31/121 DPDK:fast-tests / eal_flags_b_opt_autotest OK 0.26s
32/121 DPDK:fast-tests / eal_flags_vdev_opt_autotest OK 0.21s
33/121 DPDK:fast-tests / eal_flags_r_opt_autotest OK 0.20s
34/121 DPDK:fast-tests / eal_flags_mem_autotest OK 0.62s
35/121 DPDK:fast-tests / eal_flags_file_prefix_autotest OK 22.30s
36/121 DPDK:fast-tests / eal_flags_misc_autotest OK 1.10s
37/121 DPDK:fast-tests / eal_fs_autotest OK 0.62s
38/121 DPDK:fast-tests / errno_autotest OK 0.62s
39/121 DPDK:fast-tests / ethdev_link_status OK 0.61s
40/121 DPDK:fast-tests / ethdev_mirror FAIL 0.62s exit status 255
41/121 DPDK:fast-tests / event_eth_tx_adapter_autotest OK 1.70s
42/121 DPDK:fast-tests / event_ring_autotest OK 0.63s
43/121 DPDK:fast-tests / eventdev_common_autotest OK 0.62s
44/121 DPDK:fast-tests / eventdev_selftest_sw OK 7.43s
45/121 DPDK:fast-tests / fbarray_autotest OK 0.63s
46/121 DPDK:fast-tests / fib_autotest OK 1.48s
47/121 DPDK:fast-tests / fib6_autotest OK 1.26s
48/121 DPDK:fast-tests / func_reentrancy_autotest OK 2.31s
49/121 DPDK:fast-tests / graph_autotest OK 0.63s
50/121 DPDK:fast-tests / node_list_dump OK 0.61s
51/121 DPDK:fast-tests / graph_feature_arc_autotest OK 0.62s
52/121 DPDK:fast-tests / hash_autotest OK 1.24s
53/121 DPDK:fast-tests / hash_readwrite_func_autotest OK 6.40s
54/121 DPDK:fast-tests / interrupt_autotest OK 1.93s
55/121 DPDK:fast-tests / ipfrag_autotest OK 0.08s
56/121 DPDK:fast-tests / ipsec_autotest SKIP 0.63s exit status 77
57/121 DPDK:fast-tests / kvargs_autotest OK 0.62s
58/121 DPDK:fast-tests / latencystats_autotest OK 0.62s
59/121 DPDK:fast-tests / lcore_var_autotest OK 0.74s
60/121 DPDK:fast-tests / lcores_autotest OK 5.43s
61/121 DPDK:fast-tests / logs_autotest OK 0.62s
62/121 DPDK:fast-tests / lpm_autotest OK 2.66s
63/121 DPDK:fast-tests / lpm6_autotest OK 5.78s
64/121 DPDK:fast-tests / malloc_autotest OK 64.74s
65/121 DPDK:fast-tests / mbuf_autotest OK 5.07s
66/121 DPDK:fast-tests / mcslock_autotest OK 3.99s
67/121 DPDK:fast-tests / member_autotest OK 1.82s
68/121 DPDK:fast-tests / memcpy_autotest OK 7.13s
69/121 DPDK:fast-tests / memory_autotest OK 0.10s
70/121 DPDK:fast-tests / mempool_autotest OK 0.44s
71/121 DPDK:fast-tests / memzone_autotest OK 0.15s
72/121 DPDK:fast-tests / meter_autotest OK 0.62s
73/121 DPDK:fast-tests / metrics_autotest OK 0.62s
74/121 DPDK:fast-tests / multiprocess_autotest OK 0.77s
75/121 DPDK:fast-tests / net_ether_autotest OK 1.28s
76/121 DPDK:fast-tests / net_ipv6_autotest OK 0.62s
77/121 DPDK:fast-tests / pcapng_autotest OK 7.96s
78/121 DPDK:fast-tests / pdcp_autotest SKIP 0.08s exit status 77
79/121 DPDK:fast-tests / pdump_autotest OK 0.74s
80/121 DPDK:fast-tests / per_lcore_autotest OK 0.72s
81/121 DPDK:fast-tests / pflock_autotest OK 1.43s
82/121 DPDK:fast-tests / pie_autotest OK 0.62s
83/121 DPDK:fast-tests / ring_pmd_autotest OK 0.62s
84/121 DPDK:fast-tests / power_autotest OK 0.62s
85/121 DPDK:fast-tests / power_cpufreq_autotest SKIP 0.08s exit status 77
86/121 DPDK:fast-tests / power_intel_uncore_autotest SKIP 0.62s exit status 77
87/121 DPDK:fast-tests / power_kvm_vm_autotest SKIP 0.08s exit status 77
88/121 DPDK:fast-tests / prefetch_autotest OK 0.62s
89/121 DPDK:fast-tests / ptr_compress_autotest OK 0.62s
90/121 DPDK:fast-tests / rawdev_autotest OK 0.62s
91/121 DPDK:fast-tests / rcu_qsbr_autotest OK 1.14s
92/121 DPDK:fast-tests / reorder_autotest OK 0.68s
93/121 DPDK:fast-tests / rib_autotest OK 9.27s
94/121 DPDK:fast-tests / rib6_autotest OK 9.27s
95/121 DPDK:fast-tests / ring_autotest OK 0.65s
96/121 DPDK:fast-tests / rwlock_test1_autotest OK 1.37s
97/121 DPDK:fast-tests / rwlock_rda_autotest OK 5.62s
98/121 DPDK:fast-tests / rwlock_rds_wrm_autotest OK 5.54s
99/121 DPDK:fast-tests / rwlock_rde_wro_autotest OK 5.53s
100/121 DPDK:fast-tests / sched_autotest OK 0.62s
101/121 DPDK:fast-tests / security_autotest OK 0.08s
102/121 DPDK:fast-tests / seqlock_autotest OK 2.63s
103/121 DPDK:fast-tests / service_autotest OK 3.32s
104/121 DPDK:fast-tests / soring_autotest OK 0.63s
105/121 DPDK:fast-tests / spinlock_autotest OK 0.70s
106/121 DPDK:fast-tests / stack_autotest OK 0.87s
107/121 DPDK:fast-tests / stack_lf_autotest SKIP 0.07s exit status 77
108/121 DPDK:fast-tests / string_autotest OK 0.62s
109/121 DPDK:fast-tests / table_autotest OK 8.15s
110/121 DPDK:fast-tests / tailq_autotest OK 0.62s
111/121 DPDK:fast-tests / telemetry_data_autotest OK 0.62s
112/121 DPDK:fast-tests / telemetry_json_autotest OK 0.62s
113/121 DPDK:fast-tests / thash_autotest OK 0.63s
114/121 DPDK:fast-tests / threads_autotest OK 0.79s
115/121 DPDK:fast-tests / ticketlock_autotest OK 0.78s
116/121 DPDK:fast-tests / timer_autotest OK 3.90s
117/121 DPDK:fast-tests / trace_autotest OK 0.62s
118/121 DPDK:fast-tests / trace_autotest_with_traces OK 0.62s
119/121 DPDK:fast-tests / vdev_autotest OK 0.62s
120/121 DPDK:fast-tests / version_autotest OK 0.59s
121/121 DPDK:fast-tests / telemetry_all OK 1.33s
Ok: 113
Expected Fail: 0
Fail: 1
Unexpected Pass: 0
Skipped: 7
Timeout: 0
Test logs for failed test cases:
================================================================================
DPDK:fast-tests / ethdev_mirror: FAIL
================================================================================
-------------------------------------stdout-------------------------------------
RTE>>ethdev_mirror
+ ------------------------------------------------------- +
+ Test Suite : port mirroring
+ ------------------------------------------------------- +
+ TestCase [ 0] : ethdev_mirror_api failed
+ TestCase [ 1] : ethdev_mirror_packets succeeded
+ ------------------------------------------------------- +
+ Test Suite Summary : port mirroring
+ ------------------------------------------------------- +
+ Tests Total : 2
+ Tests Skipped : 0
+ Tests Executed : 2
+ Tests Unsupported: 0
+ Tests Passed : 1
+ Tests Failed : 1
+ ------------------------------------------------------- +
Test Failed
RTE>>
-------------------------------------stderr-------------------------------------
EAL: Detected CPU lcores: 32
EAL: Detected NUMA nodes: 8
EAL: Detected static linkage of DPDK
EAL: Multi-process socket /var/run/dpdk/rte/mp_socket
EAL: Selected IOVA mode 'VA'
APP: HPET is not enabled, using TSC as default timer
ETHDEV: Invalid port_id=32
ETHDEV: Invalid port_id=32
ETHDEV: Invalid direction 0
ETHDEV: Cannot mirror port to self
EAL: Test assert ethdev_mirror_api line 151 failed: Able to create duplicate mirror
EAL: Test assert validate_burst line 221 failed: mirror packet not right len
next prev parent reply other threads:[~2025-07-15 16:27 UTC|newest]
Thread overview: 33+ messages / expand[flat|nested] mbox.gz Atom feed top
[not found] <20250715161700.103209-14-stephen@networkplumber.org>
2025-07-15 15:45 ` |SUCCESS| " qemudev
2025-07-15 15:50 ` qemudev [this message]
2025-07-15 16:17 ` |SUCCESS| pw155240 " checkpatch
2025-07-15 17:04 ` |FAILURE| " 0-day Robot
2025-07-15 17:08 ` |SUCCESS| pw155228-155240 [PATCH] [v4,13/13] pdump: mark API and app dpdklab
2025-07-15 17:10 ` |FAILURE| " dpdklab
2025-07-15 17:12 ` |PENDING| " dpdklab
2025-07-15 17:15 ` |SUCCESS| " dpdklab
2025-07-15 17:17 ` |FAILURE| " dpdklab
2025-07-15 17:22 ` |SUCCESS| " dpdklab
2025-07-15 17:25 ` dpdklab
2025-07-15 17:25 ` dpdklab
2025-07-15 17:26 ` |FAILURE| " dpdklab
2025-07-15 17:28 ` dpdklab
2025-07-15 17:30 ` |SUCCESS| " dpdklab
2025-07-15 17:39 ` |FAILURE| " dpdklab
2025-07-15 17:45 ` dpdklab
2025-07-15 17:49 ` |SUCCESS| " dpdklab
2025-07-15 17:50 ` |FAILURE| " dpdklab
2025-07-15 17:56 ` dpdklab
2025-07-15 17:59 ` dpdklab
2025-07-15 18:03 ` dpdklab
2025-07-15 18:07 ` dpdklab
2025-07-15 18:12 ` dpdklab
2025-07-15 18:12 ` dpdklab
2025-07-15 18:13 ` dpdklab
2025-07-15 18:15 ` dpdklab
2025-07-15 18:18 ` dpdklab
2025-07-15 18:22 ` dpdklab
2025-07-15 18:37 ` |SUCCESS| " dpdklab
2025-07-15 18:47 ` |FAILURE| " dpdklab
2025-07-15 19:27 ` dpdklab
2025-07-15 20:47 ` |SUCCESS| " dpdklab
Reply instructions:
You may reply publicly to this message via plain-text email
using any one of the following methods:
* Save the following mbox file, import it into your mail client,
and reply-to-all from there: mbox
Avoid top-posting and favor interleaved quoting:
https://en.wikipedia.org/wiki/Posting_style#Interleaved_style
* Reply using the --to, --cc, and --in-reply-to
switches of git-send-email(1):
git send-email \
--in-reply-to=202507151550.56FFogc92315872@localhost.localdomain \
--to=qemudev@loongson.cn \
--cc=stephen@networkplumber.org \
--cc=test-report@dpdk.org \
--cc=zhoumin@loongson.cn \
/path/to/YOUR_REPLY
https://kernel.org/pub/software/scm/git/docs/git-send-email.html
* If your mail client supports setting the In-Reply-To header
via mailto: links, try the mailto: link
Be sure your reply has a Subject: header at the top and a blank line
before the message body.
This is a public inbox, see mirroring instructions
for how to clone and mirror all data and code used for this inbox;
as well as URLs for NNTP newsgroup(s).