From: qemudev@loongson.cn
To: test-report@dpdk.org
Subject: |SUCCESS| pw155243-155256 [PATCH v9 14/14] net/sxe: add Solve compilation problems.
Date: Wed, 16 Jul 2025 15:58:21 +0800 [thread overview]
Message-ID: <202507160758.56G7wLCX2508501@localhost.localdomain> (raw)
In-Reply-To: <20250716082930.83026-14-liujie5@linkdatatechnology.com>
Test-Label: loongarch-compilation
Test-Status: SUCCESS
http://dpdk.org/patch/155256
_Compilation OK_
Submitter: Jie Liu <liujie5@linkdatatechnology.com>
Date: Wed, 16 Jul 2025 04:29:17 -0400
DPDK git baseline: Repo:dpdk
Branch: main
CommitID: 9fe9c0b231c8da5435bfccb1963121b4277f961c
155243-155256 --> meson & ninja build successfully
Test environment and result as below:
+---------------------+----------------+
| Environment | compilation |
+---------------------+----------------+
| Loongnix-Server 8.3 | PASS |
+---------------------+----------------+
Loongnix-Server 8.3
Kernel: 4.19.190+
Compiler: gcc 8.3
next parent reply other threads:[~2025-07-16 8:34 UTC|newest]
Thread overview: 23+ messages / expand[flat|nested] mbox.gz Atom feed top
[not found] <20250716082930.83026-14-liujie5@linkdatatechnology.com>
2025-07-16 7:58 ` qemudev [this message]
2025-07-16 8:03 ` qemudev
2025-07-16 8:35 ` |WARNING| pw155256 " checkpatch
2025-07-16 9:16 ` |PENDING| pw155243-155256 [PATCH] [v9,14/14] net/sxe: add Solve comp dpdklab
2025-07-16 9:21 ` |SUCCESS| " dpdklab
2025-07-16 9:23 ` |PENDING| " dpdklab
2025-07-16 9:27 ` dpdklab
2025-07-16 9:30 ` |SUCCESS| " dpdklab
2025-07-16 9:33 ` dpdklab
2025-07-16 9:36 ` dpdklab
2025-07-16 9:36 ` dpdklab
2025-07-16 9:37 ` dpdklab
2025-07-16 9:39 ` |PENDING| " dpdklab
2025-07-16 9:43 ` |FAILURE| pw155256 [PATCH v9 14/14] net/sxe: add Solve compilation problems 0-day Robot
2025-07-16 10:15 ` |SUCCESS| pw155243-155256 [PATCH] [v9,14/14] net/sxe: add Solve comp dpdklab
2025-07-16 10:15 ` dpdklab
2025-07-16 10:27 ` dpdklab
2025-07-16 10:28 ` dpdklab
2025-07-16 10:31 ` dpdklab
2025-07-16 10:45 ` dpdklab
2025-07-16 12:56 ` dpdklab
2025-07-16 12:59 ` dpdklab
2025-07-16 15:17 ` dpdklab
Reply instructions:
You may reply publicly to this message via plain-text email
using any one of the following methods:
* Save the following mbox file, import it into your mail client,
and reply-to-all from there: mbox
Avoid top-posting and favor interleaved quoting:
https://en.wikipedia.org/wiki/Posting_style#Interleaved_style
* Reply using the --to, --cc, and --in-reply-to
switches of git-send-email(1):
git send-email \
--in-reply-to=202507160758.56G7wLCX2508501@localhost.localdomain \
--to=qemudev@loongson.cn \
--cc=test-report@dpdk.org \
/path/to/YOUR_REPLY
https://kernel.org/pub/software/scm/git/docs/git-send-email.html
* If your mail client supports setting the In-Reply-To header
via mailto: links, try the mailto: link
Be sure your reply has a Subject: header at the top and a blank line
before the message body.
This is a public inbox, see mirroring instructions
for how to clone and mirror all data and code used for this inbox;
as well as URLs for NNTP newsgroup(s).