automatic DPDK test reports
 help / color / mirror / Atom feed
* |SUCCESS| pw155298 [PATCH v1] net/ixgbe: add nic and updated recommended matching list
       [not found] <20250717061604.3288049-3-hailinx.xu@intel.com>
@ 2025-07-17  6:21 ` qemudev
  2025-07-17  6:26 ` qemudev
                   ` (2 subsequent siblings)
  3 siblings, 0 replies; 4+ messages in thread
From: qemudev @ 2025-07-17  6:21 UTC (permalink / raw)
  To: test-report

Test-Label: loongarch-compilation
Test-Status: SUCCESS
http://dpdk.org/patch/155298

_Compilation OK_

Submitter: hailinx <hailinx.xu@intel.com>
Date: Thu, 17 Jul 2025 14:16:04 +0800
DPDK git baseline: Repo:dpdk-next-net-intel
  Branch: main
  CommitID: a6b10031d251fcc7dadede461f7e1d005024b139

155298 --> meson & ninja build successfully

Test environment and result as below:

+---------------------+----------------+
|     Environment     | compilation    |
+---------------------+----------------+
| Loongnix-Server 8.3 | PASS           |
+---------------------+----------------+

Loongnix-Server 8.3
    Kernel: 4.19.190+
    Compiler: gcc 8.3


^ permalink raw reply	[flat|nested] 4+ messages in thread

* |SUCCESS| pw155298 [PATCH v1] net/ixgbe: add nic and updated recommended matching list
       [not found] <20250717061604.3288049-3-hailinx.xu@intel.com>
  2025-07-17  6:21 ` |SUCCESS| pw155298 [PATCH v1] net/ixgbe: add nic and updated recommended matching list qemudev
@ 2025-07-17  6:26 ` qemudev
  2025-07-17  6:54 ` |WARNING| " checkpatch
  2025-07-17  8:03 ` |FAILURE| " 0-day Robot
  3 siblings, 0 replies; 4+ messages in thread
From: qemudev @ 2025-07-17  6:26 UTC (permalink / raw)
  To: test-report

Test-Label: loongarch-unit-testing
Test-Status: SUCCESS
http://dpdk.org/patch/155298

_Unit Testing PASS_

Submitter: hailinx <hailinx.xu@intel.com>
Date: Thu, 17 Jul 2025 14:16:04 +0800
DPDK git baseline: Repo:dpdk-next-net-intel
  Branch: main
  CommitID: a6b10031d251fcc7dadede461f7e1d005024b139

155298 --> testing pass

Test environment and result as below:

+---------------------+----------------+
|     Environment     | dpdk_unit_test |
+---------------------+----------------+
| Loongnix-Server 8.3 | PASS           |
+---------------------+----------------+

Loongnix-Server 8.3
    Kernel: 4.19.190+
    Compiler: gcc 8.3


Test result details:
  1/120 DPDK:fast-tests / acl_autotest                            OK              3.29s
  2/120 DPDK:fast-tests / alarm_autotest                          OK              1.59s
  3/120 DPDK:fast-tests / argparse_autotest                       OK              0.58s
  4/120 DPDK:fast-tests / atomic_autotest                         OK              7.31s
  5/120 DPDK:fast-tests / bitcount_autotest                       OK              0.48s
  6/120 DPDK:fast-tests / bitmap_autotest                         OK              0.56s
  7/120 DPDK:fast-tests / bitops_autotest                         OK              2.08s
  8/120 DPDK:fast-tests / bitratestats_autotest                   OK              0.58s
  9/120 DPDK:fast-tests / bitset_autotest                         OK              3.31s
 10/120 DPDK:fast-tests / bpf_autotest                            OK              0.58s
 11/120 DPDK:fast-tests / bpf_convert_autotest                    OK              0.58s
 12/120 DPDK:fast-tests / byteorder_autotest                      OK              0.57s
 13/120 DPDK:fast-tests / cfgfile_autotest                        OK              0.57s
 14/120 DPDK:fast-tests / cksum_autotest                          OK              0.57s
 15/120 DPDK:fast-tests / cmdline_autotest                        OK              0.57s
 16/120 DPDK:fast-tests / common_autotest                         OK              1.45s
 17/120 DPDK:fast-tests / compressdev_autotest                    SKIP            0.07s   exit status 77
 18/120 DPDK:fast-tests / cpuflags_autotest                       OK              0.39s
 19/120 DPDK:fast-tests / crc_autotest                            OK              0.40s
 20/120 DPDK:fast-tests / user_delay_us                           OK              0.40s
 21/120 DPDK:fast-tests / debug_autotest                          OK             26.31s
 22/120 DPDK:fast-tests / devargs_autotest                        OK              0.39s
 23/120 DPDK:fast-tests / dispatcher_autotest                     OK              2.51s
 24/120 DPDK:fast-tests / distributor_autotest                    OK              1.20s
 25/120 DPDK:fast-tests / eal_flags_c_opt_autotest                OK              0.79s
 26/120 DPDK:fast-tests / eal_flags_main_opt_autotest             OK              0.22s
 27/120 DPDK:fast-tests / eal_flags_n_opt_autotest                OK              0.20s
 28/120 DPDK:fast-tests / eal_flags_hpet_autotest                 OK              0.13s
 29/120 DPDK:fast-tests / eal_flags_no_huge_autotest              OK              0.22s
 30/120 DPDK:fast-tests / eal_flags_a_opt_autotest                OK              0.30s
 31/120 DPDK:fast-tests / eal_flags_b_opt_autotest                OK              0.25s
 32/120 DPDK:fast-tests / eal_flags_vdev_opt_autotest             OK              0.19s
 33/120 DPDK:fast-tests / eal_flags_r_opt_autotest                OK              0.19s
 34/120 DPDK:fast-tests / eal_flags_mem_autotest                  OK              0.59s
 35/120 DPDK:fast-tests / eal_flags_file_prefix_autotest          OK             22.22s
 36/120 DPDK:fast-tests / eal_flags_misc_autotest                 OK              1.05s
 37/120 DPDK:fast-tests / eal_fs_autotest                         OK              0.39s
 38/120 DPDK:fast-tests / errno_autotest                          OK              0.40s
 39/120 DPDK:fast-tests / ethdev_link_status                      OK              0.40s
 40/120 DPDK:fast-tests / event_eth_tx_adapter_autotest           OK              1.68s
 41/120 DPDK:fast-tests / event_ring_autotest                     OK              0.40s
 42/120 DPDK:fast-tests / eventdev_common_autotest                OK              0.40s
 43/120 DPDK:fast-tests / eventdev_selftest_sw                    OK              7.29s
 44/120 DPDK:fast-tests / fbarray_autotest                        OK              0.40s
 45/120 DPDK:fast-tests / fib_autotest                            OK              1.24s
 46/120 DPDK:fast-tests / fib6_autotest                           OK              1.03s
 47/120 DPDK:fast-tests / func_reentrancy_autotest                OK              2.22s
 48/120 DPDK:fast-tests / graph_autotest                          OK              0.40s
 49/120 DPDK:fast-tests / node_list_dump                          OK              0.39s
 50/120 DPDK:fast-tests / graph_feature_arc_autotest              OK              0.40s
 51/120 DPDK:fast-tests / hash_autotest                           OK              1.02s
 52/120 DPDK:fast-tests / hash_readwrite_func_autotest            OK              6.38s
 53/120 DPDK:fast-tests / interrupt_autotest                      OK              1.70s
 54/120 DPDK:fast-tests / ipfrag_autotest                         OK              0.07s
 55/120 DPDK:fast-tests / ipsec_autotest                          SKIP            0.40s   exit status 77
 56/120 DPDK:fast-tests / kvargs_autotest                         OK              0.40s
 57/120 DPDK:fast-tests / latencystats_autotest                   OK              0.40s
 58/120 DPDK:fast-tests / lcore_var_autotest                      OK              0.54s
 59/120 DPDK:fast-tests / lcores_autotest                         OK              5.20s
 60/120 DPDK:fast-tests / logs_autotest                           OK              0.40s
 61/120 DPDK:fast-tests / lpm_autotest                            OK              2.44s
 62/120 DPDK:fast-tests / lpm6_autotest                           OK              5.55s
 63/120 DPDK:fast-tests / malloc_autotest                         OK             62.06s
 64/120 DPDK:fast-tests / mbuf_autotest                           OK              4.97s
 65/120 DPDK:fast-tests / mcslock_autotest                        OK              2.67s
 66/120 DPDK:fast-tests / member_autotest                         OK              1.60s
 67/120 DPDK:fast-tests / memcpy_autotest                         OK              7.11s
 68/120 DPDK:fast-tests / memory_autotest                         OK              0.09s
 69/120 DPDK:fast-tests / mempool_autotest                        OK              0.43s
 70/120 DPDK:fast-tests / memzone_autotest                        OK              0.14s
 71/120 DPDK:fast-tests / meter_autotest                          OK              0.39s
 72/120 DPDK:fast-tests / metrics_autotest                        OK              0.39s
 73/120 DPDK:fast-tests / multiprocess_autotest                   OK              0.19s
 74/120 DPDK:fast-tests / net_ether_autotest                      OK              1.05s
 75/120 DPDK:fast-tests / net_ipv6_autotest                       OK              0.39s
 76/120 DPDK:fast-tests / pcapng_autotest                         OK              7.03s
 77/120 DPDK:fast-tests / pdcp_autotest                           SKIP            0.07s   exit status 77
 78/120 DPDK:fast-tests / pdump_autotest                          OK              0.51s
 79/120 DPDK:fast-tests / per_lcore_autotest                      OK              0.50s
 80/120 DPDK:fast-tests / pflock_autotest                         OK              1.20s
 81/120 DPDK:fast-tests / pie_autotest                            OK              0.40s
 82/120 DPDK:fast-tests / ring_pmd_autotest                       OK              0.46s
 83/120 DPDK:fast-tests / power_autotest                          OK              0.39s
 84/120 DPDK:fast-tests / power_cpufreq_autotest                  SKIP            0.07s   exit status 77
 85/120 DPDK:fast-tests / power_intel_uncore_autotest             SKIP            0.39s   exit status 77
 86/120 DPDK:fast-tests / power_kvm_vm_autotest                   SKIP            0.07s   exit status 77
 87/120 DPDK:fast-tests / prefetch_autotest                       OK              0.39s
 88/120 DPDK:fast-tests / ptr_compress_autotest                   OK              0.40s
 89/120 DPDK:fast-tests / rawdev_autotest                         OK              0.40s
 90/120 DPDK:fast-tests / rcu_qsbr_autotest                       OK              0.92s
 91/120 DPDK:fast-tests / reorder_autotest                        OK              0.45s
 92/120 DPDK:fast-tests / rib_autotest                            OK              9.04s
 93/120 DPDK:fast-tests / rib6_autotest                           OK              9.05s
 94/120 DPDK:fast-tests / ring_autotest                           OK              0.42s
 95/120 DPDK:fast-tests / rwlock_test1_autotest                   OK              1.14s
 96/120 DPDK:fast-tests / rwlock_rda_autotest                     OK              5.40s
 97/120 DPDK:fast-tests / rwlock_rds_wrm_autotest                 OK              5.40s
 98/120 DPDK:fast-tests / rwlock_rde_wro_autotest                 OK              5.40s
 99/120 DPDK:fast-tests / sched_autotest                          OK              0.40s
100/120 DPDK:fast-tests / security_autotest                       OK              0.07s
101/120 DPDK:fast-tests / seqlock_autotest                        OK              2.39s
102/120 DPDK:fast-tests / service_autotest                        OK              3.10s
103/120 DPDK:fast-tests / soring_autotest                         OK              0.40s
104/120 DPDK:fast-tests / spinlock_autotest                       OK              0.47s
105/120 DPDK:fast-tests / stack_autotest                          OK              0.86s
106/120 DPDK:fast-tests / stack_lf_autotest                       SKIP            0.06s   exit status 77
107/120 DPDK:fast-tests / string_autotest                         OK              0.39s
108/120 DPDK:fast-tests / table_autotest                          OK              7.51s
109/120 DPDK:fast-tests / tailq_autotest                          OK              0.39s
110/120 DPDK:fast-tests / telemetry_data_autotest                 OK              0.40s
111/120 DPDK:fast-tests / telemetry_json_autotest                 OK              0.39s
112/120 DPDK:fast-tests / thash_autotest                          OK              0.41s
113/120 DPDK:fast-tests / threads_autotest                        OK              0.57s
114/120 DPDK:fast-tests / ticketlock_autotest                     OK              0.55s
115/120 DPDK:fast-tests / timer_autotest                          OK              3.88s
116/120 DPDK:fast-tests / trace_autotest                          OK              0.39s
117/120 DPDK:fast-tests / trace_autotest_with_traces              OK              0.40s
118/120 DPDK:fast-tests / vdev_autotest                           OK              0.39s
119/120 DPDK:fast-tests / version_autotest                        OK              0.39s
120/120 DPDK:fast-tests / telemetry_all                           OK              1.32s


Ok:                 113
Expected Fail:      0
Fail:               0
Unexpected Pass:    0
Skipped:            7
Timeout:            0


^ permalink raw reply	[flat|nested] 4+ messages in thread

* |WARNING| pw155298 [PATCH v1] net/ixgbe: add nic and updated recommended matching list
       [not found] <20250717061604.3288049-3-hailinx.xu@intel.com>
  2025-07-17  6:21 ` |SUCCESS| pw155298 [PATCH v1] net/ixgbe: add nic and updated recommended matching list qemudev
  2025-07-17  6:26 ` qemudev
@ 2025-07-17  6:54 ` checkpatch
  2025-07-17  8:03 ` |FAILURE| " 0-day Robot
  3 siblings, 0 replies; 4+ messages in thread
From: checkpatch @ 2025-07-17  6:54 UTC (permalink / raw)
  To: test-report; +Cc: hailinx

Test-Label: checkpatch
Test-Status: WARNING
http://dpdk.org/patch/155298

_coding style issues_


WARNING:COMMIT_MESSAGE: Missing commit description - Add an appropriate one

total: 0 errors, 1 warnings, 33 lines checked

^ permalink raw reply	[flat|nested] 4+ messages in thread

* |FAILURE| pw155298 [PATCH v1] net/ixgbe: add nic and updated recommended matching list
       [not found] <20250717061604.3288049-3-hailinx.xu@intel.com>
                   ` (2 preceding siblings ...)
  2025-07-17  6:54 ` |WARNING| " checkpatch
@ 2025-07-17  8:03 ` 0-day Robot
  3 siblings, 0 replies; 4+ messages in thread
From: 0-day Robot @ 2025-07-17  8:03 UTC (permalink / raw)
  To: test-report; +Cc: hailinx.xu, robot

From: robot@bytheb.org

Test-Label: github-robot: build
Test-Status: FAILURE
http://patchwork.dpdk.org/patch/155298/

_github build: failed_
Build URL: https://github.com/ovsrobot/dpdk/actions/runs/16338541867
Build Logs:
-----------------------Summary of failed steps-----------------------
"ubuntu-22.04-clang-asan+doc+tests" failed at step Build and test
"ubuntu-22.04-gcc-abi+debug+doc+examples+tests" failed at step Build and test
----------------------End summary of failed steps--------------------

-------------------------------BEGIN LOGS----------------------------
####################################################################################
#### [Begin job log] "ubuntu-22.04-clang-asan+doc+tests" at step Build and test
####################################################################################
[1981/1996] Linking target examples/dpdk-vhost_blk
[1982/1996] Linking target examples/dpdk-vhost_crypto
[1983/1996] Linking target examples/dpdk-vmdq
[1984/1996] Linking target examples/dpdk-vm_power_manager
[1985/1996] Linking target examples/dpdk-guest_cli
[1986/1996] Linking target examples/dpdk-vmdq_dcb
[1987/1996] Linking target buildtools/chkincs/chkincs
[1988/1996] Linking target buildtools/chkincs/chkincs-all
[1989/1996] Linking target buildtools/chkincs/chkincs-exp
[1990/1996] Linking target buildtools/chkincs/chkincs-cpp
[1991/1996] Linking target buildtools/chkincs/chkincs-cpp-exp
[1992/1996] Generating doxygen-man with a custom command
[1993/1996] Linking target buildtools/chkincs/chkincs-cpp-all
[1994/1996] Generating dts_api_html with a custom command
[1995/1996] Generating html_guides with a custom command
FAILED: [code=2] doc/guides/html 
/usr/bin/python3 ../buildtools/call-sphinx-build.py /usr/bin/sphinx-build 25.07.0-rc3 /home/runner/work/dpdk/dpdk/doc/guides /home/runner/work/dpdk/dpdk/build/doc/guides -a -W

Warning, treated as error:
/home/runner/work/dpdk/dpdk/doc/guides/nics/ixgbe.rst:118:Title level inconsistent:

Feature not Supported by RX Vector PMD
^^^^^^^^^^^^^^^^^^^^^^^^^^^^^^^^^^^^^^
ninja: build stopped: subcommand failed.
##[error]Process completed with exit code 2.
####################################################################################
#### [End job log] "ubuntu-22.04-clang-asan+doc+tests" at step Build and test
####################################################################################




####################################################################################
#### [Begin job log] "ubuntu-22.04-gcc-abi+debug+doc+examples+tests" at step Build and test
####################################################################################
[1981/1996] Linking target examples/dpdk-vhost_blk
[1982/1996] Linking target examples/dpdk-vhost_crypto
[1983/1996] Linking target examples/dpdk-vmdq
[1984/1996] Linking target examples/dpdk-vmdq_dcb
[1985/1996] Linking target examples/dpdk-guest_cli
[1986/1996] Linking target examples/dpdk-vm_power_manager
[1987/1996] Linking target buildtools/chkincs/chkincs
[1988/1996] Linking target buildtools/chkincs/chkincs-exp
[1989/1996] Linking target buildtools/chkincs/chkincs-all
[1990/1996] Linking target buildtools/chkincs/chkincs-cpp
[1991/1996] Linking target buildtools/chkincs/chkincs-cpp-exp
[1992/1996] Linking target buildtools/chkincs/chkincs-cpp-all
[1993/1996] Generating doxygen-man with a custom command
[1994/1996] Generating dts_api_html with a custom command
[1995/1996] Generating html_guides with a custom command
FAILED: [code=2] doc/guides/html 
/usr/bin/python3 ../buildtools/call-sphinx-build.py /usr/bin/sphinx-build 25.07.0-rc3 /home/runner/work/dpdk/dpdk/doc/guides /home/runner/work/dpdk/dpdk/build/doc/guides -a -W

Warning, treated as error:
/home/runner/work/dpdk/dpdk/doc/guides/nics/ixgbe.rst:118:Title level inconsistent:

Feature not Supported by RX Vector PMD
^^^^^^^^^^^^^^^^^^^^^^^^^^^^^^^^^^^^^^
ninja: build stopped: subcommand failed.
##[error]Process completed with exit code 2.
####################################################################################
#### [End job log] "ubuntu-22.04-gcc-abi+debug+doc+examples+tests" at step Build and test
####################################################################################
--------------------------------END LOGS-----------------------------

^ permalink raw reply	[flat|nested] 4+ messages in thread

end of thread, other threads:[~2025-07-17  8:04 UTC | newest]

Thread overview: 4+ messages (download: mbox.gz / follow: Atom feed)
-- links below jump to the message on this page --
     [not found] <20250717061604.3288049-3-hailinx.xu@intel.com>
2025-07-17  6:21 ` |SUCCESS| pw155298 [PATCH v1] net/ixgbe: add nic and updated recommended matching list qemudev
2025-07-17  6:26 ` qemudev
2025-07-17  6:54 ` |WARNING| " checkpatch
2025-07-17  8:03 ` |FAILURE| " 0-day Robot

This is a public inbox, see mirroring instructions
for how to clone and mirror all data and code used for this inbox;
as well as URLs for NNTP newsgroup(s).