From: qemudev@loongson.cn
To: test-report@dpdk.org
Subject: |SUCCESS| pw155207 [PATCH v1] mailmap: add new email to DPDK
Date: Fri, 18 Jul 2025 09:23:31 +0800 [thread overview]
Message-ID: <202507180123.56I1NV3a3572703@localhost.localdomain> (raw)
In-Reply-To: <20250714191141.1243467-1-pravin.pathak@intel.com>
Test-Label: loongarch-compilation
Test-Status: SUCCESS
http://dpdk.org/patch/155207
_Compilation OK RETEST #4_
Submitter: Pravin Pathak <pravin.pathak@intel.com>
Date: Mon, 14 Jul 2025 14:11:41 -0500
DPDK git baseline: Repo:dpdk
Branch: main
CommitID: 20a053a223db35244b6daee98d71fdab631646b6
155207 --> meson & ninja build successfully
Test environment and result as below:
+---------------------+----------------+
| Environment | compilation |
+---------------------+----------------+
| Loongnix-Server 8.3 | PASS |
+---------------------+----------------+
Loongnix-Server 8.3
Kernel: 4.19.190+
Compiler: gcc 8.3
next prev parent reply other threads:[~2025-07-18 2:00 UTC|newest]
Thread overview: 69+ messages / expand[flat|nested] mbox.gz Atom feed top
[not found] <20250714191141.1243467-1-pravin.pathak@intel.com>
2025-07-14 18:37 ` qemudev
2025-07-14 18:43 ` |FAILURE| " qemudev
2025-07-14 19:11 ` |SUCCESS| " checkpatch
2025-07-14 19:55 ` |FAILURE| pw155207 [PATCH] [v1] " dpdklab
2025-07-14 20:00 ` |PENDING| " dpdklab
2025-07-14 20:02 ` |SUCCESS| " dpdklab
2025-07-14 20:10 ` dpdklab
2025-07-14 20:14 ` |PENDING| " dpdklab
2025-07-14 20:17 ` dpdklab
2025-07-14 20:19 ` |SUCCESS| " dpdklab
2025-07-14 20:23 ` |SUCCESS| pw155207 [PATCH v1] " 0-day Robot
2025-07-14 20:31 ` |PENDING| pw155207 [PATCH] [v1] " dpdklab
2025-07-14 20:39 ` dpdklab
2025-07-14 20:43 ` |SUCCESS| " dpdklab
2025-07-14 21:06 ` dpdklab
2025-07-14 21:17 ` dpdklab
2025-07-14 21:28 ` dpdklab
2025-07-14 21:28 ` dpdklab
2025-07-14 22:53 ` dpdklab
2025-07-14 23:08 ` dpdklab
2025-07-14 23:46 ` dpdklab
2025-07-15 5:34 ` dpdklab
2025-07-15 6:42 ` |FAILURE| " dpdklab
2025-07-17 12:31 ` |SUCCESS| pw155207 [PATCH v1] " qemudev
2025-07-17 12:36 ` qemudev
2025-07-17 12:44 ` qemudev
2025-07-17 12:50 ` |FAILURE| " qemudev
2025-07-17 13:37 ` |PENDING| pw155207 [PATCH] [v1] " dpdklab
2025-07-17 13:39 ` dpdklab
2025-07-17 13:40 ` |SUCCESS| " dpdklab
2025-07-17 13:40 ` |PENDING| " dpdklab
2025-07-17 13:42 ` dpdklab
2025-07-17 13:43 ` |SUCCESS| " dpdklab
2025-07-17 13:49 ` |PENDING| " dpdklab
2025-07-17 13:55 ` |SUCCESS| " dpdklab
2025-07-17 13:57 ` dpdklab
2025-07-17 13:57 ` dpdklab
2025-07-17 14:07 ` dpdklab
2025-07-17 14:18 ` dpdklab
2025-07-17 14:28 ` dpdklab
2025-07-17 14:38 ` dpdklab
2025-07-17 14:44 ` dpdklab
2025-07-17 14:48 ` dpdklab
2025-07-17 17:08 ` dpdklab
2025-07-17 17:55 ` dpdklab
2025-07-17 18:20 ` dpdklab
2025-07-17 18:28 ` dpdklab
2025-07-17 18:43 ` dpdklab
2025-07-17 18:48 ` dpdklab
2025-07-18 0:00 ` |SUCCESS| pw155207 [PATCH v1] " qemudev
2025-07-18 0:04 ` qemudev
2025-07-18 0:12 ` |SUCCESS| pw155207 [PATCH] [v1] " dpdklab
2025-07-18 1:12 ` dpdklab
2025-07-18 1:15 ` dpdklab
2025-07-18 1:17 ` |PENDING| " dpdklab
2025-07-18 1:19 ` |SUCCESS| " dpdklab
2025-07-18 1:20 ` |PENDING| " dpdklab
2025-07-18 1:21 ` dpdklab
2025-07-18 1:23 ` qemudev [this message]
2025-07-18 1:25 ` |SUCCESS| " dpdklab
2025-07-18 1:28 ` |SUCCESS| pw155207 [PATCH v1] " qemudev
2025-07-18 1:28 ` |SUCCESS| pw155207 [PATCH] [v1] " dpdklab
2025-07-18 1:28 ` dpdklab
2025-07-18 1:49 ` dpdklab
2025-07-18 2:09 ` dpdklab
2025-07-18 2:11 ` dpdklab
2025-07-18 2:21 ` dpdklab
2025-07-18 2:29 ` dpdklab
2025-07-18 4:23 ` dpdklab
Reply instructions:
You may reply publicly to this message via plain-text email
using any one of the following methods:
* Save the following mbox file, import it into your mail client,
and reply-to-all from there: mbox
Avoid top-posting and favor interleaved quoting:
https://en.wikipedia.org/wiki/Posting_style#Interleaved_style
* Reply using the --to, --cc, and --in-reply-to
switches of git-send-email(1):
git send-email \
--in-reply-to=202507180123.56I1NV3a3572703@localhost.localdomain \
--to=qemudev@loongson.cn \
--cc=test-report@dpdk.org \
/path/to/YOUR_REPLY
https://kernel.org/pub/software/scm/git/docs/git-send-email.html
* If your mail client supports setting the In-Reply-To header
via mailto: links, try the mailto: link
Be sure your reply has a Subject: header at the top and a blank line
before the message body.
This is a public inbox, see mirroring instructions
for how to clone and mirror all data and code used for this inbox;
as well as URLs for NNTP newsgroup(s).