* |SUCCESS| pw155336-155347 [PATCH v5 13/13] pdump: mark API and application as deprecated
[not found] <20250718163236.9870-14-stephen@networkplumber.org>
@ 2025-07-18 16:09 ` qemudev
2025-07-18 16:14 ` qemudev
` (8 subsequent siblings)
9 siblings, 0 replies; 10+ messages in thread
From: qemudev @ 2025-07-18 16:09 UTC (permalink / raw)
To: test-report
Test-Label: loongarch-compilation
Test-Status: SUCCESS
http://dpdk.org/patch/155347
_Compilation OK_
Submitter: Stephen Hemminger <stephen@networkplumber.org>
Date: Fri, 18 Jul 2025 09:28:18 -0700
DPDK git baseline: Repo:dpdk
Branch: main
CommitID: 20a053a223db35244b6daee98d71fdab631646b6
155336-155347 --> meson & ninja build successfully
Test environment and result as below:
+---------------------+----------------+
| Environment | compilation |
+---------------------+----------------+
| Loongnix-Server 8.3 | PASS |
+---------------------+----------------+
Loongnix-Server 8.3
Kernel: 4.19.190+
Compiler: gcc 8.3
^ permalink raw reply [flat|nested] 10+ messages in thread
* |SUCCESS| pw155336-155347 [PATCH v5 13/13] pdump: mark API and application as deprecated
[not found] <20250718163236.9870-14-stephen@networkplumber.org>
2025-07-18 16:09 ` |SUCCESS| pw155336-155347 [PATCH v5 13/13] pdump: mark API and application as deprecated qemudev
@ 2025-07-18 16:14 ` qemudev
2025-07-18 16:37 ` |WARNING| pw155347 " checkpatch
` (7 subsequent siblings)
9 siblings, 0 replies; 10+ messages in thread
From: qemudev @ 2025-07-18 16:14 UTC (permalink / raw)
To: test-report
Test-Label: loongarch-unit-testing
Test-Status: SUCCESS
http://dpdk.org/patch/155347
_Unit Testing PASS_
Submitter: Stephen Hemminger <stephen@networkplumber.org>
Date: Fri, 18 Jul 2025 09:28:18 -0700
DPDK git baseline: Repo:dpdk
Branch: main
CommitID: 20a053a223db35244b6daee98d71fdab631646b6
155336-155347 --> testing pass
Test environment and result as below:
+---------------------+----------------+
| Environment | dpdk_unit_test |
+---------------------+----------------+
| Loongnix-Server 8.3 | PASS |
+---------------------+----------------+
Loongnix-Server 8.3
Kernel: 4.19.190+
Compiler: gcc 8.3
Test result details:
1/121 DPDK:fast-tests / acl_autotest OK 3.41s
2/121 DPDK:fast-tests / alarm_autotest OK 1.70s
3/121 DPDK:fast-tests / argparse_autotest OK 0.68s
4/121 DPDK:fast-tests / atomic_autotest OK 7.27s
5/121 DPDK:fast-tests / bitcount_autotest OK 0.31s
6/121 DPDK:fast-tests / bitmap_autotest OK 0.31s
7/121 DPDK:fast-tests / bitops_autotest OK 1.81s
8/121 DPDK:fast-tests / bitratestats_autotest OK 0.31s
9/121 DPDK:fast-tests / bitset_autotest OK 3.01s
10/121 DPDK:fast-tests / bpf_autotest OK 0.31s
11/121 DPDK:fast-tests / bpf_convert_autotest OK 0.31s
12/121 DPDK:fast-tests / byteorder_autotest OK 0.31s
13/121 DPDK:fast-tests / cfgfile_autotest OK 0.31s
14/121 DPDK:fast-tests / cksum_autotest OK 0.31s
15/121 DPDK:fast-tests / cmdline_autotest OK 0.31s
16/121 DPDK:fast-tests / common_autotest OK 1.19s
17/121 DPDK:fast-tests / compressdev_autotest SKIP 0.06s exit status 77
18/121 DPDK:fast-tests / cpuflags_autotest OK 0.31s
19/121 DPDK:fast-tests / crc_autotest OK 0.31s
20/121 DPDK:fast-tests / user_delay_us OK 0.31s
21/121 DPDK:fast-tests / debug_autotest OK 25.54s
22/121 DPDK:fast-tests / devargs_autotest OK 0.31s
23/121 DPDK:fast-tests / dispatcher_autotest OK 2.55s
24/121 DPDK:fast-tests / distributor_autotest OK 1.20s
25/121 DPDK:fast-tests / eal_flags_c_opt_autotest OK 0.81s
26/121 DPDK:fast-tests / eal_flags_main_opt_autotest OK 0.22s
27/121 DPDK:fast-tests / eal_flags_n_opt_autotest OK 0.20s
28/121 DPDK:fast-tests / eal_flags_hpet_autotest OK 0.13s
29/121 DPDK:fast-tests / eal_flags_no_huge_autotest OK 0.22s
30/121 DPDK:fast-tests / eal_flags_a_opt_autotest OK 0.30s
31/121 DPDK:fast-tests / eal_flags_b_opt_autotest OK 0.25s
32/121 DPDK:fast-tests / eal_flags_vdev_opt_autotest OK 0.20s
33/121 DPDK:fast-tests / eal_flags_r_opt_autotest OK 0.19s
34/121 DPDK:fast-tests / eal_flags_mem_autotest OK 0.59s
35/121 DPDK:fast-tests / eal_flags_file_prefix_autotest OK 22.25s
36/121 DPDK:fast-tests / eal_flags_misc_autotest OK 1.06s
37/121 DPDK:fast-tests / eal_fs_autotest OK 0.31s
38/121 DPDK:fast-tests / errno_autotest OK 0.31s
39/121 DPDK:fast-tests / ethdev_link_status OK 0.31s
40/121 DPDK:fast-tests / ethdev_mirror OK 0.31s
41/121 DPDK:fast-tests / event_eth_tx_adapter_autotest OK 1.69s
42/121 DPDK:fast-tests / event_ring_autotest OK 0.31s
43/121 DPDK:fast-tests / eventdev_common_autotest OK 0.31s
44/121 DPDK:fast-tests / eventdev_selftest_sw OK 7.16s
45/121 DPDK:fast-tests / fbarray_autotest OK 0.31s
46/121 DPDK:fast-tests / fib_autotest OK 1.13s
47/121 DPDK:fast-tests / fib6_autotest OK 0.94s
48/121 DPDK:fast-tests / func_reentrancy_autotest OK 2.18s
49/121 DPDK:fast-tests / graph_autotest OK 0.31s
50/121 DPDK:fast-tests / node_list_dump OK 0.31s
51/121 DPDK:fast-tests / graph_feature_arc_autotest OK 0.32s
52/121 DPDK:fast-tests / hash_autotest OK 0.93s
53/121 DPDK:fast-tests / hash_readwrite_func_autotest OK 6.38s
54/121 DPDK:fast-tests / interrupt_autotest OK 1.61s
55/121 DPDK:fast-tests / ipfrag_autotest OK 0.07s
56/121 DPDK:fast-tests / ipsec_autotest SKIP 0.31s exit status 77
57/121 DPDK:fast-tests / kvargs_autotest OK 0.31s
58/121 DPDK:fast-tests / latencystats_autotest OK 0.32s
59/121 DPDK:fast-tests / lcore_var_autotest OK 0.46s
60/121 DPDK:fast-tests / lcores_autotest OK 5.12s
61/121 DPDK:fast-tests / logs_autotest OK 0.31s
62/121 DPDK:fast-tests / lpm_autotest OK 2.37s
63/121 DPDK:fast-tests / lpm6_autotest OK 5.48s
64/121 DPDK:fast-tests / malloc_autotest OK 51.12s
65/121 DPDK:fast-tests / mbuf_autotest OK 4.86s
66/121 DPDK:fast-tests / mcslock_autotest OK 2.75s
67/121 DPDK:fast-tests / member_autotest OK 1.49s
68/121 DPDK:fast-tests / memcpy_autotest OK 6.91s
69/121 DPDK:fast-tests / memory_autotest OK 0.08s
70/121 DPDK:fast-tests / mempool_autotest OK 0.43s
71/121 DPDK:fast-tests / memzone_autotest OK 0.14s
72/121 DPDK:fast-tests / meter_autotest OK 0.30s
73/121 DPDK:fast-tests / metrics_autotest OK 0.31s
74/121 DPDK:fast-tests / multiprocess_autotest OK 0.46s
75/121 DPDK:fast-tests / net_ether_autotest OK 0.97s
76/121 DPDK:fast-tests / net_ipv6_autotest OK 0.31s
77/121 DPDK:fast-tests / pcapng_autotest OK 6.87s
78/121 DPDK:fast-tests / pdcp_autotest SKIP 0.06s exit status 77
79/121 DPDK:fast-tests / pdump_autotest OK 0.43s
80/121 DPDK:fast-tests / per_lcore_autotest OK 0.41s
81/121 DPDK:fast-tests / pflock_autotest OK 1.12s
82/121 DPDK:fast-tests / pie_autotest OK 0.31s
83/121 DPDK:fast-tests / ring_pmd_autotest OK 0.31s
84/121 DPDK:fast-tests / power_autotest OK 0.31s
85/121 DPDK:fast-tests / power_cpufreq_autotest SKIP 0.06s exit status 77
86/121 DPDK:fast-tests / power_intel_uncore_autotest SKIP 0.31s exit status 77
87/121 DPDK:fast-tests / power_kvm_vm_autotest SKIP 0.06s exit status 77
88/121 DPDK:fast-tests / prefetch_autotest OK 0.31s
89/121 DPDK:fast-tests / ptr_compress_autotest OK 0.31s
90/121 DPDK:fast-tests / rawdev_autotest OK 0.31s
91/121 DPDK:fast-tests / rcu_qsbr_autotest OK 0.83s
92/121 DPDK:fast-tests / reorder_autotest OK 0.36s
93/121 DPDK:fast-tests / rib_autotest OK 8.96s
94/121 DPDK:fast-tests / rib6_autotest OK 8.93s
95/121 DPDK:fast-tests / ring_autotest OK 0.34s
96/121 DPDK:fast-tests / rwlock_test1_autotest OK 1.06s
97/121 DPDK:fast-tests / rwlock_rda_autotest OK 5.31s
98/121 DPDK:fast-tests / rwlock_rds_wrm_autotest OK 5.31s
99/121 DPDK:fast-tests / rwlock_rde_wro_autotest OK 5.55s
100/121 DPDK:fast-tests / sched_autotest OK 0.42s
101/121 DPDK:fast-tests / security_autotest OK 0.07s
102/121 DPDK:fast-tests / seqlock_autotest OK 2.40s
103/121 DPDK:fast-tests / service_autotest OK 3.10s
104/121 DPDK:fast-tests / soring_autotest OK 0.40s
105/121 DPDK:fast-tests / spinlock_autotest OK 0.48s
106/121 DPDK:fast-tests / stack_autotest OK 0.87s
107/121 DPDK:fast-tests / stack_lf_autotest SKIP 0.06s exit status 77
108/121 DPDK:fast-tests / string_autotest OK 0.39s
109/121 DPDK:fast-tests / table_autotest OK 7.78s
110/121 DPDK:fast-tests / tailq_autotest OK 0.39s
111/121 DPDK:fast-tests / telemetry_data_autotest OK 0.40s
112/121 DPDK:fast-tests / telemetry_json_autotest OK 0.40s
113/121 DPDK:fast-tests / thash_autotest OK 0.41s
114/121 DPDK:fast-tests / threads_autotest OK 0.58s
115/121 DPDK:fast-tests / ticketlock_autotest OK 0.55s
116/121 DPDK:fast-tests / timer_autotest OK 3.88s
117/121 DPDK:fast-tests / trace_autotest OK 0.39s
118/121 DPDK:fast-tests / trace_autotest_with_traces OK 0.40s
119/121 DPDK:fast-tests / vdev_autotest OK 0.39s
120/121 DPDK:fast-tests / version_autotest OK 0.40s
121/121 DPDK:fast-tests / telemetry_all OK 1.36s
Ok: 114
Expected Fail: 0
Fail: 0
Unexpected Pass: 0
Skipped: 7
Timeout: 0
^ permalink raw reply [flat|nested] 10+ messages in thread
* |WARNING| pw155347 [PATCH v5 13/13] pdump: mark API and application as deprecated
[not found] <20250718163236.9870-14-stephen@networkplumber.org>
2025-07-18 16:09 ` |SUCCESS| pw155336-155347 [PATCH v5 13/13] pdump: mark API and application as deprecated qemudev
2025-07-18 16:14 ` qemudev
@ 2025-07-18 16:37 ` checkpatch
2025-07-18 18:01 ` |SUCCESS| pw155336-155347 [PATCH] [v5,13/13] pdump: mark API and app dpdklab
` (6 subsequent siblings)
9 siblings, 0 replies; 10+ messages in thread
From: checkpatch @ 2025-07-18 16:37 UTC (permalink / raw)
To: test-report; +Cc: Stephen Hemminger
Test-Label: checkpatch
Test-Status: WARNING
http://dpdk.org/patch/155347
_coding style issues_
WARNING:TYPO_SPELLING: 'becuase' may be misspelled - perhaps 'because'?
#243: FILE: doc/guides/prog_guide/pdump_lib.rst:12:
+This library is now deprecated becuase it depends on rx and tx callbacks
total: 0 errors, 1 warnings, 173 lines checked
^ permalink raw reply [flat|nested] 10+ messages in thread
* |SUCCESS| pw155336-155347 [PATCH] [v5,13/13] pdump: mark API and app
[not found] <20250718163236.9870-14-stephen@networkplumber.org>
` (2 preceding siblings ...)
2025-07-18 16:37 ` |WARNING| pw155347 " checkpatch
@ 2025-07-18 18:01 ` dpdklab
2025-07-18 18:03 ` |FAILURE| pw155347 [PATCH v5 13/13] pdump: mark API and application as deprecated 0-day Robot
` (5 subsequent siblings)
9 siblings, 0 replies; 10+ messages in thread
From: dpdklab @ 2025-07-18 18:01 UTC (permalink / raw)
To: Test Report; +Cc: dpdk-test-reports
Test-Label: iol-marvell-Functional
Test-Status: SUCCESS
http://dpdk.org/patch/155347
_Functional Testing PASS_
Submitter: Stephen Hemminger <stephen@networkplumber.org>
Date: Friday, July 18 2025 16:28:30
DPDK git baseline: Repo:dpdk
Branch: master
CommitID:20a053a223db35244b6daee98d71fdab631646b6
155336-155347 --> functional testing pass
Upstream job id: Template-DTS-Pipeline#237199
Test environment and result as below:
Ubuntu 20.04.6
Kernel: 5.4.105
Compiler: gcc 9.4
NIC: Marvell CN106XX 50000 Mbps
Target: arm64-native-linuxapp-gcc
Aggregate Results by Test Suite
+----------------+--------+
| Test Suite | Result |
+================+========+
| cmdline | PASS |
+----------------+--------+
| rxtx_callbacks | PASS |
+----------------+--------+
To view detailed results, visit:
https://lab.dpdk.org/results/dashboard/patchsets/33691/
UNH-IOL DPDK Community Lab
To manage your email subscriptions, visit:
https://lab.dpdk.org/results/dashboard/preferences/subscriptions/
^ permalink raw reply [flat|nested] 10+ messages in thread
* |FAILURE| pw155347 [PATCH v5 13/13] pdump: mark API and application as deprecated
[not found] <20250718163236.9870-14-stephen@networkplumber.org>
` (3 preceding siblings ...)
2025-07-18 18:01 ` |SUCCESS| pw155336-155347 [PATCH] [v5,13/13] pdump: mark API and app dpdklab
@ 2025-07-18 18:03 ` 0-day Robot
2025-07-18 18:09 ` |SUCCESS| pw155336-155347 [PATCH] [v5,13/13] pdump: mark API and app dpdklab
` (4 subsequent siblings)
9 siblings, 0 replies; 10+ messages in thread
From: 0-day Robot @ 2025-07-18 18:03 UTC (permalink / raw)
To: test-report; +Cc: stephen, robot
From: robot@bytheb.org
Test-Label: github-robot: build
Test-Status: FAILURE
http://patchwork.dpdk.org/patch/155347/
_github build: failed_
Build URL: https://github.com/ovsrobot/dpdk/actions/runs/16375847763
Build Logs:
-----------------------Summary of failed steps-----------------------
"windows-2022-msvc" failed at step Build
"ubuntu-22.04-gcc-stdatomic" failed at step Build and test
"ubuntu-22.04-gcc-abi+debug+doc+examples+tests" failed at step Build and test
"ubuntu-22.04-clang-stdatomic" failed at step Build and test
"ubuntu-22.04-clang-asan+doc+tests" failed at step Build and test
----------------------End summary of failed steps--------------------
-------------------------------BEGIN LOGS----------------------------
####################################################################################
#### [Begin job log] "windows-2022-msvc" at step Build
####################################################################################
####################################################################################
#### [End job log] "windows-2022-msvc" at step Build
####################################################################################
####################################################################################
#### [Begin job log] "ubuntu-22.04-gcc-stdatomic" at step Build and test
####################################################################################
####################################################################################
#### [End job log] "ubuntu-22.04-gcc-stdatomic" at step Build and test
####################################################################################
####################################################################################
#### [Begin job log] "ubuntu-22.04-gcc-abi+debug+doc+examples+tests" at step Build and test
####################################################################################
[1978/1996] Linking target examples/dpdk-timer
[1979/1996] Linking target examples/dpdk-vdpa
[1980/1996] Linking target examples/dpdk-vhost_crypto
[1981/1996] Linking target examples/dpdk-vhost_blk
[1982/1996] Linking target examples/dpdk-vhost
[1983/1996] Linking target examples/dpdk-vmdq
[1984/1996] Linking target examples/dpdk-guest_cli
[1985/1996] Linking target examples/dpdk-vmdq_dcb
[1986/1996] Linking target examples/dpdk-vm_power_manager
[1987/1996] Linking target buildtools/chkincs/chkincs-exp
[1988/1996] Linking target buildtools/chkincs/chkincs
[1989/1996] Linking target buildtools/chkincs/chkincs-cpp
[1990/1996] Linking target buildtools/chkincs/chkincs-cpp-exp
[1991/1996] Linking target buildtools/chkincs/chkincs-all
[1992/1996] Linking target buildtools/chkincs/chkincs-cpp-all
[1993/1996] Generating doxygen-man with a custom command
[1994/1996] Generating dts_api_html with a custom command
[1995/1996] Generating html_guides with a custom command
FAILED: [code=2] doc/guides/html
/usr/bin/python3 ../buildtools/call-sphinx-build.py /usr/bin/sphinx-build 25.07.0-rc3 /home/runner/work/dpdk/dpdk/doc/guides /home/runner/work/dpdk/dpdk/build/doc/guides -a -W
Warning, treated as error:
/home/runner/work/dpdk/dpdk/doc/guides/prog_guide/ethdev/index.rst:7:toctree contains reference to nonexisting document 'prog_guide/ethdev/port_mirroring'
ninja: build stopped: subcommand failed.
##[error]Process completed with exit code 2.
####################################################################################
#### [End job log] "ubuntu-22.04-gcc-abi+debug+doc+examples+tests" at step Build and test
####################################################################################
####################################################################################
#### [Begin job log] "ubuntu-22.04-clang-stdatomic" at step Build and test
####################################################################################
####################################################################################
#### [End job log] "ubuntu-22.04-clang-stdatomic" at step Build and test
####################################################################################
####################################################################################
#### [Begin job log] "ubuntu-22.04-clang-asan+doc+tests" at step Build and test
####################################################################################
[1978/1996] Linking target examples/dpdk-skeleton
[1979/1996] Linking target examples/dpdk-vdpa
[1980/1996] Linking target examples/dpdk-vhost
[1981/1996] Linking target examples/dpdk-vhost_blk
[1982/1996] Linking target examples/dpdk-vhost_crypto
[1983/1996] Linking target examples/dpdk-vm_power_manager
[1984/1996] Linking target examples/dpdk-guest_cli
[1985/1996] Linking target examples/dpdk-vmdq
[1986/1996] Linking target examples/dpdk-vmdq_dcb
[1987/1996] Linking target buildtools/chkincs/chkincs
[1988/1996] Linking target buildtools/chkincs/chkincs-exp
[1989/1996] Linking target buildtools/chkincs/chkincs-all
[1990/1996] Generating doxygen-man with a custom command
[1991/1996] Linking target buildtools/chkincs/chkincs-cpp
[1992/1996] Linking target buildtools/chkincs/chkincs-cpp-exp
[1993/1996] Linking target buildtools/chkincs/chkincs-cpp-all
[1994/1996] Generating dts_api_html with a custom command
[1995/1996] Generating html_guides with a custom command
FAILED: [code=2] doc/guides/html
/usr/bin/python3 ../buildtools/call-sphinx-build.py /usr/bin/sphinx-build 25.07.0-rc3 /home/runner/work/dpdk/dpdk/doc/guides /home/runner/work/dpdk/dpdk/build/doc/guides -a -W
Warning, treated as error:
/home/runner/work/dpdk/dpdk/doc/guides/prog_guide/ethdev/index.rst:7:toctree contains reference to nonexisting document 'prog_guide/ethdev/port_mirroring'
ninja: build stopped: subcommand failed.
##[error]Process completed with exit code 2.
####################################################################################
#### [End job log] "ubuntu-22.04-clang-asan+doc+tests" at step Build and test
####################################################################################
--------------------------------END LOGS-----------------------------
^ permalink raw reply [flat|nested] 10+ messages in thread
* |SUCCESS| pw155336-155347 [PATCH] [v5,13/13] pdump: mark API and app
[not found] <20250718163236.9870-14-stephen@networkplumber.org>
` (4 preceding siblings ...)
2025-07-18 18:03 ` |FAILURE| pw155347 [PATCH v5 13/13] pdump: mark API and application as deprecated 0-day Robot
@ 2025-07-18 18:09 ` dpdklab
2025-07-18 18:10 ` dpdklab
` (3 subsequent siblings)
9 siblings, 0 replies; 10+ messages in thread
From: dpdklab @ 2025-07-18 18:09 UTC (permalink / raw)
To: Test Report; +Cc: dpdk-test-reports
Test-Label: iol-intel-Functional
Test-Status: SUCCESS
http://dpdk.org/patch/155347
_Functional Testing PASS_
Submitter: Stephen Hemminger <stephen@networkplumber.org>
Date: Friday, July 18 2025 16:28:30
DPDK git baseline: Repo:dpdk
Branch: master
CommitID:20a053a223db35244b6daee98d71fdab631646b6
155336-155347 --> functional testing pass
Upstream job id: Template-DTS-Pipeline#237200
Test environment and result as below:
Ubuntu 24.04
Kernel: 6.8
Compiler: gcc gcc (Ubuntu 13.3.0-6ubuntu2~24.04) 13.3.0
NIC: Intel Corporation 4xxx Series QAT 0 Mbps
Aggregate Results by Test Suite
+----------------------------+--------+
| Test Suite | Result |
+============================+========+
| crypto_perf_cryptodev_perf | PASS |
+----------------------------+--------+
Ubuntu 22.04
Kernel: 5.15
Compiler: gcc gcc (Ubuntu 11.4.0-1ubuntu1~22.04) 11.4.0
NIC: Intel Corporation QAT 8970 0 Mbps
Aggregate Results by Test Suite
+----------------------------+--------+
| Test Suite | Result |
+============================+========+
| crypto_perf_cryptodev_perf | PASS |
+----------------------------+--------+
To view detailed results, visit:
https://lab.dpdk.org/results/dashboard/patchsets/33691/
UNH-IOL DPDK Community Lab
To manage your email subscriptions, visit:
https://lab.dpdk.org/results/dashboard/preferences/subscriptions/
^ permalink raw reply [flat|nested] 10+ messages in thread
* |SUCCESS| pw155336-155347 [PATCH] [v5,13/13] pdump: mark API and app
[not found] <20250718163236.9870-14-stephen@networkplumber.org>
` (5 preceding siblings ...)
2025-07-18 18:09 ` |SUCCESS| pw155336-155347 [PATCH] [v5,13/13] pdump: mark API and app dpdklab
@ 2025-07-18 18:10 ` dpdklab
2025-07-18 18:15 ` dpdklab
` (2 subsequent siblings)
9 siblings, 0 replies; 10+ messages in thread
From: dpdklab @ 2025-07-18 18:10 UTC (permalink / raw)
To: Test Report; +Cc: dpdk-test-reports
Test-Label: iol-intel-Functional
Test-Status: SUCCESS
http://dpdk.org/patch/155347
_Functional Testing PASS_
Submitter: Stephen Hemminger <stephen@networkplumber.org>
Date: Friday, July 18 2025 16:28:30
DPDK git baseline: Repo:dpdk
Branch: master
CommitID:20a053a223db35244b6daee98d71fdab631646b6
155336-155347 --> functional testing pass
Upstream job id: Template-DTS-Pipeline#237198
Test environment and result as below:
Ubuntu 24.04
Kernel: 6.8
Compiler: gcc gcc (Ubuntu 13.3.0-6ubuntu2~24.04) 13.3.0
NIC: Intel Corporation 4xxx Series QAT 0 Mbps
Aggregate Results by Test Suite
+----------------------------+--------+
| Test Suite | Result |
+============================+========+
| crypto_perf_cryptodev_perf | PASS |
+----------------------------+--------+
Ubuntu 22.04
Kernel: 5.15
Compiler: gcc gcc (Ubuntu 11.4.0-1ubuntu1~22.04) 11.4.0
NIC: Intel Corporation QAT 8970 0 Mbps
Aggregate Results by Test Suite
+----------------------------+--------+
| Test Suite | Result |
+============================+========+
| crypto_perf_cryptodev_perf | PASS |
+----------------------------+--------+
To view detailed results, visit:
https://lab.dpdk.org/results/dashboard/patchsets/33691/
UNH-IOL DPDK Community Lab
To manage your email subscriptions, visit:
https://lab.dpdk.org/results/dashboard/preferences/subscriptions/
^ permalink raw reply [flat|nested] 10+ messages in thread
* |SUCCESS| pw155336-155347 [PATCH] [v5,13/13] pdump: mark API and app
[not found] <20250718163236.9870-14-stephen@networkplumber.org>
` (6 preceding siblings ...)
2025-07-18 18:10 ` dpdklab
@ 2025-07-18 18:15 ` dpdklab
2025-07-18 18:40 ` |PENDING| " dpdklab
2025-07-18 18:46 ` |FAILURE| " dpdklab
9 siblings, 0 replies; 10+ messages in thread
From: dpdklab @ 2025-07-18 18:15 UTC (permalink / raw)
To: Ali Alnubani, Test Report; +Cc: dpdk-test-reports
Test-Label: iol-mellanox-Performance
Test-Status: SUCCESS
http://dpdk.org/patch/155347
_Performance Testing PASS_
Submitter: Stephen Hemminger <stephen@networkplumber.org>
Date: Friday, July 18 2025 16:28:30
DPDK git baseline: Repo:dpdk
Branch: master
CommitID:20a053a223db35244b6daee98d71fdab631646b6
155336-155347 --> performance testing pass
Upstream job id: Template-DTS-Pipeline#237190
Test environment and result as below:
Ubuntu 24.04
Kernel: 6.8
Compiler: gcc gcc (Ubuntu 13.3.0-6ubuntu2~24.04) 13.3.0
NIC: NVIDIA Mellanox ConnectX-7 100000 Mbps
Fail/Total: 0/6
Detail performance results:
+------------+---------+----------+-------------+------------------------------+
| frame_size | txd/rxd | num_cpus | num_threads | throughput difference from |
| | | | | expected |
+============+=========+==========+=============+==============================+
| 64 | 1024 | 1 | 1 | -1.0% |
+------------+---------+----------+-------------+------------------------------+
| 128 | 1024 | 1 | 1 | 0.2% |
+------------+---------+----------+-------------+------------------------------+
| 256 | 1024 | 1 | 1 | 0.7% |
+------------+---------+----------+-------------+------------------------------+
| 512 | 1024 | 1 | 1 | -0.2% |
+------------+---------+----------+-------------+------------------------------+
| 1024 | 1024 | 1 | 1 | 0.2% |
+------------+---------+----------+-------------+------------------------------+
| 1518 | 1024 | 1 | 1 | 0.1% |
+------------+---------+----------+-------------+------------------------------+
Ubuntu 24.04
Kernel: 6.8
Compiler: gcc gcc (Ubuntu 13.3.0-6ubuntu2~24.04) 13.3.0
NIC: Mellanox ConnectX-6 Lx 25000 Mbps
Fail/Total: 0/6
Detail performance results:
+------------+---------+----------+-------------+------------------------------+
| frame_size | txd/rxd | num_cpus | num_threads | throughput difference from |
| | | | | expected |
+============+=========+==========+=============+==============================+
| 64 | 1024 | 1 | 1 | -0.0% |
+------------+---------+----------+-------------+------------------------------+
| 128 | 1024 | 1 | 1 | 0.0% |
+------------+---------+----------+-------------+------------------------------+
| 256 | 1024 | 1 | 1 | -0.0% |
+------------+---------+----------+-------------+------------------------------+
| 512 | 1024 | 1 | 1 | -0.0% |
+------------+---------+----------+-------------+------------------------------+
| 1024 | 1024 | 1 | 1 | 0.0% |
+------------+---------+----------+-------------+------------------------------+
| 1518 | 1024 | 1 | 1 | -0.0% |
+------------+---------+----------+-------------+------------------------------+
To view detailed results, visit:
https://lab.dpdk.org/results/dashboard/patchsets/33691/
UNH-IOL DPDK Community Lab
To manage your email subscriptions, visit:
https://lab.dpdk.org/results/dashboard/preferences/subscriptions/
^ permalink raw reply [flat|nested] 10+ messages in thread
* |PENDING| pw155336-155347 [PATCH] [v5,13/13] pdump: mark API and app
[not found] <20250718163236.9870-14-stephen@networkplumber.org>
` (7 preceding siblings ...)
2025-07-18 18:15 ` dpdklab
@ 2025-07-18 18:40 ` dpdklab
2025-07-18 18:46 ` |FAILURE| " dpdklab
9 siblings, 0 replies; 10+ messages in thread
From: dpdklab @ 2025-07-18 18:40 UTC (permalink / raw)
To: Test Report; +Cc: dpdk-test-reports
Test-Label: iol-unit-arm64-testing
Test-Status: PENDING
http://dpdk.org/patch/155347
_Testing pending_
Submitter: Stephen Hemminger <stephen@networkplumber.org>
Date: Friday, July 18 2025 16:28:30
DPDK git baseline: Repo:dpdk
Branch: master
CommitID:20a053a223db35244b6daee98d71fdab631646b6
155336-155347 --> testing pending
Upstream job id: Aarch32-Unit-Test#6960
Test environment and result as below:
+------------------------------+--------------+---------------------------+------------------------------+----------------+
| Environment | lpm_autotest | cryptodev_sw_zuc_autotest | cryptodev_sw_snow3g_autotest | dpdk_unit_test |
+==============================+==============+===========================+==============================+================+
| Ubuntu 20.04 | PEND | SKIPPED | SKIPPED | PEND |
+------------------------------+--------------+---------------------------+------------------------------+----------------+
| Debian 12 (arm) | SKIPPED | PEND | PEND | SKIPPED |
+------------------------------+--------------+---------------------------+------------------------------+----------------+
| Fedora Linux 40 | SKIPPED | SKIPPED | SKIPPED | PEND |
+------------------------------+--------------+---------------------------+------------------------------+----------------+
| Fedora Linux 41 | SKIPPED | SKIPPED | SKIPPED | PEND |
+------------------------------+--------------+---------------------------+------------------------------+----------------+
| Debian GNU/Linux 12 | SKIPPED | SKIPPED | SKIPPED | PEND |
+------------------------------+--------------+---------------------------+------------------------------+----------------+
| CentOS Stream 10 | SKIPPED | SKIPPED | SKIPPED | PEND |
+------------------------------+--------------+---------------------------+------------------------------+----------------+
| CentOS Stream 9 | SKIPPED | SKIPPED | SKIPPED | PEND |
+------------------------------+--------------+---------------------------+------------------------------+----------------+
| Ubuntu 22.04 | SKIPPED | SKIPPED | SKIPPED | PASS |
+------------------------------+--------------+---------------------------+------------------------------+----------------+
| Ubuntu 24.04 | SKIPPED | SKIPPED | SKIPPED | PEND |
+------------------------------+--------------+---------------------------+------------------------------+----------------+
| Red Hat Enterprise Linux 9.5 | SKIPPED | SKIPPED | SKIPPED | PEND |
+------------------------------+--------------+---------------------------+------------------------------+----------------+
Ubuntu 20.04
Kernel: 5.4
Compiler: gcc gcc (Ubuntu 9.4.0-1ubuntu1~20.04.2) 9.4.0
Debian 12 (arm)
Kernel: Depends on container host
Compiler: gcc (Debian 12.2.0-14) 12.2.0
Fedora Linux 40
Kernel: 5.4
Compiler: clang gcc (GCC) 14.2.1 20240912 (Red Hat 14.2.1-3)
Fedora Linux 41
Kernel: 5.4
Compiler: gcc gcc (GCC) 14.3.1 20250523 (Red Hat 14.3.1-1)
Debian GNU/Linux 12
Kernel: 5.4
Compiler: gcc gcc (Debian 12.2.0-14+deb12u1) 12.2.0
CentOS Stream 10
Kernel: 5.4
Compiler: gcc gcc (GCC) 14.2.1 20250110 (Red Hat 14.2.1-8)
CentOS Stream 9
Kernel: 5.4
Compiler: gcc gcc (GCC) 11.5.0 20240719 (Red Hat 11.5.0-7)
Ubuntu 22.04
Kernel: 5.4
Compiler: gcc gcc (Ubuntu 11.4.0-1ubuntu1~22.04) 11.4.0
Ubuntu 24.04
Kernel: 5.4
Compiler: gcc gcc (Ubuntu 13.3.0-6ubuntu2~24.04) 13.3.0
Red Hat Enterprise Linux 9.5
Kernel: 5.4
Compiler: gcc gcc (GCC) 11.5.0 20240719 (Red Hat 11.5.0-2)
To view detailed results, visit:
https://lab.dpdk.org/results/dashboard/patchsets/33691/
UNH-IOL DPDK Community Lab
To manage your email subscriptions, visit:
https://lab.dpdk.org/results/dashboard/preferences/subscriptions/
^ permalink raw reply [flat|nested] 10+ messages in thread
* |FAILURE| pw155336-155347 [PATCH] [v5,13/13] pdump: mark API and app
[not found] <20250718163236.9870-14-stephen@networkplumber.org>
` (8 preceding siblings ...)
2025-07-18 18:40 ` |PENDING| " dpdklab
@ 2025-07-18 18:46 ` dpdklab
9 siblings, 0 replies; 10+ messages in thread
From: dpdklab @ 2025-07-18 18:46 UTC (permalink / raw)
To: Test Report; +Cc: dpdk-test-reports, Stephen Hemminger
Test-Label: iol-compile-amd64-testing
Test-Status: FAILURE
http://dpdk.org/patch/155347
_Testing issues_
Submitter: Stephen Hemminger <stephen@networkplumber.org>
Date: Friday, July 18 2025 16:28:30
DPDK git baseline: Repo:dpdk
Branch: master
CommitID:20a053a223db35244b6daee98d71fdab631646b6
155336-155347 --> testing issues
Upstream job id: Generic-VM-DPDK-Compile-Meson#37230
Test environment and result as below:
+---------------------+--------------------+-------------------------+-------------------+
| Environment | dpdk_meson_compile | dpdk_llvm_clang_compile | dpdk_msvc_compile |
+=====================+====================+=========================+===================+
| Ubuntu 20.04 | PASS | SKIPPED | SKIPPED |
+---------------------+--------------------+-------------------------+-------------------+
| FreeBSD 14.2 | PASS | SKIPPED | SKIPPED |
+---------------------+--------------------+-------------------------+-------------------+
| Windows Server 2022 | SKIPPED | PASS | FAIL |
+---------------------+--------------------+-------------------------+-------------------+
==== 20 line log output for Windows Server 2022 (dpdk_msvc_compile): ====
\0.\0.\0/\0l\0i\0b\0/\0e\0t\0h\0d\0e\0v\0/\0r\0t\0e\0_\0m\0i\0r\0r\0o\0r\0.\0c\0(\01\03\07\0)\0:\0 \0e\0r\0r\0o\0r\0 \0C\07\07\00\07\0:\0 \0c\0a\0l\0l\0 \0t\0o\0 \0'\0_\0_\0c\01\01\0_\0a\0t\0o\0m\0i\0c\0_\0s\0t\0o\0r\0e\0'\0:\0 \0a\0r\0g\0u\0m\0e\0n\0t\0 \0t\0y\0p\0e\0 \0'\0r\0t\0e\0_\0e\0t\0h\0_\0m\0i\0r\0r\0o\0r\0 \0*\0*\0_\0A\0t\0o\0m\0i\0c\0 \0'\0 \0m\0u\0s\0t\0 \0b\0e\0 \0a\0 \0p\0o\0i\0n\0t\0e\0r\0 \0t\0o\0 \0a\0n\0 \0a\0t\0o\0m\0i\0c\0 \0t\0y\0p\0e\0
\0
\0.\0.\0/\0l\0i\0b\0/\0e\0t\0h\0d\0e\0v\0/\0r\0t\0e\0_\0m\0i\0r\0r\0o\0r\0.\0c\0(\02\00\04\0)\0:\0 \0w\0a\0r\0n\0i\0n\0g\0 \0C\04\00\09\00\0:\0 \0'\0f\0u\0n\0c\0t\0i\0o\0n\0'\0:\0 \0d\0i\0f\0f\0e\0r\0e\0n\0t\0 \0'\0_\0A\0t\0o\0m\0i\0c\0'\0 \0q\0u\0a\0l\0i\0f\0i\0e\0r\0s\0
\0
\0.\0.\0/\0l\0i\0b\0/\0e\0t\0h\0d\0e\0v\0/\0r\0t\0e\0_\0m\0i\0r\0r\0o\0r\0.\0c\0(\02\00\06\0)\0:\0 \0w\0a\0r\0n\0i\0n\0g\0 \0C\04\00\09\00\0:\0 \0'\0f\0u\0n\0c\0t\0i\0o\0n\0'\0:\0 \0d\0i\0f\0f\0e\0r\0e\0n\0t\0 \0'\0_\0A\0t\0o\0m\0i\0c\0'\0 \0q\0u\0a\0l\0i\0f\0i\0e\0r\0s\0
\0
\0.\0.\0/\0l\0i\0b\0/\0e\0t\0h\0d\0e\0v\0/\0r\0t\0e\0_\0m\0i\0r\0r\0o\0r\0.\0c\0(\02\03\04\0)\0:\0 \0e\0r\0r\0o\0r\0 \0C\07\07\00\07\0:\0 \0c\0a\0l\0l\0 \0t\0o\0 \0'\0_\0_\0c\01\01\0_\0a\0t\0o\0m\0i\0c\0_\0s\0t\0o\0r\0e\0'\0:\0 \0a\0r\0g\0u\0m\0e\0n\0t\0 \0t\0y\0p\0e\0 \0'\0r\0t\0e\0_\0e\0t\0h\0_\0m\0i\0r\0r\0o\0r\0 \0*\0*\0_\0A\0t\0o\0m\0i\0c\0 \0'\0 \0m\0u\0s\0t\0 \0b\0e\0 \0a\0 \0p\0o\0i\0n\0t\0e\0r\0 \0t\0o\0 \0a\0n\0 \0a\0t\0o\0m\0i\0c\0 \0t\0y\0p\0e\0
\0
\0.\0.\0/\0l\0i\0b\0/\0e\0t\0h\0d\0e\0v\0/\0r\0t\0e\0_\0m\0i\0r\0r\0o\0r\0.\0c\0(\02\04\03\0)\0:\0 \0w\0a\0r\0n\0i\0n\0g\0 \0C\04\00\09\00\0:\0 \0'\0f\0u\0n\0c\0t\0i\0o\0n\0'\0:\0 \0d\0i\0f\0f\0e\0r\0e\0n\0t\0 \0'\0_\0A\0t\0o\0m\0i\0c\0'\0 \0q\0u\0a\0l\0i\0f\0i\0e\0r\0s\0
\0
\0.\0.\0/\0l\0i\0b\0/\0e\0t\0h\0d\0e\0v\0/\0r\0t\0e\0_\0m\0i\0r\0r\0o\0r\0.\0c\0(\02\06\03\0)\0:\0 \0w\0a\0r\0n\0i\0n\0g\0 \0C\04\00\09\00\0:\0 \0'\0f\0u\0n\0c\0t\0i\0o\0n\0'\0:\0 \0d\0i\0f\0f\0e\0r\0e\0n\0t\0 \0'\0_\0A\0t\0o\0m\0i\0c\0'\0 \0q\0u\0a\0l\0i\0f\0i\0e\0r\0s\0
\0
\0.\0.\0/\0l\0i\0b\0/\0e\0t\0h\0d\0e\0v\0/\0r\0t\0e\0_\0m\0i\0r\0r\0o\0r\0.\0c\0(\02\06\04\0)\0:\0 \0w\0a\0r\0n\0i\0n\0g\0 \0C\04\00\09\00\0:\0 \0'\0f\0u\0n\0c\0t\0i\0o\0n\0'\0:\0 \0d\0i\0f\0f\0e\0r\0e\0n\0t\0 \0'\0_\0A\0t\0o\0m\0i\0c\0'\0 \0q\0u\0a\0l\0i\0f\0i\0e\0r\0s\0
\0
\0[\01\06\02\0/\04\05\04\0]\0 \0C\0o\0m\0p\0i\0l\0i\0n\0g\0 \0C\0 \0o\0b\0j\0e\0c\0t\0 \0l\0i\0b\0/\0l\0i\0b\0r\0t\0e\0_\0e\0t\0h\0d\0e\0v\0.\0a\0.\0p\0/\0e\0t\0h\0d\0e\0v\0_\0r\0t\0e\0_\0e\0t\0h\0d\0e\0v\0_\0c\0m\0a\0n\0.\0c\0.\0o\0b\0j\0
\0
\0[\01\06\03\0/\04\05\04\0]\0 \0C\0o\0m\0p\0i\0l\0i\0n\0g\0 \0C\0 \0o\0b\0j\0e\0c\0t\0 \0l\0i\0b\0/\0l\0i\0b\0r\0t\0e\0_\0e\0t\0h\0d\0e\0v\0.\0a\0.\0p\0/\0e\0t\0h\0d\0e\0v\0_\0r\0t\0e\0_\0t\0m\0.\0c\0.\0o\0b\0j\0
\0
\0[\01\06\04\0/\04\05\04\0]\0 \0C\0o\0m\0p\0i\0l\0i\0n\0g\0 \0C\0 \0o\0b\0j\0e\0c\0t\0 \0l\0i\0b\0/\0l\0i\0b\0r\0t\0e\0_\0e\0t\0h\0d\0e\0v\0.\0a\0.\0p\0/\0e\0t\0h\0d\0e\0v\0_\0s\0f\0f\0_\0t\0e\0l\0e\0m\0e\0t\0r\0y\0.\0c\0.\0o\0b\0j\0
\0
\0[\01\06\05\0/\04\05\04\0]\0 \0C\0o\0m\0p\0i\0l\0i\0n\0g\0 \0C\0 \0o\0b\0j\0e\0c\0t\0 \0l\0i\0b\0/\0l\0i\0b\0r\0t\0e\0_\0m\0b\0u\0f\0.\0a\0.\0p\0/\0m\0b\0u\0f\0_\0r\0t\0e\0_\0m\0b\0u\0f\0.\0c\0.\0o\0b\0j\0
\0
\0[\01\06\06\0/\04\05\04\0]\0 \0C\0o\0m\0p\0i\0l\0i\0n\0g\0 \0C\0 \0o\0b\0j\0e\0c\0t\0 \0l\0i\0b\0/\0l\0i\0b\0r\0t\0e\0_\0e\0t\0h\0d\0e\0v\0.\0a\0.\0p\0/\0e\0t\0h\0d\0e\0v\0_\0r\0t\0e\0_\0m\0t\0r\0.\0c\0.\0o\0b\0j\0
\0
\0[\01\06\07\0/\04\05\04\0]\0 \0C\0o\0m\0p\0i\0l\0i\0n\0g\0 \0C\0 \0o\0b\0j\0e\0c\0t\0 \0l\0i\0b\0/\0l\0i\0b\0r\0t\0e\0_\0e\0t\0h\0d\0e\0v\0.\0a\0.\0p\0/\0e\0t\0h\0d\0e\0v\0_\0r\0t\0e\0_\0e\0t\0h\0d\0e\0v\0_\0t\0e\0l\0e\0m\0e\0t\0r\0y\0.\0c\0.\0o\0b\0j\0
\0
\0[\01\06\08\0/\04\05\04\0]\0 \0C\0o\0m\0p\0i\0l\0i\0n\0g\0 \0C\0 \0o\0b\0j\0e\0c\0t\0 \0a\0p\0p\0/\0d\0p\0d\0k\0-\0t\0e\0s\0t\0p\0m\0d\0.\0e\0x\0e\0.\0p\0/\0t\0e\0s\0t\0-\0p\0m\0d\0_\0c\0m\0d\0l\0i\0n\0e\0_\0f\0l\0o\0w\0.\0c\0.\0o\0b\0j\0
\0
\0[\01\06\09\0/\04\05\04\0]\0 \0C\0o\0m\0p\0i\0l\0i\0n\0g\0 \0C\0 \0o\0b\0j\0e\0c\0t\0 \0l\0i\0b\0/\0l\0i\0b\0r\0t\0e\0_\0e\0t\0h\0d\0e\0v\0.\0a\0.\0p\0/\0e\0t\0h\0d\0e\0v\0_\0r\0t\0e\0_\0e\0t\0h\0d\0e\0v\0.\0c\0.\0o\0b\0j\0
\0
\0[\01\07\00\0/\04\05\04\0]\0 \0C\0o\0m\0p\0i\0l\0i\0n\0g\0 \0C\0 \0o\0b\0j\0e\0c\0t\0 \0l\0i\0b\0/\0l\0i\0b\0r\0t\0e\0_\0e\0t\0h\0d\0e\0v\0.\0a\0.\0p\0/\0e\0t\0h\0d\0e\0v\0_\0r\0t\0e\0_\0f\0l\0o\0w\0.\0c\0.\0o\0b\0j\0
\0
\0n\0i\0n\0j\0a\0:\0 \0b\0u\0i\0l\0d\0 \0s\0t\0o\0p\0p\0e\0d\0:\0 \0s\0u\0b\0c\0o\0m\0m\0a\0n\0d\0 \0f\0a\0i\0l\0e\0d\0.\0
\0
\0I\0N\0F\0O\0:\0 \0a\0u\0t\0o\0d\0e\0t\0e\0c\0t\0i\0n\0g\0 \0b\0a\0c\0k\0e\0n\0d\0 \0a\0s\0 \0n\0i\0n\0j\0a\0
\0
\0I\0N\0F\0O\0:\0 \0c\0a\0l\0c\0u\0l\0a\0t\0i\0n\0g\0 \0b\0a\0c\0k\0e\0n\0d\0 \0c\0o\0m\0m\0a\0n\0d\0 \0t\0o\0 \0r\0u\0n\0:\0 \0"\0C\0:\0\\0P\0r\0o\0g\0r\0a\0m\0 \0F\0i\0l\0e\0s\0\\0M\0e\0s\0o\0n\0\\0n\0i\0n\0j\0a\0.\0E\0X\0E\0"\0 \0-\0C\0 \0C\0:\0/\0U\0s\0e\0r\0s\0/\0b\0u\0i\0l\0d\0e\0r\0/\0j\0e\0n\0k\0i\0n\0s\0/\0w\0o\0r\0k\0s\0p\0a\0c\0e\0/\0W\0i\0n\0d\0o\0w\0s\0-\0C\0o\0m\0p\0i\0l\0e\0-\0D\0P\0D\0K\0-\0V\0S\0/\0d\0p\0d\0k\0/\0b\0u\0i\0l\0d\0
\0
\0
==== End log output ====
Ubuntu 20.04
Kernel: 4.19
Compiler: gcc gcc (Ubuntu 9.4.0-1ubuntu1~20.04.2) 9.4.0
FreeBSD 14.2
Kernel: 14.2-RELEASE
Compiler: clang 18.1.6
Windows Server 2022
Kernel: 10.0.20348.2031
Compiler: clang 15.0.7, gcc 14.1.0 (MinGW), and MSVC VS 19.39.33521
To view detailed results, visit:
https://lab.dpdk.org/results/dashboard/patchsets/33691/
UNH-IOL DPDK Community Lab
To manage your email subscriptions, visit:
https://lab.dpdk.org/results/dashboard/preferences/subscriptions/
^ permalink raw reply [flat|nested] 10+ messages in thread
end of thread, other threads:[~2025-07-18 18:46 UTC | newest]
Thread overview: 10+ messages (download: mbox.gz / follow: Atom feed)
-- links below jump to the message on this page --
[not found] <20250718163236.9870-14-stephen@networkplumber.org>
2025-07-18 16:09 ` |SUCCESS| pw155336-155347 [PATCH v5 13/13] pdump: mark API and application as deprecated qemudev
2025-07-18 16:14 ` qemudev
2025-07-18 16:37 ` |WARNING| pw155347 " checkpatch
2025-07-18 18:01 ` |SUCCESS| pw155336-155347 [PATCH] [v5,13/13] pdump: mark API and app dpdklab
2025-07-18 18:03 ` |FAILURE| pw155347 [PATCH v5 13/13] pdump: mark API and application as deprecated 0-day Robot
2025-07-18 18:09 ` |SUCCESS| pw155336-155347 [PATCH] [v5,13/13] pdump: mark API and app dpdklab
2025-07-18 18:10 ` dpdklab
2025-07-18 18:15 ` dpdklab
2025-07-18 18:40 ` |PENDING| " dpdklab
2025-07-18 18:46 ` |FAILURE| " dpdklab
This is a public inbox, see mirroring instructions
for how to clone and mirror all data and code used for this inbox;
as well as URLs for NNTP newsgroup(s).