automatic DPDK test reports
 help / color / mirror / Atom feed
From: qemudev@loongson.cn
To: test-report@dpdk.org
Subject: |SUCCESS| pw155431-155432 [PATCH v1 2/2] dts: add exception handling to checksum verify method
Date: Wed, 23 Jul 2025 00:51:22 +0800	[thread overview]
Message-ID: <202507221651.56MGpMZU1322653@localhost.localdomain> (raw)
In-Reply-To: <20250722172214.202308-2-dmarx@iol.unh.edu>

Test-Label: loongarch-compilation
Test-Status: SUCCESS
http://dpdk.org/patch/155432

_Compilation OK_

Submitter: Dean Marx <dmarx@iol.unh.edu>
Date: Tue, 22 Jul 2025 13:22:13 -0400
DPDK git baseline: Repo:dpdk
  Branch: main
  CommitID: b222395561638f89562e4ef42e1eabf2d6db43dd

155431-155432 --> meson & ninja build successfully

Test environment and result as below:

+---------------------+----------------+
|     Environment     | compilation    |
+---------------------+----------------+
| Loongnix-Server 8.3 | PASS           |
+---------------------+----------------+

Loongnix-Server 8.3
    Kernel: 4.19.190+
    Compiler: gcc 8.3


       reply	other threads:[~2025-07-22 17:27 UTC|newest]

Thread overview: 77+ messages / expand[flat|nested]  mbox.gz  Atom feed  top
     [not found] <20250722172214.202308-2-dmarx@iol.unh.edu>
2025-07-22 16:51 ` qemudev [this message]
2025-07-22 16:55 ` qemudev
2025-07-22 17:22 ` |SUCCESS| pw155432 " checkpatch
2025-07-22 19:03 ` 0-day Robot
2025-07-22 19:22 ` |FAILURE| pw155431-155432 [PATCH] [v1,2/2] dts: add exception handli dpdklab
2025-07-22 19:30 ` |SUCCESS| " dpdklab
2025-07-22 19:36 ` |FAILURE| " dpdklab
2025-07-22 19:37 ` |PENDING| " dpdklab
2025-07-22 19:39 ` |SUCCESS| " dpdklab
2025-07-22 19:45 ` dpdklab
2025-07-22 19:49 ` dpdklab
2025-07-22 19:51 ` dpdklab
2025-07-22 19:52 ` dpdklab
2025-07-22 20:01 ` dpdklab
2025-07-22 20:08 ` dpdklab
2025-07-22 20:08 ` |PENDING| " dpdklab
2025-07-22 20:12 ` |SUCCESS| " dpdklab
2025-07-22 20:17 ` dpdklab
2025-07-22 20:26 ` dpdklab
2025-07-22 20:29 ` dpdklab
2025-07-22 20:30 ` |PENDING| " dpdklab
2025-07-22 20:49 ` |SUCCESS| " dpdklab
2025-07-22 20:49 ` dpdklab
2025-07-22 20:49 ` dpdklab
2025-07-22 21:25 ` dpdklab
2025-07-22 21:35 ` dpdklab
2025-07-22 21:39 ` dpdklab
2025-07-22 21:39 ` dpdklab
2025-07-22 21:42 ` dpdklab
2025-07-22 21:47 ` dpdklab
2025-07-22 21:58 ` |PENDING| " dpdklab
2025-07-22 22:11 ` |SUCCESS| " dpdklab
2025-07-22 22:26 ` |PENDING| " dpdklab
2025-07-22 22:32 ` |SUCCESS| " dpdklab
2025-07-22 23:03 ` dpdklab
2025-07-22 23:28 ` dpdklab
2025-07-22 23:29 ` dpdklab
2025-07-22 23:29 ` dpdklab
2025-07-22 23:30 ` dpdklab
2025-07-22 23:30 ` dpdklab
2025-07-22 23:30 ` dpdklab
2025-07-22 23:30 ` dpdklab
2025-07-22 23:30 ` dpdklab
2025-07-22 23:30 ` dpdklab
2025-07-22 23:30 ` dpdklab
2025-07-22 23:31 ` dpdklab
2025-07-22 23:31 ` dpdklab
2025-07-22 23:31 ` dpdklab
2025-07-22 23:32 ` dpdklab
2025-07-22 23:32 ` dpdklab
2025-07-22 23:32 ` dpdklab
2025-07-22 23:33 ` dpdklab
2025-07-22 23:34 ` dpdklab
2025-07-22 23:34 ` dpdklab
2025-07-23  1:28 ` |PENDING| " dpdklab
2025-07-23  1:29 ` |SUCCESS| " dpdklab
2025-07-23  1:29 ` dpdklab
2025-07-23  1:29 ` dpdklab
2025-07-23  1:30 ` dpdklab
2025-07-23  1:30 ` dpdklab
2025-07-23  1:30 ` dpdklab
2025-07-23  1:31 ` dpdklab
2025-07-23  1:31 ` dpdklab
2025-07-23  1:31 ` dpdklab
2025-07-23  1:32 ` dpdklab
2025-07-23  1:32 ` dpdklab
2025-07-23  1:33 ` dpdklab
2025-07-23  1:33 ` dpdklab
2025-07-23  1:34 ` dpdklab
2025-07-23  1:35 ` dpdklab
2025-07-23  3:21 ` dpdklab
2025-07-23  3:52 ` dpdklab
2025-07-23  4:38 ` dpdklab
2025-07-23  5:33 ` dpdklab
2025-07-23  7:35 ` dpdklab
2025-07-23  8:00 ` dpdklab
2025-07-23  8:04 ` dpdklab

Reply instructions:

You may reply publicly to this message via plain-text email
using any one of the following methods:

* Save the following mbox file, import it into your mail client,
  and reply-to-all from there: mbox

  Avoid top-posting and favor interleaved quoting:
  https://en.wikipedia.org/wiki/Posting_style#Interleaved_style

* Reply using the --to, --cc, and --in-reply-to
  switches of git-send-email(1):

  git send-email \
    --in-reply-to=202507221651.56MGpMZU1322653@localhost.localdomain \
    --to=qemudev@loongson.cn \
    --cc=test-report@dpdk.org \
    /path/to/YOUR_REPLY

  https://kernel.org/pub/software/scm/git/docs/git-send-email.html

* If your mail client supports setting the In-Reply-To header
  via mailto: links, try the mailto: link
Be sure your reply has a Subject: header at the top and a blank line before the message body.
This is a public inbox, see mirroring instructions
for how to clone and mirror all data and code used for this inbox;
as well as URLs for NNTP newsgroup(s).