From: qemudev@loongson.cn
To: test-report@dpdk.org
Subject: |SUCCESS| pw155433-155445 [PATCH v6 13/13] pdump: mark API and application as deprecated
Date: Wed, 23 Jul 2025 01:17:49 +0800 [thread overview]
Message-ID: <202507221717.56MHHnbs1426851@localhost.localdomain> (raw)
In-Reply-To: <20250722173552.184141-14-stephen@networkplumber.org>
Test-Label: loongarch-compilation
Test-Status: SUCCESS
http://dpdk.org/patch/155445
_Compilation OK_
Submitter: Stephen Hemminger <stephen@networkplumber.org>
Date: Tue, 22 Jul 2025 10:34:32 -0700
DPDK git baseline: Repo:dpdk
Branch: main
CommitID: b222395561638f89562e4ef42e1eabf2d6db43dd
155433-155445 --> meson & ninja build successfully
Test environment and result as below:
+---------------------+----------------+
| Environment | compilation |
+---------------------+----------------+
| Loongnix-Server 8.3 | PASS |
+---------------------+----------------+
Loongnix-Server 8.3
Kernel: 4.19.190+
Compiler: gcc 8.3
next parent reply other threads:[~2025-07-22 17:54 UTC|newest]
Thread overview: 35+ messages / expand[flat|nested] mbox.gz Atom feed top
[not found] <20250722173552.184141-14-stephen@networkplumber.org>
2025-07-22 17:17 ` qemudev [this message]
2025-07-22 17:22 ` qemudev
2025-07-22 17:35 ` |SUCCESS| pw155445 " checkpatch
2025-07-22 18:44 ` |FAILURE| " 0-day Robot
2025-07-22 19:04 ` |SUCCESS| pw155433-155445 [PATCH] [v6,13/13] pdump: mark API and app dpdklab
2025-07-22 19:12 ` dpdklab
2025-07-22 19:16 ` dpdklab
2025-07-22 19:21 ` dpdklab
2025-07-22 19:24 ` dpdklab
2025-07-22 19:33 ` dpdklab
2025-07-22 19:38 ` dpdklab
2025-07-22 19:43 ` |PENDING| " dpdklab
2025-07-22 20:05 ` |FAILURE| " dpdklab
2025-07-22 21:18 ` dpdklab
2025-07-22 21:18 ` |SUCCESS| " dpdklab
2025-07-22 21:22 ` |FAILURE| " dpdklab
2025-07-22 21:59 ` |SUCCESS| " dpdklab
2025-07-22 23:23 ` |FAILURE| " dpdklab
2025-07-22 23:24 ` dpdklab
2025-07-22 23:25 ` dpdklab
2025-07-22 23:25 ` dpdklab
2025-07-22 23:26 ` dpdklab
2025-07-22 23:26 ` dpdklab
2025-07-22 23:27 ` dpdklab
2025-07-22 23:28 ` dpdklab
2025-07-22 23:28 ` dpdklab
2025-07-22 23:29 ` dpdklab
2025-07-23 1:08 ` |PENDING| " dpdklab
2025-07-23 1:29 ` |FAILURE| " dpdklab
2025-07-23 1:29 ` dpdklab
2025-07-23 1:31 ` dpdklab
2025-07-23 1:32 ` dpdklab
2025-07-23 2:49 ` |SUCCESS| " dpdklab
2025-07-23 3:44 ` dpdklab
2025-07-23 8:08 ` dpdklab
Reply instructions:
You may reply publicly to this message via plain-text email
using any one of the following methods:
* Save the following mbox file, import it into your mail client,
and reply-to-all from there: mbox
Avoid top-posting and favor interleaved quoting:
https://en.wikipedia.org/wiki/Posting_style#Interleaved_style
* Reply using the --to, --cc, and --in-reply-to
switches of git-send-email(1):
git send-email \
--in-reply-to=202507221717.56MHHnbs1426851@localhost.localdomain \
--to=qemudev@loongson.cn \
--cc=test-report@dpdk.org \
/path/to/YOUR_REPLY
https://kernel.org/pub/software/scm/git/docs/git-send-email.html
* If your mail client supports setting the In-Reply-To header
via mailto: links, try the mailto: link
Be sure your reply has a Subject: header at the top and a blank line
before the message body.
This is a public inbox, see mirroring instructions
for how to clone and mirror all data and code used for this inbox;
as well as URLs for NNTP newsgroup(s).