automatic DPDK test reports
 help / color / mirror / Atom feed
* |SUCCESS| pw155433-155445 [PATCH v6 13/13] pdump: mark API and application as deprecated
       [not found] <20250722173552.184141-14-stephen@networkplumber.org>
@ 2025-07-22 17:17 ` qemudev
  2025-07-22 17:22 ` qemudev
                   ` (25 subsequent siblings)
  26 siblings, 0 replies; 27+ messages in thread
From: qemudev @ 2025-07-22 17:17 UTC (permalink / raw)
  To: test-report

Test-Label: loongarch-compilation
Test-Status: SUCCESS
http://dpdk.org/patch/155445

_Compilation OK_

Submitter: Stephen Hemminger <stephen@networkplumber.org>
Date: Tue, 22 Jul 2025 10:34:32 -0700
DPDK git baseline: Repo:dpdk
  Branch: main
  CommitID: b222395561638f89562e4ef42e1eabf2d6db43dd

155433-155445 --> meson & ninja build successfully

Test environment and result as below:

+---------------------+----------------+
|     Environment     | compilation    |
+---------------------+----------------+
| Loongnix-Server 8.3 | PASS           |
+---------------------+----------------+

Loongnix-Server 8.3
    Kernel: 4.19.190+
    Compiler: gcc 8.3


^ permalink raw reply	[flat|nested] 27+ messages in thread

* |SUCCESS| pw155433-155445 [PATCH v6 13/13] pdump: mark API and application as deprecated
       [not found] <20250722173552.184141-14-stephen@networkplumber.org>
  2025-07-22 17:17 ` |SUCCESS| pw155433-155445 [PATCH v6 13/13] pdump: mark API and application as deprecated qemudev
@ 2025-07-22 17:22 ` qemudev
  2025-07-22 17:35 ` |SUCCESS| pw155445 " checkpatch
                   ` (24 subsequent siblings)
  26 siblings, 0 replies; 27+ messages in thread
From: qemudev @ 2025-07-22 17:22 UTC (permalink / raw)
  To: test-report

Test-Label: loongarch-unit-testing
Test-Status: SUCCESS
http://dpdk.org/patch/155445

_Unit Testing PASS_

Submitter: Stephen Hemminger <stephen@networkplumber.org>
Date: Tue, 22 Jul 2025 10:34:32 -0700
DPDK git baseline: Repo:dpdk
  Branch: main
  CommitID: b222395561638f89562e4ef42e1eabf2d6db43dd

155433-155445 --> testing pass

Test environment and result as below:

+---------------------+----------------+
|     Environment     | dpdk_unit_test |
+---------------------+----------------+
| Loongnix-Server 8.3 | PASS           |
+---------------------+----------------+

Loongnix-Server 8.3
    Kernel: 4.19.190+
    Compiler: gcc 8.3


Test result details:
  1/121 DPDK:fast-tests / acl_autotest                            OK              3.25s
  2/121 DPDK:fast-tests / alarm_autotest                          OK              1.51s
  3/121 DPDK:fast-tests / argparse_autotest                       OK              0.50s
  4/121 DPDK:fast-tests / atomic_autotest                         OK              7.21s
  5/121 DPDK:fast-tests / bitcount_autotest                       OK              0.43s
  6/121 DPDK:fast-tests / bitmap_autotest                         OK              0.43s
  7/121 DPDK:fast-tests / bitops_autotest                         OK              1.93s
  8/121 DPDK:fast-tests / bitratestats_autotest                   OK              0.43s
  9/121 DPDK:fast-tests / bitset_autotest                         OK              3.21s
 10/121 DPDK:fast-tests / bpf_autotest                            OK              0.43s
 11/121 DPDK:fast-tests / bpf_convert_autotest                    OK              0.44s
 12/121 DPDK:fast-tests / byteorder_autotest                      OK              0.43s
 13/121 DPDK:fast-tests / cfgfile_autotest                        OK              0.43s
 14/121 DPDK:fast-tests / cksum_autotest                          OK              0.43s
 15/121 DPDK:fast-tests / cmdline_autotest                        OK              0.43s
 16/121 DPDK:fast-tests / common_autotest                         OK              1.31s
 17/121 DPDK:fast-tests / compressdev_autotest                    SKIP            0.07s   exit status 77
 18/121 DPDK:fast-tests / cpuflags_autotest                       OK              0.43s
 19/121 DPDK:fast-tests / crc_autotest                            OK              0.43s
 20/121 DPDK:fast-tests / user_delay_us                           OK              0.43s
 21/121 DPDK:fast-tests / debug_autotest                          OK             17.18s
 22/121 DPDK:fast-tests / devargs_autotest                        OK              0.43s
 23/121 DPDK:fast-tests / dispatcher_autotest                     OK              2.53s
 24/121 DPDK:fast-tests / distributor_autotest                    OK              1.20s
 25/121 DPDK:fast-tests / eal_flags_c_opt_autotest                OK              0.78s
 26/121 DPDK:fast-tests / eal_flags_main_opt_autotest             OK              0.22s
 27/121 DPDK:fast-tests / eal_flags_n_opt_autotest                OK              0.20s
 28/121 DPDK:fast-tests / eal_flags_hpet_autotest                 OK              0.13s
 29/121 DPDK:fast-tests / eal_flags_no_huge_autotest              OK              0.22s
 30/121 DPDK:fast-tests / eal_flags_a_opt_autotest                OK              0.30s
 31/121 DPDK:fast-tests / eal_flags_b_opt_autotest                OK              0.25s
 32/121 DPDK:fast-tests / eal_flags_vdev_opt_autotest             OK              0.20s
 33/121 DPDK:fast-tests / eal_flags_r_opt_autotest                OK              0.19s
 34/121 DPDK:fast-tests / eal_flags_mem_autotest                  OK              0.60s
 35/121 DPDK:fast-tests / eal_flags_file_prefix_autotest          OK             22.27s
 36/121 DPDK:fast-tests / eal_flags_misc_autotest                 OK              1.06s
 37/121 DPDK:fast-tests / eal_fs_autotest                         OK              0.42s
 38/121 DPDK:fast-tests / errno_autotest                          OK              0.43s
 39/121 DPDK:fast-tests / ethdev_link_status                      OK              0.43s
 40/121 DPDK:fast-tests / ethdev_mirror                           OK              0.44s
 41/121 DPDK:fast-tests / event_eth_tx_adapter_autotest           OK              1.69s
 42/121 DPDK:fast-tests / event_ring_autotest                     OK              0.43s
 43/121 DPDK:fast-tests / eventdev_common_autotest                OK              0.43s
 44/121 DPDK:fast-tests / eventdev_selftest_sw                    OK              7.23s
 45/121 DPDK:fast-tests / fbarray_autotest                        OK              0.43s
 46/121 DPDK:fast-tests / fib_autotest                            OK              1.28s
 47/121 DPDK:fast-tests / fib6_autotest                           OK              1.06s
 48/121 DPDK:fast-tests / func_reentrancy_autotest                OK              2.15s
 49/121 DPDK:fast-tests / graph_autotest                          OK              0.43s
 50/121 DPDK:fast-tests / node_list_dump                          OK              0.43s
 51/121 DPDK:fast-tests / graph_feature_arc_autotest              OK              0.44s
 52/121 DPDK:fast-tests / hash_autotest                           OK              1.05s
 53/121 DPDK:fast-tests / hash_readwrite_func_autotest            OK              6.38s
 54/121 DPDK:fast-tests / interrupt_autotest                      OK              1.73s
 55/121 DPDK:fast-tests / ipfrag_autotest                         OK              0.08s
 56/121 DPDK:fast-tests / ipsec_autotest                          SKIP            0.43s   exit status 77
 57/121 DPDK:fast-tests / kvargs_autotest                         OK              0.44s
 58/121 DPDK:fast-tests / latencystats_autotest                   OK              0.44s
 59/121 DPDK:fast-tests / lcore_var_autotest                      OK              0.57s
 60/121 DPDK:fast-tests / lcores_autotest                         OK              5.24s
 61/121 DPDK:fast-tests / logs_autotest                           OK              0.43s
 62/121 DPDK:fast-tests / lpm_autotest                            OK              2.48s
 63/121 DPDK:fast-tests / lpm6_autotest                           OK              5.56s
 64/121 DPDK:fast-tests / malloc_autotest                         OK             60.45s
 65/121 DPDK:fast-tests / mbuf_autotest                           OK              5.16s
 66/121 DPDK:fast-tests / mcslock_autotest                        OK              3.26s
 67/121 DPDK:fast-tests / member_autotest                         OK              1.60s
 68/121 DPDK:fast-tests / memcpy_autotest                         OK              7.03s
 69/121 DPDK:fast-tests / memory_autotest                         OK              0.09s
 70/121 DPDK:fast-tests / mempool_autotest                        OK              0.43s
 71/121 DPDK:fast-tests / memzone_autotest                        OK              0.14s
 72/121 DPDK:fast-tests / meter_autotest                          OK              0.43s
 73/121 DPDK:fast-tests / metrics_autotest                        OK              0.43s
 74/121 DPDK:fast-tests / multiprocess_autotest                   OK              0.58s
 75/121 DPDK:fast-tests / net_ether_autotest                      OK              1.10s
 76/121 DPDK:fast-tests / net_ipv6_autotest                       OK              0.43s
 77/121 DPDK:fast-tests / pcapng_autotest                         OK              6.08s
 78/121 DPDK:fast-tests / pdcp_autotest                           SKIP            0.07s   exit status 77
 79/121 DPDK:fast-tests / pdump_autotest                          OK              0.55s
 80/121 DPDK:fast-tests / per_lcore_autotest                      OK              0.53s
 81/121 DPDK:fast-tests / pflock_autotest                         OK              1.24s
 82/121 DPDK:fast-tests / pie_autotest                            OK              0.43s
 83/121 DPDK:fast-tests / ring_pmd_autotest                       OK              0.43s
 84/121 DPDK:fast-tests / power_autotest                          OK              0.43s
 85/121 DPDK:fast-tests / power_cpufreq_autotest                  SKIP            0.07s   exit status 77
 86/121 DPDK:fast-tests / power_intel_uncore_autotest             SKIP            0.43s   exit status 77
 87/121 DPDK:fast-tests / power_kvm_vm_autotest                   SKIP            0.07s   exit status 77
 88/121 DPDK:fast-tests / prefetch_autotest                       OK              0.42s
 89/121 DPDK:fast-tests / ptr_compress_autotest                   OK              0.43s
 90/121 DPDK:fast-tests / rawdev_autotest                         OK              0.43s
 91/121 DPDK:fast-tests / rcu_qsbr_autotest                       OK              0.95s
 92/121 DPDK:fast-tests / reorder_autotest                        OK              0.49s
 93/121 DPDK:fast-tests / rib_autotest                            OK              9.08s
 94/121 DPDK:fast-tests / rib6_autotest                           OK              9.08s
 95/121 DPDK:fast-tests / ring_autotest                           OK              0.46s
 96/121 DPDK:fast-tests / rwlock_test1_autotest                   OK              1.18s
 97/121 DPDK:fast-tests / rwlock_rda_autotest                     OK              5.43s
 98/121 DPDK:fast-tests / rwlock_rds_wrm_autotest                 OK              5.43s
 99/121 DPDK:fast-tests / rwlock_rde_wro_autotest                 OK              5.43s
100/121 DPDK:fast-tests / sched_autotest                          OK              0.43s
101/121 DPDK:fast-tests / security_autotest                       OK              0.07s
102/121 DPDK:fast-tests / seqlock_autotest                        OK              2.43s
103/121 DPDK:fast-tests / service_autotest                        OK              3.13s
104/121 DPDK:fast-tests / soring_autotest                         OK              0.43s
105/121 DPDK:fast-tests / spinlock_autotest                       OK              0.51s
106/121 DPDK:fast-tests / stack_autotest                          OK              0.87s
107/121 DPDK:fast-tests / stack_lf_autotest                       SKIP            0.06s   exit status 77
108/121 DPDK:fast-tests / string_autotest                         OK              0.43s
109/121 DPDK:fast-tests / table_autotest                          OK              7.73s
110/121 DPDK:fast-tests / tailq_autotest                          OK              0.42s
111/121 DPDK:fast-tests / telemetry_data_autotest                 OK              0.44s
112/121 DPDK:fast-tests / telemetry_json_autotest                 OK              0.43s
113/121 DPDK:fast-tests / thash_autotest                          OK              0.44s
114/121 DPDK:fast-tests / threads_autotest                        OK              0.61s
115/121 DPDK:fast-tests / ticketlock_autotest                     OK              0.58s
116/121 DPDK:fast-tests / timer_autotest                          OK              3.93s
117/121 DPDK:fast-tests / trace_autotest                          OK              0.42s
118/121 DPDK:fast-tests / trace_autotest_with_traces              OK              0.43s
119/121 DPDK:fast-tests / vdev_autotest                           OK              0.43s
120/121 DPDK:fast-tests / version_autotest                        OK              0.43s
121/121 DPDK:fast-tests / telemetry_all                           OK              1.35s


Ok:                 114
Expected Fail:      0
Fail:               0
Unexpected Pass:    0
Skipped:            7
Timeout:            0


^ permalink raw reply	[flat|nested] 27+ messages in thread

* |SUCCESS| pw155445 [PATCH v6 13/13] pdump: mark API and application as deprecated
       [not found] <20250722173552.184141-14-stephen@networkplumber.org>
  2025-07-22 17:17 ` |SUCCESS| pw155433-155445 [PATCH v6 13/13] pdump: mark API and application as deprecated qemudev
  2025-07-22 17:22 ` qemudev
@ 2025-07-22 17:35 ` checkpatch
  2025-07-22 18:44 ` |FAILURE| " 0-day Robot
                   ` (23 subsequent siblings)
  26 siblings, 0 replies; 27+ messages in thread
From: checkpatch @ 2025-07-22 17:35 UTC (permalink / raw)
  To: test-report

Test-Label: checkpatch
Test-Status: SUCCESS
http://dpdk.org/patch/155445

_coding style OK_



^ permalink raw reply	[flat|nested] 27+ messages in thread

* |FAILURE| pw155445 [PATCH v6 13/13] pdump: mark API and application as deprecated
       [not found] <20250722173552.184141-14-stephen@networkplumber.org>
                   ` (2 preceding siblings ...)
  2025-07-22 17:35 ` |SUCCESS| pw155445 " checkpatch
@ 2025-07-22 18:44 ` 0-day Robot
  2025-07-22 19:04 ` |SUCCESS| pw155433-155445 [PATCH] [v6,13/13] pdump: mark API and app dpdklab
                   ` (22 subsequent siblings)
  26 siblings, 0 replies; 27+ messages in thread
From: 0-day Robot @ 2025-07-22 18:44 UTC (permalink / raw)
  To: test-report; +Cc: stephen, robot

From: robot@bytheb.org

Test-Label: github-robot: build
Test-Status: FAILURE
http://patchwork.dpdk.org/patch/155445/

_github build: failed_
Build URL: https://github.com/ovsrobot/dpdk/actions/runs/16451714781
Build Logs:
-----------------------Summary of failed steps-----------------------
"windows-2022-msvc" failed at step Build
"ubuntu-22.04-gcc-abi+debug+doc+examples+tests" failed at step Build and test
"ubuntu-22.04-clang-asan+doc+tests" failed at step Build and test
----------------------End summary of failed steps--------------------

-------------------------------BEGIN LOGS----------------------------
####################################################################################
#### [Begin job log] "windows-2022-msvc" at step Build
####################################################################################
[384/454] Compiling C object app/dpdk-test.exe.p/test_test_malloc.c.obj
[385/454] Compiling C object app/dpdk-test.exe.p/test_test_lpm6_perf.c.obj
[386/454] Compiling C object app/dpdk-test.exe.p/test_test_malloc_perf.c.obj
[387/454] Compiling C object app/dpdk-test.exe.p/test_test_lpm_perf.c.obj
[388/454] Compiling C object app/dpdk-test.exe.p/test_test_mcslock.c.obj
[389/454] Compiling C object app/dpdk-test.exe.p/test_test_memory.c.obj
[390/454] Compiling C object app/dpdk-test.exe.p/test_test_ipfrag.c.obj
[391/454] Compiling C object app/dpdk-test.exe.p/test_test_memcpy.c.obj
[392/454] Compiling C object app/dpdk-test.exe.p/test_test_mbuf.c.obj
[393/454] Compiling C object app/dpdk-test.exe.p/test_test_mempool.c.obj
[394/454] Compiling C object app/dpdk-test.exe.p/test_test_meter.c.obj
[395/454] Compiling C object app/dpdk-test.exe.p/test_test_memzone.c.obj
[396/454] Compiling C object app/dpdk-test.exe.p/test_test_mp_secondary.c.obj
FAILED: app/dpdk-test.exe.p/test_test_mp_secondary.c.obj 
"cl" "-Iapp\dpdk-test.exe.p" "-Iapp" "-I..\app" "-Ilib\cmdline" "-I..\lib\cmdline" "-Ilib\eal\common" "-I..\lib\eal\common" "-I." "-I.." "-Iconfig" "-I..\config" "-Ilib\eal\include" "-I..\lib\eal\include" "-Ilib\eal\windows\include" "-I..\lib\eal\windows\include" "-Ilib\eal\x86\include" "-I..\lib\eal\x86\include" "-Ilib\eal" "-I..\lib\eal" "-Ilib\log" "-I..\lib\log" "-Ilib\kvargs" "-I..\lib\kvargs" "-Ilib\net" "-I..\lib\net" "-Ilib\mbuf" "-I..\lib\mbuf" "-Ilib\mempool" "-I..\lib\mempool" "-Ilib\ring" "-I..\lib\ring" "-Ilib\metrics" "-I..\lib\metrics" "-Ilib\telemetry" "-I..\lib\telemetry" "-Ilib\ethdev" "-I..\lib\ethdev" "-Ilib\meter" "-I..\lib\meter" "-Ilib\argparse" "-I..\lib\argparse" "-Ilib\hash" "-I..\lib\hash" "-Ilib\rcu" "-I..\lib\rcu" "-Ilib\bitratestats" "-I..\lib\bitratestats" "-Ilib\cfgfile" "-I..\lib\cfgfile" "-Ilib\cryptodev" "-I..\lib\cryptodev" "-Ilib\security" "-I..\lib\security" "-Ilib\dmadev" "-I..\lib\dmadev" "-Ilib\fib" "-I..\lib\fib" "-Ilib\rib" "-I..\lib\rib" "-Ilib\lpm" "-I..\lib\lpm" "-Ilib\ip_frag" "-I..\lib\ip_frag" "-Ilib\latencystats" "-I..\lib\latencystats" "-Ilib\pcapng" "-I..\lib\pcapng" "-Ilib\ptr_compress" "-I..\lib\ptr_compress" "-Ilib\reorder" "-I..\lib\reorder" "-Ilib\stack" "-I..\lib\stack" "-Ilib\timer" "-I..\lib\timer" "-Iapp\test\test_cfgfiles" "/MD" "/nologo" "/showIncludes" "/utf-8" "/W3" "/WX" "/std:c11" "/O2" "/Gw" "/wd4244" "/wd4267" "/wd4146" "/experimental:c11atomics" "/d1experimental:typeof" "/experimental:statementExpressions" "/FI" "rte_config.h" "-D_GNU_SOURCE" "-D_WIN32_WINNT=0x0A00" "-DALLOW_EXPERIMENTAL_API" "-DALLOW_INTERNAL_API" "/Fdapp\dpdk-test.exe.p\test_test_mp_secondary.c.pdb" /Foapp/dpdk-test.exe.p/test_test_mp_secondary.c.obj "/c" ../app/test/test_mp_secondary.c
../app/test/test_mp_secondary.c(19): fatal error C1083: Cannot open include file: 'rte_bus_vdev.h': No such file or directory
[397/454] Compiling C object app/dpdk-test.exe.p/test_test_metrics.c.obj
[398/454] Compiling C object app/dpdk-test.exe.p/test_test_net_ether.c.obj
[399/454] Compiling C object app/dpdk-test.exe.p/test_test_net_ip6.c.obj
[400/454] Compiling C object app/dpdk-test.exe.p/test_test_mempool_perf.c.obj
[401/454] Compiling C object app/dpdk-test.exe.p/test_test_memcpy_perf.c.obj
ninja: build stopped: subcommand failed.
INFO: autodetecting backend as ninja
INFO: calculating backend command to run: C:\hostedtoolcache\windows\Python\3.13.5\x64\Scripts\ninja.EXE -C D:/a/dpdk/dpdk/build
##[error]Process completed with exit code 1.
####################################################################################
#### [End job log] "windows-2022-msvc" at step Build
####################################################################################




####################################################################################
#### [Begin job log] "ubuntu-22.04-gcc-abi+debug+doc+examples+tests" at step Build and test
####################################################################################
[1978/1996] Linking target examples/dpdk-skeleton
[1979/1996] Linking target examples/dpdk-vdpa
[1980/1996] Linking target examples/dpdk-vhost_crypto
[1981/1996] Linking target examples/dpdk-vhost
[1982/1996] Linking target examples/dpdk-vhost_blk
[1983/1996] Linking target examples/dpdk-vmdq
[1984/1996] Linking target examples/dpdk-vmdq_dcb
[1985/1996] Linking target examples/dpdk-vm_power_manager
[1986/1996] Linking target examples/dpdk-guest_cli
[1987/1996] Linking target buildtools/chkincs/chkincs
[1988/1996] Linking target buildtools/chkincs/chkincs-all
[1989/1996] Linking target buildtools/chkincs/chkincs-cpp
[1990/1996] Linking target buildtools/chkincs/chkincs-exp
[1991/1996] Linking target buildtools/chkincs/chkincs-cpp-exp
[1992/1996] Linking target buildtools/chkincs/chkincs-cpp-all
[1993/1996] Generating doxygen-man with a custom command
[1994/1996] Generating dts_api_html with a custom command
[1995/1996] Generating html_guides with a custom command
FAILED: [code=2] doc/guides/html 
/usr/bin/python3 ../buildtools/call-sphinx-build.py /usr/bin/sphinx-build 25.07.0 /home/runner/work/dpdk/dpdk/doc/guides /home/runner/work/dpdk/dpdk/build/doc/guides -a -W

Warning, treated as error:
/home/runner/work/dpdk/dpdk/doc/guides/prog_guide/ethdev/index.rst:7:toctree contains reference to nonexisting document 'prog_guide/ethdev/port_mirroring'
ninja: build stopped: subcommand failed.
##[error]Process completed with exit code 2.
####################################################################################
#### [End job log] "ubuntu-22.04-gcc-abi+debug+doc+examples+tests" at step Build and test
####################################################################################




####################################################################################
#### [Begin job log] "ubuntu-22.04-clang-asan+doc+tests" at step Build and test
####################################################################################
[1978/1996] Linking target examples/dpdk-timer
[1979/1996] Linking target examples/dpdk-vdpa
[1980/1996] Linking target examples/dpdk-vhost_blk
[1981/1996] Linking target examples/dpdk-vhost_crypto
[1982/1996] Linking target examples/dpdk-vhost
[1983/1996] Linking target examples/dpdk-vm_power_manager
[1984/1996] Linking target examples/dpdk-vmdq
[1985/1996] Linking target examples/dpdk-guest_cli
[1986/1996] Linking target examples/dpdk-vmdq_dcb
[1987/1996] Generating doxygen-man with a custom command
[1988/1996] Linking target buildtools/chkincs/chkincs-exp
[1989/1996] Linking target buildtools/chkincs/chkincs
[1990/1996] Linking target buildtools/chkincs/chkincs-all
[1991/1996] Linking target buildtools/chkincs/chkincs-cpp
[1992/1996] Linking target buildtools/chkincs/chkincs-cpp-all
[1993/1996] Linking target buildtools/chkincs/chkincs-cpp-exp
[1994/1996] Generating dts_api_html with a custom command
[1995/1996] Generating html_guides with a custom command
FAILED: [code=2] doc/guides/html 
/usr/bin/python3 ../buildtools/call-sphinx-build.py /usr/bin/sphinx-build 25.07.0 /home/runner/work/dpdk/dpdk/doc/guides /home/runner/work/dpdk/dpdk/build/doc/guides -a -W

Warning, treated as error:
/home/runner/work/dpdk/dpdk/doc/guides/prog_guide/ethdev/index.rst:7:toctree contains reference to nonexisting document 'prog_guide/ethdev/port_mirroring'
ninja: build stopped: subcommand failed.
##[error]Process completed with exit code 2.
####################################################################################
#### [End job log] "ubuntu-22.04-clang-asan+doc+tests" at step Build and test
####################################################################################
--------------------------------END LOGS-----------------------------

^ permalink raw reply	[flat|nested] 27+ messages in thread

* |SUCCESS| pw155433-155445 [PATCH] [v6,13/13] pdump: mark API and app
       [not found] <20250722173552.184141-14-stephen@networkplumber.org>
                   ` (3 preceding siblings ...)
  2025-07-22 18:44 ` |FAILURE| " 0-day Robot
@ 2025-07-22 19:04 ` dpdklab
  2025-07-22 19:12 ` dpdklab
                   ` (21 subsequent siblings)
  26 siblings, 0 replies; 27+ messages in thread
From: dpdklab @ 2025-07-22 19:04 UTC (permalink / raw)
  To: Test Report; +Cc: dpdk-test-reports

Test-Label: iol-marvell-Functional
Test-Status: SUCCESS
http://dpdk.org/patch/155445

_Functional Testing PASS_

Submitter: Stephen Hemminger <stephen@networkplumber.org>
Date: Tuesday, July 22 2025 17:34:44 
DPDK git baseline: Repo:dpdk
  Branch: master
  CommitID:b222395561638f89562e4ef42e1eabf2d6db43dd

155433-155445 --> functional testing pass

Upstream job id: Template-DTS-Pipeline#237727

Test environment and result as below:

Ubuntu 20.04.6
Kernel: 5.4.105
Compiler: gcc 9.4
NIC: Marvell CN106XX 50000 Mbps
Target: arm64-native-linuxapp-gcc

Aggregate Results by Test Suite
+----------------+--------+
|   Test Suite   | Result |
+================+========+
| cmdline        |  PASS  |
+----------------+--------+
| rxtx_callbacks |  PASS  |
+----------------+--------+


To view detailed results, visit:
https://lab.dpdk.org/results/dashboard/patchsets/33730/

UNH-IOL DPDK Community Lab

To manage your email subscriptions, visit: 
https://lab.dpdk.org/results/dashboard/preferences/subscriptions/

^ permalink raw reply	[flat|nested] 27+ messages in thread

* |SUCCESS| pw155433-155445 [PATCH] [v6,13/13] pdump: mark API and app
       [not found] <20250722173552.184141-14-stephen@networkplumber.org>
                   ` (4 preceding siblings ...)
  2025-07-22 19:04 ` |SUCCESS| pw155433-155445 [PATCH] [v6,13/13] pdump: mark API and app dpdklab
@ 2025-07-22 19:12 ` dpdklab
  2025-07-22 19:16 ` dpdklab
                   ` (20 subsequent siblings)
  26 siblings, 0 replies; 27+ messages in thread
From: dpdklab @ 2025-07-22 19:12 UTC (permalink / raw)
  To: Test Report; +Cc: dpdk-test-reports

Test-Label: iol-intel-Functional
Test-Status: SUCCESS
http://dpdk.org/patch/155445

_Functional Testing PASS_

Submitter: Stephen Hemminger <stephen@networkplumber.org>
Date: Tuesday, July 22 2025 17:34:44 
DPDK git baseline: Repo:dpdk
  Branch: master
  CommitID:b222395561638f89562e4ef42e1eabf2d6db43dd

155433-155445 --> functional testing pass

Upstream job id: Template-DTS-Pipeline#237728

Test environment and result as below:

Ubuntu 24.04
Kernel: 6.8
Compiler: gcc gcc (Ubuntu 13.3.0-6ubuntu2~24.04) 13.3.0
NIC: Intel Corporation 4xxx Series QAT 0 Mbps

Aggregate Results by Test Suite
+----------------------------+--------+
|         Test Suite         | Result |
+============================+========+
| crypto_perf_cryptodev_perf |  PASS  |
+----------------------------+--------+


To view detailed results, visit:
https://lab.dpdk.org/results/dashboard/patchsets/33730/

UNH-IOL DPDK Community Lab

To manage your email subscriptions, visit: 
https://lab.dpdk.org/results/dashboard/preferences/subscriptions/

^ permalink raw reply	[flat|nested] 27+ messages in thread

* |SUCCESS| pw155433-155445 [PATCH] [v6,13/13] pdump: mark API and app
       [not found] <20250722173552.184141-14-stephen@networkplumber.org>
                   ` (5 preceding siblings ...)
  2025-07-22 19:12 ` dpdklab
@ 2025-07-22 19:16 ` dpdklab
  2025-07-22 19:21 ` dpdklab
                   ` (19 subsequent siblings)
  26 siblings, 0 replies; 27+ messages in thread
From: dpdklab @ 2025-07-22 19:16 UTC (permalink / raw)
  To: Ali Alnubani, Test Report; +Cc: dpdk-test-reports

Test-Label: iol-mellanox-Performance
Test-Status: SUCCESS
http://dpdk.org/patch/155445

_Performance Testing PASS_

Submitter: Stephen Hemminger <stephen@networkplumber.org>
Date: Tuesday, July 22 2025 17:34:44 
DPDK git baseline: Repo:dpdk
  Branch: master
  CommitID:b222395561638f89562e4ef42e1eabf2d6db43dd

155433-155445 --> performance testing pass

Upstream job id: Template-DTS-Pipeline#237718

Test environment and result as below:

Ubuntu 24.04
Kernel: 6.8
Compiler: gcc gcc (Ubuntu 13.3.0-6ubuntu2~24.04) 13.3.0
NIC: NVIDIA Mellanox ConnectX-7 100000 Mbps
Fail/Total: 0/6

Detail performance results: 
+------------+---------+----------+-------------+------------------------------+
| frame_size | txd/rxd | num_cpus | num_threads |  throughput difference from  |
|            |         |          |             |           expected           |
+============+=========+==========+=============+==============================+
| 64         | 1024    | 1        | 1           | -0.3%                        |
+------------+---------+----------+-------------+------------------------------+
| 128        | 1024    | 1        | 1           | 0.5%                         |
+------------+---------+----------+-------------+------------------------------+
| 256        | 1024    | 1        | 1           | -0.8%                        |
+------------+---------+----------+-------------+------------------------------+
| 512        | 1024    | 1        | 1           | -0.0%                        |
+------------+---------+----------+-------------+------------------------------+
| 1024       | 1024    | 1        | 1           | 0.2%                         |
+------------+---------+----------+-------------+------------------------------+
| 1518       | 1024    | 1        | 1           | -0.1%                        |
+------------+---------+----------+-------------+------------------------------+

Ubuntu 24.04
Kernel: 6.8
Compiler: gcc gcc (Ubuntu 13.3.0-6ubuntu2~24.04) 13.3.0
NIC: Mellanox ConnectX-6 Lx 25000 Mbps
Fail/Total: 0/6

Detail performance results: 
+------------+---------+----------+-------------+------------------------------+
| frame_size | txd/rxd | num_cpus | num_threads |  throughput difference from  |
|            |         |          |             |           expected           |
+============+=========+==========+=============+==============================+
| 64         | 1024    | 1        | 1           | 0.1%                         |
+------------+---------+----------+-------------+------------------------------+
| 128        | 1024    | 1        | 1           | 0.0%                         |
+------------+---------+----------+-------------+------------------------------+
| 256        | 1024    | 1        | 1           | -0.2%                        |
+------------+---------+----------+-------------+------------------------------+
| 512        | 1024    | 1        | 1           | -0.1%                        |
+------------+---------+----------+-------------+------------------------------+
| 1024       | 1024    | 1        | 1           | 0.2%                         |
+------------+---------+----------+-------------+------------------------------+
| 1518       | 1024    | 1        | 1           | 0.1%                         |
+------------+---------+----------+-------------+------------------------------+

To view detailed results, visit:
https://lab.dpdk.org/results/dashboard/patchsets/33730/

UNH-IOL DPDK Community Lab

To manage your email subscriptions, visit: 
https://lab.dpdk.org/results/dashboard/preferences/subscriptions/

^ permalink raw reply	[flat|nested] 27+ messages in thread

* |SUCCESS| pw155433-155445 [PATCH] [v6,13/13] pdump: mark API and app
       [not found] <20250722173552.184141-14-stephen@networkplumber.org>
                   ` (6 preceding siblings ...)
  2025-07-22 19:16 ` dpdklab
@ 2025-07-22 19:21 ` dpdklab
  2025-07-22 19:24 ` dpdklab
                   ` (18 subsequent siblings)
  26 siblings, 0 replies; 27+ messages in thread
From: dpdklab @ 2025-07-22 19:21 UTC (permalink / raw)
  To: Test Report; +Cc: dpdk-test-reports

Test-Label: iol-intel-Performance
Test-Status: SUCCESS
http://dpdk.org/patch/155445

_Performance Testing PASS_

Submitter: Stephen Hemminger <stephen@networkplumber.org>
Date: Tuesday, July 22 2025 17:34:44 
DPDK git baseline: Repo:dpdk
  Branch: master
  CommitID:b222395561638f89562e4ef42e1eabf2d6db43dd

155433-155445 --> performance testing pass

Upstream job id: Template-DTS-Pipeline#237720

Test environment and result as below:

Ubuntu 22.04
Kernel: 5.15
Compiler: gcc gcc (Ubuntu 11.4.0-1ubuntu1~22.04) 11.4.0
NIC: Intel E810 100000 Mbps
Fail/Total: 0/2

Detail performance results: 
+------------+---------+----------+-------------+------------------------------+
| frame_size | txd/rxd | num_cpus | num_threads |  throughput difference from  |
|            |         |          |             |           expected           |
+============+=========+==========+=============+==============================+
| 64         | 512     | 1        | 1           | -0.7%                        |
+------------+---------+----------+-------------+------------------------------+
| 64         | 2048    | 1        | 1           | -1.2%                        |
+------------+---------+----------+-------------+------------------------------+

Ubuntu 20.04
Kernel: 5.4
Compiler: gcc gcc (Ubuntu 9.4.0-1ubuntu1~20.04.1) 9.4.0
NIC: Intel Corporation Ethernet Converged Network Adapter XL710-QDA2 40000 Mbps
Fail/Total: 0/4

Detail performance results: 
+----------+-------------+---------+------------+------------------------------+
| num_cpus | num_threads | txd/rxd | frame_size |  throughput difference from  |
|          |             |         |            |           expected           |
+==========+=============+=========+============+==============================+
| 1        | 2           | 512     | 64         | -0.6%                        |
+----------+-------------+---------+------------+------------------------------+
| 1        | 2           | 2048    | 64         | 1.8%                         |
+----------+-------------+---------+------------+------------------------------+
| 1        | 1           | 512     | 64         | 1.2%                         |
+----------+-------------+---------+------------+------------------------------+
| 1        | 1           | 2048    | 64         | 0.4%                         |
+----------+-------------+---------+------------+------------------------------+

Ubuntu 24.04
Kernel: 6.8
Compiler: gcc gcc (Ubuntu 13.3.0-6ubuntu2~24.04) 13.3.0
NIC: Intel E810 (Arm Grace Server) 100000 Mbps
Fail/Total: 0/2

Detail performance results: 
+------------+---------+----------+-------------+------------------------------+
| frame_size | txd/rxd | num_cpus | num_threads |  throughput difference from  |
|            |         |          |             |           expected           |
+============+=========+==========+=============+==============================+
| 64         | 512     | 1        | 1           | 2.2%                         |
+------------+---------+----------+-------------+------------------------------+
| 64         | 2048    | 1        | 1           | 0.2%                         |
+------------+---------+----------+-------------+------------------------------+

To view detailed results, visit:
https://lab.dpdk.org/results/dashboard/patchsets/33730/

UNH-IOL DPDK Community Lab

To manage your email subscriptions, visit: 
https://lab.dpdk.org/results/dashboard/preferences/subscriptions/

^ permalink raw reply	[flat|nested] 27+ messages in thread

* |SUCCESS| pw155433-155445 [PATCH] [v6,13/13] pdump: mark API and app
       [not found] <20250722173552.184141-14-stephen@networkplumber.org>
                   ` (7 preceding siblings ...)
  2025-07-22 19:21 ` dpdklab
@ 2025-07-22 19:24 ` dpdklab
  2025-07-22 19:33 ` dpdklab
                   ` (17 subsequent siblings)
  26 siblings, 0 replies; 27+ messages in thread
From: dpdklab @ 2025-07-22 19:24 UTC (permalink / raw)
  To: Test Report; +Cc: dpdk-test-reports

Test-Label: iol-compile-amd64-testing
Test-Status: SUCCESS
http://dpdk.org/patch/155445

_Testing PASS_

Submitter: Stephen Hemminger <stephen@networkplumber.org>
Date: Tuesday, July 22 2025 17:34:44 
DPDK git baseline: Repo:dpdk
  Branch: master
  CommitID:b222395561638f89562e4ef42e1eabf2d6db43dd

155433-155445 --> testing pass

Upstream job id: Generic-VM-DPDK-Compile-Meson#37318

Test environment and result as below:

+--------------+--------------------+
| Environment  | dpdk_meson_compile |
+==============+====================+
| FreeBSD 14.2 | PASS               |
+--------------+--------------------+


FreeBSD 14.2
	Kernel: 14.2-RELEASE
	Compiler: clang 18.1.6

To view detailed results, visit:
https://lab.dpdk.org/results/dashboard/patchsets/33730/

UNH-IOL DPDK Community Lab

To manage your email subscriptions, visit: 
https://lab.dpdk.org/results/dashboard/preferences/subscriptions/

^ permalink raw reply	[flat|nested] 27+ messages in thread

* |SUCCESS| pw155433-155445 [PATCH] [v6,13/13] pdump: mark API and app
       [not found] <20250722173552.184141-14-stephen@networkplumber.org>
                   ` (8 preceding siblings ...)
  2025-07-22 19:24 ` dpdklab
@ 2025-07-22 19:33 ` dpdklab
  2025-07-22 19:38 ` dpdklab
                   ` (16 subsequent siblings)
  26 siblings, 0 replies; 27+ messages in thread
From: dpdklab @ 2025-07-22 19:33 UTC (permalink / raw)
  To: Test Report; +Cc: dpdk-test-reports

Test-Label: iol-compile-amd64-testing
Test-Status: SUCCESS
http://dpdk.org/patch/155445

_Testing PASS_

Submitter: Stephen Hemminger <stephen@networkplumber.org>
Date: Tuesday, July 22 2025 17:34:44 
DPDK git baseline: Repo:dpdk
  Branch: master
  CommitID:b222395561638f89562e4ef42e1eabf2d6db43dd

155433-155445 --> testing pass

Upstream job id: Generic-VM-DPDK-Compile-Meson#37317

Test environment and result as below:

+--------------+--------------------+
| Environment  | dpdk_meson_compile |
+==============+====================+
| FreeBSD 14.2 | PASS               |
+--------------+--------------------+
| Ubuntu 20.04 | PASS               |
+--------------+--------------------+


FreeBSD 14.2
	Kernel: 14.2-RELEASE
	Compiler: clang 18.1.6

Ubuntu 20.04
	Kernel: 4.19
	Compiler: gcc gcc (Ubuntu 9.4.0-1ubuntu1~20.04.2) 9.4.0

To view detailed results, visit:
https://lab.dpdk.org/results/dashboard/patchsets/33730/

UNH-IOL DPDK Community Lab

To manage your email subscriptions, visit: 
https://lab.dpdk.org/results/dashboard/preferences/subscriptions/

^ permalink raw reply	[flat|nested] 27+ messages in thread

* |SUCCESS| pw155433-155445 [PATCH] [v6,13/13] pdump: mark API and app
       [not found] <20250722173552.184141-14-stephen@networkplumber.org>
                   ` (9 preceding siblings ...)
  2025-07-22 19:33 ` dpdklab
@ 2025-07-22 19:38 ` dpdklab
  2025-07-22 19:43 ` |PENDING| " dpdklab
                   ` (15 subsequent siblings)
  26 siblings, 0 replies; 27+ messages in thread
From: dpdklab @ 2025-07-22 19:38 UTC (permalink / raw)
  To: Test Report; +Cc: dpdk-test-reports

Test-Label: iol-intel-Functional
Test-Status: SUCCESS
http://dpdk.org/patch/155445

_Functional Testing PASS_

Submitter: Stephen Hemminger <stephen@networkplumber.org>
Date: Tuesday, July 22 2025 17:34:44 
DPDK git baseline: Repo:dpdk
  Branch: master
  CommitID:b222395561638f89562e4ef42e1eabf2d6db43dd

155433-155445 --> functional testing pass

Upstream job id: Template-DTS-Pipeline#237724

Test environment and result as below:

Ubuntu 24.04
Kernel: 6.8
Compiler: gcc gcc (Ubuntu 13.3.0-6ubuntu2~24.04) 13.3.0
NIC: Intel Corporation 4xxx Series QAT 0 Mbps

Aggregate Results by Test Suite
+----------------------------+--------+
|         Test Suite         | Result |
+============================+========+
| crypto_perf_cryptodev_perf |  PASS  |
+----------------------------+--------+


Ubuntu 20.04
Kernel: 5.4
Compiler: gcc gcc (Ubuntu 9.4.0-1ubuntu1~20.04.1) 9.4.0
NIC: Intel Corporation Ethernet Converged Network Adapter XL710-QDA2 40000 Mbps

Aggregate Results by Test Suite
+-----------------------------+--------+
|         Test Suite          | Result |
+=============================+========+
| unit_tests_mbuf             |  PASS  |
+-----------------------------+--------+
| vhost_virtio_user_interrupt |  PASS  |
+-----------------------------+--------+
| virtio_smoke                |  PASS  |
+-----------------------------+--------+


To view detailed results, visit:
https://lab.dpdk.org/results/dashboard/patchsets/33730/

UNH-IOL DPDK Community Lab

To manage your email subscriptions, visit: 
https://lab.dpdk.org/results/dashboard/preferences/subscriptions/

^ permalink raw reply	[flat|nested] 27+ messages in thread

* |PENDING| pw155433-155445 [PATCH] [v6,13/13] pdump: mark API and app
       [not found] <20250722173552.184141-14-stephen@networkplumber.org>
                   ` (10 preceding siblings ...)
  2025-07-22 19:38 ` dpdklab
@ 2025-07-22 19:43 ` dpdklab
  2025-07-22 20:05 ` |FAILURE| " dpdklab
                   ` (14 subsequent siblings)
  26 siblings, 0 replies; 27+ messages in thread
From: dpdklab @ 2025-07-22 19:43 UTC (permalink / raw)
  To: Test Report; +Cc: dpdk-test-reports

Test-Label: iol-unit-arm64-testing
Test-Status: PENDING
http://dpdk.org/patch/155445

_Testing pending_

Submitter: Stephen Hemminger <stephen@networkplumber.org>
Date: Tuesday, July 22 2025 17:34:44 
DPDK git baseline: Repo:dpdk
  Branch: master
  CommitID:b222395561638f89562e4ef42e1eabf2d6db43dd

155433-155445 --> testing pending

Upstream job id: Aarch32-Unit-Test#7003

Test environment and result as below:

+------------------------------+----------------+--------------+------------------------------+---------------------------+
|         Environment          | dpdk_unit_test | lpm_autotest | cryptodev_sw_snow3g_autotest | cryptodev_sw_zuc_autotest |
+==============================+================+==============+==============================+===========================+
| CentOS Stream 10             | PEND           | SKIPPED      | SKIPPED                      | SKIPPED                   |
+------------------------------+----------------+--------------+------------------------------+---------------------------+
| CentOS Stream 9              | PEND           | SKIPPED      | SKIPPED                      | SKIPPED                   |
+------------------------------+----------------+--------------+------------------------------+---------------------------+
| Debian GNU/Linux 12          | PEND           | SKIPPED      | SKIPPED                      | SKIPPED                   |
+------------------------------+----------------+--------------+------------------------------+---------------------------+
| Fedora Linux 40              | PEND           | SKIPPED      | SKIPPED                      | SKIPPED                   |
+------------------------------+----------------+--------------+------------------------------+---------------------------+
| Red Hat Enterprise Linux 9.5 | PEND           | SKIPPED      | SKIPPED                      | SKIPPED                   |
+------------------------------+----------------+--------------+------------------------------+---------------------------+
| Ubuntu 20.04                 | PEND           | PEND         | SKIPPED                      | SKIPPED                   |
+------------------------------+----------------+--------------+------------------------------+---------------------------+
| Fedora Linux 41              | PEND           | SKIPPED      | SKIPPED                      | SKIPPED                   |
+------------------------------+----------------+--------------+------------------------------+---------------------------+
| Ubuntu 24.04                 | PEND           | SKIPPED      | SKIPPED                      | SKIPPED                   |
+------------------------------+----------------+--------------+------------------------------+---------------------------+
| Ubuntu 22.04                 | PASS           | SKIPPED      | SKIPPED                      | SKIPPED                   |
+------------------------------+----------------+--------------+------------------------------+---------------------------+
| Debian 12 (arm)              | SKIPPED        | SKIPPED      | PEND                         | PEND                      |
+------------------------------+----------------+--------------+------------------------------+---------------------------+


CentOS Stream 10
	Kernel: 5.4
	Compiler: gcc gcc (GCC) 14.2.1 20250110 (Red Hat 14.2.1-8)

CentOS Stream 9
	Kernel: 5.4
	Compiler: gcc gcc (GCC) 11.5.0 20240719 (Red Hat 11.5.0-7)

Debian GNU/Linux 12
	Kernel: 5.4
	Compiler: gcc gcc (Debian 12.2.0-14+deb12u1) 12.2.0

Fedora Linux 40
	Kernel: 5.4
	Compiler: clang gcc (GCC) 14.2.1 20240912 (Red Hat 14.2.1-3)

Red Hat Enterprise Linux 9.5
	Kernel: 5.4
	Compiler: gcc gcc (GCC) 11.5.0 20240719 (Red Hat 11.5.0-2)

Ubuntu 20.04
	Kernel: 5.4
	Compiler: gcc gcc (Ubuntu 9.4.0-1ubuntu1~20.04.2) 9.4.0

Fedora Linux 41
	Kernel: 5.4
	Compiler: clang gcc (GCC) 14.3.1 20250523 (Red Hat 14.3.1-1)

Ubuntu 24.04
	Kernel: 5.4
	Compiler: gcc gcc (Ubuntu 13.3.0-6ubuntu2~24.04) 13.3.0

Ubuntu 22.04
	Kernel: 5.4
	Compiler: gcc gcc (Ubuntu 11.4.0-1ubuntu1~22.04) 11.4.0

Debian 12 (arm)
	Kernel: Depends on container host
	Compiler: gcc (Debian 12.2.0-14) 12.2.0

To view detailed results, visit:
https://lab.dpdk.org/results/dashboard/patchsets/33730/

UNH-IOL DPDK Community Lab

To manage your email subscriptions, visit: 
https://lab.dpdk.org/results/dashboard/preferences/subscriptions/

^ permalink raw reply	[flat|nested] 27+ messages in thread

* |FAILURE| pw155433-155445 [PATCH] [v6,13/13] pdump: mark API and app
       [not found] <20250722173552.184141-14-stephen@networkplumber.org>
                   ` (11 preceding siblings ...)
  2025-07-22 19:43 ` |PENDING| " dpdklab
@ 2025-07-22 20:05 ` dpdklab
  2025-07-22 21:18 ` dpdklab
                   ` (13 subsequent siblings)
  26 siblings, 0 replies; 27+ messages in thread
From: dpdklab @ 2025-07-22 20:05 UTC (permalink / raw)
  To: Test Report; +Cc: dpdk-test-reports, Stephen Hemminger

Test-Label: iol-compile-amd64-testing
Test-Status: FAILURE
http://dpdk.org/patch/155445

_Testing issues_

Submitter: Stephen Hemminger <stephen@networkplumber.org>
Date: Tuesday, July 22 2025 17:34:44 
DPDK git baseline: Repo:dpdk
  Branch: master
  CommitID:b222395561638f89562e4ef42e1eabf2d6db43dd

155433-155445 --> testing issues

Upstream job id: Windows-Compile-DPDK-VS#6433

Test environment and result as below:

+---------------------+--------------------+-------------------+
|     Environment     | dpdk_meson_compile | dpdk_msvc_compile |
+=====================+====================+===================+
| FreeBSD 14.2        | PASS               | SKIPPED           |
+---------------------+--------------------+-------------------+
| Ubuntu 20.04        | PASS               | SKIPPED           |
+---------------------+--------------------+-------------------+
| Windows Server 2022 | SKIPPED            | FAIL              |
+---------------------+--------------------+-------------------+

==== 20 line log output for Windows Server 2022 (dpdk_msvc_compile): ====
\0[\04\00\00\0/\04\05\04\0]\0 \0C\0o\0m\0p\0i\0l\0i\0n\0g\0 \0C\0 \0o\0b\0j\0e\0c\0t\0 \0a\0p\0p\0/\0d\0p\0d\0k\0-\0t\0e\0s\0t\0.\0e\0x\0e\0.\0p\0/\0t\0e\0s\0t\0_\0t\0e\0s\0t\0_\0p\0t\0r\0_\0c\0o\0m\0p\0r\0e\0s\0s\0.\0c\0.\0o\0b\0j\0
\0
\0[\04\00\01\0/\04\05\04\0]\0 \0C\0o\0m\0p\0i\0l\0i\0n\0g\0 \0C\0 \0o\0b\0j\0e\0c\0t\0 \0a\0p\0p\0/\0d\0p\0d\0k\0-\0t\0e\0s\0t\0.\0e\0x\0e\0.\0p\0/\0t\0e\0s\0t\0_\0t\0e\0s\0t\0_\0n\0e\0t\0_\0e\0t\0h\0e\0r\0.\0c\0.\0o\0b\0j\0
\0
\0[\04\00\02\0/\04\05\04\0]\0 \0C\0o\0m\0p\0i\0l\0i\0n\0g\0 \0C\0 \0o\0b\0j\0e\0c\0t\0 \0a\0p\0p\0/\0d\0p\0d\0k\0-\0t\0e\0s\0t\0.\0e\0x\0e\0.\0p\0/\0t\0e\0s\0t\0_\0t\0e\0s\0t\0_\0p\0r\0e\0f\0e\0t\0c\0h\0.\0c\0.\0o\0b\0j\0
\0
\0[\04\00\03\0/\04\05\04\0]\0 \0C\0o\0m\0p\0i\0l\0i\0n\0g\0 \0C\0 \0o\0b\0j\0e\0c\0t\0 \0a\0p\0p\0/\0d\0p\0d\0k\0-\0t\0e\0s\0t\0.\0e\0x\0e\0.\0p\0/\0t\0e\0s\0t\0_\0t\0e\0s\0t\0_\0m\0p\0_\0s\0e\0c\0o\0n\0d\0a\0r\0y\0.\0c\0.\0o\0b\0j\0
\0
\0F\0A\0I\0L\0E\0D\0:\0 \0a\0p\0p\0/\0d\0p\0d\0k\0-\0t\0e\0s\0t\0.\0e\0x\0e\0.\0p\0/\0t\0e\0s\0t\0_\0t\0e\0s\0t\0_\0m\0p\0_\0s\0e\0c\0o\0n\0d\0a\0r\0y\0.\0c\0.\0o\0b\0j\0 \0
\0
\0"\0c\0l\0"\0 \0"\0-\0I\0a\0p\0p\0\\0d\0p\0d\0k\0-\0t\0e\0s\0t\0.\0e\0x\0e\0.\0p\0"\0 \0"\0-\0I\0a\0p\0p\0"\0 \0"\0-\0I\0.\0.\0\\0a\0p\0p\0"\0 \0"\0-\0I\0l\0i\0b\0\\0c\0m\0d\0l\0i\0n\0e\0"\0 \0"\0-\0I\0.\0.\0\\0l\0i\0b\0\\0c\0m\0d\0l\0i\0n\0e\0"\0 \0"\0-\0I\0l\0i\0b\0\\0e\0a\0l\0\\0c\0o\0m\0m\0o\0n\0"\0 \0"\0-\0I\0.\0.\0\\0l\0i\0b\0\\0e\0a\0l\0\\0c\0o\0m\0m\0o\0n\0"\0 \0"\0-\0I\0.\0"\0 \0"\0-\0I\0.\0.\0"\0 \0"\0-\0I\0c\0o\0n\0f\0i\0g\0"\0 \0"\0-\0I\0.\0.\0\\0c\0o\0n\0f\0i\0g\0"\0 \0"\0-\0I\0l\0i\0b\0\\0e\0a\0l\0\\0i\0n\0c\0l\0u\0d\0e\0"\0 \0"\0-\0I\0.\0.\0\\0l\0i\0b\0\\0e\0a\0l\0\\0i\0n\0c\0l\0u\0d\0e\0"\0 \0"\0-\0I\0l\0i\0b\0\\0e\0a\0l\0\\0w\0i\0n\0d\0o\0w\0s\0\\0i\0n\0c\0l\0u\0d\0e\0"\0 \0"\0-\0I\0.\0.\0\\0l\0i\0b\0\\0e\0a\0l\0\\0w\0i\0n\0d\0o\0w\0s\0\\0i\0n\0c\0l\0u\0d\0e\0"\0 \0"\0-\0I\0l\0i\0b\0\\0e\0a\0l\0\\0x\08\06\0\\0i\0n\0c\0l\0u\0d\0e\0"\0 \0"\0-\0I\0.\0.\0\\0l\0i\0b\0\\0e\0a\0l\0\\0x\08\06\0\\0i\0n\0c\0l\0u\0d\0e\0"\0 \0"\0-\0I\0l\0i\0b\0\\0e\0a\0l\0"\0 \0"\0-\0I\0.\0.\0\\0l\0i\0b\0\\0e\0a\0l\0"\0 \0"\0-\0I\0l\0i\0b\0\\0l\0o\0g\0"\0 \0"\0-\0I\0.\0.\0\\0l\0i\0b\0\\0l\0o\0g\0"\0 \0"\0-\0I\0l\0i\0b\0\\0k\0v\0a\0r\0g\0s\0"\0 \0"\0-\0I\0.\0.\0\\0l\0i\0b\0\\0k\0v\0a\0r\0g\0s\0"\0 \0"\0-\0I\0l\0i\0b\0\\0n\0e\0t\0"\0 \0"\0-\0I\0.\0.\0\\0l\0i\0b\0\\0n\0e\0t\0"\0 \0"\0-\0I\0l\0i\0b\0\\0m\0b\0u\0f\0"\0 \0"\0-\0I\0.\0.\0\\0l\0i\0b\0\\0m\0b\0u\0f\0"\0 \0"\0-\0I\0l\0i\0b\0\\0m\0e\0m\0p\0o\0o\0l\0"\0 \0"\0-\0I\0.\0.\0\\0l\0i\0b\0\\0m\0e\0m\0p\0o\0o\0l\0"\0 \0"\0-\0I\0l\0i\0b
 \0\\0r\0i\0n\0g\0"\0 \0"\0-\0I\0.\0.\0\\0l\0i\0b\0\\0r\0i\0n\0g\0"\0 \0"\0-\0I\0l\0i\0b\0\\0m\0e\0t\0r\0i\0c\0s\0"\0 \0"\0-\0I\0.\0.\0\\0l\0i\0b\0\\0m\0e\0t\0r\0i\0c\0s\0"\0 \0"\0-\0I\0l\0i\0b\0\\0t\0e\0l\0e\0m\0e\0t\0r\0y\0"\0 \0"\0-\0I\0.\0.\0\\0l\0i\0b\0\\0t\0e\0l\0e\0m\0e\0t\0r\0y\0"\0 \0"\0-\0I\0l\0i\0b\0\\0e\0t\0h\0d\0e\0v\0"\0 \0"\0-\0I\0.\0.\0\\0l\0i\0b\0\\0e\0t\0h\0d\0e\0v\0"\0 \0"\0-\0I\0l\0i\0b\0\\0m\0e\0t\0e\0r\0"\0 \0"\0-\0I\0.\0.\0\\0l\0i\0b\0\\0m\0e\0t\0e\0r\0"\0 \0"\0-\0I\0l\0i\0b\0\\0a\0r\0g\0p\0a\0r\0s\0e\0"\0 \0"\0-\0I\0.\0.\0\\0l\0i\0b\0\\0a\0r\0g\0p\0a\0r\0s\0e\0"\0 \0"\0-\0I\0l\0i\0b\0\\0h\0a\0s\0h\0"\0 \0"\0-\0I\0.\0.\0\\0l\0i\0b\0\\0h\0a\0s\0h\0"\0 \0"\0-\0I\0l\0i\0b\0\\0r\0c\0u\0"\0 \0"\0-\0I\0.\0.\0\\0l\0i\0b\0\\0r\0c\0u\0"\0 \0"\0-\0I\0l\0i\0b\0\\0b\0i\0t\0r\0a\0t\0e\0s\0t\0a\0t\0s\0"\0 \0"\0-\0I\0.\0.\0\\0l\0i\0b\0\\0b\0i\0t\0r\0a\0t\0e\0s\0t\0a\0t\0s\0"\0 \0"\0-\0I\0l\0i\0b\0\\0c\0f\0g\0f\0i\0l\0e\0"\0 \0"\0-\0I\0.\0.\0\\0l\0i\0b\0\\0c\0f\0g\0f\0i\0l\0e\0"\0 \0"\0-\0I\0l\0i\0b\0\\0c\0r\0y\0p\0t\0o\0d\0e\0v\0"\0 \0"\0-\0I\0.\0.\0\\0l\0i\0b\0\\0c\0r\0y\0p\0t\0o\0d\0e\0v\0"\0 \0"\0-\0I\0l\0i\0b\0\\0s\0e\0c\0u\0r\0i\0t\0y\0"\0 \0"\0-\0I\0.\0.\0\\0l\0i\0b\0\\0s\0e\0c\0u\0r\0i\0t\0y\0"\0 \0"\0-\0I\0l\0i\0b\0\\0d\0m\0a\0d\0e\0v\0"\0 \0"\0-\0I\0.\0.\0\\0l\0i\0b\0\\0d\0m\0a\0d\0e\0v\0"\0 \0"\0-\0I\0l\0i\0b\0\\0f\0i\0b\0"\0 \0"\0-\0I\0.\0.\0\\0l\0i\0b\0\\0f\0i\0b\0"\0 \0"\0-\0I\0l\0i\0b\0\\0r\0i\0b\0"\0 \0"\0-\0I\0.\0.\0\\0l\0i\0b\0\\0r\0i\0b\0"\0 \0"\0
 -\0I\0l\0i\0b\0\\0l\0p\0m\0"\0 \0"\0-\0I\0.\0.\0\\0l\0i\0b\0\\0l\0p\0m\0"\0 \0"\0-\0I\0l\0i\0b\0\\0i\0p\0_\0f\0r\0a\0g\0"\0 \0"\0-\0I\0.\0.\0\\0l\0i\0b\0\\0i\0p\0_\0f\0r\0a\0g\0"\0 \0"\0-\0I\0l\0i\0b\0\\0l\0a\0t\0e\0n\0c\0y\0s\0t\0a\0t\0s\0"\0 \0"\0-\0I\0.\0.\0\\0l\0i\0b\0\\0l\0a\0t\0e\0n\0c\0y\0s\0t\0a\0t\0s\0"\0 \0"\0-\0I\0l\0i\0b\0\\0p\0c\0a\0p\0n\0g\0"\0 \0"\0-\0I\0.\0.\0\\0l\0i\0b\0\\0p\0c\0a\0p\0n\0g\0"\0 \0"\0-\0I\0l\0i\0b\0\\0p\0t\0r\0_\0c\0o\0m\0p\0r\0e\0s\0s\0"\0 \0"\0-\0I\0.\0.\0\\0l\0i\0b\0\\0p\0t\0r\0_\0c\0o\0m\0p\0r\0e\0s\0s\0"\0 \0"\0-\0I\0l\0i\0b\0\\0r\0e\0o\0r\0d\0e\0r\0"\0 \0"\0-\0I\0.\0.\0\\0l\0i\0b\0\\0r\0e\0o\0r\0d\0e\0r\0"\0 \0"\0-\0I\0l\0i\0b\0\\0s\0t\0a\0c\0k\0"\0 \0"\0-\0I\0.\0.\0\\0l\0i\0b\0\\0s\0t\0a\0c\0k\0"\0 \0"\0-\0I\0l\0i\0b\0\\0t\0i\0m\0e\0r\0"\0 \0"\0-\0I\0.\0.\0\\0l\0i\0b\0\\0t\0i\0m\0e\0r\0"\0 \0"\0-\0I\0a\0p\0p\0\\0t\0e\0s\0t\0\\0t\0e\0s\0t\0_\0c\0f\0g\0f\0i\0l\0e\0s\0"\0 \0"\0-\0I\0C\0:\0\\0P\0r\0o\0g\0r\0a\0m\0 \0F\0i\0l\0e\0s\0\\0M\0e\0l\0l\0a\0n\0o\0x\0\\0M\0L\0N\0X\0_\0W\0i\0n\0O\0F\02\0_\0D\0e\0v\0X\0_\0S\0D\0K\0\\0i\0n\0c\0"\0 \0"\0/\0M\0D\0"\0 \0"\0/\0n\0o\0l\0o\0g\0o\0"\0 \0"\0/\0s\0h\0o\0w\0I\0n\0c\0l\0u\0d\0e\0s\0"\0 \0"\0/\0u\0t\0f\0-\08\0"\0 \0"\0/\0W\03\0"\0 \0"\0/\0W\0X\0"\0 \0"\0/\0s\0t\0d\0:\0c\01\01\0"\0 \0"\0/\0O\02\0"\0 \0"\0/\0G\0w\0"\0 \0"\0/\0w\0d\04\02\04\04\0"\0 \0"\0/\0w\0d\04\02\06\07\0"\0 \0"\0/\0w\0d\04\01\04\06\0"\0 \0"\0/\0e\0x\0p\0e\0r\0i\0m\0e\0n\0t\0a\0l\0:\0c\01\01\0a\0t\0o\0m\0i\0c\0s\0"\0 \0"\0/\0d
 \01\0e\0x\0p\0e\0r\0i\0m\0e\0n\0t\0a\0l\0:\0t\0y\0p\0e\0o\0f\0"\0 \0"\0/\0e\0x\0p\0e\0r\0i\0m\0e\0n\0t\0a\0l\0:\0s\0t\0a\0t\0e\0m\0e\0n\0t\0E\0x\0p\0r\0e\0s\0s\0i\0o\0n\0s\0"\0 \0"\0/\0F\0I\0"\0 \0"\0r\0t\0e\0_\0c\0o\0n\0f\0i\0g\0.\0h\0"\0 \0"\0-\0D\0_\0G\0N\0U\0_\0S\0O\0U\0R\0C\0E\0"\0 \0"\0-\0D\0_\0W\0I\0N\03\02\0_\0W\0I\0N\0N\0T\0=\00\0x\00\0A\00\00\0"\0 \0"\0-\0D\0A\0L\0L\0O\0W\0_\0E\0X\0P\0E\0R\0I\0M\0E\0N\0T\0A\0L\0_\0A\0P\0I\0"\0 \0"\0-\0D\0A\0L\0L\0O\0W\0_\0I\0N\0T\0E\0R\0N\0A\0L\0_\0A\0P\0I\0"\0 \0"\0/\0F\0d\0a\0p\0p\0\\0d\0p\0d\0k\0-\0t\0e\0s\0t\0.\0e\0x\0e\0.\0p\0\\0t\0e\0s\0t\0_\0t\0e\0s\0t\0_\0m\0p\0_\0s\0e\0c\0o\0n\0d\0a\0r\0y\0.\0c\0.\0p\0d\0b\0"\0 \0/\0F\0o\0a\0p\0p\0/\0d\0p\0d\0k\0-\0t\0e\0s\0t\0.\0e\0x\0e\0.\0p\0/\0t\0e\0s\0t\0_\0t\0e\0s\0t\0_\0m\0p\0_\0s\0e\0c\0o\0n\0d\0a\0r\0y\0.\0c\0.\0o\0b\0j\0 \0"\0/\0c\0"\0 \0.\0.\0/\0a\0p\0p\0/\0t\0e\0s\0t\0/\0t\0e\0s\0t\0_\0m\0p\0_\0s\0e\0c\0o\0n\0d\0a\0r\0y\0.\0c\0
\0
\0.\0.\0/\0a\0p\0p\0/\0t\0e\0s\0t\0/\0t\0e\0s\0t\0_\0m\0p\0_\0s\0e\0c\0o\0n\0d\0a\0r\0y\0.\0c\0(\01\09\0)\0:\0 \0f\0a\0t\0a\0l\0 \0e\0r\0r\0o\0r\0 \0C\01\00\08\03\0:\0 \0C\0a\0n\0n\0o\0t\0 \0o\0p\0e\0n\0 \0i\0n\0c\0l\0u\0d\0e\0 \0f\0i\0l\0e\0:\0 \0'\0r\0t\0e\0_\0b\0u\0s\0_\0v\0d\0e\0v\0.\0h\0'\0:\0 \0N\0o\0 \0s\0u\0c\0h\0 \0f\0i\0l\0e\0 \0o\0r\0 \0d\0i\0r\0e\0c\0t\0o\0r\0y\0
\0
\0[\04\00\04\0/\04\05\04\0]\0 \0C\0o\0m\0p\0i\0l\0i\0n\0g\0 \0C\0 \0o\0b\0j\0e\0c\0t\0 \0a\0p\0p\0/\0d\0p\0d\0k\0-\0t\0e\0s\0t\0.\0e\0x\0e\0.\0p\0/\0t\0e\0s\0t\0_\0t\0e\0s\0t\0_\0n\0e\0t\0_\0i\0p\06\0.\0c\0.\0o\0b\0j\0
\0
\0[\04\00\05\0/\04\05\04\0]\0 \0C\0o\0m\0p\0i\0l\0i\0n\0g\0 \0C\0 \0o\0b\0j\0e\0c\0t\0 \0a\0p\0p\0/\0d\0p\0d\0k\0-\0t\0e\0s\0t\0.\0e\0x\0e\0.\0p\0/\0t\0e\0s\0t\0_\0t\0e\0s\0t\0_\0r\0e\0c\0i\0p\0r\0o\0c\0a\0l\0_\0d\0i\0v\0i\0s\0i\0o\0n\0.\0c\0.\0o\0b\0j\0
\0
\0[\04\00\06\0/\04\05\04\0]\0 \0C\0o\0m\0p\0i\0l\0i\0n\0g\0 \0C\0 \0o\0b\0j\0e\0c\0t\0 \0a\0p\0p\0/\0d\0p\0d\0k\0-\0t\0e\0s\0t\0.\0e\0x\0e\0.\0p\0/\0t\0e\0s\0t\0_\0t\0e\0s\0t\0_\0r\0i\0b\0.\0c\0.\0o\0b\0j\0
\0
\0[\04\00\07\0/\04\05\04\0]\0 \0C\0o\0m\0p\0i\0l\0i\0n\0g\0 \0C\0 \0o\0b\0j\0e\0c\0t\0 \0a\0p\0p\0/\0d\0p\0d\0k\0-\0t\0e\0s\0t\0.\0e\0x\0e\0.\0p\0/\0t\0e\0s\0t\0_\0t\0e\0s\0t\0_\0p\0m\0d\0_\0p\0e\0r\0f\0.\0c\0.\0o\0b\0j\0
\0
\0[\04\00\08\0/\04\05\04\0]\0 \0C\0o\0m\0p\0i\0l\0i\0n\0g\0 \0C\0 \0o\0b\0j\0e\0c\0t\0 \0a\0p\0p\0/\0d\0p\0d\0k\0-\0t\0e\0s\0t\0.\0e\0x\0e\0.\0p\0/\0t\0e\0s\0t\0_\0t\0e\0s\0t\0_\0r\0i\0b\06\0.\0c\0.\0o\0b\0j\0
\0
\0[\04\00\09\0/\04\05\04\0]\0 \0C\0o\0m\0p\0i\0l\0i\0n\0g\0 \0C\0 \0o\0b\0j\0e\0c\0t\0 \0a\0p\0p\0/\0d\0p\0d\0k\0-\0t\0e\0s\0t\0.\0e\0x\0e\0.\0p\0/\0t\0e\0s\0t\0_\0t\0e\0s\0t\0_\0r\0c\0u\0_\0q\0s\0b\0r\0.\0c\0.\0o\0b\0j\0
\0
\0[\04\01\00\0/\04\05\04\0]\0 \0C\0o\0m\0p\0i\0l\0i\0n\0g\0 \0C\0 \0o\0b\0j\0e\0c\0t\0 \0a\0p\0p\0/\0d\0p\0d\0k\0-\0t\0e\0s\0t\0.\0e\0x\0e\0.\0p\0/\0t\0e\0s\0t\0_\0t\0e\0s\0t\0_\0m\0e\0m\0p\0o\0o\0l\0_\0p\0e\0r\0f\0.\0c\0.\0o\0b\0j\0
\0
\0[\04\01\01\0/\04\05\04\0]\0 \0C\0o\0m\0p\0i\0l\0i\0n\0g\0 \0C\0 \0o\0b\0j\0e\0c\0t\0 \0a\0p\0p\0/\0d\0p\0d\0k\0-\0t\0e\0s\0t\0.\0e\0x\0e\0.\0p\0/\0t\0e\0s\0t\0_\0t\0e\0s\0t\0_\0r\0i\0n\0g\0.\0c\0.\0o\0b\0j\0
\0
\0[\04\01\02\0/\04\05\04\0]\0 \0C\0o\0m\0p\0i\0l\0i\0n\0g\0 \0C\0 \0o\0b\0j\0e\0c\0t\0 \0a\0p\0p\0/\0d\0p\0d\0k\0-\0t\0e\0s\0t\0.\0e\0x\0e\0.\0p\0/\0t\0e\0s\0t\0_\0t\0e\0s\0t\0_\0m\0e\0m\0c\0p\0y\0_\0p\0e\0r\0f\0.\0c\0.\0o\0b\0j\0
\0
\0n\0i\0n\0j\0a\0:\0 \0b\0u\0i\0l\0d\0 \0s\0t\0o\0p\0p\0e\0d\0:\0 \0s\0u\0b\0c\0o\0m\0m\0a\0n\0d\0 \0f\0a\0i\0l\0e\0d\0.\0
\0
\0I\0N\0F\0O\0:\0 \0a\0u\0t\0o\0d\0e\0t\0e\0c\0t\0i\0n\0g\0 \0b\0a\0c\0k\0e\0n\0d\0 \0a\0s\0 \0n\0i\0n\0j\0a\0
\0
\0I\0N\0F\0O\0:\0 \0c\0a\0l\0c\0u\0l\0a\0t\0i\0n\0g\0 \0b\0a\0c\0k\0e\0n\0d\0 \0c\0o\0m\0m\0a\0n\0d\0 \0t\0o\0 \0r\0u\0n\0:\0 \0"\0C\0:\0\\0P\0r\0o\0g\0r\0a\0m\0 \0F\0i\0l\0e\0s\0\\0M\0e\0s\0o\0n\0\\0n\0i\0n\0j\0a\0.\0E\0X\0E\0"\0 \0-\0C\0 \0C\0:\0/\0U\0s\0e\0r\0s\0/\0b\0u\0i\0l\0d\0e\0r\0/\0j\0e\0n\0k\0i\0n\0s\0/\0w\0o\0r\0k\0s\0p\0a\0c\0e\0/\0W\0i\0n\0d\0o\0w\0s\0-\0C\0o\0m\0p\0i\0l\0e\0-\0D\0P\0D\0K\0-\0V\0S\0/\0d\0p\0d\0k\0/\0b\0u\0i\0l\0d\0
\0
\0
==== End log output ====

FreeBSD 14.2
	Kernel: 14.2-RELEASE
	Compiler: clang 18.1.6

Ubuntu 20.04
	Kernel: 4.19
	Compiler: gcc gcc (Ubuntu 9.4.0-1ubuntu1~20.04.2) 9.4.0

Windows Server 2022
	Kernel: 10.0.20348.2031
	Compiler: clang 15.0.7, gcc 14.1.0 (MinGW), and MSVC VS 19.39.33521

To view detailed results, visit:
https://lab.dpdk.org/results/dashboard/patchsets/33730/

UNH-IOL DPDK Community Lab

To manage your email subscriptions, visit: 
https://lab.dpdk.org/results/dashboard/preferences/subscriptions/

^ permalink raw reply	[flat|nested] 27+ messages in thread

* |FAILURE| pw155433-155445 [PATCH] [v6,13/13] pdump: mark API and app
       [not found] <20250722173552.184141-14-stephen@networkplumber.org>
                   ` (12 preceding siblings ...)
  2025-07-22 20:05 ` |FAILURE| " dpdklab
@ 2025-07-22 21:18 ` dpdklab
  2025-07-22 21:18 ` |SUCCESS| " dpdklab
                   ` (12 subsequent siblings)
  26 siblings, 0 replies; 27+ messages in thread
From: dpdklab @ 2025-07-22 21:18 UTC (permalink / raw)
  To: Test Report; +Cc: dpdk-test-reports, Stephen Hemminger

Test-Label: iol-compile-amd64-testing
Test-Status: FAILURE
http://dpdk.org/patch/155445

_Testing issues_

Submitter: Stephen Hemminger <stephen@networkplumber.org>
Date: Tuesday, July 22 2025 17:34:44 
DPDK git baseline: Repo:dpdk
  Branch: master
  CommitID:b222395561638f89562e4ef42e1eabf2d6db43dd

155433-155445 --> testing issues

Upstream job id: Windows-Compile-DPDK-Native#29948

Test environment and result as below:

+---------------------+--------------------+-------------------+-------------------------+
|     Environment     | dpdk_meson_compile | dpdk_msvc_compile | dpdk_llvm_clang_compile |
+=====================+====================+===================+=========================+
| FreeBSD 14.2        | PASS               | SKIPPED           | SKIPPED                 |
+---------------------+--------------------+-------------------+-------------------------+
| Ubuntu 20.04        | PASS               | SKIPPED           | SKIPPED                 |
+---------------------+--------------------+-------------------+-------------------------+
| Windows Server 2022 | SKIPPED            | FAIL              | PASS                    |
+---------------------+--------------------+-------------------+-------------------------+

==== 20 line log output for Windows Server 2022 (dpdk_msvc_compile): ====
\0[\04\00\00\0/\04\05\04\0]\0 \0C\0o\0m\0p\0i\0l\0i\0n\0g\0 \0C\0 \0o\0b\0j\0e\0c\0t\0 \0a\0p\0p\0/\0d\0p\0d\0k\0-\0t\0e\0s\0t\0.\0e\0x\0e\0.\0p\0/\0t\0e\0s\0t\0_\0t\0e\0s\0t\0_\0p\0t\0r\0_\0c\0o\0m\0p\0r\0e\0s\0s\0.\0c\0.\0o\0b\0j\0
\0
\0[\04\00\01\0/\04\05\04\0]\0 \0C\0o\0m\0p\0i\0l\0i\0n\0g\0 \0C\0 \0o\0b\0j\0e\0c\0t\0 \0a\0p\0p\0/\0d\0p\0d\0k\0-\0t\0e\0s\0t\0.\0e\0x\0e\0.\0p\0/\0t\0e\0s\0t\0_\0t\0e\0s\0t\0_\0n\0e\0t\0_\0e\0t\0h\0e\0r\0.\0c\0.\0o\0b\0j\0
\0
\0[\04\00\02\0/\04\05\04\0]\0 \0C\0o\0m\0p\0i\0l\0i\0n\0g\0 \0C\0 \0o\0b\0j\0e\0c\0t\0 \0a\0p\0p\0/\0d\0p\0d\0k\0-\0t\0e\0s\0t\0.\0e\0x\0e\0.\0p\0/\0t\0e\0s\0t\0_\0t\0e\0s\0t\0_\0p\0r\0e\0f\0e\0t\0c\0h\0.\0c\0.\0o\0b\0j\0
\0
\0[\04\00\03\0/\04\05\04\0]\0 \0C\0o\0m\0p\0i\0l\0i\0n\0g\0 \0C\0 \0o\0b\0j\0e\0c\0t\0 \0a\0p\0p\0/\0d\0p\0d\0k\0-\0t\0e\0s\0t\0.\0e\0x\0e\0.\0p\0/\0t\0e\0s\0t\0_\0t\0e\0s\0t\0_\0m\0p\0_\0s\0e\0c\0o\0n\0d\0a\0r\0y\0.\0c\0.\0o\0b\0j\0
\0
\0F\0A\0I\0L\0E\0D\0:\0 \0a\0p\0p\0/\0d\0p\0d\0k\0-\0t\0e\0s\0t\0.\0e\0x\0e\0.\0p\0/\0t\0e\0s\0t\0_\0t\0e\0s\0t\0_\0m\0p\0_\0s\0e\0c\0o\0n\0d\0a\0r\0y\0.\0c\0.\0o\0b\0j\0 \0
\0
\0"\0c\0l\0"\0 \0"\0-\0I\0a\0p\0p\0\\0d\0p\0d\0k\0-\0t\0e\0s\0t\0.\0e\0x\0e\0.\0p\0"\0 \0"\0-\0I\0a\0p\0p\0"\0 \0"\0-\0I\0.\0.\0\\0a\0p\0p\0"\0 \0"\0-\0I\0l\0i\0b\0\\0c\0m\0d\0l\0i\0n\0e\0"\0 \0"\0-\0I\0.\0.\0\\0l\0i\0b\0\\0c\0m\0d\0l\0i\0n\0e\0"\0 \0"\0-\0I\0l\0i\0b\0\\0e\0a\0l\0\\0c\0o\0m\0m\0o\0n\0"\0 \0"\0-\0I\0.\0.\0\\0l\0i\0b\0\\0e\0a\0l\0\\0c\0o\0m\0m\0o\0n\0"\0 \0"\0-\0I\0.\0"\0 \0"\0-\0I\0.\0.\0"\0 \0"\0-\0I\0c\0o\0n\0f\0i\0g\0"\0 \0"\0-\0I\0.\0.\0\\0c\0o\0n\0f\0i\0g\0"\0 \0"\0-\0I\0l\0i\0b\0\\0e\0a\0l\0\\0i\0n\0c\0l\0u\0d\0e\0"\0 \0"\0-\0I\0.\0.\0\\0l\0i\0b\0\\0e\0a\0l\0\\0i\0n\0c\0l\0u\0d\0e\0"\0 \0"\0-\0I\0l\0i\0b\0\\0e\0a\0l\0\\0w\0i\0n\0d\0o\0w\0s\0\\0i\0n\0c\0l\0u\0d\0e\0"\0 \0"\0-\0I\0.\0.\0\\0l\0i\0b\0\\0e\0a\0l\0\\0w\0i\0n\0d\0o\0w\0s\0\\0i\0n\0c\0l\0u\0d\0e\0"\0 \0"\0-\0I\0l\0i\0b\0\\0e\0a\0l\0\\0x\08\06\0\\0i\0n\0c\0l\0u\0d\0e\0"\0 \0"\0-\0I\0.\0.\0\\0l\0i\0b\0\\0e\0a\0l\0\\0x\08\06\0\\0i\0n\0c\0l\0u\0d\0e\0"\0 \0"\0-\0I\0l\0i\0b\0\\0e\0a\0l\0"\0 \0"\0-\0I\0.\0.\0\\0l\0i\0b\0\\0e\0a\0l\0"\0 \0"\0-\0I\0l\0i\0b\0\\0l\0o\0g\0"\0 \0"\0-\0I\0.\0.\0\\0l\0i\0b\0\\0l\0o\0g\0"\0 \0"\0-\0I\0l\0i\0b\0\\0k\0v\0a\0r\0g\0s\0"\0 \0"\0-\0I\0.\0.\0\\0l\0i\0b\0\\0k\0v\0a\0r\0g\0s\0"\0 \0"\0-\0I\0l\0i\0b\0\\0n\0e\0t\0"\0 \0"\0-\0I\0.\0.\0\\0l\0i\0b\0\\0n\0e\0t\0"\0 \0"\0-\0I\0l\0i\0b\0\\0m\0b\0u\0f\0"\0 \0"\0-\0I\0.\0.\0\\0l\0i\0b\0\\0m\0b\0u\0f\0"\0 \0"\0-\0I\0l\0i\0b\0\\0m\0e\0m\0p\0o\0o\0l\0"\0 \0"\0-\0I\0.\0.\0\\0l\0i\0b\0\\0m\0e\0m\0p\0o\0o\0l\0"\0 \0"\0-\0I\0l\0i\0b
 \0\\0r\0i\0n\0g\0"\0 \0"\0-\0I\0.\0.\0\\0l\0i\0b\0\\0r\0i\0n\0g\0"\0 \0"\0-\0I\0l\0i\0b\0\\0m\0e\0t\0r\0i\0c\0s\0"\0 \0"\0-\0I\0.\0.\0\\0l\0i\0b\0\\0m\0e\0t\0r\0i\0c\0s\0"\0 \0"\0-\0I\0l\0i\0b\0\\0t\0e\0l\0e\0m\0e\0t\0r\0y\0"\0 \0"\0-\0I\0.\0.\0\\0l\0i\0b\0\\0t\0e\0l\0e\0m\0e\0t\0r\0y\0"\0 \0"\0-\0I\0l\0i\0b\0\\0e\0t\0h\0d\0e\0v\0"\0 \0"\0-\0I\0.\0.\0\\0l\0i\0b\0\\0e\0t\0h\0d\0e\0v\0"\0 \0"\0-\0I\0l\0i\0b\0\\0m\0e\0t\0e\0r\0"\0 \0"\0-\0I\0.\0.\0\\0l\0i\0b\0\\0m\0e\0t\0e\0r\0"\0 \0"\0-\0I\0l\0i\0b\0\\0a\0r\0g\0p\0a\0r\0s\0e\0"\0 \0"\0-\0I\0.\0.\0\\0l\0i\0b\0\\0a\0r\0g\0p\0a\0r\0s\0e\0"\0 \0"\0-\0I\0l\0i\0b\0\\0h\0a\0s\0h\0"\0 \0"\0-\0I\0.\0.\0\\0l\0i\0b\0\\0h\0a\0s\0h\0"\0 \0"\0-\0I\0l\0i\0b\0\\0r\0c\0u\0"\0 \0"\0-\0I\0.\0.\0\\0l\0i\0b\0\\0r\0c\0u\0"\0 \0"\0-\0I\0l\0i\0b\0\\0b\0i\0t\0r\0a\0t\0e\0s\0t\0a\0t\0s\0"\0 \0"\0-\0I\0.\0.\0\\0l\0i\0b\0\\0b\0i\0t\0r\0a\0t\0e\0s\0t\0a\0t\0s\0"\0 \0"\0-\0I\0l\0i\0b\0\\0c\0f\0g\0f\0i\0l\0e\0"\0 \0"\0-\0I\0.\0.\0\\0l\0i\0b\0\\0c\0f\0g\0f\0i\0l\0e\0"\0 \0"\0-\0I\0l\0i\0b\0\\0c\0r\0y\0p\0t\0o\0d\0e\0v\0"\0 \0"\0-\0I\0.\0.\0\\0l\0i\0b\0\\0c\0r\0y\0p\0t\0o\0d\0e\0v\0"\0 \0"\0-\0I\0l\0i\0b\0\\0s\0e\0c\0u\0r\0i\0t\0y\0"\0 \0"\0-\0I\0.\0.\0\\0l\0i\0b\0\\0s\0e\0c\0u\0r\0i\0t\0y\0"\0 \0"\0-\0I\0l\0i\0b\0\\0d\0m\0a\0d\0e\0v\0"\0 \0"\0-\0I\0.\0.\0\\0l\0i\0b\0\\0d\0m\0a\0d\0e\0v\0"\0 \0"\0-\0I\0l\0i\0b\0\\0f\0i\0b\0"\0 \0"\0-\0I\0.\0.\0\\0l\0i\0b\0\\0f\0i\0b\0"\0 \0"\0-\0I\0l\0i\0b\0\\0r\0i\0b\0"\0 \0"\0-\0I\0.\0.\0\\0l\0i\0b\0\\0r\0i\0b\0"\0 \0"\0
 -\0I\0l\0i\0b\0\\0l\0p\0m\0"\0 \0"\0-\0I\0.\0.\0\\0l\0i\0b\0\\0l\0p\0m\0"\0 \0"\0-\0I\0l\0i\0b\0\\0i\0p\0_\0f\0r\0a\0g\0"\0 \0"\0-\0I\0.\0.\0\\0l\0i\0b\0\\0i\0p\0_\0f\0r\0a\0g\0"\0 \0"\0-\0I\0l\0i\0b\0\\0l\0a\0t\0e\0n\0c\0y\0s\0t\0a\0t\0s\0"\0 \0"\0-\0I\0.\0.\0\\0l\0i\0b\0\\0l\0a\0t\0e\0n\0c\0y\0s\0t\0a\0t\0s\0"\0 \0"\0-\0I\0l\0i\0b\0\\0p\0c\0a\0p\0n\0g\0"\0 \0"\0-\0I\0.\0.\0\\0l\0i\0b\0\\0p\0c\0a\0p\0n\0g\0"\0 \0"\0-\0I\0l\0i\0b\0\\0p\0t\0r\0_\0c\0o\0m\0p\0r\0e\0s\0s\0"\0 \0"\0-\0I\0.\0.\0\\0l\0i\0b\0\\0p\0t\0r\0_\0c\0o\0m\0p\0r\0e\0s\0s\0"\0 \0"\0-\0I\0l\0i\0b\0\\0r\0e\0o\0r\0d\0e\0r\0"\0 \0"\0-\0I\0.\0.\0\\0l\0i\0b\0\\0r\0e\0o\0r\0d\0e\0r\0"\0 \0"\0-\0I\0l\0i\0b\0\\0s\0t\0a\0c\0k\0"\0 \0"\0-\0I\0.\0.\0\\0l\0i\0b\0\\0s\0t\0a\0c\0k\0"\0 \0"\0-\0I\0l\0i\0b\0\\0t\0i\0m\0e\0r\0"\0 \0"\0-\0I\0.\0.\0\\0l\0i\0b\0\\0t\0i\0m\0e\0r\0"\0 \0"\0-\0I\0a\0p\0p\0\\0t\0e\0s\0t\0\\0t\0e\0s\0t\0_\0c\0f\0g\0f\0i\0l\0e\0s\0"\0 \0"\0-\0I\0C\0:\0\\0P\0r\0o\0g\0r\0a\0m\0 \0F\0i\0l\0e\0s\0\\0M\0e\0l\0l\0a\0n\0o\0x\0\\0M\0L\0N\0X\0_\0W\0i\0n\0O\0F\02\0_\0D\0e\0v\0X\0_\0S\0D\0K\0\\0i\0n\0c\0"\0 \0"\0/\0M\0D\0"\0 \0"\0/\0n\0o\0l\0o\0g\0o\0"\0 \0"\0/\0s\0h\0o\0w\0I\0n\0c\0l\0u\0d\0e\0s\0"\0 \0"\0/\0u\0t\0f\0-\08\0"\0 \0"\0/\0W\03\0"\0 \0"\0/\0W\0X\0"\0 \0"\0/\0s\0t\0d\0:\0c\01\01\0"\0 \0"\0/\0O\02\0"\0 \0"\0/\0G\0w\0"\0 \0"\0/\0w\0d\04\02\04\04\0"\0 \0"\0/\0w\0d\04\02\06\07\0"\0 \0"\0/\0w\0d\04\01\04\06\0"\0 \0"\0/\0e\0x\0p\0e\0r\0i\0m\0e\0n\0t\0a\0l\0:\0c\01\01\0a\0t\0o\0m\0i\0c\0s\0"\0 \0"\0/\0d
 \01\0e\0x\0p\0e\0r\0i\0m\0e\0n\0t\0a\0l\0:\0t\0y\0p\0e\0o\0f\0"\0 \0"\0/\0e\0x\0p\0e\0r\0i\0m\0e\0n\0t\0a\0l\0:\0s\0t\0a\0t\0e\0m\0e\0n\0t\0E\0x\0p\0r\0e\0s\0s\0i\0o\0n\0s\0"\0 \0"\0/\0F\0I\0"\0 \0"\0r\0t\0e\0_\0c\0o\0n\0f\0i\0g\0.\0h\0"\0 \0"\0-\0D\0_\0G\0N\0U\0_\0S\0O\0U\0R\0C\0E\0"\0 \0"\0-\0D\0_\0W\0I\0N\03\02\0_\0W\0I\0N\0N\0T\0=\00\0x\00\0A\00\00\0"\0 \0"\0-\0D\0A\0L\0L\0O\0W\0_\0E\0X\0P\0E\0R\0I\0M\0E\0N\0T\0A\0L\0_\0A\0P\0I\0"\0 \0"\0-\0D\0A\0L\0L\0O\0W\0_\0I\0N\0T\0E\0R\0N\0A\0L\0_\0A\0P\0I\0"\0 \0"\0/\0F\0d\0a\0p\0p\0\\0d\0p\0d\0k\0-\0t\0e\0s\0t\0.\0e\0x\0e\0.\0p\0\\0t\0e\0s\0t\0_\0t\0e\0s\0t\0_\0m\0p\0_\0s\0e\0c\0o\0n\0d\0a\0r\0y\0.\0c\0.\0p\0d\0b\0"\0 \0/\0F\0o\0a\0p\0p\0/\0d\0p\0d\0k\0-\0t\0e\0s\0t\0.\0e\0x\0e\0.\0p\0/\0t\0e\0s\0t\0_\0t\0e\0s\0t\0_\0m\0p\0_\0s\0e\0c\0o\0n\0d\0a\0r\0y\0.\0c\0.\0o\0b\0j\0 \0"\0/\0c\0"\0 \0.\0.\0/\0a\0p\0p\0/\0t\0e\0s\0t\0/\0t\0e\0s\0t\0_\0m\0p\0_\0s\0e\0c\0o\0n\0d\0a\0r\0y\0.\0c\0
\0
\0.\0.\0/\0a\0p\0p\0/\0t\0e\0s\0t\0/\0t\0e\0s\0t\0_\0m\0p\0_\0s\0e\0c\0o\0n\0d\0a\0r\0y\0.\0c\0(\01\09\0)\0:\0 \0f\0a\0t\0a\0l\0 \0e\0r\0r\0o\0r\0 \0C\01\00\08\03\0:\0 \0C\0a\0n\0n\0o\0t\0 \0o\0p\0e\0n\0 \0i\0n\0c\0l\0u\0d\0e\0 \0f\0i\0l\0e\0:\0 \0'\0r\0t\0e\0_\0b\0u\0s\0_\0v\0d\0e\0v\0.\0h\0'\0:\0 \0N\0o\0 \0s\0u\0c\0h\0 \0f\0i\0l\0e\0 \0o\0r\0 \0d\0i\0r\0e\0c\0t\0o\0r\0y\0
\0
\0[\04\00\04\0/\04\05\04\0]\0 \0C\0o\0m\0p\0i\0l\0i\0n\0g\0 \0C\0 \0o\0b\0j\0e\0c\0t\0 \0a\0p\0p\0/\0d\0p\0d\0k\0-\0t\0e\0s\0t\0.\0e\0x\0e\0.\0p\0/\0t\0e\0s\0t\0_\0t\0e\0s\0t\0_\0n\0e\0t\0_\0i\0p\06\0.\0c\0.\0o\0b\0j\0
\0
\0[\04\00\05\0/\04\05\04\0]\0 \0C\0o\0m\0p\0i\0l\0i\0n\0g\0 \0C\0 \0o\0b\0j\0e\0c\0t\0 \0a\0p\0p\0/\0d\0p\0d\0k\0-\0t\0e\0s\0t\0.\0e\0x\0e\0.\0p\0/\0t\0e\0s\0t\0_\0t\0e\0s\0t\0_\0r\0e\0c\0i\0p\0r\0o\0c\0a\0l\0_\0d\0i\0v\0i\0s\0i\0o\0n\0.\0c\0.\0o\0b\0j\0
\0
\0[\04\00\06\0/\04\05\04\0]\0 \0C\0o\0m\0p\0i\0l\0i\0n\0g\0 \0C\0 \0o\0b\0j\0e\0c\0t\0 \0a\0p\0p\0/\0d\0p\0d\0k\0-\0t\0e\0s\0t\0.\0e\0x\0e\0.\0p\0/\0t\0e\0s\0t\0_\0t\0e\0s\0t\0_\0r\0i\0b\0.\0c\0.\0o\0b\0j\0
\0
\0[\04\00\07\0/\04\05\04\0]\0 \0C\0o\0m\0p\0i\0l\0i\0n\0g\0 \0C\0 \0o\0b\0j\0e\0c\0t\0 \0a\0p\0p\0/\0d\0p\0d\0k\0-\0t\0e\0s\0t\0.\0e\0x\0e\0.\0p\0/\0t\0e\0s\0t\0_\0t\0e\0s\0t\0_\0p\0m\0d\0_\0p\0e\0r\0f\0.\0c\0.\0o\0b\0j\0
\0
\0[\04\00\08\0/\04\05\04\0]\0 \0C\0o\0m\0p\0i\0l\0i\0n\0g\0 \0C\0 \0o\0b\0j\0e\0c\0t\0 \0a\0p\0p\0/\0d\0p\0d\0k\0-\0t\0e\0s\0t\0.\0e\0x\0e\0.\0p\0/\0t\0e\0s\0t\0_\0t\0e\0s\0t\0_\0r\0i\0b\06\0.\0c\0.\0o\0b\0j\0
\0
\0[\04\00\09\0/\04\05\04\0]\0 \0C\0o\0m\0p\0i\0l\0i\0n\0g\0 \0C\0 \0o\0b\0j\0e\0c\0t\0 \0a\0p\0p\0/\0d\0p\0d\0k\0-\0t\0e\0s\0t\0.\0e\0x\0e\0.\0p\0/\0t\0e\0s\0t\0_\0t\0e\0s\0t\0_\0r\0c\0u\0_\0q\0s\0b\0r\0.\0c\0.\0o\0b\0j\0
\0
\0[\04\01\00\0/\04\05\04\0]\0 \0C\0o\0m\0p\0i\0l\0i\0n\0g\0 \0C\0 \0o\0b\0j\0e\0c\0t\0 \0a\0p\0p\0/\0d\0p\0d\0k\0-\0t\0e\0s\0t\0.\0e\0x\0e\0.\0p\0/\0t\0e\0s\0t\0_\0t\0e\0s\0t\0_\0m\0e\0m\0p\0o\0o\0l\0_\0p\0e\0r\0f\0.\0c\0.\0o\0b\0j\0
\0
\0[\04\01\01\0/\04\05\04\0]\0 \0C\0o\0m\0p\0i\0l\0i\0n\0g\0 \0C\0 \0o\0b\0j\0e\0c\0t\0 \0a\0p\0p\0/\0d\0p\0d\0k\0-\0t\0e\0s\0t\0.\0e\0x\0e\0.\0p\0/\0t\0e\0s\0t\0_\0t\0e\0s\0t\0_\0r\0i\0n\0g\0.\0c\0.\0o\0b\0j\0
\0
\0[\04\01\02\0/\04\05\04\0]\0 \0C\0o\0m\0p\0i\0l\0i\0n\0g\0 \0C\0 \0o\0b\0j\0e\0c\0t\0 \0a\0p\0p\0/\0d\0p\0d\0k\0-\0t\0e\0s\0t\0.\0e\0x\0e\0.\0p\0/\0t\0e\0s\0t\0_\0t\0e\0s\0t\0_\0m\0e\0m\0c\0p\0y\0_\0p\0e\0r\0f\0.\0c\0.\0o\0b\0j\0
\0
\0n\0i\0n\0j\0a\0:\0 \0b\0u\0i\0l\0d\0 \0s\0t\0o\0p\0p\0e\0d\0:\0 \0s\0u\0b\0c\0o\0m\0m\0a\0n\0d\0 \0f\0a\0i\0l\0e\0d\0.\0
\0
\0I\0N\0F\0O\0:\0 \0a\0u\0t\0o\0d\0e\0t\0e\0c\0t\0i\0n\0g\0 \0b\0a\0c\0k\0e\0n\0d\0 \0a\0s\0 \0n\0i\0n\0j\0a\0
\0
\0I\0N\0F\0O\0:\0 \0c\0a\0l\0c\0u\0l\0a\0t\0i\0n\0g\0 \0b\0a\0c\0k\0e\0n\0d\0 \0c\0o\0m\0m\0a\0n\0d\0 \0t\0o\0 \0r\0u\0n\0:\0 \0"\0C\0:\0\\0P\0r\0o\0g\0r\0a\0m\0 \0F\0i\0l\0e\0s\0\\0M\0e\0s\0o\0n\0\\0n\0i\0n\0j\0a\0.\0E\0X\0E\0"\0 \0-\0C\0 \0C\0:\0/\0U\0s\0e\0r\0s\0/\0b\0u\0i\0l\0d\0e\0r\0/\0j\0e\0n\0k\0i\0n\0s\0/\0w\0o\0r\0k\0s\0p\0a\0c\0e\0/\0W\0i\0n\0d\0o\0w\0s\0-\0C\0o\0m\0p\0i\0l\0e\0-\0D\0P\0D\0K\0-\0V\0S\0/\0d\0p\0d\0k\0/\0b\0u\0i\0l\0d\0
\0
\0
==== End log output ====

FreeBSD 14.2
	Kernel: 14.2-RELEASE
	Compiler: clang 18.1.6

Ubuntu 20.04
	Kernel: 4.19
	Compiler: gcc gcc (Ubuntu 9.4.0-1ubuntu1~20.04.2) 9.4.0

Windows Server 2022
	Kernel: 10.0.20348.2031
	Compiler: clang 15.0.7, gcc 14.1.0 (MinGW), and MSVC VS 19.39.33521

To view detailed results, visit:
https://lab.dpdk.org/results/dashboard/patchsets/33730/

UNH-IOL DPDK Community Lab

To manage your email subscriptions, visit: 
https://lab.dpdk.org/results/dashboard/preferences/subscriptions/

^ permalink raw reply	[flat|nested] 27+ messages in thread

* |SUCCESS| pw155433-155445 [PATCH] [v6,13/13] pdump: mark API and app
       [not found] <20250722173552.184141-14-stephen@networkplumber.org>
                   ` (13 preceding siblings ...)
  2025-07-22 21:18 ` dpdklab
@ 2025-07-22 21:18 ` dpdklab
  2025-07-22 21:22 ` |FAILURE| " dpdklab
                   ` (11 subsequent siblings)
  26 siblings, 0 replies; 27+ messages in thread
From: dpdklab @ 2025-07-22 21:18 UTC (permalink / raw)
  To: Test Report; +Cc: dpdk-test-reports

Test-Label: iol-intel-Functional
Test-Status: SUCCESS
http://dpdk.org/patch/155445

_Functional Testing PASS_

Submitter: Stephen Hemminger <stephen@networkplumber.org>
Date: Tuesday, July 22 2025 17:34:44 
DPDK git baseline: Repo:dpdk
  Branch: master
  CommitID:b222395561638f89562e4ef42e1eabf2d6db43dd

155433-155445 --> functional testing pass

Upstream job id: Template-DTS-Pipeline#237726

Test environment and result as below:

Ubuntu 24.04
Kernel: 6.8
Compiler: gcc gcc (Ubuntu 13.3.0-6ubuntu2~24.04) 13.3.0
NIC: Intel Corporation 4xxx Series QAT 0 Mbps

Aggregate Results by Test Suite
+----------------------------+--------+
|         Test Suite         | Result |
+============================+========+
| crypto_perf_cryptodev_perf |  PASS  |
+----------------------------+--------+


Ubuntu 22.04
Kernel: 5.15
Compiler: gcc gcc (Ubuntu 11.4.0-1ubuntu1~22.04) 11.4.0
NIC: Intel Corporation QAT 8970 0 Mbps

Aggregate Results by Test Suite
+----------------------------+--------+
|         Test Suite         | Result |
+============================+========+
| crypto_perf_cryptodev_perf |  PASS  |
+----------------------------+--------+


Ubuntu 20.04
Kernel: 5.4
Compiler: gcc gcc (Ubuntu 9.4.0-1ubuntu1~20.04.1) 9.4.0
NIC: Intel Corporation Ethernet Converged Network Adapter XL710-QDA2 40000 Mbps

Aggregate Results by Test Suite
+-----------------------------+--------+
|         Test Suite          | Result |
+=============================+========+
| unit_tests_mbuf             |  PASS  |
+-----------------------------+--------+
| vhost_virtio_user_interrupt |  PASS  |
+-----------------------------+--------+
| virtio_smoke                |  PASS  |
+-----------------------------+--------+


To view detailed results, visit:
https://lab.dpdk.org/results/dashboard/patchsets/33730/

UNH-IOL DPDK Community Lab

To manage your email subscriptions, visit: 
https://lab.dpdk.org/results/dashboard/preferences/subscriptions/

^ permalink raw reply	[flat|nested] 27+ messages in thread

* |FAILURE| pw155433-155445 [PATCH] [v6,13/13] pdump: mark API and app
       [not found] <20250722173552.184141-14-stephen@networkplumber.org>
                   ` (14 preceding siblings ...)
  2025-07-22 21:18 ` |SUCCESS| " dpdklab
@ 2025-07-22 21:22 ` dpdklab
  2025-07-22 21:59 ` |SUCCESS| " dpdklab
                   ` (10 subsequent siblings)
  26 siblings, 0 replies; 27+ messages in thread
From: dpdklab @ 2025-07-22 21:22 UTC (permalink / raw)
  To: Test Report; +Cc: dpdk-test-reports, Stephen Hemminger

Test-Label: iol-compile-amd64-testing
Test-Status: FAILURE
http://dpdk.org/patch/155445

_Testing issues_

Submitter: Stephen Hemminger <stephen@networkplumber.org>
Date: Tuesday, July 22 2025 17:34:44 
DPDK git baseline: Repo:dpdk
  Branch: master
  CommitID:b222395561638f89562e4ef42e1eabf2d6db43dd

155433-155445 --> testing issues

Upstream job id: Windows-Compile-DPDK-Native#29949

Test environment and result as below:

+---------------------+--------------------+-------------------+-------------------------+----------------------+
|     Environment     | dpdk_meson_compile | dpdk_msvc_compile | dpdk_llvm_clang_compile | dpdk_mingw64_compile |
+=====================+====================+===================+=========================+======================+
| FreeBSD 14.2        | PASS               | SKIPPED           | SKIPPED                 | SKIPPED              |
+---------------------+--------------------+-------------------+-------------------------+----------------------+
| Ubuntu 20.04        | PASS               | SKIPPED           | SKIPPED                 | SKIPPED              |
+---------------------+--------------------+-------------------+-------------------------+----------------------+
| Windows Server 2022 | SKIPPED            | FAIL              | PASS                    | PASS                 |
+---------------------+--------------------+-------------------+-------------------------+----------------------+

==== 20 line log output for Windows Server 2022 (dpdk_msvc_compile): ====
\0[\04\00\00\0/\04\05\04\0]\0 \0C\0o\0m\0p\0i\0l\0i\0n\0g\0 \0C\0 \0o\0b\0j\0e\0c\0t\0 \0a\0p\0p\0/\0d\0p\0d\0k\0-\0t\0e\0s\0t\0.\0e\0x\0e\0.\0p\0/\0t\0e\0s\0t\0_\0t\0e\0s\0t\0_\0p\0t\0r\0_\0c\0o\0m\0p\0r\0e\0s\0s\0.\0c\0.\0o\0b\0j\0
\0
\0[\04\00\01\0/\04\05\04\0]\0 \0C\0o\0m\0p\0i\0l\0i\0n\0g\0 \0C\0 \0o\0b\0j\0e\0c\0t\0 \0a\0p\0p\0/\0d\0p\0d\0k\0-\0t\0e\0s\0t\0.\0e\0x\0e\0.\0p\0/\0t\0e\0s\0t\0_\0t\0e\0s\0t\0_\0n\0e\0t\0_\0e\0t\0h\0e\0r\0.\0c\0.\0o\0b\0j\0
\0
\0[\04\00\02\0/\04\05\04\0]\0 \0C\0o\0m\0p\0i\0l\0i\0n\0g\0 \0C\0 \0o\0b\0j\0e\0c\0t\0 \0a\0p\0p\0/\0d\0p\0d\0k\0-\0t\0e\0s\0t\0.\0e\0x\0e\0.\0p\0/\0t\0e\0s\0t\0_\0t\0e\0s\0t\0_\0p\0r\0e\0f\0e\0t\0c\0h\0.\0c\0.\0o\0b\0j\0
\0
\0[\04\00\03\0/\04\05\04\0]\0 \0C\0o\0m\0p\0i\0l\0i\0n\0g\0 \0C\0 \0o\0b\0j\0e\0c\0t\0 \0a\0p\0p\0/\0d\0p\0d\0k\0-\0t\0e\0s\0t\0.\0e\0x\0e\0.\0p\0/\0t\0e\0s\0t\0_\0t\0e\0s\0t\0_\0m\0p\0_\0s\0e\0c\0o\0n\0d\0a\0r\0y\0.\0c\0.\0o\0b\0j\0
\0
\0F\0A\0I\0L\0E\0D\0:\0 \0a\0p\0p\0/\0d\0p\0d\0k\0-\0t\0e\0s\0t\0.\0e\0x\0e\0.\0p\0/\0t\0e\0s\0t\0_\0t\0e\0s\0t\0_\0m\0p\0_\0s\0e\0c\0o\0n\0d\0a\0r\0y\0.\0c\0.\0o\0b\0j\0 \0
\0
\0"\0c\0l\0"\0 \0"\0-\0I\0a\0p\0p\0\\0d\0p\0d\0k\0-\0t\0e\0s\0t\0.\0e\0x\0e\0.\0p\0"\0 \0"\0-\0I\0a\0p\0p\0"\0 \0"\0-\0I\0.\0.\0\\0a\0p\0p\0"\0 \0"\0-\0I\0l\0i\0b\0\\0c\0m\0d\0l\0i\0n\0e\0"\0 \0"\0-\0I\0.\0.\0\\0l\0i\0b\0\\0c\0m\0d\0l\0i\0n\0e\0"\0 \0"\0-\0I\0l\0i\0b\0\\0e\0a\0l\0\\0c\0o\0m\0m\0o\0n\0"\0 \0"\0-\0I\0.\0.\0\\0l\0i\0b\0\\0e\0a\0l\0\\0c\0o\0m\0m\0o\0n\0"\0 \0"\0-\0I\0.\0"\0 \0"\0-\0I\0.\0.\0"\0 \0"\0-\0I\0c\0o\0n\0f\0i\0g\0"\0 \0"\0-\0I\0.\0.\0\\0c\0o\0n\0f\0i\0g\0"\0 \0"\0-\0I\0l\0i\0b\0\\0e\0a\0l\0\\0i\0n\0c\0l\0u\0d\0e\0"\0 \0"\0-\0I\0.\0.\0\\0l\0i\0b\0\\0e\0a\0l\0\\0i\0n\0c\0l\0u\0d\0e\0"\0 \0"\0-\0I\0l\0i\0b\0\\0e\0a\0l\0\\0w\0i\0n\0d\0o\0w\0s\0\\0i\0n\0c\0l\0u\0d\0e\0"\0 \0"\0-\0I\0.\0.\0\\0l\0i\0b\0\\0e\0a\0l\0\\0w\0i\0n\0d\0o\0w\0s\0\\0i\0n\0c\0l\0u\0d\0e\0"\0 \0"\0-\0I\0l\0i\0b\0\\0e\0a\0l\0\\0x\08\06\0\\0i\0n\0c\0l\0u\0d\0e\0"\0 \0"\0-\0I\0.\0.\0\\0l\0i\0b\0\\0e\0a\0l\0\\0x\08\06\0\\0i\0n\0c\0l\0u\0d\0e\0"\0 \0"\0-\0I\0l\0i\0b\0\\0e\0a\0l\0"\0 \0"\0-\0I\0.\0.\0\\0l\0i\0b\0\\0e\0a\0l\0"\0 \0"\0-\0I\0l\0i\0b\0\\0l\0o\0g\0"\0 \0"\0-\0I\0.\0.\0\\0l\0i\0b\0\\0l\0o\0g\0"\0 \0"\0-\0I\0l\0i\0b\0\\0k\0v\0a\0r\0g\0s\0"\0 \0"\0-\0I\0.\0.\0\\0l\0i\0b\0\\0k\0v\0a\0r\0g\0s\0"\0 \0"\0-\0I\0l\0i\0b\0\\0n\0e\0t\0"\0 \0"\0-\0I\0.\0.\0\\0l\0i\0b\0\\0n\0e\0t\0"\0 \0"\0-\0I\0l\0i\0b\0\\0m\0b\0u\0f\0"\0 \0"\0-\0I\0.\0.\0\\0l\0i\0b\0\\0m\0b\0u\0f\0"\0 \0"\0-\0I\0l\0i\0b\0\\0m\0e\0m\0p\0o\0o\0l\0"\0 \0"\0-\0I\0.\0.\0\\0l\0i\0b\0\\0m\0e\0m\0p\0o\0o\0l\0"\0 \0"\0-\0I\0l\0i\0b
 \0\\0r\0i\0n\0g\0"\0 \0"\0-\0I\0.\0.\0\\0l\0i\0b\0\\0r\0i\0n\0g\0"\0 \0"\0-\0I\0l\0i\0b\0\\0m\0e\0t\0r\0i\0c\0s\0"\0 \0"\0-\0I\0.\0.\0\\0l\0i\0b\0\\0m\0e\0t\0r\0i\0c\0s\0"\0 \0"\0-\0I\0l\0i\0b\0\\0t\0e\0l\0e\0m\0e\0t\0r\0y\0"\0 \0"\0-\0I\0.\0.\0\\0l\0i\0b\0\\0t\0e\0l\0e\0m\0e\0t\0r\0y\0"\0 \0"\0-\0I\0l\0i\0b\0\\0e\0t\0h\0d\0e\0v\0"\0 \0"\0-\0I\0.\0.\0\\0l\0i\0b\0\\0e\0t\0h\0d\0e\0v\0"\0 \0"\0-\0I\0l\0i\0b\0\\0m\0e\0t\0e\0r\0"\0 \0"\0-\0I\0.\0.\0\\0l\0i\0b\0\\0m\0e\0t\0e\0r\0"\0 \0"\0-\0I\0l\0i\0b\0\\0a\0r\0g\0p\0a\0r\0s\0e\0"\0 \0"\0-\0I\0.\0.\0\\0l\0i\0b\0\\0a\0r\0g\0p\0a\0r\0s\0e\0"\0 \0"\0-\0I\0l\0i\0b\0\\0h\0a\0s\0h\0"\0 \0"\0-\0I\0.\0.\0\\0l\0i\0b\0\\0h\0a\0s\0h\0"\0 \0"\0-\0I\0l\0i\0b\0\\0r\0c\0u\0"\0 \0"\0-\0I\0.\0.\0\\0l\0i\0b\0\\0r\0c\0u\0"\0 \0"\0-\0I\0l\0i\0b\0\\0b\0i\0t\0r\0a\0t\0e\0s\0t\0a\0t\0s\0"\0 \0"\0-\0I\0.\0.\0\\0l\0i\0b\0\\0b\0i\0t\0r\0a\0t\0e\0s\0t\0a\0t\0s\0"\0 \0"\0-\0I\0l\0i\0b\0\\0c\0f\0g\0f\0i\0l\0e\0"\0 \0"\0-\0I\0.\0.\0\\0l\0i\0b\0\\0c\0f\0g\0f\0i\0l\0e\0"\0 \0"\0-\0I\0l\0i\0b\0\\0c\0r\0y\0p\0t\0o\0d\0e\0v\0"\0 \0"\0-\0I\0.\0.\0\\0l\0i\0b\0\\0c\0r\0y\0p\0t\0o\0d\0e\0v\0"\0 \0"\0-\0I\0l\0i\0b\0\\0s\0e\0c\0u\0r\0i\0t\0y\0"\0 \0"\0-\0I\0.\0.\0\\0l\0i\0b\0\\0s\0e\0c\0u\0r\0i\0t\0y\0"\0 \0"\0-\0I\0l\0i\0b\0\\0d\0m\0a\0d\0e\0v\0"\0 \0"\0-\0I\0.\0.\0\\0l\0i\0b\0\\0d\0m\0a\0d\0e\0v\0"\0 \0"\0-\0I\0l\0i\0b\0\\0f\0i\0b\0"\0 \0"\0-\0I\0.\0.\0\\0l\0i\0b\0\\0f\0i\0b\0"\0 \0"\0-\0I\0l\0i\0b\0\\0r\0i\0b\0"\0 \0"\0-\0I\0.\0.\0\\0l\0i\0b\0\\0r\0i\0b\0"\0 \0"\0
 -\0I\0l\0i\0b\0\\0l\0p\0m\0"\0 \0"\0-\0I\0.\0.\0\\0l\0i\0b\0\\0l\0p\0m\0"\0 \0"\0-\0I\0l\0i\0b\0\\0i\0p\0_\0f\0r\0a\0g\0"\0 \0"\0-\0I\0.\0.\0\\0l\0i\0b\0\\0i\0p\0_\0f\0r\0a\0g\0"\0 \0"\0-\0I\0l\0i\0b\0\\0l\0a\0t\0e\0n\0c\0y\0s\0t\0a\0t\0s\0"\0 \0"\0-\0I\0.\0.\0\\0l\0i\0b\0\\0l\0a\0t\0e\0n\0c\0y\0s\0t\0a\0t\0s\0"\0 \0"\0-\0I\0l\0i\0b\0\\0p\0c\0a\0p\0n\0g\0"\0 \0"\0-\0I\0.\0.\0\\0l\0i\0b\0\\0p\0c\0a\0p\0n\0g\0"\0 \0"\0-\0I\0l\0i\0b\0\\0p\0t\0r\0_\0c\0o\0m\0p\0r\0e\0s\0s\0"\0 \0"\0-\0I\0.\0.\0\\0l\0i\0b\0\\0p\0t\0r\0_\0c\0o\0m\0p\0r\0e\0s\0s\0"\0 \0"\0-\0I\0l\0i\0b\0\\0r\0e\0o\0r\0d\0e\0r\0"\0 \0"\0-\0I\0.\0.\0\\0l\0i\0b\0\\0r\0e\0o\0r\0d\0e\0r\0"\0 \0"\0-\0I\0l\0i\0b\0\\0s\0t\0a\0c\0k\0"\0 \0"\0-\0I\0.\0.\0\\0l\0i\0b\0\\0s\0t\0a\0c\0k\0"\0 \0"\0-\0I\0l\0i\0b\0\\0t\0i\0m\0e\0r\0"\0 \0"\0-\0I\0.\0.\0\\0l\0i\0b\0\\0t\0i\0m\0e\0r\0"\0 \0"\0-\0I\0a\0p\0p\0\\0t\0e\0s\0t\0\\0t\0e\0s\0t\0_\0c\0f\0g\0f\0i\0l\0e\0s\0"\0 \0"\0-\0I\0C\0:\0\\0P\0r\0o\0g\0r\0a\0m\0 \0F\0i\0l\0e\0s\0\\0M\0e\0l\0l\0a\0n\0o\0x\0\\0M\0L\0N\0X\0_\0W\0i\0n\0O\0F\02\0_\0D\0e\0v\0X\0_\0S\0D\0K\0\\0i\0n\0c\0"\0 \0"\0/\0M\0D\0"\0 \0"\0/\0n\0o\0l\0o\0g\0o\0"\0 \0"\0/\0s\0h\0o\0w\0I\0n\0c\0l\0u\0d\0e\0s\0"\0 \0"\0/\0u\0t\0f\0-\08\0"\0 \0"\0/\0W\03\0"\0 \0"\0/\0W\0X\0"\0 \0"\0/\0s\0t\0d\0:\0c\01\01\0"\0 \0"\0/\0O\02\0"\0 \0"\0/\0G\0w\0"\0 \0"\0/\0w\0d\04\02\04\04\0"\0 \0"\0/\0w\0d\04\02\06\07\0"\0 \0"\0/\0w\0d\04\01\04\06\0"\0 \0"\0/\0e\0x\0p\0e\0r\0i\0m\0e\0n\0t\0a\0l\0:\0c\01\01\0a\0t\0o\0m\0i\0c\0s\0"\0 \0"\0/\0d
 \01\0e\0x\0p\0e\0r\0i\0m\0e\0n\0t\0a\0l\0:\0t\0y\0p\0e\0o\0f\0"\0 \0"\0/\0e\0x\0p\0e\0r\0i\0m\0e\0n\0t\0a\0l\0:\0s\0t\0a\0t\0e\0m\0e\0n\0t\0E\0x\0p\0r\0e\0s\0s\0i\0o\0n\0s\0"\0 \0"\0/\0F\0I\0"\0 \0"\0r\0t\0e\0_\0c\0o\0n\0f\0i\0g\0.\0h\0"\0 \0"\0-\0D\0_\0G\0N\0U\0_\0S\0O\0U\0R\0C\0E\0"\0 \0"\0-\0D\0_\0W\0I\0N\03\02\0_\0W\0I\0N\0N\0T\0=\00\0x\00\0A\00\00\0"\0 \0"\0-\0D\0A\0L\0L\0O\0W\0_\0E\0X\0P\0E\0R\0I\0M\0E\0N\0T\0A\0L\0_\0A\0P\0I\0"\0 \0"\0-\0D\0A\0L\0L\0O\0W\0_\0I\0N\0T\0E\0R\0N\0A\0L\0_\0A\0P\0I\0"\0 \0"\0/\0F\0d\0a\0p\0p\0\\0d\0p\0d\0k\0-\0t\0e\0s\0t\0.\0e\0x\0e\0.\0p\0\\0t\0e\0s\0t\0_\0t\0e\0s\0t\0_\0m\0p\0_\0s\0e\0c\0o\0n\0d\0a\0r\0y\0.\0c\0.\0p\0d\0b\0"\0 \0/\0F\0o\0a\0p\0p\0/\0d\0p\0d\0k\0-\0t\0e\0s\0t\0.\0e\0x\0e\0.\0p\0/\0t\0e\0s\0t\0_\0t\0e\0s\0t\0_\0m\0p\0_\0s\0e\0c\0o\0n\0d\0a\0r\0y\0.\0c\0.\0o\0b\0j\0 \0"\0/\0c\0"\0 \0.\0.\0/\0a\0p\0p\0/\0t\0e\0s\0t\0/\0t\0e\0s\0t\0_\0m\0p\0_\0s\0e\0c\0o\0n\0d\0a\0r\0y\0.\0c\0
\0
\0.\0.\0/\0a\0p\0p\0/\0t\0e\0s\0t\0/\0t\0e\0s\0t\0_\0m\0p\0_\0s\0e\0c\0o\0n\0d\0a\0r\0y\0.\0c\0(\01\09\0)\0:\0 \0f\0a\0t\0a\0l\0 \0e\0r\0r\0o\0r\0 \0C\01\00\08\03\0:\0 \0C\0a\0n\0n\0o\0t\0 \0o\0p\0e\0n\0 \0i\0n\0c\0l\0u\0d\0e\0 \0f\0i\0l\0e\0:\0 \0'\0r\0t\0e\0_\0b\0u\0s\0_\0v\0d\0e\0v\0.\0h\0'\0:\0 \0N\0o\0 \0s\0u\0c\0h\0 \0f\0i\0l\0e\0 \0o\0r\0 \0d\0i\0r\0e\0c\0t\0o\0r\0y\0
\0
\0[\04\00\04\0/\04\05\04\0]\0 \0C\0o\0m\0p\0i\0l\0i\0n\0g\0 \0C\0 \0o\0b\0j\0e\0c\0t\0 \0a\0p\0p\0/\0d\0p\0d\0k\0-\0t\0e\0s\0t\0.\0e\0x\0e\0.\0p\0/\0t\0e\0s\0t\0_\0t\0e\0s\0t\0_\0n\0e\0t\0_\0i\0p\06\0.\0c\0.\0o\0b\0j\0
\0
\0[\04\00\05\0/\04\05\04\0]\0 \0C\0o\0m\0p\0i\0l\0i\0n\0g\0 \0C\0 \0o\0b\0j\0e\0c\0t\0 \0a\0p\0p\0/\0d\0p\0d\0k\0-\0t\0e\0s\0t\0.\0e\0x\0e\0.\0p\0/\0t\0e\0s\0t\0_\0t\0e\0s\0t\0_\0r\0e\0c\0i\0p\0r\0o\0c\0a\0l\0_\0d\0i\0v\0i\0s\0i\0o\0n\0.\0c\0.\0o\0b\0j\0
\0
\0[\04\00\06\0/\04\05\04\0]\0 \0C\0o\0m\0p\0i\0l\0i\0n\0g\0 \0C\0 \0o\0b\0j\0e\0c\0t\0 \0a\0p\0p\0/\0d\0p\0d\0k\0-\0t\0e\0s\0t\0.\0e\0x\0e\0.\0p\0/\0t\0e\0s\0t\0_\0t\0e\0s\0t\0_\0r\0i\0b\0.\0c\0.\0o\0b\0j\0
\0
\0[\04\00\07\0/\04\05\04\0]\0 \0C\0o\0m\0p\0i\0l\0i\0n\0g\0 \0C\0 \0o\0b\0j\0e\0c\0t\0 \0a\0p\0p\0/\0d\0p\0d\0k\0-\0t\0e\0s\0t\0.\0e\0x\0e\0.\0p\0/\0t\0e\0s\0t\0_\0t\0e\0s\0t\0_\0p\0m\0d\0_\0p\0e\0r\0f\0.\0c\0.\0o\0b\0j\0
\0
\0[\04\00\08\0/\04\05\04\0]\0 \0C\0o\0m\0p\0i\0l\0i\0n\0g\0 \0C\0 \0o\0b\0j\0e\0c\0t\0 \0a\0p\0p\0/\0d\0p\0d\0k\0-\0t\0e\0s\0t\0.\0e\0x\0e\0.\0p\0/\0t\0e\0s\0t\0_\0t\0e\0s\0t\0_\0r\0i\0b\06\0.\0c\0.\0o\0b\0j\0
\0
\0[\04\00\09\0/\04\05\04\0]\0 \0C\0o\0m\0p\0i\0l\0i\0n\0g\0 \0C\0 \0o\0b\0j\0e\0c\0t\0 \0a\0p\0p\0/\0d\0p\0d\0k\0-\0t\0e\0s\0t\0.\0e\0x\0e\0.\0p\0/\0t\0e\0s\0t\0_\0t\0e\0s\0t\0_\0r\0c\0u\0_\0q\0s\0b\0r\0.\0c\0.\0o\0b\0j\0
\0
\0[\04\01\00\0/\04\05\04\0]\0 \0C\0o\0m\0p\0i\0l\0i\0n\0g\0 \0C\0 \0o\0b\0j\0e\0c\0t\0 \0a\0p\0p\0/\0d\0p\0d\0k\0-\0t\0e\0s\0t\0.\0e\0x\0e\0.\0p\0/\0t\0e\0s\0t\0_\0t\0e\0s\0t\0_\0m\0e\0m\0p\0o\0o\0l\0_\0p\0e\0r\0f\0.\0c\0.\0o\0b\0j\0
\0
\0[\04\01\01\0/\04\05\04\0]\0 \0C\0o\0m\0p\0i\0l\0i\0n\0g\0 \0C\0 \0o\0b\0j\0e\0c\0t\0 \0a\0p\0p\0/\0d\0p\0d\0k\0-\0t\0e\0s\0t\0.\0e\0x\0e\0.\0p\0/\0t\0e\0s\0t\0_\0t\0e\0s\0t\0_\0r\0i\0n\0g\0.\0c\0.\0o\0b\0j\0
\0
\0[\04\01\02\0/\04\05\04\0]\0 \0C\0o\0m\0p\0i\0l\0i\0n\0g\0 \0C\0 \0o\0b\0j\0e\0c\0t\0 \0a\0p\0p\0/\0d\0p\0d\0k\0-\0t\0e\0s\0t\0.\0e\0x\0e\0.\0p\0/\0t\0e\0s\0t\0_\0t\0e\0s\0t\0_\0m\0e\0m\0c\0p\0y\0_\0p\0e\0r\0f\0.\0c\0.\0o\0b\0j\0
\0
\0n\0i\0n\0j\0a\0:\0 \0b\0u\0i\0l\0d\0 \0s\0t\0o\0p\0p\0e\0d\0:\0 \0s\0u\0b\0c\0o\0m\0m\0a\0n\0d\0 \0f\0a\0i\0l\0e\0d\0.\0
\0
\0I\0N\0F\0O\0:\0 \0a\0u\0t\0o\0d\0e\0t\0e\0c\0t\0i\0n\0g\0 \0b\0a\0c\0k\0e\0n\0d\0 \0a\0s\0 \0n\0i\0n\0j\0a\0
\0
\0I\0N\0F\0O\0:\0 \0c\0a\0l\0c\0u\0l\0a\0t\0i\0n\0g\0 \0b\0a\0c\0k\0e\0n\0d\0 \0c\0o\0m\0m\0a\0n\0d\0 \0t\0o\0 \0r\0u\0n\0:\0 \0"\0C\0:\0\\0P\0r\0o\0g\0r\0a\0m\0 \0F\0i\0l\0e\0s\0\\0M\0e\0s\0o\0n\0\\0n\0i\0n\0j\0a\0.\0E\0X\0E\0"\0 \0-\0C\0 \0C\0:\0/\0U\0s\0e\0r\0s\0/\0b\0u\0i\0l\0d\0e\0r\0/\0j\0e\0n\0k\0i\0n\0s\0/\0w\0o\0r\0k\0s\0p\0a\0c\0e\0/\0W\0i\0n\0d\0o\0w\0s\0-\0C\0o\0m\0p\0i\0l\0e\0-\0D\0P\0D\0K\0-\0V\0S\0/\0d\0p\0d\0k\0/\0b\0u\0i\0l\0d\0
\0
\0
==== End log output ====

FreeBSD 14.2
	Kernel: 14.2-RELEASE
	Compiler: clang 18.1.6

Ubuntu 20.04
	Kernel: 4.19
	Compiler: gcc gcc (Ubuntu 9.4.0-1ubuntu1~20.04.2) 9.4.0

Windows Server 2022
	Kernel: 10.0.20348.2031
	Compiler: clang 15.0.7, gcc 14.1.0 (MinGW), and MSVC VS 19.39.33521

To view detailed results, visit:
https://lab.dpdk.org/results/dashboard/patchsets/33730/

UNH-IOL DPDK Community Lab

To manage your email subscriptions, visit: 
https://lab.dpdk.org/results/dashboard/preferences/subscriptions/

^ permalink raw reply	[flat|nested] 27+ messages in thread

* |SUCCESS| pw155433-155445 [PATCH] [v6,13/13] pdump: mark API and app
       [not found] <20250722173552.184141-14-stephen@networkplumber.org>
                   ` (15 preceding siblings ...)
  2025-07-22 21:22 ` |FAILURE| " dpdklab
@ 2025-07-22 21:59 ` dpdklab
  2025-07-22 23:23 ` |FAILURE| " dpdklab
                   ` (9 subsequent siblings)
  26 siblings, 0 replies; 27+ messages in thread
From: dpdklab @ 2025-07-22 21:59 UTC (permalink / raw)
  To: Test Report; +Cc: dpdk-test-reports

Test-Label: iol-unit-amd64-testing
Test-Status: SUCCESS
http://dpdk.org/patch/155445

_Testing PASS_

Submitter: Stephen Hemminger <stephen@networkplumber.org>
Date: Tuesday, July 22 2025 17:34:44 
DPDK git baseline: Repo:dpdk
  Branch: master
  CommitID:b222395561638f89562e4ef42e1eabf2d6db43dd

155433-155445 --> testing pass

Upstream job id: Generic-Unit-Test-DPDK#357431

Test environment and result as below:

+-------------------------------+----------------+
|          Environment          | dpdk_unit_test |
+===============================+================+
| Debian GNU/Linux 12           | PASS           |
+-------------------------------+----------------+
| Fedora Linux 41               | PASS           |
+-------------------------------+----------------+
| CentOS Stream 9               | PASS           |
+-------------------------------+----------------+
| Fedora Linux 40               | PASS           |
+-------------------------------+----------------+
| Red Hat Enterprise Linux 9.5  | PASS           |
+-------------------------------+----------------+
| CentOS Stream 10              | PASS           |
+-------------------------------+----------------+
| Ubuntu 24.04                  | PASS           |
+-------------------------------+----------------+
| Ubuntu 20.04                  | PASS           |
+-------------------------------+----------------+
| Red Hat Enterprise Linux 8.10 | PASS           |
+-------------------------------+----------------+
| Ubuntu 22.04                  | PASS           |
+-------------------------------+----------------+
| Windows Server 2022           | PASS           |
+-------------------------------+----------------+


Debian GNU/Linux 12
	Kernel: 5.15
	Compiler: gcc gcc (Debian 12.2.0-14+deb12u1) 12.2.0

Fedora Linux 41
	Kernel: 5.15
	Compiler: gcc gcc (GCC) 14.3.1 20250523 (Red Hat 14.3.1-1)

CentOS Stream 9
	Kernel: 5.15
	Compiler: gcc gcc (GCC) 11.5.0 20240719 (Red Hat 11.5.0-7)

Fedora Linux 40
	Kernel: 5.15
	Compiler: gcc gcc (GCC) 14.2.1 20240912 (Red Hat 14.2.1-3)

Red Hat Enterprise Linux 9.5
	Kernel: 5.15
	Compiler: gcc gcc (GCC) 11.5.0 20240719 (Red Hat 11.5.0-2)

CentOS Stream 10
	Kernel: 5.15
	Compiler: gcc gcc (GCC) 14.2.1 20250110 (Red Hat 14.2.1-8)

Ubuntu 24.04
	Kernel: 5.15
	Compiler: gcc gcc (Ubuntu 13.3.0-6ubuntu2~24.04) 13.3.0

Ubuntu 20.04
	Kernel: 5.15
	Compiler: gcc gcc (Ubuntu 9.4.0-1ubuntu1~20.04.2) 9.4.0

Red Hat Enterprise Linux 8.10
	Kernel: 5.15
	Compiler: gcc gcc (GCC) 8.5.0 20210514 (Red Hat 8.5.0-22)

Ubuntu 22.04
	Kernel: 5.15
	Compiler: gcc gcc (Ubuntu 11.4.0-1ubuntu1~22.04) 11.4.0

Windows Server 2022
	Kernel: 10.0.20348.2031
	Compiler: clang 15.0.7, gcc 14.1.0 (MinGW), and MSVC VS 19.39.33521

To view detailed results, visit:
https://lab.dpdk.org/results/dashboard/patchsets/33730/

UNH-IOL DPDK Community Lab

To manage your email subscriptions, visit: 
https://lab.dpdk.org/results/dashboard/preferences/subscriptions/

^ permalink raw reply	[flat|nested] 27+ messages in thread

* |FAILURE| pw155433-155445 [PATCH] [v6,13/13] pdump: mark API and app
       [not found] <20250722173552.184141-14-stephen@networkplumber.org>
                   ` (16 preceding siblings ...)
  2025-07-22 21:59 ` |SUCCESS| " dpdklab
@ 2025-07-22 23:23 ` dpdklab
  2025-07-22 23:24 ` dpdklab
                   ` (8 subsequent siblings)
  26 siblings, 0 replies; 27+ messages in thread
From: dpdklab @ 2025-07-22 23:23 UTC (permalink / raw)
  To: Test Report; +Cc: dpdk-test-reports, Stephen Hemminger

Test-Label: iol-abi-testing
Test-Status: FAILURE
http://dpdk.org/patch/155445

_Testing issues_

Submitter: Stephen Hemminger <stephen@networkplumber.org>
Date: Tuesday, July 22 2025 17:34:44 
DPDK git baseline: Repo:dpdk
  Branch: master
  CommitID:b222395561638f89562e4ef42e1eabf2d6db43dd

155433-155445 --> testing issues

Upstream job id: Generic-DPDK-Compile-ABI#135328

Test environment and result as below:

+-------------------------------+----------+
|          Environment          | abi_test |
+===============================+==========+
| Fedora Linux 40               | FAIL     |
+-------------------------------+----------+
| Debian GNU/Linux 12           | FAIL     |
+-------------------------------+----------+
| CentOS Stream 9               | FAIL     |
+-------------------------------+----------+
| CentOS Stream 10              | FAIL     |
+-------------------------------+----------+
| Fedora Linux 41               | FAIL     |
+-------------------------------+----------+
| Ubuntu 22.04                  | FAIL     |
+-------------------------------+----------+
| Red Hat Enterprise Linux 8.10 | FAIL     |
+-------------------------------+----------+
| Red Hat Enterprise Linux 9.5  | FAIL     |
+-------------------------------+----------+
| openSUSE Leap 15.6            | FAIL     |
+-------------------------------+----------+
| Ubuntu 24.04                  | FAIL     |
+-------------------------------+----------+

==== 20 line log output for Ubuntu 24.04 (abi_test): ====
Variables changes summary: 0 Removed, 0 Changed, 0 Added variable

Functions changes summary: 0 Removed, 0 Changed (2 filtered out), 0 Added functions
Variables changes summary: 0 Removed, 0 Changed, 0 Added variable

Functions changes summary: 0 Removed, 0 Changed (5 filtered out), 0 Added functions
Variables changes summary: 0 Removed, 0 Changed, 0 Added variable

Functions changes summary: 0 Removed, 0 Changed (296 filtered out), 0 Added (11 filtered out) functions
Variables changes summary: 0 Removed, 0 Changed, 0 Added variable

Functions changes summary: 0 Removed, 0 Changed (4 filtered out), 0 Added (12 filtered out) functions
Variables changes summary: 0 Removed, 0 Changed (1 filtered out), 0 Added variable

Functions changes summary: 0 Removed, 0 Changed, 0 Added (5 filtered out) functions
Variables changes summary: 0 Removed, 0 Changed, 0 Added variable

Functions changes summary: 0 Removed, 0 Changed (215 filtered out), 0 Added (2 filtered out) functions
Variables changes summary: 0 Removed, 0 Changed, 0 Added variable

==== End log output ====

Fedora Linux 40
	Kernel: 5.15
	Compiler: gcc gcc (GCC) 14.2.1 20240912 (Red Hat 14.2.1-3)

Debian GNU/Linux 12
	Kernel: 5.15
	Compiler: gcc gcc (Debian 12.2.0-14+deb12u1) 12.2.0

CentOS Stream 9
	Kernel: 5.15
	Compiler: gcc gcc (GCC) 11.5.0 20240719 (Red Hat 11.5.0-7)

CentOS Stream 10
	Kernel: 5.15
	Compiler: gcc gcc (GCC) 14.2.1 20250110 (Red Hat 14.2.1-8)

Fedora Linux 41
	Kernel: 5.15
	Compiler: clang gcc (GCC) 14.3.1 20250523 (Red Hat 14.3.1-1)

Ubuntu 22.04
	Kernel: 5.15
	Compiler: gcc gcc (Ubuntu 11.4.0-1ubuntu1~22.04) 11.4.0

Red Hat Enterprise Linux 8.10
	Kernel: 5.15
	Compiler: gcc gcc (GCC) 8.5.0 20210514 (Red Hat 8.5.0-22)

Red Hat Enterprise Linux 9.5
	Kernel: 5.15
	Compiler: gcc gcc (GCC) 11.5.0 20240719 (Red Hat 11.5.0-2)

openSUSE Leap 15.6
	Kernel: 5.15
	Compiler: gcc gcc (SUSE Linux) 7.5.0

Ubuntu 24.04
	Kernel: 5.15
	Compiler: gcc gcc (Ubuntu 13.3.0-6ubuntu2~24.04) 13.3.0

To view detailed results, visit:
https://lab.dpdk.org/results/dashboard/patchsets/33730/

UNH-IOL DPDK Community Lab

To manage your email subscriptions, visit: 
https://lab.dpdk.org/results/dashboard/preferences/subscriptions/

^ permalink raw reply	[flat|nested] 27+ messages in thread

* |FAILURE| pw155433-155445 [PATCH] [v6,13/13] pdump: mark API and app
       [not found] <20250722173552.184141-14-stephen@networkplumber.org>
                   ` (17 preceding siblings ...)
  2025-07-22 23:23 ` |FAILURE| " dpdklab
@ 2025-07-22 23:24 ` dpdklab
  2025-07-22 23:25 ` dpdklab
                   ` (7 subsequent siblings)
  26 siblings, 0 replies; 27+ messages in thread
From: dpdklab @ 2025-07-22 23:24 UTC (permalink / raw)
  To: Test Report; +Cc: dpdk-test-reports, Stephen Hemminger

Test-Label: iol-abi-testing
Test-Status: FAILURE
http://dpdk.org/patch/155445

_Testing issues_

Submitter: Stephen Hemminger <stephen@networkplumber.org>
Date: Tuesday, July 22 2025 17:34:44 
DPDK git baseline: Repo:dpdk
  Branch: master
  CommitID:b222395561638f89562e4ef42e1eabf2d6db43dd

155433-155445 --> testing issues

Upstream job id: Generic-DPDK-Compile-ABI#135319

Test environment and result as below:

+-------------------------------+----------+
|          Environment          | abi_test |
+===============================+==========+
| Fedora Linux 40               | FAIL     |
+-------------------------------+----------+
| Debian GNU/Linux 12           | FAIL     |
+-------------------------------+----------+
| CentOS Stream 9               | FAIL     |
+-------------------------------+----------+
| CentOS Stream 10              | FAIL     |
+-------------------------------+----------+
| Fedora Linux 41               | FAIL     |
+-------------------------------+----------+
| Ubuntu 22.04                  | FAIL     |
+-------------------------------+----------+
| Red Hat Enterprise Linux 8.10 | FAIL     |
+-------------------------------+----------+
| Red Hat Enterprise Linux 9.5  | FAIL     |
+-------------------------------+----------+
| openSUSE Leap 15.6            | FAIL     |
+-------------------------------+----------+
| Ubuntu 24.04                  | FAIL     |
+-------------------------------+----------+

==== 20 line log output for Ubuntu 24.04 (abi_test): ====
Variables changes summary: 0 Removed, 0 Changed, 0 Added variable

Functions changes summary: 0 Removed, 0 Changed (2 filtered out), 0 Added functions
Variables changes summary: 0 Removed, 0 Changed, 0 Added variable

Functions changes summary: 0 Removed, 0 Changed (5 filtered out), 0 Added functions
Variables changes summary: 0 Removed, 0 Changed, 0 Added variable

Functions changes summary: 0 Removed, 0 Changed (296 filtered out), 0 Added (11 filtered out) functions
Variables changes summary: 0 Removed, 0 Changed, 0 Added variable

Functions changes summary: 0 Removed, 0 Changed (4 filtered out), 0 Added (12 filtered out) functions
Variables changes summary: 0 Removed, 0 Changed (1 filtered out), 0 Added variable

Functions changes summary: 0 Removed, 0 Changed, 0 Added (5 filtered out) functions
Variables changes summary: 0 Removed, 0 Changed, 0 Added variable

Functions changes summary: 0 Removed, 0 Changed (215 filtered out), 0 Added (2 filtered out) functions
Variables changes summary: 0 Removed, 0 Changed, 0 Added variable

==== End log output ====

Fedora Linux 40
	Kernel: 5.15
	Compiler: gcc gcc (GCC) 14.2.1 20240912 (Red Hat 14.2.1-3)

Debian GNU/Linux 12
	Kernel: 5.15
	Compiler: gcc gcc (Debian 12.2.0-14+deb12u1) 12.2.0

CentOS Stream 9
	Kernel: 5.15
	Compiler: gcc gcc (GCC) 11.5.0 20240719 (Red Hat 11.5.0-7)

CentOS Stream 10
	Kernel: 5.15
	Compiler: gcc gcc (GCC) 14.2.1 20250110 (Red Hat 14.2.1-8)

Fedora Linux 41
	Kernel: 5.15
	Compiler: clang gcc (GCC) 14.3.1 20250523 (Red Hat 14.3.1-1)

Ubuntu 22.04
	Kernel: 5.15
	Compiler: gcc gcc (Ubuntu 11.4.0-1ubuntu1~22.04) 11.4.0

Red Hat Enterprise Linux 8.10
	Kernel: 5.15
	Compiler: gcc gcc (GCC) 8.5.0 20210514 (Red Hat 8.5.0-22)

Red Hat Enterprise Linux 9.5
	Kernel: 5.15
	Compiler: gcc gcc (GCC) 11.5.0 20240719 (Red Hat 11.5.0-2)

openSUSE Leap 15.6
	Kernel: 5.15
	Compiler: gcc gcc (SUSE Linux) 7.5.0

Ubuntu 24.04
	Kernel: 5.15
	Compiler: gcc gcc (Ubuntu 13.3.0-6ubuntu2~24.04) 13.3.0

To view detailed results, visit:
https://lab.dpdk.org/results/dashboard/patchsets/33730/

UNH-IOL DPDK Community Lab

To manage your email subscriptions, visit: 
https://lab.dpdk.org/results/dashboard/preferences/subscriptions/

^ permalink raw reply	[flat|nested] 27+ messages in thread

* |FAILURE| pw155433-155445 [PATCH] [v6,13/13] pdump: mark API and app
       [not found] <20250722173552.184141-14-stephen@networkplumber.org>
                   ` (18 preceding siblings ...)
  2025-07-22 23:24 ` dpdklab
@ 2025-07-22 23:25 ` dpdklab
  2025-07-22 23:25 ` dpdklab
                   ` (6 subsequent siblings)
  26 siblings, 0 replies; 27+ messages in thread
From: dpdklab @ 2025-07-22 23:25 UTC (permalink / raw)
  To: Test Report; +Cc: dpdk-test-reports, Stephen Hemminger

Test-Label: iol-abi-testing
Test-Status: FAILURE
http://dpdk.org/patch/155445

_Testing issues_

Submitter: Stephen Hemminger <stephen@networkplumber.org>
Date: Tuesday, July 22 2025 17:34:44 
DPDK git baseline: Repo:dpdk
  Branch: master
  CommitID:b222395561638f89562e4ef42e1eabf2d6db43dd

155433-155445 --> testing issues

Upstream job id: Generic-DPDK-Compile-ABI#135327

Test environment and result as below:

+-------------------------------+----------+
|          Environment          | abi_test |
+===============================+==========+
| Fedora Linux 40               | FAIL     |
+-------------------------------+----------+
| Debian GNU/Linux 12           | FAIL     |
+-------------------------------+----------+
| CentOS Stream 9               | FAIL     |
+-------------------------------+----------+
| CentOS Stream 10              | FAIL     |
+-------------------------------+----------+
| Fedora Linux 41               | FAIL     |
+-------------------------------+----------+
| Ubuntu 22.04                  | FAIL     |
+-------------------------------+----------+
| Red Hat Enterprise Linux 8.10 | FAIL     |
+-------------------------------+----------+
| Red Hat Enterprise Linux 9.5  | FAIL     |
+-------------------------------+----------+
| openSUSE Leap 15.6            | FAIL     |
+-------------------------------+----------+
| Ubuntu 24.04                  | FAIL     |
+-------------------------------+----------+

==== 20 line log output for Ubuntu 24.04 (abi_test): ====
Variables changes summary: 0 Removed, 0 Changed, 0 Added variable

Functions changes summary: 0 Removed, 0 Changed (2 filtered out), 0 Added functions
Variables changes summary: 0 Removed, 0 Changed, 0 Added variable

Functions changes summary: 0 Removed, 0 Changed (5 filtered out), 0 Added functions
Variables changes summary: 0 Removed, 0 Changed, 0 Added variable

Functions changes summary: 0 Removed, 0 Changed (296 filtered out), 0 Added (11 filtered out) functions
Variables changes summary: 0 Removed, 0 Changed, 0 Added variable

Functions changes summary: 0 Removed, 0 Changed (4 filtered out), 0 Added (12 filtered out) functions
Variables changes summary: 0 Removed, 0 Changed (1 filtered out), 0 Added variable

Functions changes summary: 0 Removed, 0 Changed, 0 Added (5 filtered out) functions
Variables changes summary: 0 Removed, 0 Changed, 0 Added variable

Functions changes summary: 0 Removed, 0 Changed (215 filtered out), 0 Added (2 filtered out) functions
Variables changes summary: 0 Removed, 0 Changed, 0 Added variable

==== End log output ====

Fedora Linux 40
	Kernel: 5.15
	Compiler: gcc gcc (GCC) 14.2.1 20240912 (Red Hat 14.2.1-3)

Debian GNU/Linux 12
	Kernel: 5.15
	Compiler: gcc gcc (Debian 12.2.0-14+deb12u1) 12.2.0

CentOS Stream 9
	Kernel: 5.15
	Compiler: gcc gcc (GCC) 11.5.0 20240719 (Red Hat 11.5.0-7)

CentOS Stream 10
	Kernel: 5.15
	Compiler: gcc gcc (GCC) 14.2.1 20250110 (Red Hat 14.2.1-8)

Fedora Linux 41
	Kernel: 5.15
	Compiler: clang gcc (GCC) 14.3.1 20250523 (Red Hat 14.3.1-1)

Ubuntu 22.04
	Kernel: 5.15
	Compiler: gcc gcc (Ubuntu 11.4.0-1ubuntu1~22.04) 11.4.0

Red Hat Enterprise Linux 8.10
	Kernel: 5.15
	Compiler: gcc gcc (GCC) 8.5.0 20210514 (Red Hat 8.5.0-22)

Red Hat Enterprise Linux 9.5
	Kernel: 5.15
	Compiler: gcc gcc (GCC) 11.5.0 20240719 (Red Hat 11.5.0-2)

openSUSE Leap 15.6
	Kernel: 5.15
	Compiler: gcc gcc (SUSE Linux) 7.5.0

Ubuntu 24.04
	Kernel: 5.15
	Compiler: gcc gcc (Ubuntu 13.3.0-6ubuntu2~24.04) 13.3.0

To view detailed results, visit:
https://lab.dpdk.org/results/dashboard/patchsets/33730/

UNH-IOL DPDK Community Lab

To manage your email subscriptions, visit: 
https://lab.dpdk.org/results/dashboard/preferences/subscriptions/

^ permalink raw reply	[flat|nested] 27+ messages in thread

* |FAILURE| pw155433-155445 [PATCH] [v6,13/13] pdump: mark API and app
       [not found] <20250722173552.184141-14-stephen@networkplumber.org>
                   ` (19 preceding siblings ...)
  2025-07-22 23:25 ` dpdklab
@ 2025-07-22 23:25 ` dpdklab
  2025-07-22 23:26 ` dpdklab
                   ` (5 subsequent siblings)
  26 siblings, 0 replies; 27+ messages in thread
From: dpdklab @ 2025-07-22 23:25 UTC (permalink / raw)
  To: Test Report; +Cc: dpdk-test-reports, Stephen Hemminger

Test-Label: iol-abi-testing
Test-Status: FAILURE
http://dpdk.org/patch/155445

_Testing issues_

Submitter: Stephen Hemminger <stephen@networkplumber.org>
Date: Tuesday, July 22 2025 17:34:44 
DPDK git baseline: Repo:dpdk
  Branch: master
  CommitID:b222395561638f89562e4ef42e1eabf2d6db43dd

155433-155445 --> testing issues

Upstream job id: Generic-DPDK-Compile-ABI#135322

Test environment and result as below:

+-------------------------------+----------+
|          Environment          | abi_test |
+===============================+==========+
| Fedora Linux 40               | FAIL     |
+-------------------------------+----------+
| Debian GNU/Linux 12           | FAIL     |
+-------------------------------+----------+
| CentOS Stream 9               | FAIL     |
+-------------------------------+----------+
| CentOS Stream 10              | FAIL     |
+-------------------------------+----------+
| Fedora Linux 41               | FAIL     |
+-------------------------------+----------+
| Ubuntu 22.04                  | FAIL     |
+-------------------------------+----------+
| Red Hat Enterprise Linux 8.10 | FAIL     |
+-------------------------------+----------+
| Red Hat Enterprise Linux 9.5  | FAIL     |
+-------------------------------+----------+
| openSUSE Leap 15.6            | FAIL     |
+-------------------------------+----------+
| Ubuntu 24.04                  | FAIL     |
+-------------------------------+----------+

==== 20 line log output for Ubuntu 24.04 (abi_test): ====
Variables changes summary: 0 Removed, 0 Changed, 0 Added variable

Functions changes summary: 0 Removed, 0 Changed (2 filtered out), 0 Added functions
Variables changes summary: 0 Removed, 0 Changed, 0 Added variable

Functions changes summary: 0 Removed, 0 Changed (5 filtered out), 0 Added functions
Variables changes summary: 0 Removed, 0 Changed, 0 Added variable

Functions changes summary: 0 Removed, 0 Changed (296 filtered out), 0 Added (11 filtered out) functions
Variables changes summary: 0 Removed, 0 Changed, 0 Added variable

Functions changes summary: 0 Removed, 0 Changed (4 filtered out), 0 Added (12 filtered out) functions
Variables changes summary: 0 Removed, 0 Changed (1 filtered out), 0 Added variable

Functions changes summary: 0 Removed, 0 Changed, 0 Added (5 filtered out) functions
Variables changes summary: 0 Removed, 0 Changed, 0 Added variable

Functions changes summary: 0 Removed, 0 Changed (215 filtered out), 0 Added (2 filtered out) functions
Variables changes summary: 0 Removed, 0 Changed, 0 Added variable

==== End log output ====

Fedora Linux 40
	Kernel: 5.15
	Compiler: gcc gcc (GCC) 14.2.1 20240912 (Red Hat 14.2.1-3)

Debian GNU/Linux 12
	Kernel: 5.15
	Compiler: gcc gcc (Debian 12.2.0-14+deb12u1) 12.2.0

CentOS Stream 9
	Kernel: 5.15
	Compiler: gcc gcc (GCC) 11.5.0 20240719 (Red Hat 11.5.0-7)

CentOS Stream 10
	Kernel: 5.15
	Compiler: gcc gcc (GCC) 14.2.1 20250110 (Red Hat 14.2.1-8)

Fedora Linux 41
	Kernel: 5.15
	Compiler: clang gcc (GCC) 14.3.1 20250523 (Red Hat 14.3.1-1)

Ubuntu 22.04
	Kernel: 5.15
	Compiler: gcc gcc (Ubuntu 11.4.0-1ubuntu1~22.04) 11.4.0

Red Hat Enterprise Linux 8.10
	Kernel: 5.15
	Compiler: gcc gcc (GCC) 8.5.0 20210514 (Red Hat 8.5.0-22)

Red Hat Enterprise Linux 9.5
	Kernel: 5.15
	Compiler: gcc gcc (GCC) 11.5.0 20240719 (Red Hat 11.5.0-2)

openSUSE Leap 15.6
	Kernel: 5.15
	Compiler: gcc gcc (SUSE Linux) 7.5.0

Ubuntu 24.04
	Kernel: 5.15
	Compiler: gcc gcc (Ubuntu 13.3.0-6ubuntu2~24.04) 13.3.0

To view detailed results, visit:
https://lab.dpdk.org/results/dashboard/patchsets/33730/

UNH-IOL DPDK Community Lab

To manage your email subscriptions, visit: 
https://lab.dpdk.org/results/dashboard/preferences/subscriptions/

^ permalink raw reply	[flat|nested] 27+ messages in thread

* |FAILURE| pw155433-155445 [PATCH] [v6,13/13] pdump: mark API and app
       [not found] <20250722173552.184141-14-stephen@networkplumber.org>
                   ` (20 preceding siblings ...)
  2025-07-22 23:25 ` dpdklab
@ 2025-07-22 23:26 ` dpdklab
  2025-07-22 23:26 ` dpdklab
                   ` (4 subsequent siblings)
  26 siblings, 0 replies; 27+ messages in thread
From: dpdklab @ 2025-07-22 23:26 UTC (permalink / raw)
  To: Test Report; +Cc: dpdk-test-reports, Stephen Hemminger

Test-Label: iol-abi-testing
Test-Status: FAILURE
http://dpdk.org/patch/155445

_Testing issues_

Submitter: Stephen Hemminger <stephen@networkplumber.org>
Date: Tuesday, July 22 2025 17:34:44 
DPDK git baseline: Repo:dpdk
  Branch: master
  CommitID:b222395561638f89562e4ef42e1eabf2d6db43dd

155433-155445 --> testing issues

Upstream job id: Generic-DPDK-Compile-ABI#135326

Test environment and result as below:

+-------------------------------+----------+
|          Environment          | abi_test |
+===============================+==========+
| Fedora Linux 40               | FAIL     |
+-------------------------------+----------+
| Debian GNU/Linux 12           | FAIL     |
+-------------------------------+----------+
| CentOS Stream 9               | FAIL     |
+-------------------------------+----------+
| CentOS Stream 10              | FAIL     |
+-------------------------------+----------+
| Fedora Linux 41               | FAIL     |
+-------------------------------+----------+
| Ubuntu 22.04                  | FAIL     |
+-------------------------------+----------+
| Red Hat Enterprise Linux 8.10 | FAIL     |
+-------------------------------+----------+
| Red Hat Enterprise Linux 9.5  | FAIL     |
+-------------------------------+----------+
| openSUSE Leap 15.6            | FAIL     |
+-------------------------------+----------+
| Ubuntu 24.04                  | FAIL     |
+-------------------------------+----------+

==== 20 line log output for Ubuntu 24.04 (abi_test): ====
Variables changes summary: 0 Removed, 0 Changed, 0 Added variable

Functions changes summary: 0 Removed, 0 Changed (2 filtered out), 0 Added functions
Variables changes summary: 0 Removed, 0 Changed, 0 Added variable

Functions changes summary: 0 Removed, 0 Changed (5 filtered out), 0 Added functions
Variables changes summary: 0 Removed, 0 Changed, 0 Added variable

Functions changes summary: 0 Removed, 0 Changed (296 filtered out), 0 Added (11 filtered out) functions
Variables changes summary: 0 Removed, 0 Changed, 0 Added variable

Functions changes summary: 0 Removed, 0 Changed (4 filtered out), 0 Added (12 filtered out) functions
Variables changes summary: 0 Removed, 0 Changed (1 filtered out), 0 Added variable

Functions changes summary: 0 Removed, 0 Changed, 0 Added (5 filtered out) functions
Variables changes summary: 0 Removed, 0 Changed, 0 Added variable

Functions changes summary: 0 Removed, 0 Changed (215 filtered out), 0 Added (2 filtered out) functions
Variables changes summary: 0 Removed, 0 Changed, 0 Added variable

==== End log output ====

Fedora Linux 40
	Kernel: 5.15
	Compiler: gcc gcc (GCC) 14.2.1 20240912 (Red Hat 14.2.1-3)

Debian GNU/Linux 12
	Kernel: 5.15
	Compiler: gcc gcc (Debian 12.2.0-14+deb12u1) 12.2.0

CentOS Stream 9
	Kernel: 5.15
	Compiler: gcc gcc (GCC) 11.5.0 20240719 (Red Hat 11.5.0-7)

CentOS Stream 10
	Kernel: 5.15
	Compiler: gcc gcc (GCC) 14.2.1 20250110 (Red Hat 14.2.1-8)

Fedora Linux 41
	Kernel: 5.15
	Compiler: clang gcc (GCC) 14.3.1 20250523 (Red Hat 14.3.1-1)

Ubuntu 22.04
	Kernel: 5.15
	Compiler: gcc gcc (Ubuntu 11.4.0-1ubuntu1~22.04) 11.4.0

Red Hat Enterprise Linux 8.10
	Kernel: 5.15
	Compiler: gcc gcc (GCC) 8.5.0 20210514 (Red Hat 8.5.0-22)

Red Hat Enterprise Linux 9.5
	Kernel: 5.15
	Compiler: gcc gcc (GCC) 11.5.0 20240719 (Red Hat 11.5.0-2)

openSUSE Leap 15.6
	Kernel: 5.15
	Compiler: gcc gcc (SUSE Linux) 7.5.0

Ubuntu 24.04
	Kernel: 5.15
	Compiler: gcc gcc (Ubuntu 13.3.0-6ubuntu2~24.04) 13.3.0

To view detailed results, visit:
https://lab.dpdk.org/results/dashboard/patchsets/33730/

UNH-IOL DPDK Community Lab

To manage your email subscriptions, visit: 
https://lab.dpdk.org/results/dashboard/preferences/subscriptions/

^ permalink raw reply	[flat|nested] 27+ messages in thread

* |FAILURE| pw155433-155445 [PATCH] [v6,13/13] pdump: mark API and app
       [not found] <20250722173552.184141-14-stephen@networkplumber.org>
                   ` (21 preceding siblings ...)
  2025-07-22 23:26 ` dpdklab
@ 2025-07-22 23:26 ` dpdklab
  2025-07-22 23:27 ` dpdklab
                   ` (3 subsequent siblings)
  26 siblings, 0 replies; 27+ messages in thread
From: dpdklab @ 2025-07-22 23:26 UTC (permalink / raw)
  To: Test Report; +Cc: dpdk-test-reports, Stephen Hemminger

Test-Label: iol-abi-testing
Test-Status: FAILURE
http://dpdk.org/patch/155445

_Testing issues_

Submitter: Stephen Hemminger <stephen@networkplumber.org>
Date: Tuesday, July 22 2025 17:34:44 
DPDK git baseline: Repo:dpdk
  Branch: master
  CommitID:b222395561638f89562e4ef42e1eabf2d6db43dd

155433-155445 --> testing issues

Upstream job id: Generic-DPDK-Compile-ABI#135323

Test environment and result as below:

+-------------------------------+----------+
|          Environment          | abi_test |
+===============================+==========+
| Fedora Linux 40               | FAIL     |
+-------------------------------+----------+
| Debian GNU/Linux 12           | FAIL     |
+-------------------------------+----------+
| CentOS Stream 9               | FAIL     |
+-------------------------------+----------+
| CentOS Stream 10              | FAIL     |
+-------------------------------+----------+
| Fedora Linux 41               | FAIL     |
+-------------------------------+----------+
| Ubuntu 22.04                  | FAIL     |
+-------------------------------+----------+
| Red Hat Enterprise Linux 8.10 | FAIL     |
+-------------------------------+----------+
| Red Hat Enterprise Linux 9.5  | FAIL     |
+-------------------------------+----------+
| openSUSE Leap 15.6            | FAIL     |
+-------------------------------+----------+
| Ubuntu 24.04                  | FAIL     |
+-------------------------------+----------+

==== 20 line log output for Ubuntu 24.04 (abi_test): ====
Variables changes summary: 0 Removed, 0 Changed, 0 Added variable

Functions changes summary: 0 Removed, 0 Changed (2 filtered out), 0 Added functions
Variables changes summary: 0 Removed, 0 Changed, 0 Added variable

Functions changes summary: 0 Removed, 0 Changed (5 filtered out), 0 Added functions
Variables changes summary: 0 Removed, 0 Changed, 0 Added variable

Functions changes summary: 0 Removed, 0 Changed (296 filtered out), 0 Added (11 filtered out) functions
Variables changes summary: 0 Removed, 0 Changed, 0 Added variable

Functions changes summary: 0 Removed, 0 Changed (4 filtered out), 0 Added (12 filtered out) functions
Variables changes summary: 0 Removed, 0 Changed (1 filtered out), 0 Added variable

Functions changes summary: 0 Removed, 0 Changed, 0 Added (5 filtered out) functions
Variables changes summary: 0 Removed, 0 Changed, 0 Added variable

Functions changes summary: 0 Removed, 0 Changed (215 filtered out), 0 Added (2 filtered out) functions
Variables changes summary: 0 Removed, 0 Changed, 0 Added variable

==== End log output ====

Fedora Linux 40
	Kernel: 5.15
	Compiler: gcc gcc (GCC) 14.2.1 20240912 (Red Hat 14.2.1-3)

Debian GNU/Linux 12
	Kernel: 5.15
	Compiler: gcc gcc (Debian 12.2.0-14+deb12u1) 12.2.0

CentOS Stream 9
	Kernel: 5.15
	Compiler: gcc gcc (GCC) 11.5.0 20240719 (Red Hat 11.5.0-7)

CentOS Stream 10
	Kernel: 5.15
	Compiler: gcc gcc (GCC) 14.2.1 20250110 (Red Hat 14.2.1-8)

Fedora Linux 41
	Kernel: 5.15
	Compiler: clang gcc (GCC) 14.3.1 20250523 (Red Hat 14.3.1-1)

Ubuntu 22.04
	Kernel: 5.15
	Compiler: gcc gcc (Ubuntu 11.4.0-1ubuntu1~22.04) 11.4.0

Red Hat Enterprise Linux 8.10
	Kernel: 5.15
	Compiler: gcc gcc (GCC) 8.5.0 20210514 (Red Hat 8.5.0-22)

Red Hat Enterprise Linux 9.5
	Kernel: 5.15
	Compiler: gcc gcc (GCC) 11.5.0 20240719 (Red Hat 11.5.0-2)

openSUSE Leap 15.6
	Kernel: 5.15
	Compiler: gcc gcc (SUSE Linux) 7.5.0

Ubuntu 24.04
	Kernel: 5.15
	Compiler: gcc gcc (Ubuntu 13.3.0-6ubuntu2~24.04) 13.3.0

To view detailed results, visit:
https://lab.dpdk.org/results/dashboard/patchsets/33730/

UNH-IOL DPDK Community Lab

To manage your email subscriptions, visit: 
https://lab.dpdk.org/results/dashboard/preferences/subscriptions/

^ permalink raw reply	[flat|nested] 27+ messages in thread

* |FAILURE| pw155433-155445 [PATCH] [v6,13/13] pdump: mark API and app
       [not found] <20250722173552.184141-14-stephen@networkplumber.org>
                   ` (22 preceding siblings ...)
  2025-07-22 23:26 ` dpdklab
@ 2025-07-22 23:27 ` dpdklab
  2025-07-22 23:28 ` dpdklab
                   ` (2 subsequent siblings)
  26 siblings, 0 replies; 27+ messages in thread
From: dpdklab @ 2025-07-22 23:27 UTC (permalink / raw)
  To: Test Report; +Cc: dpdk-test-reports, Stephen Hemminger

Test-Label: iol-abi-testing
Test-Status: FAILURE
http://dpdk.org/patch/155445

_Testing issues_

Submitter: Stephen Hemminger <stephen@networkplumber.org>
Date: Tuesday, July 22 2025 17:34:44 
DPDK git baseline: Repo:dpdk
  Branch: master
  CommitID:b222395561638f89562e4ef42e1eabf2d6db43dd

155433-155445 --> testing issues

Upstream job id: Generic-DPDK-Compile-ABI#135321

Test environment and result as below:

+-------------------------------+----------+
|          Environment          | abi_test |
+===============================+==========+
| Fedora Linux 40               | FAIL     |
+-------------------------------+----------+
| Debian GNU/Linux 12           | FAIL     |
+-------------------------------+----------+
| CentOS Stream 9               | FAIL     |
+-------------------------------+----------+
| CentOS Stream 10              | FAIL     |
+-------------------------------+----------+
| Fedora Linux 41               | FAIL     |
+-------------------------------+----------+
| Ubuntu 22.04                  | FAIL     |
+-------------------------------+----------+
| Red Hat Enterprise Linux 8.10 | FAIL     |
+-------------------------------+----------+
| Red Hat Enterprise Linux 9.5  | FAIL     |
+-------------------------------+----------+
| openSUSE Leap 15.6            | FAIL     |
+-------------------------------+----------+
| Ubuntu 24.04                  | FAIL     |
+-------------------------------+----------+

==== 20 line log output for Ubuntu 24.04 (abi_test): ====
Variables changes summary: 0 Removed, 0 Changed, 0 Added variable

Functions changes summary: 0 Removed, 0 Changed (2 filtered out), 0 Added functions
Variables changes summary: 0 Removed, 0 Changed, 0 Added variable

Functions changes summary: 0 Removed, 0 Changed (5 filtered out), 0 Added functions
Variables changes summary: 0 Removed, 0 Changed, 0 Added variable

Functions changes summary: 0 Removed, 0 Changed (296 filtered out), 0 Added (11 filtered out) functions
Variables changes summary: 0 Removed, 0 Changed, 0 Added variable

Functions changes summary: 0 Removed, 0 Changed (4 filtered out), 0 Added (12 filtered out) functions
Variables changes summary: 0 Removed, 0 Changed (1 filtered out), 0 Added variable

Functions changes summary: 0 Removed, 0 Changed, 0 Added (5 filtered out) functions
Variables changes summary: 0 Removed, 0 Changed, 0 Added variable

Functions changes summary: 0 Removed, 0 Changed (215 filtered out), 0 Added (2 filtered out) functions
Variables changes summary: 0 Removed, 0 Changed, 0 Added variable

==== End log output ====

Fedora Linux 40
	Kernel: 5.15
	Compiler: gcc gcc (GCC) 14.2.1 20240912 (Red Hat 14.2.1-3)

Debian GNU/Linux 12
	Kernel: 5.15
	Compiler: gcc gcc (Debian 12.2.0-14+deb12u1) 12.2.0

CentOS Stream 9
	Kernel: 5.15
	Compiler: gcc gcc (GCC) 11.5.0 20240719 (Red Hat 11.5.0-7)

CentOS Stream 10
	Kernel: 5.15
	Compiler: gcc gcc (GCC) 14.2.1 20250110 (Red Hat 14.2.1-8)

Fedora Linux 41
	Kernel: 5.15
	Compiler: clang gcc (GCC) 14.3.1 20250523 (Red Hat 14.3.1-1)

Ubuntu 22.04
	Kernel: 5.15
	Compiler: gcc gcc (Ubuntu 11.4.0-1ubuntu1~22.04) 11.4.0

Red Hat Enterprise Linux 8.10
	Kernel: 5.15
	Compiler: gcc gcc (GCC) 8.5.0 20210514 (Red Hat 8.5.0-22)

Red Hat Enterprise Linux 9.5
	Kernel: 5.15
	Compiler: gcc gcc (GCC) 11.5.0 20240719 (Red Hat 11.5.0-2)

openSUSE Leap 15.6
	Kernel: 5.15
	Compiler: gcc gcc (SUSE Linux) 7.5.0

Ubuntu 24.04
	Kernel: 5.15
	Compiler: gcc gcc (Ubuntu 13.3.0-6ubuntu2~24.04) 13.3.0

To view detailed results, visit:
https://lab.dpdk.org/results/dashboard/patchsets/33730/

UNH-IOL DPDK Community Lab

To manage your email subscriptions, visit: 
https://lab.dpdk.org/results/dashboard/preferences/subscriptions/

^ permalink raw reply	[flat|nested] 27+ messages in thread

* |FAILURE| pw155433-155445 [PATCH] [v6,13/13] pdump: mark API and app
       [not found] <20250722173552.184141-14-stephen@networkplumber.org>
                   ` (23 preceding siblings ...)
  2025-07-22 23:27 ` dpdklab
@ 2025-07-22 23:28 ` dpdklab
  2025-07-22 23:28 ` dpdklab
  2025-07-22 23:29 ` dpdklab
  26 siblings, 0 replies; 27+ messages in thread
From: dpdklab @ 2025-07-22 23:28 UTC (permalink / raw)
  To: Test Report; +Cc: dpdk-test-reports, Stephen Hemminger

Test-Label: iol-abi-testing
Test-Status: FAILURE
http://dpdk.org/patch/155445

_Testing issues_

Submitter: Stephen Hemminger <stephen@networkplumber.org>
Date: Tuesday, July 22 2025 17:34:44 
DPDK git baseline: Repo:dpdk
  Branch: master
  CommitID:b222395561638f89562e4ef42e1eabf2d6db43dd

155433-155445 --> testing issues

Upstream job id: Generic-DPDK-Compile-ABI#135324

Test environment and result as below:

+-------------------------------+----------+
|          Environment          | abi_test |
+===============================+==========+
| Fedora Linux 40               | FAIL     |
+-------------------------------+----------+
| Debian GNU/Linux 12           | FAIL     |
+-------------------------------+----------+
| CentOS Stream 9               | FAIL     |
+-------------------------------+----------+
| CentOS Stream 10              | FAIL     |
+-------------------------------+----------+
| Fedora Linux 41               | FAIL     |
+-------------------------------+----------+
| Ubuntu 22.04                  | FAIL     |
+-------------------------------+----------+
| Red Hat Enterprise Linux 8.10 | FAIL     |
+-------------------------------+----------+
| Red Hat Enterprise Linux 9.5  | FAIL     |
+-------------------------------+----------+
| openSUSE Leap 15.6            | FAIL     |
+-------------------------------+----------+
| Ubuntu 24.04                  | FAIL     |
+-------------------------------+----------+

==== 20 line log output for Ubuntu 24.04 (abi_test): ====
Variables changes summary: 0 Removed, 0 Changed, 0 Added variable

Functions changes summary: 0 Removed, 0 Changed (2 filtered out), 0 Added functions
Variables changes summary: 0 Removed, 0 Changed, 0 Added variable

Functions changes summary: 0 Removed, 0 Changed (5 filtered out), 0 Added functions
Variables changes summary: 0 Removed, 0 Changed, 0 Added variable

Functions changes summary: 0 Removed, 0 Changed (296 filtered out), 0 Added (11 filtered out) functions
Variables changes summary: 0 Removed, 0 Changed, 0 Added variable

Functions changes summary: 0 Removed, 0 Changed (4 filtered out), 0 Added (12 filtered out) functions
Variables changes summary: 0 Removed, 0 Changed (1 filtered out), 0 Added variable

Functions changes summary: 0 Removed, 0 Changed, 0 Added (5 filtered out) functions
Variables changes summary: 0 Removed, 0 Changed, 0 Added variable

Functions changes summary: 0 Removed, 0 Changed (215 filtered out), 0 Added (2 filtered out) functions
Variables changes summary: 0 Removed, 0 Changed, 0 Added variable

==== End log output ====

Fedora Linux 40
	Kernel: 5.15
	Compiler: gcc gcc (GCC) 14.2.1 20240912 (Red Hat 14.2.1-3)

Debian GNU/Linux 12
	Kernel: 5.15
	Compiler: gcc gcc (Debian 12.2.0-14+deb12u1) 12.2.0

CentOS Stream 9
	Kernel: 5.15
	Compiler: gcc gcc (GCC) 11.5.0 20240719 (Red Hat 11.5.0-7)

CentOS Stream 10
	Kernel: 5.15
	Compiler: gcc gcc (GCC) 14.2.1 20250110 (Red Hat 14.2.1-8)

Fedora Linux 41
	Kernel: 5.15
	Compiler: clang gcc (GCC) 14.3.1 20250523 (Red Hat 14.3.1-1)

Ubuntu 22.04
	Kernel: 5.15
	Compiler: gcc gcc (Ubuntu 11.4.0-1ubuntu1~22.04) 11.4.0

Red Hat Enterprise Linux 8.10
	Kernel: 5.15
	Compiler: gcc gcc (GCC) 8.5.0 20210514 (Red Hat 8.5.0-22)

Red Hat Enterprise Linux 9.5
	Kernel: 5.15
	Compiler: gcc gcc (GCC) 11.5.0 20240719 (Red Hat 11.5.0-2)

openSUSE Leap 15.6
	Kernel: 5.15
	Compiler: gcc gcc (SUSE Linux) 7.5.0

Ubuntu 24.04
	Kernel: 5.15
	Compiler: gcc gcc (Ubuntu 13.3.0-6ubuntu2~24.04) 13.3.0

To view detailed results, visit:
https://lab.dpdk.org/results/dashboard/patchsets/33730/

UNH-IOL DPDK Community Lab

To manage your email subscriptions, visit: 
https://lab.dpdk.org/results/dashboard/preferences/subscriptions/

^ permalink raw reply	[flat|nested] 27+ messages in thread

* |FAILURE| pw155433-155445 [PATCH] [v6,13/13] pdump: mark API and app
       [not found] <20250722173552.184141-14-stephen@networkplumber.org>
                   ` (24 preceding siblings ...)
  2025-07-22 23:28 ` dpdklab
@ 2025-07-22 23:28 ` dpdklab
  2025-07-22 23:29 ` dpdklab
  26 siblings, 0 replies; 27+ messages in thread
From: dpdklab @ 2025-07-22 23:28 UTC (permalink / raw)
  To: Test Report; +Cc: dpdk-test-reports, Stephen Hemminger

Test-Label: iol-abi-testing
Test-Status: FAILURE
http://dpdk.org/patch/155445

_Testing issues_

Submitter: Stephen Hemminger <stephen@networkplumber.org>
Date: Tuesday, July 22 2025 17:34:44 
DPDK git baseline: Repo:dpdk
  Branch: master
  CommitID:b222395561638f89562e4ef42e1eabf2d6db43dd

155433-155445 --> testing issues

Upstream job id: Generic-DPDK-Compile-ABI#135320

Test environment and result as below:

+-------------------------------+----------+
|          Environment          | abi_test |
+===============================+==========+
| Fedora Linux 40               | FAIL     |
+-------------------------------+----------+
| Debian GNU/Linux 12           | FAIL     |
+-------------------------------+----------+
| CentOS Stream 9               | FAIL     |
+-------------------------------+----------+
| CentOS Stream 10              | FAIL     |
+-------------------------------+----------+
| Fedora Linux 41               | FAIL     |
+-------------------------------+----------+
| Ubuntu 22.04                  | FAIL     |
+-------------------------------+----------+
| Red Hat Enterprise Linux 8.10 | FAIL     |
+-------------------------------+----------+
| Red Hat Enterprise Linux 9.5  | FAIL     |
+-------------------------------+----------+
| openSUSE Leap 15.6            | FAIL     |
+-------------------------------+----------+
| Ubuntu 24.04                  | FAIL     |
+-------------------------------+----------+

==== 20 line log output for Ubuntu 24.04 (abi_test): ====
Variables changes summary: 0 Removed, 0 Changed, 0 Added variable

Functions changes summary: 0 Removed, 0 Changed (2 filtered out), 0 Added functions
Variables changes summary: 0 Removed, 0 Changed, 0 Added variable

Functions changes summary: 0 Removed, 0 Changed (5 filtered out), 0 Added functions
Variables changes summary: 0 Removed, 0 Changed, 0 Added variable

Functions changes summary: 0 Removed, 0 Changed (296 filtered out), 0 Added (11 filtered out) functions
Variables changes summary: 0 Removed, 0 Changed, 0 Added variable

Functions changes summary: 0 Removed, 0 Changed (4 filtered out), 0 Added (12 filtered out) functions
Variables changes summary: 0 Removed, 0 Changed (1 filtered out), 0 Added variable

Functions changes summary: 0 Removed, 0 Changed, 0 Added (5 filtered out) functions
Variables changes summary: 0 Removed, 0 Changed, 0 Added variable

Functions changes summary: 0 Removed, 0 Changed (215 filtered out), 0 Added (2 filtered out) functions
Variables changes summary: 0 Removed, 0 Changed, 0 Added variable

==== End log output ====

Fedora Linux 40
	Kernel: 5.15
	Compiler: gcc gcc (GCC) 14.2.1 20240912 (Red Hat 14.2.1-3)

Debian GNU/Linux 12
	Kernel: 5.15
	Compiler: gcc gcc (Debian 12.2.0-14+deb12u1) 12.2.0

CentOS Stream 9
	Kernel: 5.15
	Compiler: gcc gcc (GCC) 11.5.0 20240719 (Red Hat 11.5.0-7)

CentOS Stream 10
	Kernel: 5.15
	Compiler: gcc gcc (GCC) 14.2.1 20250110 (Red Hat 14.2.1-8)

Fedora Linux 41
	Kernel: 5.15
	Compiler: clang gcc (GCC) 14.3.1 20250523 (Red Hat 14.3.1-1)

Ubuntu 22.04
	Kernel: 5.15
	Compiler: gcc gcc (Ubuntu 11.4.0-1ubuntu1~22.04) 11.4.0

Red Hat Enterprise Linux 8.10
	Kernel: 5.15
	Compiler: gcc gcc (GCC) 8.5.0 20210514 (Red Hat 8.5.0-22)

Red Hat Enterprise Linux 9.5
	Kernel: 5.15
	Compiler: gcc gcc (GCC) 11.5.0 20240719 (Red Hat 11.5.0-2)

openSUSE Leap 15.6
	Kernel: 5.15
	Compiler: gcc gcc (SUSE Linux) 7.5.0

Ubuntu 24.04
	Kernel: 5.15
	Compiler: gcc gcc (Ubuntu 13.3.0-6ubuntu2~24.04) 13.3.0

To view detailed results, visit:
https://lab.dpdk.org/results/dashboard/patchsets/33730/

UNH-IOL DPDK Community Lab

To manage your email subscriptions, visit: 
https://lab.dpdk.org/results/dashboard/preferences/subscriptions/

^ permalink raw reply	[flat|nested] 27+ messages in thread

* |FAILURE| pw155433-155445 [PATCH] [v6,13/13] pdump: mark API and app
       [not found] <20250722173552.184141-14-stephen@networkplumber.org>
                   ` (25 preceding siblings ...)
  2025-07-22 23:28 ` dpdklab
@ 2025-07-22 23:29 ` dpdklab
  26 siblings, 0 replies; 27+ messages in thread
From: dpdklab @ 2025-07-22 23:29 UTC (permalink / raw)
  To: Test Report; +Cc: dpdk-test-reports, Stephen Hemminger

Test-Label: iol-abi-testing
Test-Status: FAILURE
http://dpdk.org/patch/155445

_Testing issues_

Submitter: Stephen Hemminger <stephen@networkplumber.org>
Date: Tuesday, July 22 2025 17:34:44 
DPDK git baseline: Repo:dpdk
  Branch: master
  CommitID:b222395561638f89562e4ef42e1eabf2d6db43dd

155433-155445 --> testing issues

Upstream job id: Generic-DPDK-Compile-ABI#135329

Test environment and result as below:

+-------------------------------+----------+
|          Environment          | abi_test |
+===============================+==========+
| Fedora Linux 40               | FAIL     |
+-------------------------------+----------+
| Debian GNU/Linux 12           | FAIL     |
+-------------------------------+----------+
| CentOS Stream 9               | FAIL     |
+-------------------------------+----------+
| CentOS Stream 10              | FAIL     |
+-------------------------------+----------+
| Fedora Linux 41               | FAIL     |
+-------------------------------+----------+
| Ubuntu 22.04                  | FAIL     |
+-------------------------------+----------+
| Red Hat Enterprise Linux 8.10 | FAIL     |
+-------------------------------+----------+
| Red Hat Enterprise Linux 9.5  | FAIL     |
+-------------------------------+----------+
| openSUSE Leap 15.6            | FAIL     |
+-------------------------------+----------+
| Ubuntu 24.04                  | FAIL     |
+-------------------------------+----------+

==== 20 line log output for Ubuntu 24.04 (abi_test): ====
Variables changes summary: 0 Removed, 0 Changed, 0 Added variable

Functions changes summary: 0 Removed, 0 Changed (2 filtered out), 0 Added functions
Variables changes summary: 0 Removed, 0 Changed, 0 Added variable

Functions changes summary: 0 Removed, 0 Changed (5 filtered out), 0 Added functions
Variables changes summary: 0 Removed, 0 Changed, 0 Added variable

Functions changes summary: 0 Removed, 0 Changed (296 filtered out), 0 Added (11 filtered out) functions
Variables changes summary: 0 Removed, 0 Changed, 0 Added variable

Functions changes summary: 0 Removed, 0 Changed (4 filtered out), 0 Added (12 filtered out) functions
Variables changes summary: 0 Removed, 0 Changed (1 filtered out), 0 Added variable

Functions changes summary: 0 Removed, 0 Changed, 0 Added (5 filtered out) functions
Variables changes summary: 0 Removed, 0 Changed, 0 Added variable

Functions changes summary: 0 Removed, 0 Changed (215 filtered out), 0 Added (2 filtered out) functions
Variables changes summary: 0 Removed, 0 Changed, 0 Added variable

==== End log output ====

Fedora Linux 40
	Kernel: 5.15
	Compiler: gcc gcc (GCC) 14.2.1 20240912 (Red Hat 14.2.1-3)

Debian GNU/Linux 12
	Kernel: 5.15
	Compiler: gcc gcc (Debian 12.2.0-14+deb12u1) 12.2.0

CentOS Stream 9
	Kernel: 5.15
	Compiler: gcc gcc (GCC) 11.5.0 20240719 (Red Hat 11.5.0-7)

CentOS Stream 10
	Kernel: 5.15
	Compiler: gcc gcc (GCC) 14.2.1 20250110 (Red Hat 14.2.1-8)

Fedora Linux 41
	Kernel: 5.15
	Compiler: clang gcc (GCC) 14.3.1 20250523 (Red Hat 14.3.1-1)

Ubuntu 22.04
	Kernel: 5.15
	Compiler: gcc gcc (Ubuntu 11.4.0-1ubuntu1~22.04) 11.4.0

Red Hat Enterprise Linux 8.10
	Kernel: 5.15
	Compiler: gcc gcc (GCC) 8.5.0 20210514 (Red Hat 8.5.0-22)

Red Hat Enterprise Linux 9.5
	Kernel: 5.15
	Compiler: gcc gcc (GCC) 11.5.0 20240719 (Red Hat 11.5.0-2)

openSUSE Leap 15.6
	Kernel: 5.15
	Compiler: gcc gcc (SUSE Linux) 7.5.0

Ubuntu 24.04
	Kernel: 5.15
	Compiler: gcc gcc (Ubuntu 13.3.0-6ubuntu2~24.04) 13.3.0

To view detailed results, visit:
https://lab.dpdk.org/results/dashboard/patchsets/33730/

UNH-IOL DPDK Community Lab

To manage your email subscriptions, visit: 
https://lab.dpdk.org/results/dashboard/preferences/subscriptions/

^ permalink raw reply	[flat|nested] 27+ messages in thread

end of thread, other threads:[~2025-07-22 23:30 UTC | newest]

Thread overview: 27+ messages (download: mbox.gz / follow: Atom feed)
-- links below jump to the message on this page --
     [not found] <20250722173552.184141-14-stephen@networkplumber.org>
2025-07-22 17:17 ` |SUCCESS| pw155433-155445 [PATCH v6 13/13] pdump: mark API and application as deprecated qemudev
2025-07-22 17:22 ` qemudev
2025-07-22 17:35 ` |SUCCESS| pw155445 " checkpatch
2025-07-22 18:44 ` |FAILURE| " 0-day Robot
2025-07-22 19:04 ` |SUCCESS| pw155433-155445 [PATCH] [v6,13/13] pdump: mark API and app dpdklab
2025-07-22 19:12 ` dpdklab
2025-07-22 19:16 ` dpdklab
2025-07-22 19:21 ` dpdklab
2025-07-22 19:24 ` dpdklab
2025-07-22 19:33 ` dpdklab
2025-07-22 19:38 ` dpdklab
2025-07-22 19:43 ` |PENDING| " dpdklab
2025-07-22 20:05 ` |FAILURE| " dpdklab
2025-07-22 21:18 ` dpdklab
2025-07-22 21:18 ` |SUCCESS| " dpdklab
2025-07-22 21:22 ` |FAILURE| " dpdklab
2025-07-22 21:59 ` |SUCCESS| " dpdklab
2025-07-22 23:23 ` |FAILURE| " dpdklab
2025-07-22 23:24 ` dpdklab
2025-07-22 23:25 ` dpdklab
2025-07-22 23:25 ` dpdklab
2025-07-22 23:26 ` dpdklab
2025-07-22 23:26 ` dpdklab
2025-07-22 23:27 ` dpdklab
2025-07-22 23:28 ` dpdklab
2025-07-22 23:28 ` dpdklab
2025-07-22 23:29 ` dpdklab

This is a public inbox, see mirroring instructions
for how to clone and mirror all data and code used for this inbox;
as well as URLs for NNTP newsgroup(s).