automatic DPDK test reports
 help / color / mirror / Atom feed
From: qemudev@loongson.cn
To: test-report@dpdk.org
Subject: |SUCCESS| pw155447-155454 [PATCH v9 8/8] lib/pmu: fix out-of-bound access
Date: Wed, 23 Jul 2025 12:38:30 +0800	[thread overview]
Message-ID: <202507230438.56N4cUgQ1639705@localhost.localdomain> (raw)
In-Reply-To: <20250723044118.2962318-9-tduszynski@marvell.com>

Test-Label: loongarch-compilation
Test-Status: SUCCESS
http://dpdk.org/patch/155454

_Compilation OK_

Submitter: Tomasz Duszynski <tduszynski@marvell.com>
Date: Wed, 23 Jul 2025 06:41:11 +0200
DPDK git baseline: Repo:dpdk
  Branch: main
  CommitID: b222395561638f89562e4ef42e1eabf2d6db43dd

155447-155454 --> meson & ninja build successfully

Test environment and result as below:

+---------------------+----------------+
|     Environment     | compilation    |
+---------------------+----------------+
| Loongnix-Server 8.3 | PASS           |
+---------------------+----------------+

Loongnix-Server 8.3
    Kernel: 4.19.190+
    Compiler: gcc 8.3


       reply	other threads:[~2025-07-23  5:15 UTC|newest]

Thread overview: 31+ messages / expand[flat|nested]  mbox.gz  Atom feed  top
     [not found] <20250723044118.2962318-9-tduszynski@marvell.com>
2025-07-23  4:38 ` qemudev [this message]
2025-07-23  4:40 ` |SUCCESS| pw155454 " checkpatch
2025-07-23  4:42 ` |SUCCESS| pw155447-155454 " qemudev
2025-07-23  6:29 ` |SUCCESS| pw155447-155454 [PATCH] [v9,8/8] lib/pmu: fix out-of-bound dpdklab
2025-07-23  6:34 ` dpdklab
2025-07-23  6:43 ` |FAILURE| pw155454 [PATCH v9 8/8] lib/pmu: fix out-of-bound access 0-day Robot
2025-07-23  6:44 ` |PENDING| pw155447-155454 [PATCH] [v9,8/8] lib/pmu: fix out-of-bound dpdklab
2025-07-23  6:54 ` |SUCCESS| " dpdklab
2025-07-23  6:57 ` dpdklab
2025-07-23  7:06 ` dpdklab
2025-07-23  7:06 ` dpdklab
2025-07-23  7:08 ` dpdklab
2025-07-23  7:22 ` dpdklab
2025-07-23  7:36 ` |PENDING| " dpdklab
2025-07-23  9:09 ` |SUCCESS| " dpdklab
2025-07-23  9:12 ` |PENDING| " dpdklab
2025-07-23  9:54 ` |SUCCESS| " dpdklab
2025-07-23 10:57 ` dpdklab
2025-07-23 11:19 ` |PENDING| " dpdklab
2025-07-23 12:42 ` |SUCCESS| " dpdklab
2025-07-23 12:43 ` dpdklab
2025-07-23 12:44 ` dpdklab
2025-07-23 12:45 ` dpdklab
2025-07-23 15:07 ` |WARNING| " dpdklab
2025-07-23 15:07 ` dpdklab
2025-07-23 15:55 ` dpdklab
2025-07-23 15:55 ` dpdklab
2025-07-23 15:56 ` dpdklab
2025-07-23 15:59 ` dpdklab
2025-07-23 16:56 ` |SUCCESS| " dpdklab
2025-07-23 22:47 ` dpdklab

Reply instructions:

You may reply publicly to this message via plain-text email
using any one of the following methods:

* Save the following mbox file, import it into your mail client,
  and reply-to-all from there: mbox

  Avoid top-posting and favor interleaved quoting:
  https://en.wikipedia.org/wiki/Posting_style#Interleaved_style

* Reply using the --to, --cc, and --in-reply-to
  switches of git-send-email(1):

  git send-email \
    --in-reply-to=202507230438.56N4cUgQ1639705@localhost.localdomain \
    --to=qemudev@loongson.cn \
    --cc=test-report@dpdk.org \
    /path/to/YOUR_REPLY

  https://kernel.org/pub/software/scm/git/docs/git-send-email.html

* If your mail client supports setting the In-Reply-To header
  via mailto: links, try the mailto: link
Be sure your reply has a Subject: header at the top and a blank line before the message body.
This is a public inbox, see mirroring instructions
for how to clone and mirror all data and code used for this inbox;
as well as URLs for NNTP newsgroup(s).