automatic DPDK test reports
 help / color / mirror / Atom feed
* |SUCCESS| pw155497-155498 [PATCH 2/2] graph: add callback in dispatch mode
       [not found] <20250723165001.11162-3-cfontain@redhat.com>
@ 2025-07-23 16:17 ` qemudev
  2025-07-23 16:22 ` qemudev
                   ` (22 subsequent siblings)
  23 siblings, 0 replies; 24+ messages in thread
From: qemudev @ 2025-07-23 16:17 UTC (permalink / raw)
  To: test-report

Test-Label: loongarch-compilation
Test-Status: SUCCESS
http://dpdk.org/patch/155498

_Compilation OK_

Submitter: Christophe Fontaine <cfontain@redhat.com>
Date: Wed, 23 Jul 2025 18:50:00 +0200
DPDK git baseline: Repo:dpdk
  Branch: main
  CommitID: e3183a6edafdc41bfd71de1517f9e9ec85eb1276

155497-155498 --> meson & ninja build successfully

Test environment and result as below:

+---------------------+----------------+
|     Environment     | compilation    |
+---------------------+----------------+
| Loongnix-Server 8.3 | PASS           |
+---------------------+----------------+

Loongnix-Server 8.3
    Kernel: 4.19.190+
    Compiler: gcc 8.3


^ permalink raw reply	[flat|nested] 24+ messages in thread

* |SUCCESS| pw155497-155498 [PATCH 2/2] graph: add callback in dispatch mode
       [not found] <20250723165001.11162-3-cfontain@redhat.com>
  2025-07-23 16:17 ` |SUCCESS| pw155497-155498 [PATCH 2/2] graph: add callback in dispatch mode qemudev
@ 2025-07-23 16:22 ` qemudev
  2025-07-23 16:49 ` |SUCCESS| pw155498 " checkpatch
                   ` (21 subsequent siblings)
  23 siblings, 0 replies; 24+ messages in thread
From: qemudev @ 2025-07-23 16:22 UTC (permalink / raw)
  To: test-report

Test-Label: loongarch-unit-testing
Test-Status: SUCCESS
http://dpdk.org/patch/155498

_Unit Testing PASS_

Submitter: Christophe Fontaine <cfontain@redhat.com>
Date: Wed, 23 Jul 2025 18:50:00 +0200
DPDK git baseline: Repo:dpdk
  Branch: main
  CommitID: e3183a6edafdc41bfd71de1517f9e9ec85eb1276

155497-155498 --> testing pass

Test environment and result as below:

+---------------------+----------------+
|     Environment     | dpdk_unit_test |
+---------------------+----------------+
| Loongnix-Server 8.3 | PASS           |
+---------------------+----------------+

Loongnix-Server 8.3
    Kernel: 4.19.190+
    Compiler: gcc 8.3


Test result details:
  1/120 DPDK:fast-tests / acl_autotest                            OK              3.14s
  2/120 DPDK:fast-tests / alarm_autotest                          OK              1.42s
  3/120 DPDK:fast-tests / argparse_autotest                       OK              0.41s
  4/120 DPDK:fast-tests / atomic_autotest                         OK              7.32s
  5/120 DPDK:fast-tests / bitcount_autotest                       OK              0.59s
  6/120 DPDK:fast-tests / bitmap_autotest                         OK              0.57s
  7/120 DPDK:fast-tests / bitops_autotest                         OK              2.07s
  8/120 DPDK:fast-tests / bitratestats_autotest                   OK              0.58s
  9/120 DPDK:fast-tests / bitset_autotest                         OK              3.31s
 10/120 DPDK:fast-tests / bpf_autotest                            OK              0.58s
 11/120 DPDK:fast-tests / bpf_convert_autotest                    OK              0.58s
 12/120 DPDK:fast-tests / byteorder_autotest                      OK              0.57s
 13/120 DPDK:fast-tests / cfgfile_autotest                        OK              0.57s
 14/120 DPDK:fast-tests / cksum_autotest                          OK              0.57s
 15/120 DPDK:fast-tests / cmdline_autotest                        OK              0.58s
 16/120 DPDK:fast-tests / common_autotest                         OK              1.46s
 17/120 DPDK:fast-tests / compressdev_autotest                    SKIP            0.07s   exit status 77
 18/120 DPDK:fast-tests / cpuflags_autotest                       OK              0.58s
 19/120 DPDK:fast-tests / crc_autotest                            OK              0.58s
 20/120 DPDK:fast-tests / user_delay_us                           OK              0.58s
 21/120 DPDK:fast-tests / debug_autotest                          OK             21.85s
 22/120 DPDK:fast-tests / devargs_autotest                        OK              0.58s
 23/120 DPDK:fast-tests / dispatcher_autotest                     OK              2.52s
 24/120 DPDK:fast-tests / distributor_autotest                    OK              1.22s
 25/120 DPDK:fast-tests / eal_flags_c_opt_autotest                OK              1.02s
 26/120 DPDK:fast-tests / eal_flags_main_opt_autotest             OK              0.22s
 27/120 DPDK:fast-tests / eal_flags_n_opt_autotest                OK              0.20s
 28/120 DPDK:fast-tests / eal_flags_hpet_autotest                 OK              0.13s
 29/120 DPDK:fast-tests / eal_flags_no_huge_autotest              OK              0.22s
 30/120 DPDK:fast-tests / eal_flags_a_opt_autotest                OK              0.30s
 31/120 DPDK:fast-tests / eal_flags_b_opt_autotest                OK              0.25s
 32/120 DPDK:fast-tests / eal_flags_vdev_opt_autotest             OK              0.20s
 33/120 DPDK:fast-tests / eal_flags_r_opt_autotest                OK              0.18s
 34/120 DPDK:fast-tests / eal_flags_mem_autotest                  OK              0.59s
 35/120 DPDK:fast-tests / eal_flags_file_prefix_autotest          OK             23.18s
 36/120 DPDK:fast-tests / eal_flags_misc_autotest                 OK              1.04s
 37/120 DPDK:fast-tests / eal_fs_autotest                         OK              0.39s
 38/120 DPDK:fast-tests / errno_autotest                          OK              0.39s
 39/120 DPDK:fast-tests / ethdev_link_status                      OK              0.39s
 40/120 DPDK:fast-tests / event_eth_tx_adapter_autotest           OK              1.69s
 41/120 DPDK:fast-tests / event_ring_autotest                     OK              0.39s
 42/120 DPDK:fast-tests / eventdev_common_autotest                OK              0.39s
 43/120 DPDK:fast-tests / eventdev_selftest_sw                    OK              7.23s
 44/120 DPDK:fast-tests / fbarray_autotest                        OK              0.40s
 45/120 DPDK:fast-tests / fib_autotest                            OK              1.29s
 46/120 DPDK:fast-tests / fib6_autotest                           OK              1.11s
 47/120 DPDK:fast-tests / func_reentrancy_autotest                OK              2.26s
 48/120 DPDK:fast-tests / graph_autotest                          OK              0.57s
 49/120 DPDK:fast-tests / node_list_dump                          OK              0.64s
 50/120 DPDK:fast-tests / graph_feature_arc_autotest              OK              0.45s
 51/120 DPDK:fast-tests / hash_autotest                           OK              1.27s
 52/120 DPDK:fast-tests / hash_readwrite_func_autotest            OK              6.38s
 53/120 DPDK:fast-tests / interrupt_autotest                      OK              1.60s
 54/120 DPDK:fast-tests / ipfrag_autotest                         OK              0.08s
 55/120 DPDK:fast-tests / ipsec_autotest                          SKIP            0.60s   exit status 77
 56/120 DPDK:fast-tests / kvargs_autotest                         OK              0.40s
 57/120 DPDK:fast-tests / latencystats_autotest                   OK              0.40s
 58/120 DPDK:fast-tests / lcore_var_autotest                      OK              0.54s
 59/120 DPDK:fast-tests / lcores_autotest                         OK              5.21s
 60/120 DPDK:fast-tests / logs_autotest                           OK              0.40s
 61/120 DPDK:fast-tests / lpm_autotest                            OK              2.46s
 62/120 DPDK:fast-tests / lpm6_autotest                           OK              5.56s
 63/120 DPDK:fast-tests / malloc_autotest                         OK             60.68s
 64/120 DPDK:fast-tests / mbuf_autotest                           OK              4.87s
 65/120 DPDK:fast-tests / mcslock_autotest                        OK              4.20s
 66/120 DPDK:fast-tests / member_autotest                         OK              1.78s
 67/120 DPDK:fast-tests / memcpy_autotest                         OK              6.84s
 68/120 DPDK:fast-tests / memory_autotest                         OK              0.09s
 69/120 DPDK:fast-tests / mempool_autotest                        OK              0.44s
 70/120 DPDK:fast-tests / memzone_autotest                        OK              0.14s
 71/120 DPDK:fast-tests / meter_autotest                          OK              0.39s
 72/120 DPDK:fast-tests / metrics_autotest                        OK              0.51s
 73/120 DPDK:fast-tests / multiprocess_autotest                   OK              0.18s
 74/120 DPDK:fast-tests / net_ether_autotest                      OK              1.06s
 75/120 DPDK:fast-tests / net_ipv6_autotest                       OK              0.57s
 76/120 DPDK:fast-tests / pcapng_autotest                         OK              6.53s
 77/120 DPDK:fast-tests / pdcp_autotest                           SKIP            0.07s   exit status 77
 78/120 DPDK:fast-tests / pdump_autotest                          OK              0.50s
 79/120 DPDK:fast-tests / per_lcore_autotest                      OK              0.70s
 80/120 DPDK:fast-tests / pflock_autotest                         OK              1.21s
 81/120 DPDK:fast-tests / pie_autotest                            OK              0.40s
 82/120 DPDK:fast-tests / ring_pmd_autotest                       OK              0.40s
 83/120 DPDK:fast-tests / power_autotest                          OK              0.40s
 84/120 DPDK:fast-tests / power_cpufreq_autotest                  SKIP            0.07s   exit status 77
 85/120 DPDK:fast-tests / power_intel_uncore_autotest             SKIP            0.39s   exit status 77
 86/120 DPDK:fast-tests / power_kvm_vm_autotest                   SKIP            0.07s   exit status 77
 87/120 DPDK:fast-tests / prefetch_autotest                       OK              0.39s
 88/120 DPDK:fast-tests / ptr_compress_autotest                   OK              0.40s
 89/120 DPDK:fast-tests / rawdev_autotest                         OK              0.61s
 90/120 DPDK:fast-tests / rcu_qsbr_autotest                       OK              1.12s
 91/120 DPDK:fast-tests / reorder_autotest                        OK              0.65s
 92/120 DPDK:fast-tests / rib_autotest                            OK              9.05s
 93/120 DPDK:fast-tests / rib6_autotest                           OK              9.05s
 94/120 DPDK:fast-tests / ring_autotest                           OK              0.62s
 95/120 DPDK:fast-tests / rwlock_test1_autotest                   OK              1.14s
 96/120 DPDK:fast-tests / rwlock_rda_autotest                     OK              5.58s
 97/120 DPDK:fast-tests / rwlock_rds_wrm_autotest                 OK              5.60s
 98/120 DPDK:fast-tests / rwlock_rde_wro_autotest                 OK              5.40s
 99/120 DPDK:fast-tests / sched_autotest                          OK              0.59s
100/120 DPDK:fast-tests / security_autotest                       OK              0.07s
101/120 DPDK:fast-tests / seqlock_autotest                        OK              2.39s
102/120 DPDK:fast-tests / service_autotest                        OK              3.10s
103/120 DPDK:fast-tests / soring_autotest                         OK              0.61s
104/120 DPDK:fast-tests / spinlock_autotest                       OK              0.47s
105/120 DPDK:fast-tests / stack_autotest                          OK              0.87s
106/120 DPDK:fast-tests / stack_lf_autotest                       SKIP            0.06s   exit status 77
107/120 DPDK:fast-tests / string_autotest                         OK              0.45s
108/120 DPDK:fast-tests / table_autotest                          OK              7.97s
109/120 DPDK:fast-tests / tailq_autotest                          OK              0.57s
110/120 DPDK:fast-tests / telemetry_data_autotest                 OK              0.40s
111/120 DPDK:fast-tests / telemetry_json_autotest                 OK              0.40s
112/120 DPDK:fast-tests / thash_autotest                          OK              0.41s
113/120 DPDK:fast-tests / threads_autotest                        OK              0.76s
114/120 DPDK:fast-tests / ticketlock_autotest                     OK              0.55s
115/120 DPDK:fast-tests / timer_autotest                          OK              3.88s
116/120 DPDK:fast-tests / trace_autotest                          OK              0.58s
117/120 DPDK:fast-tests / trace_autotest_with_traces              OK              0.40s
118/120 DPDK:fast-tests / vdev_autotest                           OK              0.41s
119/120 DPDK:fast-tests / version_autotest                        OK              0.40s
120/120 DPDK:fast-tests / telemetry_all                           OK              1.32s


Ok:                 113
Expected Fail:      0
Fail:               0
Unexpected Pass:    0
Skipped:            7
Timeout:            0


^ permalink raw reply	[flat|nested] 24+ messages in thread

* |SUCCESS| pw155498 [PATCH 2/2] graph: add callback in dispatch mode
       [not found] <20250723165001.11162-3-cfontain@redhat.com>
  2025-07-23 16:17 ` |SUCCESS| pw155497-155498 [PATCH 2/2] graph: add callback in dispatch mode qemudev
  2025-07-23 16:22 ` qemudev
@ 2025-07-23 16:49 ` checkpatch
  2025-07-23 18:16 ` |SUCCESS| pw155497-155498 [PATCH] [2/2] graph: add callback in dispa dpdklab
                   ` (20 subsequent siblings)
  23 siblings, 0 replies; 24+ messages in thread
From: checkpatch @ 2025-07-23 16:49 UTC (permalink / raw)
  To: test-report

Test-Label: checkpatch
Test-Status: SUCCESS
http://dpdk.org/patch/155498

_coding style OK_



^ permalink raw reply	[flat|nested] 24+ messages in thread

* |SUCCESS| pw155497-155498 [PATCH] [2/2] graph: add callback in dispa
       [not found] <20250723165001.11162-3-cfontain@redhat.com>
                   ` (2 preceding siblings ...)
  2025-07-23 16:49 ` |SUCCESS| pw155498 " checkpatch
@ 2025-07-23 18:16 ` dpdklab
  2025-07-23 18:28 ` dpdklab
                   ` (19 subsequent siblings)
  23 siblings, 0 replies; 24+ messages in thread
From: dpdklab @ 2025-07-23 18:16 UTC (permalink / raw)
  To: Ali Alnubani, Test Report; +Cc: dpdk-test-reports

Test-Label: iol-mellanox-Performance
Test-Status: SUCCESS
http://dpdk.org/patch/155498

_Performance Testing PASS_

Submitter: Christophe Fontaine <cfontain@redhat.com>
Date: Wednesday, July 23 2025 16:50:01 
DPDK git baseline: Repo:dpdk
  Branch: master
  CommitID:e3183a6edafdc41bfd71de1517f9e9ec85eb1276

155497-155498 --> performance testing pass

Upstream job id: Template-DTS-Pipeline#237958

Test environment and result as below:

Ubuntu 24.04
Kernel: 6.8
Compiler: gcc gcc (Ubuntu 13.3.0-6ubuntu2~24.04) 13.3.0
NIC: NVIDIA Mellanox ConnectX-7 100000 Mbps
Fail/Total: 0/6

Detail performance results: 
+------------+---------+----------+-------------+------------------------------+
| frame_size | txd/rxd | num_cpus | num_threads |  throughput difference from  |
|            |         |          |             |           expected           |
+============+=========+==========+=============+==============================+
| 64         | 1024    | 1        | 1           | 0.5%                         |
+------------+---------+----------+-------------+------------------------------+
| 128        | 1024    | 1        | 1           | -0.4%                        |
+------------+---------+----------+-------------+------------------------------+
| 256        | 1024    | 1        | 1           | 0.7%                         |
+------------+---------+----------+-------------+------------------------------+
| 512        | 1024    | 1        | 1           | -0.2%                        |
+------------+---------+----------+-------------+------------------------------+
| 1024       | 1024    | 1        | 1           | -0.1%                        |
+------------+---------+----------+-------------+------------------------------+
| 1518       | 1024    | 1        | 1           | 0.3%                         |
+------------+---------+----------+-------------+------------------------------+

Ubuntu 24.04
Kernel: 6.8
Compiler: gcc gcc (Ubuntu 13.3.0-6ubuntu2~24.04) 13.3.0
NIC: Mellanox ConnectX-6 Lx 25000 Mbps
Fail/Total: 0/6

Detail performance results: 
+------------+---------+----------+-------------+------------------------------+
| frame_size | txd/rxd | num_cpus | num_threads |  throughput difference from  |
|            |         |          |             |           expected           |
+============+=========+==========+=============+==============================+
| 64         | 1024    | 1        | 1           | 0.0%                         |
+------------+---------+----------+-------------+------------------------------+
| 128        | 1024    | 1        | 1           | -0.0%                        |
+------------+---------+----------+-------------+------------------------------+
| 256        | 1024    | 1        | 1           | -0.0%                        |
+------------+---------+----------+-------------+------------------------------+
| 512        | 1024    | 1        | 1           | 0.1%                         |
+------------+---------+----------+-------------+------------------------------+
| 1024       | 1024    | 1        | 1           | 0.3%                         |
+------------+---------+----------+-------------+------------------------------+
| 1518       | 1024    | 1        | 1           | 0.2%                         |
+------------+---------+----------+-------------+------------------------------+

To view detailed results, visit:
https://lab.dpdk.org/results/dashboard/patchsets/33742/

UNH-IOL DPDK Community Lab

To manage your email subscriptions, visit: 
https://lab.dpdk.org/results/dashboard/preferences/subscriptions/

^ permalink raw reply	[flat|nested] 24+ messages in thread

* |SUCCESS| pw155497-155498 [PATCH] [2/2] graph: add callback in dispa
       [not found] <20250723165001.11162-3-cfontain@redhat.com>
                   ` (3 preceding siblings ...)
  2025-07-23 18:16 ` |SUCCESS| pw155497-155498 [PATCH] [2/2] graph: add callback in dispa dpdklab
@ 2025-07-23 18:28 ` dpdklab
  2025-07-23 18:28 ` dpdklab
                   ` (18 subsequent siblings)
  23 siblings, 0 replies; 24+ messages in thread
From: dpdklab @ 2025-07-23 18:28 UTC (permalink / raw)
  To: Test Report; +Cc: dpdk-test-reports

Test-Label: iol-intel-Performance
Test-Status: SUCCESS
http://dpdk.org/patch/155498

_Performance Testing PASS_

Submitter: Christophe Fontaine <cfontain@redhat.com>
Date: Wednesday, July 23 2025 16:50:01 
DPDK git baseline: Repo:dpdk
  Branch: master
  CommitID:e3183a6edafdc41bfd71de1517f9e9ec85eb1276

155497-155498 --> performance testing pass

Upstream job id: Template-DTS-Pipeline#237960

Test environment and result as below:

Ubuntu 22.04
Kernel: 5.15
Compiler: gcc gcc (Ubuntu 11.4.0-1ubuntu1~22.04) 11.4.0
NIC: Intel E810 100000 Mbps
Fail/Total: 0/2

Detail performance results: 
+------------+---------+----------+-------------+------------------------------+
| frame_size | txd/rxd | num_cpus | num_threads |  throughput difference from  |
|            |         |          |             |           expected           |
+============+=========+==========+=============+==============================+
| 64         | 512     | 1        | 1           | -0.1%                        |
+------------+---------+----------+-------------+------------------------------+
| 64         | 2048    | 1        | 1           | 0.0%                         |
+------------+---------+----------+-------------+------------------------------+

Ubuntu 20.04
Kernel: 5.4
Compiler: gcc gcc (Ubuntu 9.4.0-1ubuntu1~20.04.1) 9.4.0
NIC: Intel Corporation Ethernet Converged Network Adapter XL710-QDA2 40000 Mbps
Fail/Total: 0/4

Detail performance results: 
+----------+-------------+---------+------------+------------------------------+
| num_cpus | num_threads | txd/rxd | frame_size |  throughput difference from  |
|          |             |         |            |           expected           |
+==========+=============+=========+============+==============================+
| 1        | 2           | 512     | 64         | 0.2%                         |
+----------+-------------+---------+------------+------------------------------+
| 1        | 2           | 2048    | 64         | 3.7%                         |
+----------+-------------+---------+------------+------------------------------+
| 1        | 1           | 512     | 64         | -0.4%                        |
+----------+-------------+---------+------------+------------------------------+
| 1        | 1           | 2048    | 64         | -3.5%                        |
+----------+-------------+---------+------------+------------------------------+

Ubuntu 24.04
Kernel: 6.8
Compiler: gcc gcc (Ubuntu 13.3.0-6ubuntu2~24.04) 13.3.0
NIC: Intel E810 (Arm Grace Server) 100000 Mbps
Fail/Total: 0/2

Detail performance results: 
+------------+---------+----------+-------------+------------------------------+
| frame_size | txd/rxd | num_cpus | num_threads |  throughput difference from  |
|            |         |          |             |           expected           |
+============+=========+==========+=============+==============================+
| 64         | 512     | 1        | 1           | 2.5%                         |
+------------+---------+----------+-------------+------------------------------+
| 64         | 2048    | 1        | 1           | -0.8%                        |
+------------+---------+----------+-------------+------------------------------+

To view detailed results, visit:
https://lab.dpdk.org/results/dashboard/patchsets/33742/

UNH-IOL DPDK Community Lab

To manage your email subscriptions, visit: 
https://lab.dpdk.org/results/dashboard/preferences/subscriptions/

^ permalink raw reply	[flat|nested] 24+ messages in thread

* |SUCCESS| pw155497-155498 [PATCH] [2/2] graph: add callback in dispa
       [not found] <20250723165001.11162-3-cfontain@redhat.com>
                   ` (4 preceding siblings ...)
  2025-07-23 18:28 ` dpdklab
@ 2025-07-23 18:28 ` dpdklab
  2025-07-23 18:28 ` dpdklab
                   ` (17 subsequent siblings)
  23 siblings, 0 replies; 24+ messages in thread
From: dpdklab @ 2025-07-23 18:28 UTC (permalink / raw)
  To: Test Report; +Cc: dpdk-test-reports

Test-Label: iol-intel-Functional
Test-Status: SUCCESS
http://dpdk.org/patch/155498

_Functional Testing PASS_

Submitter: Christophe Fontaine <cfontain@redhat.com>
Date: Wednesday, July 23 2025 16:50:01 
DPDK git baseline: Repo:dpdk
  Branch: master
  CommitID:e3183a6edafdc41bfd71de1517f9e9ec85eb1276

155497-155498 --> functional testing pass

Upstream job id: Template-DTS-Pipeline#237964

Test environment and result as below:

Ubuntu 20.04
Kernel: 5.4
Compiler: gcc gcc (Ubuntu 9.4.0-1ubuntu1~20.04.1) 9.4.0
NIC: Intel Corporation Ethernet Converged Network Adapter XL710-QDA2 40000 Mbps

Aggregate Results by Test Suite
+-----------------------------+--------+
|         Test Suite          | Result |
+=============================+========+
| unit_tests_mbuf             |  PASS  |
+-----------------------------+--------+
| vhost_virtio_user_interrupt |  PASS  |
+-----------------------------+--------+
| virtio_smoke                |  PASS  |
+-----------------------------+--------+


Ubuntu 24.04
Kernel: 6.8
Compiler: gcc gcc (Ubuntu 13.3.0-6ubuntu2~24.04) 13.3.0
NIC: Intel Corporation 4xxx Series QAT 0 Mbps

Aggregate Results by Test Suite
+----------------------------+--------+
|         Test Suite         | Result |
+============================+========+
| crypto_perf_cryptodev_perf |  PASS  |
+----------------------------+--------+


To view detailed results, visit:
https://lab.dpdk.org/results/dashboard/patchsets/33742/

UNH-IOL DPDK Community Lab

To manage your email subscriptions, visit: 
https://lab.dpdk.org/results/dashboard/preferences/subscriptions/

^ permalink raw reply	[flat|nested] 24+ messages in thread

* |SUCCESS| pw155497-155498 [PATCH] [2/2] graph: add callback in dispa
       [not found] <20250723165001.11162-3-cfontain@redhat.com>
                   ` (5 preceding siblings ...)
  2025-07-23 18:28 ` dpdklab
@ 2025-07-23 18:28 ` dpdklab
  2025-07-23 18:44 ` |FAILURE| pw155498 [PATCH 2/2] graph: add callback in dispatch mode 0-day Robot
                   ` (16 subsequent siblings)
  23 siblings, 0 replies; 24+ messages in thread
From: dpdklab @ 2025-07-23 18:28 UTC (permalink / raw)
  To: Test Report; +Cc: dpdk-test-reports

Test-Label: iol-intel-Functional
Test-Status: SUCCESS
http://dpdk.org/patch/155498

_Functional Testing PASS_

Submitter: Christophe Fontaine <cfontain@redhat.com>
Date: Wednesday, July 23 2025 16:50:01 
DPDK git baseline: Repo:dpdk
  Branch: master
  CommitID:e3183a6edafdc41bfd71de1517f9e9ec85eb1276

155497-155498 --> functional testing pass

Upstream job id: Template-DTS-Pipeline#237968

Test environment and result as below:

Ubuntu 20.04
Kernel: 5.4
Compiler: gcc gcc (Ubuntu 9.4.0-1ubuntu1~20.04.1) 9.4.0
NIC: Intel Corporation Ethernet Converged Network Adapter XL710-QDA2 40000 Mbps

Aggregate Results by Test Suite
+-----------------------------+--------+
|         Test Suite          | Result |
+=============================+========+
| unit_tests_mbuf             |  PASS  |
+-----------------------------+--------+
| vhost_virtio_user_interrupt |  PASS  |
+-----------------------------+--------+
| virtio_smoke                |  PASS  |
+-----------------------------+--------+


Ubuntu 24.04
Kernel: 6.8
Compiler: gcc gcc (Ubuntu 13.3.0-6ubuntu2~24.04) 13.3.0
NIC: Intel Corporation 4xxx Series QAT 0 Mbps

Aggregate Results by Test Suite
+----------------------------+--------+
|         Test Suite         | Result |
+============================+========+
| crypto_perf_cryptodev_perf |  PASS  |
+----------------------------+--------+


To view detailed results, visit:
https://lab.dpdk.org/results/dashboard/patchsets/33742/

UNH-IOL DPDK Community Lab

To manage your email subscriptions, visit: 
https://lab.dpdk.org/results/dashboard/preferences/subscriptions/

^ permalink raw reply	[flat|nested] 24+ messages in thread

* |FAILURE| pw155498 [PATCH 2/2] graph: add callback in dispatch mode
       [not found] <20250723165001.11162-3-cfontain@redhat.com>
                   ` (6 preceding siblings ...)
  2025-07-23 18:28 ` dpdklab
@ 2025-07-23 18:44 ` 0-day Robot
  2025-07-23 18:55 ` |SUCCESS| pw155497-155498 [PATCH] [2/2] graph: add callback in dispa dpdklab
                   ` (15 subsequent siblings)
  23 siblings, 0 replies; 24+ messages in thread
From: 0-day Robot @ 2025-07-23 18:44 UTC (permalink / raw)
  To: test-report; +Cc: cfontain, robot

From: robot@bytheb.org

Test-Label: github-robot: build
Test-Status: FAILURE
http://patchwork.dpdk.org/patch/155498/

_github build: failed_
Build URL: https://github.com/ovsrobot/dpdk/actions/runs/16477094320
Build Logs:
-----------------------Summary of failed steps-----------------------
"ubuntu-22.04-gcc-debug+doc+examples+tests" failed at step Build and test
"ubuntu-22.04-clang-asan+doc+tests" failed at step Build and test
----------------------End summary of failed steps--------------------

-------------------------------BEGIN LOGS----------------------------
####################################################################################
#### [Begin job log] "ubuntu-22.04-gcc-debug+doc+examples+tests" at step Build and test
####################################################################################
[47/1996] Compiling C object examples/dpdk-flow_filtering.p/flow_filtering_snippets_snippet_match_ipv4.c.o
[48/1996] Compiling C object examples/dpdk-flow_filtering.p/flow_filtering_main.c.o
[49/1996] Compiling C object examples/dpdk-fips_validation.p/fips_validation_main.c.o
[50/1996] Compiling C object examples/dpdk-flow_filtering.p/flow_filtering_snippets_snippet_match_gre.c.o
[51/1996] Compiling C object examples/dpdk-helloworld.p/helloworld_main.c.o
[52/1996] Compiling C object examples/dpdk-flow_filtering.p/flow_filtering_snippets_snippet_match_mpls.c.o
[53/1996] Compiling C object examples/dpdk-flow_filtering.p/flow_filtering_snippets_snippet_re_route_to_kernel.c.o
[54/1996] Compiling C object examples/dpdk-ip_pipeline.p/ip_pipeline_conn.c.o
[55/1996] Generating doxygen-html with a custom command
FAILED: [code=1] doc/api/html 
/usr/bin/python3 ../doc/api/generate_doxygen.py doc/api/html /usr/bin/doxygen doc/api/doxy-api-html.conf
/home/runner/work/dpdk/dpdk/lib/graph/rte_graph.h:155: error: argument 'cb_priv' of command @param is not found in the argument list of packets_enqueued_cb(struct rte_graph *graph, uint64_t priv) (warning treated as error, aborting now)
Traceback (most recent call last):
  File "/home/runner/work/dpdk/dpdk/build/../doc/api/generate_doxygen.py", line 13, in <module>
    subprocess.run(doxygen_command, check=True, stdout=out)
  File "/usr/lib/python3.10/subprocess.py", line 526, in run
    raise CalledProcessError(retcode, process.args,
subprocess.CalledProcessError: Command '['/usr/bin/doxygen', 'doc/api/doxy-api-html.conf']' returned non-zero exit status 1.
[56/1996] Compiling C object examples/dpdk-ip_pipeline.p/ip_pipeline_action.c.o
[57/1996] Compiling C object examples/dpdk-ip_pipeline.p/ip_pipeline_cryptodev.c.o
[58/1996] Compiling C object examples/dpdk-ip_fragmentation.p/ip_fragmentation_main.c.o
[59/1996] Compiling C object examples/dpdk-ip_pipeline.p/ip_pipeline_link.c.o
[60/1996] Compiling C object examples/dpdk-ip_pipeline.p/ip_pipeline_cli.c.o
ninja: build stopped: subcommand failed.
##[error]Process completed with exit code 1.
####################################################################################
#### [End job log] "ubuntu-22.04-gcc-debug+doc+examples+tests" at step Build and test
####################################################################################




####################################################################################
#### [Begin job log] "ubuntu-22.04-clang-asan+doc+tests" at step Build and test
####################################################################################
[24/1996] Compiling C object examples/dpdk-ethtool.p/ethtool_lib_rte_ethtool.c.o
[25/1996] Compiling C object examples/dpdk-ethtool.p/ethtool_ethtool-app_ethapp.c.o
[26/1996] Compiling C object examples/dpdk-ethtool.p/ethtool_ethtool-app_main.c.o
[27/1996] Compiling C object examples/dpdk-eventdev_pipeline.p/eventdev_pipeline_main.c.o
[28/1996] Compiling C object examples/dpdk-eventdev_pipeline.p/eventdev_pipeline_pipeline_worker_generic.c.o
[29/1996] Compiling C object examples/dpdk-distributor.p/distributor_main.c.o
[30/1996] Compiling C object examples/dpdk-eventdev_pipeline.p/eventdev_pipeline_pipeline_worker_tx.c.o
[31/1996] Compiling C object examples/dpdk-fips_validation.p/fips_validation_fips_validation_aes.c.o
[32/1996] Generating doxygen-html with a custom command
FAILED: [code=1] doc/api/html 
/usr/bin/python3 ../doc/api/generate_doxygen.py doc/api/html /usr/bin/doxygen doc/api/doxy-api-html.conf
/home/runner/work/dpdk/dpdk/lib/graph/rte_graph.h:155: error: argument 'cb_priv' of command @param is not found in the argument list of packets_enqueued_cb(struct rte_graph *graph, uint64_t priv) (warning treated as error, aborting now)
Traceback (most recent call last):
  File "/home/runner/work/dpdk/dpdk/build/../doc/api/generate_doxygen.py", line 13, in <module>
    subprocess.run(doxygen_command, check=True, stdout=out)
  File "/usr/lib/python3.10/subprocess.py", line 526, in run
    raise CalledProcessError(retcode, process.args,
subprocess.CalledProcessError: Command '['/usr/bin/doxygen', 'doc/api/doxy-api-html.conf']' returned non-zero exit status 1.
[33/1996] Compiling C object examples/dpdk-fips_validation.p/fips_validation_fips_validation_hmac.c.o
[34/1996] Compiling C object examples/dpdk-fips_validation.p/fips_validation_fips_validation_tdes.c.o
[35/1996] Compiling C object examples/dpdk-fips_validation.p/fips_validation_fips_validation.c.o
[36/1996] Compiling C object examples/dpdk-bbdev_app.p/bbdev_app_main.c.o
[37/1996] Compiling C object examples/dpdk-dma.p/dma_dmafwd.c.o
ninja: build stopped: subcommand failed.
##[error]Process completed with exit code 1.
####################################################################################
#### [End job log] "ubuntu-22.04-clang-asan+doc+tests" at step Build and test
####################################################################################
--------------------------------END LOGS-----------------------------

^ permalink raw reply	[flat|nested] 24+ messages in thread

* |SUCCESS| pw155497-155498 [PATCH] [2/2] graph: add callback in dispa
       [not found] <20250723165001.11162-3-cfontain@redhat.com>
                   ` (7 preceding siblings ...)
  2025-07-23 18:44 ` |FAILURE| pw155498 [PATCH 2/2] graph: add callback in dispatch mode 0-day Robot
@ 2025-07-23 18:55 ` dpdklab
  2025-07-23 19:14 ` dpdklab
                   ` (14 subsequent siblings)
  23 siblings, 0 replies; 24+ messages in thread
From: dpdklab @ 2025-07-23 18:55 UTC (permalink / raw)
  To: Test Report; +Cc: dpdk-test-reports

Test-Label: iol-broadcom-Performance
Test-Status: SUCCESS
http://dpdk.org/patch/155498

_Performance Testing PASS_

Submitter: Christophe Fontaine <cfontain@redhat.com>
Date: Wednesday, July 23 2025 16:50:01 
DPDK git baseline: Repo:dpdk
  Branch: master
  CommitID:e3183a6edafdc41bfd71de1517f9e9ec85eb1276

155497-155498 --> performance testing pass

Upstream job id: Template-DTS-Pipeline#237962

Test environment and result as below:

Ubuntu 22.04
Kernel: 5.15
Compiler: gcc gcc (Ubuntu 11.4.0-1ubuntu1~22.04) 11.4.0
NIC: Arm Broadcom Inc. brcm_57414 25000 Mbps
Fail/Total: 0/2

Detail performance results: 
+------------+---------+----------+-------------+------------------------------+
| frame_size | txd/rxd | num_cpus | num_threads |  throughput difference from  |
|            |         |          |             |           expected           |
+============+=========+==========+=============+==============================+
| 64         | 512     | 1        | 1           | 0.4%                         |
+------------+---------+----------+-------------+------------------------------+
| 64         | 2048    | 1        | 1           | 0.4%                         |
+------------+---------+----------+-------------+------------------------------+

Ubuntu 22.04
Kernel: 5.15
Compiler: gcc gcc (Ubuntu 11.4.0-1ubuntu1~22.04) 11.4.0
NIC: Broadcom Inc. and subsidiaries BCM57414 NetXtreme-E 10Gb/25Gb RDMA Ethernet Controller 16d7 25 Mbps
Fail/Total: 0/3

Detail performance results: 
+------------+---------+----------+-------------+------------------------------+
| frame_size | txd/rxd | num_cpus | num_threads |  throughput difference from  |
|            |         |          |             |           expected           |
+============+=========+==========+=============+==============================+
| 64         | 128     | 1        | 1           | -0.1%                        |
+------------+---------+----------+-------------+------------------------------+
| 64         | 512     | 1        | 1           | 2.3%                         |
+------------+---------+----------+-------------+------------------------------+
| 64         | 2048    | 1        | 1           | -0.7%                        |
+------------+---------+----------+-------------+------------------------------+

To view detailed results, visit:
https://lab.dpdk.org/results/dashboard/patchsets/33742/

UNH-IOL DPDK Community Lab

To manage your email subscriptions, visit: 
https://lab.dpdk.org/results/dashboard/preferences/subscriptions/

^ permalink raw reply	[flat|nested] 24+ messages in thread

* |SUCCESS| pw155497-155498 [PATCH] [2/2] graph: add callback in dispa
       [not found] <20250723165001.11162-3-cfontain@redhat.com>
                   ` (8 preceding siblings ...)
  2025-07-23 18:55 ` |SUCCESS| pw155497-155498 [PATCH] [2/2] graph: add callback in dispa dpdklab
@ 2025-07-23 19:14 ` dpdklab
  2025-07-23 19:53 ` |PENDING| " dpdklab
                   ` (13 subsequent siblings)
  23 siblings, 0 replies; 24+ messages in thread
From: dpdklab @ 2025-07-23 19:14 UTC (permalink / raw)
  To: Test Report; +Cc: dpdk-test-reports

Test-Label: iol-intel-Functional
Test-Status: SUCCESS
http://dpdk.org/patch/155498

_Functional Testing PASS_

Submitter: Christophe Fontaine <cfontain@redhat.com>
Date: Wednesday, July 23 2025 16:50:01 
DPDK git baseline: Repo:dpdk
  Branch: master
  CommitID:e3183a6edafdc41bfd71de1517f9e9ec85eb1276

155497-155498 --> functional testing pass

Upstream job id: Template-DTS-Pipeline#237966

Test environment and result as below:

Ubuntu 20.04
Kernel: 5.4
Compiler: gcc gcc (Ubuntu 9.4.0-1ubuntu1~20.04.1) 9.4.0
NIC: Intel Corporation Ethernet Converged Network Adapter XL710-QDA2 40000 Mbps

Aggregate Results by Test Suite
+-----------------------------+--------+
|         Test Suite          | Result |
+=============================+========+
| unit_tests_mbuf             |  PASS  |
+-----------------------------+--------+
| vhost_virtio_user_interrupt |  PASS  |
+-----------------------------+--------+
| virtio_smoke                |  PASS  |
+-----------------------------+--------+


Ubuntu 24.04
Kernel: 6.8
Compiler: gcc gcc (Ubuntu 13.3.0-6ubuntu2~24.04) 13.3.0
NIC: Intel Corporation 4xxx Series QAT 0 Mbps

Aggregate Results by Test Suite
+----------------------------+--------+
|         Test Suite         | Result |
+============================+========+
| crypto_perf_cryptodev_perf |  PASS  |
+----------------------------+--------+


Ubuntu 22.04
Kernel: 5.15
Compiler: gcc gcc (Ubuntu 11.4.0-1ubuntu1~22.04) 11.4.0
NIC: Intel Corporation QAT 8970 0 Mbps

Aggregate Results by Test Suite
+----------------------------+--------+
|         Test Suite         | Result |
+============================+========+
| crypto_perf_cryptodev_perf |  PASS  |
+----------------------------+--------+


To view detailed results, visit:
https://lab.dpdk.org/results/dashboard/patchsets/33742/

UNH-IOL DPDK Community Lab

To manage your email subscriptions, visit: 
https://lab.dpdk.org/results/dashboard/preferences/subscriptions/

^ permalink raw reply	[flat|nested] 24+ messages in thread

* |PENDING| pw155497-155498 [PATCH] [2/2] graph: add callback in dispa
       [not found] <20250723165001.11162-3-cfontain@redhat.com>
                   ` (9 preceding siblings ...)
  2025-07-23 19:14 ` dpdklab
@ 2025-07-23 19:53 ` dpdklab
  2025-07-23 19:58 ` dpdklab
                   ` (12 subsequent siblings)
  23 siblings, 0 replies; 24+ messages in thread
From: dpdklab @ 2025-07-23 19:53 UTC (permalink / raw)
  To: Test Report; +Cc: dpdk-test-reports

Test-Label: iol-compile-amd64-testing
Test-Status: PENDING
http://dpdk.org/patch/155498

_Testing pending_

Submitter: Christophe Fontaine <cfontain@redhat.com>
Date: Wednesday, July 23 2025 16:50:01 
DPDK git baseline: Repo:dpdk
  Branch: master
  CommitID:e3183a6edafdc41bfd71de1517f9e9ec85eb1276

155497-155498 --> testing pending

Upstream job id: Generic-VM-DPDK-Compile-Meson#37354

Test environment and result as below:

+---------------------+-------------------+--------------------+
|     Environment     | dpdk_msvc_compile | dpdk_meson_compile |
+=====================+===================+====================+
| Windows Server 2022 | PEND              | SKIPPED            |
+---------------------+-------------------+--------------------+
| FreeBSD 14.2        | SKIPPED           | PASS               |
+---------------------+-------------------+--------------------+


Windows Server 2022
	Kernel: 10.0.20348.2031
	Compiler: clang 15.0.7, gcc 14.1.0 (MinGW), and MSVC VS 19.39.33521

FreeBSD 14.2
	Kernel: 14.2-RELEASE
	Compiler: clang 18.1.6

To view detailed results, visit:
https://lab.dpdk.org/results/dashboard/patchsets/33742/

UNH-IOL DPDK Community Lab

To manage your email subscriptions, visit: 
https://lab.dpdk.org/results/dashboard/preferences/subscriptions/

^ permalink raw reply	[flat|nested] 24+ messages in thread

* |PENDING| pw155497-155498 [PATCH] [2/2] graph: add callback in dispa
       [not found] <20250723165001.11162-3-cfontain@redhat.com>
                   ` (10 preceding siblings ...)
  2025-07-23 19:53 ` |PENDING| " dpdklab
@ 2025-07-23 19:58 ` dpdklab
  2025-07-23 20:01 ` |SUCCESS| " dpdklab
                   ` (11 subsequent siblings)
  23 siblings, 0 replies; 24+ messages in thread
From: dpdklab @ 2025-07-23 19:58 UTC (permalink / raw)
  To: Test Report; +Cc: dpdk-test-reports

Test-Label: iol-unit-arm64-testing
Test-Status: PENDING
http://dpdk.org/patch/155498

_Testing pending_

Submitter: Christophe Fontaine <cfontain@redhat.com>
Date: Wednesday, July 23 2025 16:50:01 
DPDK git baseline: Repo:dpdk
  Branch: master
  CommitID:e3183a6edafdc41bfd71de1517f9e9ec85eb1276

155497-155498 --> testing pending

Upstream job id: Aarch32-Unit-Test#7021

Test environment and result as below:

+------------------------------+---------------------------+----------------+------------------------------+--------------+
|         Environment          | cryptodev_sw_zuc_autotest | dpdk_unit_test | cryptodev_sw_snow3g_autotest | lpm_autotest |
+==============================+===========================+================+==============================+==============+
| Debian 12 (arm)              | PEND                      | SKIPPED        | PEND                         | SKIPPED      |
+------------------------------+---------------------------+----------------+------------------------------+--------------+
| Ubuntu 20.04                 | SKIPPED                   | PEND           | SKIPPED                      | PEND         |
+------------------------------+---------------------------+----------------+------------------------------+--------------+
| Fedora Linux 41              | SKIPPED                   | PEND           | SKIPPED                      | SKIPPED      |
+------------------------------+---------------------------+----------------+------------------------------+--------------+
| Red Hat Enterprise Linux 9.5 | SKIPPED                   | PEND           | SKIPPED                      | SKIPPED      |
+------------------------------+---------------------------+----------------+------------------------------+--------------+
| Debian GNU/Linux 12          | SKIPPED                   | PEND           | SKIPPED                      | SKIPPED      |
+------------------------------+---------------------------+----------------+------------------------------+--------------+
| CentOS Stream 9              | SKIPPED                   | PEND           | SKIPPED                      | SKIPPED      |
+------------------------------+---------------------------+----------------+------------------------------+--------------+
| Fedora Linux 40              | SKIPPED                   | PEND           | SKIPPED                      | SKIPPED      |
+------------------------------+---------------------------+----------------+------------------------------+--------------+
| CentOS Stream 10             | SKIPPED                   | PEND           | SKIPPED                      | SKIPPED      |
+------------------------------+---------------------------+----------------+------------------------------+--------------+
| Ubuntu 24.04                 | SKIPPED                   | PEND           | SKIPPED                      | SKIPPED      |
+------------------------------+---------------------------+----------------+------------------------------+--------------+
| Ubuntu 22.04                 | SKIPPED                   | PASS           | SKIPPED                      | SKIPPED      |
+------------------------------+---------------------------+----------------+------------------------------+--------------+


Debian 12 (arm)
	Kernel: Depends on container host
	Compiler: gcc (Debian 12.2.0-14) 12.2.0

Ubuntu 20.04
	Kernel: 5.4
	Compiler: gcc gcc (Ubuntu 9.4.0-1ubuntu1~20.04.2) 9.4.0

Fedora Linux 41
	Kernel: 5.4
	Compiler: clang gcc (GCC) 14.3.1 20250523 (Red Hat 14.3.1-1)

Red Hat Enterprise Linux 9.5
	Kernel: 5.4
	Compiler: gcc gcc (GCC) 11.5.0 20240719 (Red Hat 11.5.0-2)

Debian GNU/Linux 12
	Kernel: 5.4
	Compiler: gcc gcc (Debian 12.2.0-14+deb12u1) 12.2.0

CentOS Stream 9
	Kernel: 5.4
	Compiler: gcc gcc (GCC) 11.5.0 20240719 (Red Hat 11.5.0-7)

Fedora Linux 40
	Kernel: 5.4
	Compiler: clang gcc (GCC) 14.2.1 20240912 (Red Hat 14.2.1-3)

CentOS Stream 10
	Kernel: 5.4
	Compiler: gcc gcc (GCC) 14.2.1 20250110 (Red Hat 14.2.1-8)

Ubuntu 24.04
	Kernel: 5.4
	Compiler: gcc gcc (Ubuntu 13.3.0-6ubuntu2~24.04) 13.3.0

Ubuntu 22.04
	Kernel: 5.4
	Compiler: gcc gcc (Ubuntu 11.4.0-1ubuntu1~22.04) 11.4.0

To view detailed results, visit:
https://lab.dpdk.org/results/dashboard/patchsets/33742/

UNH-IOL DPDK Community Lab

To manage your email subscriptions, visit: 
https://lab.dpdk.org/results/dashboard/preferences/subscriptions/

^ permalink raw reply	[flat|nested] 24+ messages in thread

* |SUCCESS| pw155497-155498 [PATCH] [2/2] graph: add callback in dispa
       [not found] <20250723165001.11162-3-cfontain@redhat.com>
                   ` (11 preceding siblings ...)
  2025-07-23 19:58 ` dpdklab
@ 2025-07-23 20:01 ` dpdklab
  2025-07-23 20:37 ` dpdklab
                   ` (10 subsequent siblings)
  23 siblings, 0 replies; 24+ messages in thread
From: dpdklab @ 2025-07-23 20:01 UTC (permalink / raw)
  To: Test Report; +Cc: dpdk-test-reports

Test-Label: iol-compile-amd64-testing
Test-Status: SUCCESS
http://dpdk.org/patch/155498

_Testing PASS_

Submitter: Christophe Fontaine <cfontain@redhat.com>
Date: Wednesday, July 23 2025 16:50:01 
DPDK git baseline: Repo:dpdk
  Branch: master
  CommitID:e3183a6edafdc41bfd71de1517f9e9ec85eb1276

155497-155498 --> testing pass

Upstream job id: Windows-Compile-DPDK-VS#6450

Test environment and result as below:

+---------------------+-------------------+--------------------+
|     Environment     | dpdk_msvc_compile | dpdk_meson_compile |
+=====================+===================+====================+
| Windows Server 2022 | PASS              | SKIPPED            |
+---------------------+-------------------+--------------------+
| FreeBSD 14.2        | SKIPPED           | PASS               |
+---------------------+-------------------+--------------------+
| Ubuntu 20.04        | SKIPPED           | PASS               |
+---------------------+-------------------+--------------------+


Windows Server 2022
	Kernel: 10.0.20348.2031
	Compiler: clang 15.0.7, gcc 14.1.0 (MinGW), and MSVC VS 19.39.33521

FreeBSD 14.2
	Kernel: 14.2-RELEASE
	Compiler: clang 18.1.6

Ubuntu 20.04
	Kernel: 4.19
	Compiler: gcc gcc (Ubuntu 9.4.0-1ubuntu1~20.04.2) 9.4.0

To view detailed results, visit:
https://lab.dpdk.org/results/dashboard/patchsets/33742/

UNH-IOL DPDK Community Lab

To manage your email subscriptions, visit: 
https://lab.dpdk.org/results/dashboard/preferences/subscriptions/

^ permalink raw reply	[flat|nested] 24+ messages in thread

* |SUCCESS| pw155497-155498 [PATCH] [2/2] graph: add callback in dispa
       [not found] <20250723165001.11162-3-cfontain@redhat.com>
                   ` (12 preceding siblings ...)
  2025-07-23 20:01 ` |SUCCESS| " dpdklab
@ 2025-07-23 20:37 ` dpdklab
  2025-07-23 20:43 ` |PENDING| " dpdklab
                   ` (9 subsequent siblings)
  23 siblings, 0 replies; 24+ messages in thread
From: dpdklab @ 2025-07-23 20:37 UTC (permalink / raw)
  To: Test Report; +Cc: dpdk-test-reports

Test-Label: iol-compile-amd64-testing
Test-Status: SUCCESS
http://dpdk.org/patch/155498

_Testing PASS_

Submitter: Christophe Fontaine <cfontain@redhat.com>
Date: Wednesday, July 23 2025 16:50:01 
DPDK git baseline: Repo:dpdk
  Branch: master
  CommitID:e3183a6edafdc41bfd71de1517f9e9ec85eb1276

155497-155498 --> testing pass

Upstream job id: Windows-Compile-DPDK-Native#29984

Test environment and result as below:

+---------------------+-------------------+--------------------+-------------------------+
|     Environment     | dpdk_msvc_compile | dpdk_meson_compile | dpdk_llvm_clang_compile |
+=====================+===================+====================+=========================+
| Windows Server 2022 | PASS              | SKIPPED            | PASS                    |
+---------------------+-------------------+--------------------+-------------------------+
| FreeBSD 14.2        | SKIPPED           | PASS               | SKIPPED                 |
+---------------------+-------------------+--------------------+-------------------------+
| Ubuntu 20.04        | SKIPPED           | PASS               | SKIPPED                 |
+---------------------+-------------------+--------------------+-------------------------+


Windows Server 2022
	Kernel: 10.0.20348.2031
	Compiler: clang 15.0.7, gcc 14.1.0 (MinGW), and MSVC VS 19.39.33521

FreeBSD 14.2
	Kernel: 14.2-RELEASE
	Compiler: clang 18.1.6

Ubuntu 20.04
	Kernel: 4.19
	Compiler: gcc gcc (Ubuntu 9.4.0-1ubuntu1~20.04.2) 9.4.0

To view detailed results, visit:
https://lab.dpdk.org/results/dashboard/patchsets/33742/

UNH-IOL DPDK Community Lab

To manage your email subscriptions, visit: 
https://lab.dpdk.org/results/dashboard/preferences/subscriptions/

^ permalink raw reply	[flat|nested] 24+ messages in thread

* |PENDING| pw155497-155498 [PATCH] [2/2] graph: add callback in dispa
       [not found] <20250723165001.11162-3-cfontain@redhat.com>
                   ` (13 preceding siblings ...)
  2025-07-23 20:37 ` dpdklab
@ 2025-07-23 20:43 ` dpdklab
  2025-07-23 20:44 ` |SUCCESS| " dpdklab
                   ` (8 subsequent siblings)
  23 siblings, 0 replies; 24+ messages in thread
From: dpdklab @ 2025-07-23 20:43 UTC (permalink / raw)
  To: Test Report; +Cc: dpdk-test-reports

Test-Label: iol-unit-amd64-testing
Test-Status: PENDING
http://dpdk.org/patch/155498

_Testing pending_

Submitter: Christophe Fontaine <cfontain@redhat.com>
Date: Wednesday, July 23 2025 16:50:01 
DPDK git baseline: Repo:dpdk
  Branch: master
  CommitID:e3183a6edafdc41bfd71de1517f9e9ec85eb1276

155497-155498 --> testing pending

Upstream job id: Generic-VM-Unit-Test-DPDK#30146

Test environment and result as below:

+-------------------------------+----------------+
|          Environment          | dpdk_unit_test |
+===============================+================+
| Fedora Linux 40               | PEND           |
+-------------------------------+----------------+
| Fedora Linux 41               | PEND           |
+-------------------------------+----------------+
| Red Hat Enterprise Linux 9.5  | PEND           |
+-------------------------------+----------------+
| Red Hat Enterprise Linux 8.10 | PEND           |
+-------------------------------+----------------+
| Ubuntu 22.04                  | PEND           |
+-------------------------------+----------------+
| Ubuntu 20.04                  | PEND           |
+-------------------------------+----------------+
| CentOS Stream 10              | PEND           |
+-------------------------------+----------------+
| Debian GNU/Linux 12           | PEND           |
+-------------------------------+----------------+
| CentOS Stream 9               | PEND           |
+-------------------------------+----------------+
| Ubuntu 24.04                  | PEND           |
+-------------------------------+----------------+
| Windows Server 2022           | PASS           |
+-------------------------------+----------------+


Fedora Linux 40
	Kernel: 5.15
	Compiler: clang gcc (GCC) 14.2.1 20240912 (Red Hat 14.2.1-3)

Fedora Linux 41
	Kernel: 5.15
	Compiler: gcc gcc (GCC) 14.3.1 20250523 (Red Hat 14.3.1-1)

Red Hat Enterprise Linux 9.5
	Kernel: 5.15
	Compiler: gcc gcc (GCC) 11.5.0 20240719 (Red Hat 11.5.0-2)

Red Hat Enterprise Linux 8.10
	Kernel: 5.15
	Compiler: gcc gcc (GCC) 8.5.0 20210514 (Red Hat 8.5.0-22)

Ubuntu 22.04
	Kernel: 5.15
	Compiler: gcc gcc (Ubuntu 11.4.0-1ubuntu1~22.04) 11.4.0

Ubuntu 20.04
	Kernel: 5.15
	Compiler: gcc gcc (Ubuntu 9.4.0-1ubuntu1~20.04.2) 9.4.0

CentOS Stream 10
	Kernel: 5.15
	Compiler: gcc gcc (GCC) 14.2.1 20250110 (Red Hat 14.2.1-8)

Debian GNU/Linux 12
	Kernel: 5.15
	Compiler: gcc gcc (Debian 12.2.0-14+deb12u1) 12.2.0

CentOS Stream 9
	Kernel: 5.15
	Compiler: gcc gcc (GCC) 11.5.0 20240719 (Red Hat 11.5.0-7)

Ubuntu 24.04
	Kernel: 5.15
	Compiler: gcc gcc (Ubuntu 13.3.0-6ubuntu2~24.04) 13.3.0

Windows Server 2022
	Kernel: 10.0.20348.2031
	Compiler: clang 15.0.7, gcc 14.1.0 (MinGW), and MSVC VS 19.39.33521

To view detailed results, visit:
https://lab.dpdk.org/results/dashboard/patchsets/33742/

UNH-IOL DPDK Community Lab

To manage your email subscriptions, visit: 
https://lab.dpdk.org/results/dashboard/preferences/subscriptions/

^ permalink raw reply	[flat|nested] 24+ messages in thread

* |SUCCESS| pw155497-155498 [PATCH] [2/2] graph: add callback in dispa
       [not found] <20250723165001.11162-3-cfontain@redhat.com>
                   ` (14 preceding siblings ...)
  2025-07-23 20:43 ` |PENDING| " dpdklab
@ 2025-07-23 20:44 ` dpdklab
  2025-07-23 22:05 ` dpdklab
                   ` (7 subsequent siblings)
  23 siblings, 0 replies; 24+ messages in thread
From: dpdklab @ 2025-07-23 20:44 UTC (permalink / raw)
  To: Test Report; +Cc: dpdk-test-reports

Test-Label: iol-compile-amd64-testing
Test-Status: SUCCESS
http://dpdk.org/patch/155498

_Testing PASS_

Submitter: Christophe Fontaine <cfontain@redhat.com>
Date: Wednesday, July 23 2025 16:50:01 
DPDK git baseline: Repo:dpdk
  Branch: master
  CommitID:e3183a6edafdc41bfd71de1517f9e9ec85eb1276

155497-155498 --> testing pass

Upstream job id: Windows-Compile-DPDK-Native#29985

Test environment and result as below:

+---------------------+-------------------+--------------------+-------------------------+----------------------+
|     Environment     | dpdk_msvc_compile | dpdk_meson_compile | dpdk_llvm_clang_compile | dpdk_mingw64_compile |
+=====================+===================+====================+=========================+======================+
| Windows Server 2022 | PASS              | SKIPPED            | PASS                    | PASS                 |
+---------------------+-------------------+--------------------+-------------------------+----------------------+
| FreeBSD 14.2        | SKIPPED           | PASS               | SKIPPED                 | SKIPPED              |
+---------------------+-------------------+--------------------+-------------------------+----------------------+
| Ubuntu 20.04        | SKIPPED           | PASS               | SKIPPED                 | SKIPPED              |
+---------------------+-------------------+--------------------+-------------------------+----------------------+


Windows Server 2022
	Kernel: 10.0.20348.2031
	Compiler: clang 15.0.7, gcc 14.1.0 (MinGW), and MSVC VS 19.39.33521

FreeBSD 14.2
	Kernel: 14.2-RELEASE
	Compiler: clang 18.1.6

Ubuntu 20.04
	Kernel: 4.19
	Compiler: gcc gcc (Ubuntu 9.4.0-1ubuntu1~20.04.2) 9.4.0

To view detailed results, visit:
https://lab.dpdk.org/results/dashboard/patchsets/33742/

UNH-IOL DPDK Community Lab

To manage your email subscriptions, visit: 
https://lab.dpdk.org/results/dashboard/preferences/subscriptions/

^ permalink raw reply	[flat|nested] 24+ messages in thread

* |SUCCESS| pw155497-155498 [PATCH] [2/2] graph: add callback in dispa
       [not found] <20250723165001.11162-3-cfontain@redhat.com>
                   ` (15 preceding siblings ...)
  2025-07-23 20:44 ` |SUCCESS| " dpdklab
@ 2025-07-23 22:05 ` dpdklab
  2025-07-24  3:11 ` |PENDING| " dpdklab
                   ` (6 subsequent siblings)
  23 siblings, 0 replies; 24+ messages in thread
From: dpdklab @ 2025-07-23 22:05 UTC (permalink / raw)
  To: Test Report; +Cc: dpdk-test-reports

Test-Label: iol-unit-amd64-testing
Test-Status: SUCCESS
http://dpdk.org/patch/155498

_Testing PASS_

Submitter: Christophe Fontaine <cfontain@redhat.com>
Date: Wednesday, July 23 2025 16:50:01 
DPDK git baseline: Repo:dpdk
  Branch: master
  CommitID:e3183a6edafdc41bfd71de1517f9e9ec85eb1276

155497-155498 --> testing pass

Upstream job id: Generic-Unit-Test-DPDK#357907

Test environment and result as below:

+-------------------------------+----------------+
|          Environment          | dpdk_unit_test |
+===============================+================+
| Fedora Linux 40               | PASS           |
+-------------------------------+----------------+
| Fedora Linux 41               | PASS           |
+-------------------------------+----------------+
| Red Hat Enterprise Linux 9.5  | PASS           |
+-------------------------------+----------------+
| Red Hat Enterprise Linux 8.10 | PASS           |
+-------------------------------+----------------+
| Ubuntu 22.04                  | PASS           |
+-------------------------------+----------------+
| Ubuntu 20.04                  | PASS           |
+-------------------------------+----------------+
| CentOS Stream 10              | PASS           |
+-------------------------------+----------------+
| Debian GNU/Linux 12           | PASS           |
+-------------------------------+----------------+
| CentOS Stream 9               | PASS           |
+-------------------------------+----------------+
| Ubuntu 24.04                  | PASS           |
+-------------------------------+----------------+
| Windows Server 2022           | PASS           |
+-------------------------------+----------------+


Fedora Linux 40
	Kernel: 5.15
	Compiler: clang gcc (GCC) 14.2.1 20240912 (Red Hat 14.2.1-3)

Fedora Linux 41
	Kernel: 5.15
	Compiler: gcc gcc (GCC) 14.3.1 20250523 (Red Hat 14.3.1-1)

Red Hat Enterprise Linux 9.5
	Kernel: 5.15
	Compiler: gcc gcc (GCC) 11.5.0 20240719 (Red Hat 11.5.0-2)

Red Hat Enterprise Linux 8.10
	Kernel: 5.15
	Compiler: gcc gcc (GCC) 8.5.0 20210514 (Red Hat 8.5.0-22)

Ubuntu 22.04
	Kernel: 5.15
	Compiler: gcc gcc (Ubuntu 11.4.0-1ubuntu1~22.04) 11.4.0

Ubuntu 20.04
	Kernel: 5.15
	Compiler: gcc gcc (Ubuntu 9.4.0-1ubuntu1~20.04.2) 9.4.0

CentOS Stream 10
	Kernel: 5.15
	Compiler: gcc gcc (GCC) 14.2.1 20250110 (Red Hat 14.2.1-8)

Debian GNU/Linux 12
	Kernel: 5.15
	Compiler: gcc gcc (Debian 12.2.0-14+deb12u1) 12.2.0

CentOS Stream 9
	Kernel: 5.15
	Compiler: gcc gcc (GCC) 11.5.0 20240719 (Red Hat 11.5.0-7)

Ubuntu 24.04
	Kernel: 5.15
	Compiler: gcc gcc (Ubuntu 13.3.0-6ubuntu2~24.04) 13.3.0

Windows Server 2022
	Kernel: 10.0.20348.2031
	Compiler: clang 15.0.7, gcc 14.1.0 (MinGW), and MSVC VS 19.39.33521

To view detailed results, visit:
https://lab.dpdk.org/results/dashboard/patchsets/33742/

UNH-IOL DPDK Community Lab

To manage your email subscriptions, visit: 
https://lab.dpdk.org/results/dashboard/preferences/subscriptions/

^ permalink raw reply	[flat|nested] 24+ messages in thread

* |PENDING| pw155497-155498 [PATCH] [2/2] graph: add callback in dispa
       [not found] <20250723165001.11162-3-cfontain@redhat.com>
                   ` (16 preceding siblings ...)
  2025-07-23 22:05 ` dpdklab
@ 2025-07-24  3:11 ` dpdklab
  2025-07-24  4:12 ` |SUCCESS| " dpdklab
                   ` (5 subsequent siblings)
  23 siblings, 0 replies; 24+ messages in thread
From: dpdklab @ 2025-07-24  3:11 UTC (permalink / raw)
  To: Test Report; +Cc: dpdk-test-reports

Test-Label: iol-compile-arm64-testing
Test-Status: PENDING
http://dpdk.org/patch/155498

_Testing pending_

Submitter: Christophe Fontaine <cfontain@redhat.com>
Date: Wednesday, July 23 2025 16:50:01 
DPDK git baseline: Repo:dpdk
  Branch: master
  CommitID:e3183a6edafdc41bfd71de1517f9e9ec85eb1276

155497-155498 --> testing pending

Upstream job id: Generic-DPDK-Compile-Meson#411759

Test environment and result as below:

+------------------------------+--------------------+
|         Environment          | dpdk_meson_compile |
+==============================+====================+
| Red Hat Enterprise Linux 9.5 | PEND               |
+------------------------------+--------------------+
| Ubuntu 20.04                 | PEND               |
+------------------------------+--------------------+
| Debian GNU/Linux 12          | PEND               |
+------------------------------+--------------------+
| Fedora Linux 40              | PEND               |
+------------------------------+--------------------+
| Fedora Linux 41              | PEND               |
+------------------------------+--------------------+
| Ubuntu 22.04                 | PEND               |
+------------------------------+--------------------+
| Ubuntu 24.04                 | PEND               |
+------------------------------+--------------------+
| CentOS Stream 9              | PEND               |
+------------------------------+--------------------+
| CentOS Stream 10             | PEND               |
+------------------------------+--------------------+


Red Hat Enterprise Linux 9.5
	Kernel: 5.4
	Compiler: gcc gcc (GCC) 11.5.0 20240719 (Red Hat 11.5.0-2)

Ubuntu 20.04
	Kernel: 5.4
	Compiler: gcc gcc (Ubuntu 9.4.0-1ubuntu1~20.04.2) 9.4.0

Debian GNU/Linux 12
	Kernel: 5.4
	Compiler: gcc gcc (Debian 12.2.0-14+deb12u1) 12.2.0

Fedora Linux 40
	Kernel: 5.4
	Compiler: gcc gcc (GCC) 14.2.1 20240912 (Red Hat 14.2.1-3)

Fedora Linux 41
	Kernel: 5.4
	Compiler: gcc gcc (GCC) 14.3.1 20250523 (Red Hat 14.3.1-1)

Ubuntu 22.04
	Kernel: 5.4
	Compiler: gcc gcc (Ubuntu 11.4.0-1ubuntu1~22.04) 11.4.0

Ubuntu 24.04
	Kernel: 5.4
	Compiler: gcc gcc (Ubuntu 13.3.0-6ubuntu2~24.04) 13.3.0

CentOS Stream 9
	Kernel: 5.4
	Compiler: gcc gcc (GCC) 11.5.0 20240719 (Red Hat 11.5.0-7)

CentOS Stream 10
	Kernel: 5.4
	Compiler: gcc gcc (GCC) 14.2.1 20250110 (Red Hat 14.2.1-8)

To view detailed results, visit:
https://lab.dpdk.org/results/dashboard/patchsets/33742/

UNH-IOL DPDK Community Lab

To manage your email subscriptions, visit: 
https://lab.dpdk.org/results/dashboard/preferences/subscriptions/

^ permalink raw reply	[flat|nested] 24+ messages in thread

* |SUCCESS| pw155497-155498 [PATCH] [2/2] graph: add callback in dispa
       [not found] <20250723165001.11162-3-cfontain@redhat.com>
                   ` (17 preceding siblings ...)
  2025-07-24  3:11 ` |PENDING| " dpdklab
@ 2025-07-24  4:12 ` dpdklab
  2025-07-24  4:36 ` |FAILURE| " dpdklab
                   ` (4 subsequent siblings)
  23 siblings, 0 replies; 24+ messages in thread
From: dpdklab @ 2025-07-24  4:12 UTC (permalink / raw)
  To: Test Report; +Cc: dpdk-test-reports

Test-Label: iol-compile-amd64-testing
Test-Status: SUCCESS
http://dpdk.org/patch/155498

_Testing PASS_

Submitter: Christophe Fontaine <cfontain@redhat.com>
Date: Wednesday, July 23 2025 16:50:01 
DPDK git baseline: Repo:dpdk
  Branch: master
  CommitID:e3183a6edafdc41bfd71de1517f9e9ec85eb1276

155497-155498 --> testing pass

Upstream job id: Generic-DPDK-Compile-Meson#411752

Test environment and result as below:

+-------------------------------+-------------------+--------------------+-------------------------+----------------------+-------------------+------------------+
|          Environment          | dpdk_msvc_compile | dpdk_meson_compile | dpdk_llvm_clang_compile | dpdk_mingw64_compile | dpdk_compile_spdk | dpdk_compile_ovs |
+===============================+===================+====================+=========================+======================+===================+==================+
| Windows Server 2022           | PASS              | SKIPPED            | PASS                    | PASS                 | SKIPPED           | SKIPPED          |
+-------------------------------+-------------------+--------------------+-------------------------+----------------------+-------------------+------------------+
| FreeBSD 14.2                  | SKIPPED           | PASS               | SKIPPED                 | SKIPPED              | SKIPPED           | SKIPPED          |
+-------------------------------+-------------------+--------------------+-------------------------+----------------------+-------------------+------------------+
| Ubuntu 20.04                  | SKIPPED           | PASS               | SKIPPED                 | SKIPPED              | SKIPPED           | SKIPPED          |
+-------------------------------+-------------------+--------------------+-------------------------+----------------------+-------------------+------------------+
| CentOS Stream 9               | SKIPPED           | PASS               | SKIPPED                 | SKIPPED              | PASS              | SKIPPED          |
+-------------------------------+-------------------+--------------------+-------------------------+----------------------+-------------------+------------------+
| CentOS Stream 10              | SKIPPED           | PASS               | SKIPPED                 | SKIPPED              | SKIPPED           | SKIPPED          |
+-------------------------------+-------------------+--------------------+-------------------------+----------------------+-------------------+------------------+
| Fedora Linux 40               | SKIPPED           | PASS               | SKIPPED                 | SKIPPED              | PASS              | SKIPPED          |
+-------------------------------+-------------------+--------------------+-------------------------+----------------------+-------------------+------------------+
| Fedora Linux 41               | SKIPPED           | PASS               | SKIPPED                 | SKIPPED              | PASS              | PASS             |
+-------------------------------+-------------------+--------------------+-------------------------+----------------------+-------------------+------------------+
| openSUSE Leap 15.6            | SKIPPED           | PASS               | SKIPPED                 | SKIPPED              | SKIPPED           | SKIPPED          |
+-------------------------------+-------------------+--------------------+-------------------------+----------------------+-------------------+------------------+
| Red Hat Enterprise Linux 8.10 | SKIPPED           | PASS               | SKIPPED                 | SKIPPED              | SKIPPED           | SKIPPED          |
+-------------------------------+-------------------+--------------------+-------------------------+----------------------+-------------------+------------------+
| Red Hat Enterprise Linux 9.5  | SKIPPED           | PASS               | SKIPPED                 | SKIPPED              | SKIPPED           | SKIPPED          |
+-------------------------------+-------------------+--------------------+-------------------------+----------------------+-------------------+------------------+
| Ubuntu 22.04                  | SKIPPED           | PASS               | SKIPPED                 | SKIPPED              | PASS              | SKIPPED          |
+-------------------------------+-------------------+--------------------+-------------------------+----------------------+-------------------+------------------+
| Ubuntu 24.04                  | SKIPPED           | PASS               | SKIPPED                 | SKIPPED              | PASS              | PASS             |
+-------------------------------+-------------------+--------------------+-------------------------+----------------------+-------------------+------------------+
| Alpine Linux 3.22.0           | SKIPPED           | PASS               | SKIPPED                 | SKIPPED              | SKIPPED           | SKIPPED          |
+-------------------------------+-------------------+--------------------+-------------------------+----------------------+-------------------+------------------+
| Debian GNU/Linux 12           | SKIPPED           | PASS               | SKIPPED                 | SKIPPED              | PASS              | SKIPPED          |
+-------------------------------+-------------------+--------------------+-------------------------+----------------------+-------------------+------------------+


Windows Server 2022
	Kernel: 10.0.20348.2031
	Compiler: clang 15.0.7, gcc 14.1.0 (MinGW), and MSVC VS 19.39.33521

FreeBSD 14.2
	Kernel: 14.2-RELEASE
	Compiler: clang 18.1.6

Ubuntu 20.04
	Kernel: 4.19
	Compiler: gcc gcc (Ubuntu 9.4.0-1ubuntu1~20.04.2) 9.4.0

CentOS Stream 9
	Kernel: 5.15
	Compiler: gcc gcc (GCC) 11.5.0 20240719 (Red Hat 11.5.0-7)

CentOS Stream 10
	Kernel: 5.15
	Compiler: gcc gcc (GCC) 14.2.1 20250110 (Red Hat 14.2.1-8)

Fedora Linux 40
	Kernel: 5.15
	Compiler: clang gcc (GCC) 14.2.1 20240912 (Red Hat 14.2.1-3)

Fedora Linux 41
	Kernel: 5.15
	Compiler: clang gcc (GCC) 14.3.1 20250523 (Red Hat 14.3.1-1)

openSUSE Leap 15.6
	Kernel: 5.15
	Compiler: gcc gcc (SUSE Linux) 7.5.0

Red Hat Enterprise Linux 8.10
	Kernel: 5.15
	Compiler: gcc gcc (GCC) 8.5.0 20210514 (Red Hat 8.5.0-22)

Red Hat Enterprise Linux 9.5
	Kernel: 5.15
	Compiler: gcc gcc (GCC) 11.5.0 20240719 (Red Hat 11.5.0-2)

Ubuntu 22.04
	Kernel: 5.15
	Compiler: gcc gcc (Ubuntu 11.4.0-1ubuntu1~22.04) 11.4.0

Ubuntu 24.04
	Kernel: 5.15
	Compiler: gcc gcc (Ubuntu 13.3.0-6ubuntu2~24.04) 13.3.0

Alpine Linux 3.22.0
	Kernel: 5.15
	Compiler: gcc gcc (Alpine 14.2.0) 14.2.0

Debian GNU/Linux 12
	Kernel: 5.15
	Compiler: gcc gcc (Debian 12.2.0-14+deb12u1) 12.2.0

To view detailed results, visit:
https://lab.dpdk.org/results/dashboard/patchsets/33742/

UNH-IOL DPDK Community Lab

To manage your email subscriptions, visit: 
https://lab.dpdk.org/results/dashboard/preferences/subscriptions/

^ permalink raw reply	[flat|nested] 24+ messages in thread

* |FAILURE| pw155497-155498 [PATCH] [2/2] graph: add callback in dispa
       [not found] <20250723165001.11162-3-cfontain@redhat.com>
                   ` (18 preceding siblings ...)
  2025-07-24  4:12 ` |SUCCESS| " dpdklab
@ 2025-07-24  4:36 ` dpdklab
  2025-07-24  4:36 ` dpdklab
                   ` (3 subsequent siblings)
  23 siblings, 0 replies; 24+ messages in thread
From: dpdklab @ 2025-07-24  4:36 UTC (permalink / raw)
  To: Test Report; +Cc: dpdk-test-reports, Christophe Fontaine

Test-Label: iol-unit-arm64-testing
Test-Status: FAILURE
http://dpdk.org/patch/155498

_Testing issues_

Submitter: Christophe Fontaine <cfontain@redhat.com>
Date: Wednesday, July 23 2025 16:50:01 
DPDK git baseline: Repo:dpdk
  Branch: master
  CommitID:e3183a6edafdc41bfd71de1517f9e9ec85eb1276

155497-155498 --> testing issues

Upstream job id: Generic-Unit-Test-DPDK#357895

Test environment and result as below:

+------------------------------+---------------------------+----------------+------------------------------+--------------+
|         Environment          | cryptodev_sw_zuc_autotest | dpdk_unit_test | cryptodev_sw_snow3g_autotest | lpm_autotest |
+==============================+===========================+================+==============================+==============+
| Debian 12 (arm)              | PASS                      | SKIPPED        | PASS                         | SKIPPED      |
+------------------------------+---------------------------+----------------+------------------------------+--------------+
| Ubuntu 20.04                 | SKIPPED                   | PASS           | SKIPPED                      | PASS         |
+------------------------------+---------------------------+----------------+------------------------------+--------------+
| Fedora Linux 41              | SKIPPED                   | PASS           | SKIPPED                      | SKIPPED      |
+------------------------------+---------------------------+----------------+------------------------------+--------------+
| Red Hat Enterprise Linux 9.5 | SKIPPED                   | PASS           | SKIPPED                      | SKIPPED      |
+------------------------------+---------------------------+----------------+------------------------------+--------------+
| Debian GNU/Linux 12          | SKIPPED                   | FAIL           | SKIPPED                      | SKIPPED      |
+------------------------------+---------------------------+----------------+------------------------------+--------------+
| CentOS Stream 9              | SKIPPED                   | PASS           | SKIPPED                      | SKIPPED      |
+------------------------------+---------------------------+----------------+------------------------------+--------------+
| Fedora Linux 40              | SKIPPED                   | PEND           | SKIPPED                      | SKIPPED      |
+------------------------------+---------------------------+----------------+------------------------------+--------------+
| CentOS Stream 10             | SKIPPED                   | PASS           | SKIPPED                      | SKIPPED      |
+------------------------------+---------------------------+----------------+------------------------------+--------------+
| Ubuntu 24.04                 | SKIPPED                   | PASS           | SKIPPED                      | SKIPPED      |
+------------------------------+---------------------------+----------------+------------------------------+--------------+
| Ubuntu 22.04                 | SKIPPED                   | PASS           | SKIPPED                      | SKIPPED      |
+------------------------------+---------------------------+----------------+------------------------------+--------------+

==== Unit test summary for Debian GNU/Linux 12 (dpdk_unit_test): ====
ninja: Entering directory `/home-local/jenkins-local/jenkins-agent/workspace/Generic-Unit-Test-DPDK@5/dpdk/build'
ninja: no work to do.
  1/120 DPDK:fast-tests / acl_autotest                   OK              10.47s
  2/120 DPDK:fast-tests / alarm_autotest                 OK               1.36s
  3/120 DPDK:fast-tests / argparse_autotest              OK               0.33s
  4/120 DPDK:fast-tests / atomic_autotest                OK               9.67s
  5/120 DPDK:fast-tests / bitcount_autotest              OK               0.38s
  6/120 DPDK:fast-tests / bitmap_autotest                OK               0.34s
  7/120 DPDK:fast-tests / bitops_autotest                OK               1.83s
  8/120 DPDK:fast-tests / bitratestats_autotest          OK               0.35s
  9/120 DPDK:fast-tests / bitset_autotest                OK               5.46s
 10/120 DPDK:fast-tests / bpf_autotest                   OK               0.33s
 11/120 DPDK:fast-tests / bpf_convert_autotest           OK               0.35s
 12/120 DPDK:fast-tests / byteorder_autotest             OK               0.34s
 13/120 DPDK:fast-tests / cfgfile_autotest               OK               0.34s
 14/120 DPDK:fast-tests / cksum_autotest                 OK               0.33s
 15/120 DPDK:fast-tests / cmdline_autotest               OK               0.34s
 16/120 DPDK:fast-tests / common_autotest                OK               2.13s
 17/120 DPDK:fast-tests / compressdev_autotest           SKIP             0.19s   exit status 77
 18/120 DPDK:fast-tests / cpuflags_autotest              OK               0.38s
 19/120 DPDK:fast-tests / crc_autotest                   OK               0.34s
 20/120 DPDK:fast-tests / user_delay_us                  OK               0.36s
 21/120 DPDK:fast-tests / debug_autotest                 OK               1.92s
 22/120 DPDK:fast-tests / devargs_autotest               OK               0.35s
 23/120 DPDK:fast-tests / dispatcher_autotest            OK               5.42s
 24/120 DPDK:fast-tests / distributor_autotest           OK               1.14s
 25/120 DPDK:fast-tests / eal_flags_c_opt_autotest       OK               3.66s
 26/120 DPDK:fast-tests / eal_flags_main_opt_autotest    OK               0.96s
 27/120 DPDK:fast-tests / eal_flags_n_opt_autotest       OK               0.85s
 28/120 DPDK:fast-tests / eal_flags_hpet_autotest        OK               0.50s
 29/120 DPDK:fast-tests / eal_flags_no_huge_autotest     OK               0.99s
 30/120 DPDK:fast-tests / eal_flags_a_opt_autotest       OK               1.50s
 31/120 DPDK:fast-tests / eal_flags_b_opt_autotest       OK               1.15s
 32/120 DPDK:fast-tests / eal_flags_vdev_opt_autotest    OK               0.82s
 33/120 DPDK:fast-tests / eal_flags_r_opt_autotest       OK               0.86s
 34/120 DPDK:fast-tests / eal_flags_mem_autotest         OK               1.24s
 35/120 DPDK:fast-tests / eal_flags_file_prefix_autotest OK               3.39s
 36/120 DPDK:fast-tests / eal_flags_misc_autotest        OK               4.46s
 37/120 DPDK:fast-tests / eal_fs_autotest                OK               0.38s
 38/120 DPDK:fast-tests / errno_autotest                 OK               0.34s
 39/120 DPDK:fast-tests / ethdev_link_status             OK               0.34s
 40/120 DPDK:fast-tests / event_eth_tx_adapter_autotest  OK               2.14s
 41/120 DPDK:fast-tests / event_ring_autotest            OK               0.38s
 42/120 DPDK:fast-tests / eventdev_common_autotest       OK               0.34s
 43/120 DPDK:fast-tests / eventdev_selftest_sw           OK              20.92s
 44/120 DPDK:fast-tests / fbarray_autotest               OK               0.40s
 45/120 DPDK:fast-tests / fib_autotest                   OK               1.88s
 46/120 DPDK:fast-tests / fib6_autotest                  OK               1.68s
 47/120 DPDK:fast-tests / func_reentrancy_autotest       OK               1.53s
 48/120 DPDK:fast-tests / graph_autotest                 OK               0.37s
 49/120 DPDK:fast-tests / node_list_dump                 OK               0.33s
 50/120 DPDK:fast-tests / graph_feature_arc_autotest     OK               0.34s
 51/120 DPDK:fast-tests / hash_autotest                  OK               1.04s
 52/120 DPDK:fast-tests / hash_readwrite_func_autotest   OK              15.25s
 53/120 DPDK:fast-tests / interrupt_autotest             OK               1.39s
 54/120 DPDK:fast-tests / ipfrag_autotest                OK               0.21s
 55/120 DPDK:fast-tests / ipsec_autotest                 SKIP             0.37s   exit status 77
 56/120 DPDK:fast-tests / kvargs_autotest                OK               0.34s
 57/120 DPDK:fast-tests / latencystats_autotest          FAIL             0.41s   (exit status 255 or signal 127 SIGinvalid)
>>> DPDK_TEST=latencystats_autotest MALLOC_PERTURB_=132 /home-local/jenkins-local/jenkins-agent/workspace/Generic-Unit-Test-DPDK@5/dpdk/build/app/dpdk-test --no-huge -m 2048

 58/120 DPDK:fast-tests / lcore_var_autotest             OK               1.32s
 59/120 DPDK:fast-tests / lcores_autotest                OK               5.82s
 60/120 DPDK:fast-tests / logs_autotest                  OK               0.34s
 61/120 DPDK:fast-tests / lpm_autotest                   OK               3.30s
 62/120 DPDK:fast-tests / lpm6_autotest                  OK              10.76s
 63/120 DPDK:fast-tests / malloc_autotest                OK               0.92s
 64/120 DPDK:fast-tests / mbuf_autotest                  OK               1.05s
 65/120 DPDK:fast-tests / mcslock_autotest               OK               1.78s
 66/120 DPDK:fast-tests / member_autotest                OK               2.87s
 67/120 DPDK:fast-tests / memcpy_autotest                OK              12.86s
 68/120 DPDK:fast-tests / memory_autotest                OK               0.20s
 69/120 DPDK:fast-tests / mempool_autotest               OK               0.79s
 70/120 DPDK:fast-tests / memzone_autotest               OK               0.23s
 71/120 DPDK:fast-tests / meter_autotest                 OK               0.38s
 72/120 DPDK:fast-tests / metrics_autotest               OK               0.35s
 73/120 DPDK:fast-tests / multiprocess_autotest          OK               0.76s
 74/120 DPDK:fast-tests / net_ether_autotest             OK               2.00s
 75/120 DPDK:fast-tests / net_ipv6_autotest              OK               0.35s
 76/120 DPDK:fast-tests / pcapng_autotest                OK               6.05s
 77/120 DPDK:fast-tests / pdcp_autotest                  SKIP             0.19s   exit status 77
 78/120 DPDK:fast-tests / pdump_autotest                 OK               0.92s
 79/120 DPDK:fast-tests / per_lcore_autotest             OK               0.44s
 80/120 DPDK:fast-tests / pflock_autotest                OK               0.69s
 81/120 DPDK:fast-tests / pie_autotest                   OK               0.33s
 82/120 DPDK:fast-tests / ring_pmd_autotest              OK               0.34s
 83/120 DPDK:fast-tests / power_autotest                 OK               0.33s
 84/120 DPDK:fast-tests / power_cpufreq_autotest         SKIP             0.19s   exit status 77
 85/120 DPDK:fast-tests / power_intel_uncore_autotest    SKIP             0.38s   exit status 77
 86/120 DPDK:fast-tests / power_kvm_vm_autotest          SKIP             0.19s   exit status 77
 87/120 DPDK:fast-tests / prefetch_autotest              OK               0.37s
 88/120 DPDK:fast-tests / ptr_compress_autotest          OK               0.34s
 89/120 DPDK:fast-tests / rawdev_autotest                OK               0.33s
 90/120 DPDK:fast-tests / rcu_qsbr_autotest              OK               1.34s
 91/120 DPDK:fast-tests / reorder_autotest               OK               0.86s
 92/120 DPDK:fast-tests / rib_autotest                   OK               8.06s
 93/120 DPDK:fast-tests / rib6_autotest                  OK               7.96s
 94/120 DPDK:fast-tests / ring_autotest                  OK               0.40s
 95/120 DPDK:fast-tests / rwlock_test1_autotest          OK               0.68s
 96/120 DPDK:fast-tests / rwlock_rda_autotest            OK               5.40s
 97/120 DPDK:fast-tests / rwlock_rds_wrm_autotest        OK               5.35s
 98/120 DPDK:fast-tests / rwlock_rde_wro_autotest        OK               5.33s
 99/120 DPDK:fast-tests / sched_autotest                 OK               0.35s
100/120 DPDK:fast-tests / security_autotest              OK               0.19s
101/120 DPDK:fast-tests / seqlock_autotest               OK               2.37s
102/120 DPDK:fast-tests / service_autotest               OK               3.03s
103/120 DPDK:fast-tests / soring_autotest                OK               0.34s
104/120 DPDK:fast-tests / spinlock_autotest              OK               0.37s
105/120 DPDK:fast-tests / stack_autotest                 OK               0.77s
106/120 DPDK:fast-tests / stack_lf_autotest              OK               0.66s
107/120 DPDK:fast-tests / string_autotest                OK               0.37s
108/120 DPDK:fast-tests / table_autotest                 OK              14.47s
109/120 DPDK:fast-tests / tailq_autotest                 OK               0.34s
110/120 DPDK:fast-tests / telemetry_data_autotest        OK               0.35s
111/120 DPDK:fast-tests / telemetry_json_autotest        OK               0.34s
112/120 DPDK:fast-tests / thash_autotest                 OK               0.37s
113/120 DPDK:fast-tests / threads_autotest               OK               0.46s
114/120 DPDK:fast-tests / ticketlock_autotest            OK               0.39s
115/120 DPDK:fast-tests / timer_autotest                 OK               3.49s
116/120 DPDK:fast-tests / trace_autotest                 OK               0.45s
117/120 DPDK:fast-tests / trace_autotest_with_traces     OK               0.36s
118/120 DPDK:fast-tests / vdev_autotest                  OK               0.33s
119/120 DPDK:fast-tests / version_autotest               OK               0.33s
120/120 DPDK:fast-tests / telemetry_all                  SKIP             0.10s   exit status 77


Ok:                 112 
Expected Fail:      0   
Fail:               1   
Unexpected Pass:    0   
Skipped:            7   
Timeout:            0   

Full log written to /home-local/jenkins-local/jenkins-agent/workspace/Generic-Unit-Test-DPDK@5/dpdk/build/meson-logs/testlog.txt



Test log output from the failed test latencystats_autotest:

Sorry, we were not able to find the logs for this test.
Download the log output from the CI site for this test run.
==== End log output ====

Debian 12 (arm)
	Kernel: Depends on container host
	Compiler: gcc (Debian 12.2.0-14) 12.2.0

Ubuntu 20.04
	Kernel: 5.4
	Compiler: gcc gcc (Ubuntu 9.4.0-1ubuntu1~20.04.2) 9.4.0

Fedora Linux 41
	Kernel: 5.4
	Compiler: clang gcc (GCC) 14.3.1 20250523 (Red Hat 14.3.1-1)

Red Hat Enterprise Linux 9.5
	Kernel: 5.4
	Compiler: gcc gcc (GCC) 11.5.0 20240719 (Red Hat 11.5.0-2)

Debian GNU/Linux 12
	Kernel: 5.4
	Compiler: gcc gcc (Debian 12.2.0-14+deb12u1) 12.2.0

CentOS Stream 9
	Kernel: 5.4
	Compiler: gcc gcc (GCC) 11.5.0 20240719 (Red Hat 11.5.0-7)

Fedora Linux 40
	Kernel: 5.4
	Compiler: clang gcc (GCC) 14.2.1 20240912 (Red Hat 14.2.1-3)

CentOS Stream 10
	Kernel: 5.4
	Compiler: gcc gcc (GCC) 14.2.1 20250110 (Red Hat 14.2.1-8)

Ubuntu 24.04
	Kernel: 5.4
	Compiler: gcc gcc (Ubuntu 13.3.0-6ubuntu2~24.04) 13.3.0

Ubuntu 22.04
	Kernel: 5.4
	Compiler: gcc gcc (Ubuntu 11.4.0-1ubuntu1~22.04) 11.4.0

To view detailed results, visit:
https://lab.dpdk.org/results/dashboard/patchsets/33742/

UNH-IOL DPDK Community Lab

To manage your email subscriptions, visit: 
https://lab.dpdk.org/results/dashboard/preferences/subscriptions/

^ permalink raw reply	[flat|nested] 24+ messages in thread

* |FAILURE| pw155497-155498 [PATCH] [2/2] graph: add callback in dispa
       [not found] <20250723165001.11162-3-cfontain@redhat.com>
                   ` (19 preceding siblings ...)
  2025-07-24  4:36 ` |FAILURE| " dpdklab
@ 2025-07-24  4:36 ` dpdklab
  2025-07-24  5:05 ` dpdklab
                   ` (2 subsequent siblings)
  23 siblings, 0 replies; 24+ messages in thread
From: dpdklab @ 2025-07-24  4:36 UTC (permalink / raw)
  To: Test Report; +Cc: dpdk-test-reports, Christophe Fontaine

Test-Label: iol-unit-arm64-testing
Test-Status: FAILURE
http://dpdk.org/patch/155498

_Testing issues_

Submitter: Christophe Fontaine <cfontain@redhat.com>
Date: Wednesday, July 23 2025 16:50:01 
DPDK git baseline: Repo:dpdk
  Branch: master
  CommitID:e3183a6edafdc41bfd71de1517f9e9ec85eb1276

155497-155498 --> testing issues

Upstream job id: Generic-Unit-Test-DPDK#357897

Test environment and result as below:

+------------------------------+---------------------------+----------------+------------------------------+--------------+
|         Environment          | cryptodev_sw_zuc_autotest | dpdk_unit_test | cryptodev_sw_snow3g_autotest | lpm_autotest |
+==============================+===========================+================+==============================+==============+
| Debian 12 (arm)              | PASS                      | SKIPPED        | PASS                         | SKIPPED      |
+------------------------------+---------------------------+----------------+------------------------------+--------------+
| Ubuntu 20.04                 | SKIPPED                   | PASS           | SKIPPED                      | PASS         |
+------------------------------+---------------------------+----------------+------------------------------+--------------+
| Fedora Linux 41              | SKIPPED                   | PASS           | SKIPPED                      | SKIPPED      |
+------------------------------+---------------------------+----------------+------------------------------+--------------+
| Red Hat Enterprise Linux 9.5 | SKIPPED                   | PASS           | SKIPPED                      | SKIPPED      |
+------------------------------+---------------------------+----------------+------------------------------+--------------+
| Debian GNU/Linux 12          | SKIPPED                   | FAIL           | SKIPPED                      | SKIPPED      |
+------------------------------+---------------------------+----------------+------------------------------+--------------+
| CentOS Stream 9              | SKIPPED                   | PASS           | SKIPPED                      | SKIPPED      |
+------------------------------+---------------------------+----------------+------------------------------+--------------+
| Fedora Linux 40              | SKIPPED                   | PEND           | SKIPPED                      | SKIPPED      |
+------------------------------+---------------------------+----------------+------------------------------+--------------+
| CentOS Stream 10             | SKIPPED                   | PASS           | SKIPPED                      | SKIPPED      |
+------------------------------+---------------------------+----------------+------------------------------+--------------+
| Ubuntu 24.04                 | SKIPPED                   | PASS           | SKIPPED                      | SKIPPED      |
+------------------------------+---------------------------+----------------+------------------------------+--------------+
| Ubuntu 22.04                 | SKIPPED                   | PASS           | SKIPPED                      | SKIPPED      |
+------------------------------+---------------------------+----------------+------------------------------+--------------+

==== Unit test summary for Debian GNU/Linux 12 (dpdk_unit_test): ====
ninja: Entering directory `/home-local/jenkins-local/jenkins-agent/workspace/Generic-Unit-Test-DPDK@5/dpdk/build'
ninja: no work to do.
  1/120 DPDK:fast-tests / acl_autotest                   OK              10.47s
  2/120 DPDK:fast-tests / alarm_autotest                 OK               1.36s
  3/120 DPDK:fast-tests / argparse_autotest              OK               0.33s
  4/120 DPDK:fast-tests / atomic_autotest                OK               9.67s
  5/120 DPDK:fast-tests / bitcount_autotest              OK               0.38s
  6/120 DPDK:fast-tests / bitmap_autotest                OK               0.34s
  7/120 DPDK:fast-tests / bitops_autotest                OK               1.83s
  8/120 DPDK:fast-tests / bitratestats_autotest          OK               0.35s
  9/120 DPDK:fast-tests / bitset_autotest                OK               5.46s
 10/120 DPDK:fast-tests / bpf_autotest                   OK               0.33s
 11/120 DPDK:fast-tests / bpf_convert_autotest           OK               0.35s
 12/120 DPDK:fast-tests / byteorder_autotest             OK               0.34s
 13/120 DPDK:fast-tests / cfgfile_autotest               OK               0.34s
 14/120 DPDK:fast-tests / cksum_autotest                 OK               0.33s
 15/120 DPDK:fast-tests / cmdline_autotest               OK               0.34s
 16/120 DPDK:fast-tests / common_autotest                OK               2.13s
 17/120 DPDK:fast-tests / compressdev_autotest           SKIP             0.19s   exit status 77
 18/120 DPDK:fast-tests / cpuflags_autotest              OK               0.38s
 19/120 DPDK:fast-tests / crc_autotest                   OK               0.34s
 20/120 DPDK:fast-tests / user_delay_us                  OK               0.36s
 21/120 DPDK:fast-tests / debug_autotest                 OK               1.92s
 22/120 DPDK:fast-tests / devargs_autotest               OK               0.35s
 23/120 DPDK:fast-tests / dispatcher_autotest            OK               5.42s
 24/120 DPDK:fast-tests / distributor_autotest           OK               1.14s
 25/120 DPDK:fast-tests / eal_flags_c_opt_autotest       OK               3.66s
 26/120 DPDK:fast-tests / eal_flags_main_opt_autotest    OK               0.96s
 27/120 DPDK:fast-tests / eal_flags_n_opt_autotest       OK               0.85s
 28/120 DPDK:fast-tests / eal_flags_hpet_autotest        OK               0.50s
 29/120 DPDK:fast-tests / eal_flags_no_huge_autotest     OK               0.99s
 30/120 DPDK:fast-tests / eal_flags_a_opt_autotest       OK               1.50s
 31/120 DPDK:fast-tests / eal_flags_b_opt_autotest       OK               1.15s
 32/120 DPDK:fast-tests / eal_flags_vdev_opt_autotest    OK               0.82s
 33/120 DPDK:fast-tests / eal_flags_r_opt_autotest       OK               0.86s
 34/120 DPDK:fast-tests / eal_flags_mem_autotest         OK               1.24s
 35/120 DPDK:fast-tests / eal_flags_file_prefix_autotest OK               3.39s
 36/120 DPDK:fast-tests / eal_flags_misc_autotest        OK               4.46s
 37/120 DPDK:fast-tests / eal_fs_autotest                OK               0.38s
 38/120 DPDK:fast-tests / errno_autotest                 OK               0.34s
 39/120 DPDK:fast-tests / ethdev_link_status             OK               0.34s
 40/120 DPDK:fast-tests / event_eth_tx_adapter_autotest  OK               2.14s
 41/120 DPDK:fast-tests / event_ring_autotest            OK               0.38s
 42/120 DPDK:fast-tests / eventdev_common_autotest       OK               0.34s
 43/120 DPDK:fast-tests / eventdev_selftest_sw           OK              20.92s
 44/120 DPDK:fast-tests / fbarray_autotest               OK               0.40s
 45/120 DPDK:fast-tests / fib_autotest                   OK               1.88s
 46/120 DPDK:fast-tests / fib6_autotest                  OK               1.68s
 47/120 DPDK:fast-tests / func_reentrancy_autotest       OK               1.53s
 48/120 DPDK:fast-tests / graph_autotest                 OK               0.37s
 49/120 DPDK:fast-tests / node_list_dump                 OK               0.33s
 50/120 DPDK:fast-tests / graph_feature_arc_autotest     OK               0.34s
 51/120 DPDK:fast-tests / hash_autotest                  OK               1.04s
 52/120 DPDK:fast-tests / hash_readwrite_func_autotest   OK              15.25s
 53/120 DPDK:fast-tests / interrupt_autotest             OK               1.39s
 54/120 DPDK:fast-tests / ipfrag_autotest                OK               0.21s
 55/120 DPDK:fast-tests / ipsec_autotest                 SKIP             0.37s   exit status 77
 56/120 DPDK:fast-tests / kvargs_autotest                OK               0.34s
 57/120 DPDK:fast-tests / latencystats_autotest          FAIL             0.41s   (exit status 255 or signal 127 SIGinvalid)
>>> DPDK_TEST=latencystats_autotest MALLOC_PERTURB_=132 /home-local/jenkins-local/jenkins-agent/workspace/Generic-Unit-Test-DPDK@5/dpdk/build/app/dpdk-test --no-huge -m 2048

 58/120 DPDK:fast-tests / lcore_var_autotest             OK               1.32s
 59/120 DPDK:fast-tests / lcores_autotest                OK               5.82s
 60/120 DPDK:fast-tests / logs_autotest                  OK               0.34s
 61/120 DPDK:fast-tests / lpm_autotest                   OK               3.30s
 62/120 DPDK:fast-tests / lpm6_autotest                  OK              10.76s
 63/120 DPDK:fast-tests / malloc_autotest                OK               0.92s
 64/120 DPDK:fast-tests / mbuf_autotest                  OK               1.05s
 65/120 DPDK:fast-tests / mcslock_autotest               OK               1.78s
 66/120 DPDK:fast-tests / member_autotest                OK               2.87s
 67/120 DPDK:fast-tests / memcpy_autotest                OK              12.86s
 68/120 DPDK:fast-tests / memory_autotest                OK               0.20s
 69/120 DPDK:fast-tests / mempool_autotest               OK               0.79s
 70/120 DPDK:fast-tests / memzone_autotest               OK               0.23s
 71/120 DPDK:fast-tests / meter_autotest                 OK               0.38s
 72/120 DPDK:fast-tests / metrics_autotest               OK               0.35s
 73/120 DPDK:fast-tests / multiprocess_autotest          OK               0.76s
 74/120 DPDK:fast-tests / net_ether_autotest             OK               2.00s
 75/120 DPDK:fast-tests / net_ipv6_autotest              OK               0.35s
 76/120 DPDK:fast-tests / pcapng_autotest                OK               6.05s
 77/120 DPDK:fast-tests / pdcp_autotest                  SKIP             0.19s   exit status 77
 78/120 DPDK:fast-tests / pdump_autotest                 OK               0.92s
 79/120 DPDK:fast-tests / per_lcore_autotest             OK               0.44s
 80/120 DPDK:fast-tests / pflock_autotest                OK               0.69s
 81/120 DPDK:fast-tests / pie_autotest                   OK               0.33s
 82/120 DPDK:fast-tests / ring_pmd_autotest              OK               0.34s
 83/120 DPDK:fast-tests / power_autotest                 OK               0.33s
 84/120 DPDK:fast-tests / power_cpufreq_autotest         SKIP             0.19s   exit status 77
 85/120 DPDK:fast-tests / power_intel_uncore_autotest    SKIP             0.38s   exit status 77
 86/120 DPDK:fast-tests / power_kvm_vm_autotest          SKIP             0.19s   exit status 77
 87/120 DPDK:fast-tests / prefetch_autotest              OK               0.37s
 88/120 DPDK:fast-tests / ptr_compress_autotest          OK               0.34s
 89/120 DPDK:fast-tests / rawdev_autotest                OK               0.33s
 90/120 DPDK:fast-tests / rcu_qsbr_autotest              OK               1.34s
 91/120 DPDK:fast-tests / reorder_autotest               OK               0.86s
 92/120 DPDK:fast-tests / rib_autotest                   OK               8.06s
 93/120 DPDK:fast-tests / rib6_autotest                  OK               7.96s
 94/120 DPDK:fast-tests / ring_autotest                  OK               0.40s
 95/120 DPDK:fast-tests / rwlock_test1_autotest          OK               0.68s
 96/120 DPDK:fast-tests / rwlock_rda_autotest            OK               5.40s
 97/120 DPDK:fast-tests / rwlock_rds_wrm_autotest        OK               5.35s
 98/120 DPDK:fast-tests / rwlock_rde_wro_autotest        OK               5.33s
 99/120 DPDK:fast-tests / sched_autotest                 OK               0.35s
100/120 DPDK:fast-tests / security_autotest              OK               0.19s
101/120 DPDK:fast-tests / seqlock_autotest               OK               2.37s
102/120 DPDK:fast-tests / service_autotest               OK               3.03s
103/120 DPDK:fast-tests / soring_autotest                OK               0.34s
104/120 DPDK:fast-tests / spinlock_autotest              OK               0.37s
105/120 DPDK:fast-tests / stack_autotest                 OK               0.77s
106/120 DPDK:fast-tests / stack_lf_autotest              OK               0.66s
107/120 DPDK:fast-tests / string_autotest                OK               0.37s
108/120 DPDK:fast-tests / table_autotest                 OK              14.47s
109/120 DPDK:fast-tests / tailq_autotest                 OK               0.34s
110/120 DPDK:fast-tests / telemetry_data_autotest        OK               0.35s
111/120 DPDK:fast-tests / telemetry_json_autotest        OK               0.34s
112/120 DPDK:fast-tests / thash_autotest                 OK               0.37s
113/120 DPDK:fast-tests / threads_autotest               OK               0.46s
114/120 DPDK:fast-tests / ticketlock_autotest            OK               0.39s
115/120 DPDK:fast-tests / timer_autotest                 OK               3.49s
116/120 DPDK:fast-tests / trace_autotest                 OK               0.45s
117/120 DPDK:fast-tests / trace_autotest_with_traces     OK               0.36s
118/120 DPDK:fast-tests / vdev_autotest                  OK               0.33s
119/120 DPDK:fast-tests / version_autotest               OK               0.33s
120/120 DPDK:fast-tests / telemetry_all                  SKIP             0.10s   exit status 77


Ok:                 112 
Expected Fail:      0   
Fail:               1   
Unexpected Pass:    0   
Skipped:            7   
Timeout:            0   

Full log written to /home-local/jenkins-local/jenkins-agent/workspace/Generic-Unit-Test-DPDK@5/dpdk/build/meson-logs/testlog.txt



Test log output from the failed test latencystats_autotest:

Sorry, we were not able to find the logs for this test.
Download the log output from the CI site for this test run.
==== End log output ====

Debian 12 (arm)
	Kernel: Depends on container host
	Compiler: gcc (Debian 12.2.0-14) 12.2.0

Ubuntu 20.04
	Kernel: 5.4
	Compiler: gcc gcc (Ubuntu 9.4.0-1ubuntu1~20.04.2) 9.4.0

Fedora Linux 41
	Kernel: 5.4
	Compiler: clang gcc (GCC) 14.3.1 20250523 (Red Hat 14.3.1-1)

Red Hat Enterprise Linux 9.5
	Kernel: 5.4
	Compiler: gcc gcc (GCC) 11.5.0 20240719 (Red Hat 11.5.0-2)

Debian GNU/Linux 12
	Kernel: 5.4
	Compiler: gcc gcc (Debian 12.2.0-14+deb12u1) 12.2.0

CentOS Stream 9
	Kernel: 5.4
	Compiler: gcc gcc (GCC) 11.5.0 20240719 (Red Hat 11.5.0-7)

Fedora Linux 40
	Kernel: 5.4
	Compiler: clang gcc (GCC) 14.2.1 20240912 (Red Hat 14.2.1-3)

CentOS Stream 10
	Kernel: 5.4
	Compiler: gcc gcc (GCC) 14.2.1 20250110 (Red Hat 14.2.1-8)

Ubuntu 24.04
	Kernel: 5.4
	Compiler: gcc gcc (Ubuntu 13.3.0-6ubuntu2~24.04) 13.3.0

Ubuntu 22.04
	Kernel: 5.4
	Compiler: gcc gcc (Ubuntu 11.4.0-1ubuntu1~22.04) 11.4.0

To view detailed results, visit:
https://lab.dpdk.org/results/dashboard/patchsets/33742/

UNH-IOL DPDK Community Lab

To manage your email subscriptions, visit: 
https://lab.dpdk.org/results/dashboard/preferences/subscriptions/

^ permalink raw reply	[flat|nested] 24+ messages in thread

* |FAILURE| pw155497-155498 [PATCH] [2/2] graph: add callback in dispa
       [not found] <20250723165001.11162-3-cfontain@redhat.com>
                   ` (20 preceding siblings ...)
  2025-07-24  4:36 ` dpdklab
@ 2025-07-24  5:05 ` dpdklab
  2025-07-24  8:55 ` |SUCCESS| " dpdklab
  2025-07-24 10:53 ` dpdklab
  23 siblings, 0 replies; 24+ messages in thread
From: dpdklab @ 2025-07-24  5:05 UTC (permalink / raw)
  To: Test Report; +Cc: dpdk-test-reports, Christophe Fontaine

Test-Label: iol-unit-arm64-testing
Test-Status: FAILURE
http://dpdk.org/patch/155498

_Testing issues_

Submitter: Christophe Fontaine <cfontain@redhat.com>
Date: Wednesday, July 23 2025 16:50:01 
DPDK git baseline: Repo:dpdk
  Branch: master
  CommitID:e3183a6edafdc41bfd71de1517f9e9ec85eb1276

155497-155498 --> testing issues

Upstream job id: Generic-Unit-Test-DPDK#357904

Test environment and result as below:

+------------------------------+---------------------------+----------------+------------------------------+--------------+
|         Environment          | cryptodev_sw_zuc_autotest | dpdk_unit_test | cryptodev_sw_snow3g_autotest | lpm_autotest |
+==============================+===========================+================+==============================+==============+
| Debian 12 (arm)              | PASS                      | SKIPPED        | PASS                         | SKIPPED      |
+------------------------------+---------------------------+----------------+------------------------------+--------------+
| Ubuntu 20.04                 | SKIPPED                   | PASS           | SKIPPED                      | PASS         |
+------------------------------+---------------------------+----------------+------------------------------+--------------+
| Fedora Linux 41              | SKIPPED                   | PASS           | SKIPPED                      | SKIPPED      |
+------------------------------+---------------------------+----------------+------------------------------+--------------+
| Red Hat Enterprise Linux 9.5 | SKIPPED                   | PASS           | SKIPPED                      | SKIPPED      |
+------------------------------+---------------------------+----------------+------------------------------+--------------+
| Debian GNU/Linux 12          | SKIPPED                   | FAIL           | SKIPPED                      | SKIPPED      |
+------------------------------+---------------------------+----------------+------------------------------+--------------+
| CentOS Stream 9              | SKIPPED                   | PASS           | SKIPPED                      | SKIPPED      |
+------------------------------+---------------------------+----------------+------------------------------+--------------+
| Fedora Linux 40              | SKIPPED                   | PASS           | SKIPPED                      | SKIPPED      |
+------------------------------+---------------------------+----------------+------------------------------+--------------+
| CentOS Stream 10             | SKIPPED                   | PASS           | SKIPPED                      | SKIPPED      |
+------------------------------+---------------------------+----------------+------------------------------+--------------+
| Ubuntu 24.04                 | SKIPPED                   | PASS           | SKIPPED                      | SKIPPED      |
+------------------------------+---------------------------+----------------+------------------------------+--------------+
| Ubuntu 22.04                 | SKIPPED                   | PASS           | SKIPPED                      | SKIPPED      |
+------------------------------+---------------------------+----------------+------------------------------+--------------+

==== Unit test summary for Debian GNU/Linux 12 (dpdk_unit_test): ====
ninja: Entering directory `/home-local/jenkins-local/jenkins-agent/workspace/Generic-Unit-Test-DPDK@5/dpdk/build'
ninja: no work to do.
  1/120 DPDK:fast-tests / acl_autotest                   OK              10.47s
  2/120 DPDK:fast-tests / alarm_autotest                 OK               1.36s
  3/120 DPDK:fast-tests / argparse_autotest              OK               0.33s
  4/120 DPDK:fast-tests / atomic_autotest                OK               9.67s
  5/120 DPDK:fast-tests / bitcount_autotest              OK               0.38s
  6/120 DPDK:fast-tests / bitmap_autotest                OK               0.34s
  7/120 DPDK:fast-tests / bitops_autotest                OK               1.83s
  8/120 DPDK:fast-tests / bitratestats_autotest          OK               0.35s
  9/120 DPDK:fast-tests / bitset_autotest                OK               5.46s
 10/120 DPDK:fast-tests / bpf_autotest                   OK               0.33s
 11/120 DPDK:fast-tests / bpf_convert_autotest           OK               0.35s
 12/120 DPDK:fast-tests / byteorder_autotest             OK               0.34s
 13/120 DPDK:fast-tests / cfgfile_autotest               OK               0.34s
 14/120 DPDK:fast-tests / cksum_autotest                 OK               0.33s
 15/120 DPDK:fast-tests / cmdline_autotest               OK               0.34s
 16/120 DPDK:fast-tests / common_autotest                OK               2.13s
 17/120 DPDK:fast-tests / compressdev_autotest           SKIP             0.19s   exit status 77
 18/120 DPDK:fast-tests / cpuflags_autotest              OK               0.38s
 19/120 DPDK:fast-tests / crc_autotest                   OK               0.34s
 20/120 DPDK:fast-tests / user_delay_us                  OK               0.36s
 21/120 DPDK:fast-tests / debug_autotest                 OK               1.92s
 22/120 DPDK:fast-tests / devargs_autotest               OK               0.35s
 23/120 DPDK:fast-tests / dispatcher_autotest            OK               5.42s
 24/120 DPDK:fast-tests / distributor_autotest           OK               1.14s
 25/120 DPDK:fast-tests / eal_flags_c_opt_autotest       OK               3.66s
 26/120 DPDK:fast-tests / eal_flags_main_opt_autotest    OK               0.96s
 27/120 DPDK:fast-tests / eal_flags_n_opt_autotest       OK               0.85s
 28/120 DPDK:fast-tests / eal_flags_hpet_autotest        OK               0.50s
 29/120 DPDK:fast-tests / eal_flags_no_huge_autotest     OK               0.99s
 30/120 DPDK:fast-tests / eal_flags_a_opt_autotest       OK               1.50s
 31/120 DPDK:fast-tests / eal_flags_b_opt_autotest       OK               1.15s
 32/120 DPDK:fast-tests / eal_flags_vdev_opt_autotest    OK               0.82s
 33/120 DPDK:fast-tests / eal_flags_r_opt_autotest       OK               0.86s
 34/120 DPDK:fast-tests / eal_flags_mem_autotest         OK               1.24s
 35/120 DPDK:fast-tests / eal_flags_file_prefix_autotest OK               3.39s
 36/120 DPDK:fast-tests / eal_flags_misc_autotest        OK               4.46s
 37/120 DPDK:fast-tests / eal_fs_autotest                OK               0.38s
 38/120 DPDK:fast-tests / errno_autotest                 OK               0.34s
 39/120 DPDK:fast-tests / ethdev_link_status             OK               0.34s
 40/120 DPDK:fast-tests / event_eth_tx_adapter_autotest  OK               2.14s
 41/120 DPDK:fast-tests / event_ring_autotest            OK               0.38s
 42/120 DPDK:fast-tests / eventdev_common_autotest       OK               0.34s
 43/120 DPDK:fast-tests / eventdev_selftest_sw           OK              20.92s
 44/120 DPDK:fast-tests / fbarray_autotest               OK               0.40s
 45/120 DPDK:fast-tests / fib_autotest                   OK               1.88s
 46/120 DPDK:fast-tests / fib6_autotest                  OK               1.68s
 47/120 DPDK:fast-tests / func_reentrancy_autotest       OK               1.53s
 48/120 DPDK:fast-tests / graph_autotest                 OK               0.37s
 49/120 DPDK:fast-tests / node_list_dump                 OK               0.33s
 50/120 DPDK:fast-tests / graph_feature_arc_autotest     OK               0.34s
 51/120 DPDK:fast-tests / hash_autotest                  OK               1.04s
 52/120 DPDK:fast-tests / hash_readwrite_func_autotest   OK              15.25s
 53/120 DPDK:fast-tests / interrupt_autotest             OK               1.39s
 54/120 DPDK:fast-tests / ipfrag_autotest                OK               0.21s
 55/120 DPDK:fast-tests / ipsec_autotest                 SKIP             0.37s   exit status 77
 56/120 DPDK:fast-tests / kvargs_autotest                OK               0.34s
 57/120 DPDK:fast-tests / latencystats_autotest          FAIL             0.41s   (exit status 255 or signal 127 SIGinvalid)
>>> DPDK_TEST=latencystats_autotest MALLOC_PERTURB_=132 /home-local/jenkins-local/jenkins-agent/workspace/Generic-Unit-Test-DPDK@5/dpdk/build/app/dpdk-test --no-huge -m 2048

 58/120 DPDK:fast-tests / lcore_var_autotest             OK               1.32s
 59/120 DPDK:fast-tests / lcores_autotest                OK               5.82s
 60/120 DPDK:fast-tests / logs_autotest                  OK               0.34s
 61/120 DPDK:fast-tests / lpm_autotest                   OK               3.30s
 62/120 DPDK:fast-tests / lpm6_autotest                  OK              10.76s
 63/120 DPDK:fast-tests / malloc_autotest                OK               0.92s
 64/120 DPDK:fast-tests / mbuf_autotest                  OK               1.05s
 65/120 DPDK:fast-tests / mcslock_autotest               OK               1.78s
 66/120 DPDK:fast-tests / member_autotest                OK               2.87s
 67/120 DPDK:fast-tests / memcpy_autotest                OK              12.86s
 68/120 DPDK:fast-tests / memory_autotest                OK               0.20s
 69/120 DPDK:fast-tests / mempool_autotest               OK               0.79s
 70/120 DPDK:fast-tests / memzone_autotest               OK               0.23s
 71/120 DPDK:fast-tests / meter_autotest                 OK               0.38s
 72/120 DPDK:fast-tests / metrics_autotest               OK               0.35s
 73/120 DPDK:fast-tests / multiprocess_autotest          OK               0.76s
 74/120 DPDK:fast-tests / net_ether_autotest             OK               2.00s
 75/120 DPDK:fast-tests / net_ipv6_autotest              OK               0.35s
 76/120 DPDK:fast-tests / pcapng_autotest                OK               6.05s
 77/120 DPDK:fast-tests / pdcp_autotest                  SKIP             0.19s   exit status 77
 78/120 DPDK:fast-tests / pdump_autotest                 OK               0.92s
 79/120 DPDK:fast-tests / per_lcore_autotest             OK               0.44s
 80/120 DPDK:fast-tests / pflock_autotest                OK               0.69s
 81/120 DPDK:fast-tests / pie_autotest                   OK               0.33s
 82/120 DPDK:fast-tests / ring_pmd_autotest              OK               0.34s
 83/120 DPDK:fast-tests / power_autotest                 OK               0.33s
 84/120 DPDK:fast-tests / power_cpufreq_autotest         SKIP             0.19s   exit status 77
 85/120 DPDK:fast-tests / power_intel_uncore_autotest    SKIP             0.38s   exit status 77
 86/120 DPDK:fast-tests / power_kvm_vm_autotest          SKIP             0.19s   exit status 77
 87/120 DPDK:fast-tests / prefetch_autotest              OK               0.37s
 88/120 DPDK:fast-tests / ptr_compress_autotest          OK               0.34s
 89/120 DPDK:fast-tests / rawdev_autotest                OK               0.33s
 90/120 DPDK:fast-tests / rcu_qsbr_autotest              OK               1.34s
 91/120 DPDK:fast-tests / reorder_autotest               OK               0.86s
 92/120 DPDK:fast-tests / rib_autotest                   OK               8.06s
 93/120 DPDK:fast-tests / rib6_autotest                  OK               7.96s
 94/120 DPDK:fast-tests / ring_autotest                  OK               0.40s
 95/120 DPDK:fast-tests / rwlock_test1_autotest          OK               0.68s
 96/120 DPDK:fast-tests / rwlock_rda_autotest            OK               5.40s
 97/120 DPDK:fast-tests / rwlock_rds_wrm_autotest        OK               5.35s
 98/120 DPDK:fast-tests / rwlock_rde_wro_autotest        OK               5.33s
 99/120 DPDK:fast-tests / sched_autotest                 OK               0.35s
100/120 DPDK:fast-tests / security_autotest              OK               0.19s
101/120 DPDK:fast-tests / seqlock_autotest               OK               2.37s
102/120 DPDK:fast-tests / service_autotest               OK               3.03s
103/120 DPDK:fast-tests / soring_autotest                OK               0.34s
104/120 DPDK:fast-tests / spinlock_autotest              OK               0.37s
105/120 DPDK:fast-tests / stack_autotest                 OK               0.77s
106/120 DPDK:fast-tests / stack_lf_autotest              OK               0.66s
107/120 DPDK:fast-tests / string_autotest                OK               0.37s
108/120 DPDK:fast-tests / table_autotest                 OK              14.47s
109/120 DPDK:fast-tests / tailq_autotest                 OK               0.34s
110/120 DPDK:fast-tests / telemetry_data_autotest        OK               0.35s
111/120 DPDK:fast-tests / telemetry_json_autotest        OK               0.34s
112/120 DPDK:fast-tests / thash_autotest                 OK               0.37s
113/120 DPDK:fast-tests / threads_autotest               OK               0.46s
114/120 DPDK:fast-tests / ticketlock_autotest            OK               0.39s
115/120 DPDK:fast-tests / timer_autotest                 OK               3.49s
116/120 DPDK:fast-tests / trace_autotest                 OK               0.45s
117/120 DPDK:fast-tests / trace_autotest_with_traces     OK               0.36s
118/120 DPDK:fast-tests / vdev_autotest                  OK               0.33s
119/120 DPDK:fast-tests / version_autotest               OK               0.33s
120/120 DPDK:fast-tests / telemetry_all                  SKIP             0.10s   exit status 77


Ok:                 112 
Expected Fail:      0   
Fail:               1   
Unexpected Pass:    0   
Skipped:            7   
Timeout:            0   

Full log written to /home-local/jenkins-local/jenkins-agent/workspace/Generic-Unit-Test-DPDK@5/dpdk/build/meson-logs/testlog.txt



Test log output from the failed test latencystats_autotest:

Sorry, we were not able to find the logs for this test.
Download the log output from the CI site for this test run.
==== End log output ====

Debian 12 (arm)
	Kernel: Depends on container host
	Compiler: gcc (Debian 12.2.0-14) 12.2.0

Ubuntu 20.04
	Kernel: 5.4
	Compiler: gcc gcc (Ubuntu 9.4.0-1ubuntu1~20.04.2) 9.4.0

Fedora Linux 41
	Kernel: 5.4
	Compiler: clang gcc (GCC) 14.3.1 20250523 (Red Hat 14.3.1-1)

Red Hat Enterprise Linux 9.5
	Kernel: 5.4
	Compiler: gcc gcc (GCC) 11.5.0 20240719 (Red Hat 11.5.0-2)

Debian GNU/Linux 12
	Kernel: 5.4
	Compiler: gcc gcc (Debian 12.2.0-14+deb12u1) 12.2.0

CentOS Stream 9
	Kernel: 5.4
	Compiler: gcc gcc (GCC) 11.5.0 20240719 (Red Hat 11.5.0-7)

Fedora Linux 40
	Kernel: 5.4
	Compiler: clang gcc (GCC) 14.2.1 20240912 (Red Hat 14.2.1-3)

CentOS Stream 10
	Kernel: 5.4
	Compiler: gcc gcc (GCC) 14.2.1 20250110 (Red Hat 14.2.1-8)

Ubuntu 24.04
	Kernel: 5.4
	Compiler: gcc gcc (Ubuntu 13.3.0-6ubuntu2~24.04) 13.3.0

Ubuntu 22.04
	Kernel: 5.4
	Compiler: gcc gcc (Ubuntu 11.4.0-1ubuntu1~22.04) 11.4.0

To view detailed results, visit:
https://lab.dpdk.org/results/dashboard/patchsets/33742/

UNH-IOL DPDK Community Lab

To manage your email subscriptions, visit: 
https://lab.dpdk.org/results/dashboard/preferences/subscriptions/

^ permalink raw reply	[flat|nested] 24+ messages in thread

* |SUCCESS| pw155497-155498 [PATCH] [2/2] graph: add callback in dispa
       [not found] <20250723165001.11162-3-cfontain@redhat.com>
                   ` (21 preceding siblings ...)
  2025-07-24  5:05 ` dpdklab
@ 2025-07-24  8:55 ` dpdklab
  2025-07-24 10:53 ` dpdklab
  23 siblings, 0 replies; 24+ messages in thread
From: dpdklab @ 2025-07-24  8:55 UTC (permalink / raw)
  To: Test Report; +Cc: dpdk-test-reports

Test-Label: iol-sample-apps-testing
Test-Status: SUCCESS
http://dpdk.org/patch/155498

_Testing PASS_

Submitter: Christophe Fontaine <cfontain@redhat.com>
Date: Wednesday, July 23 2025 16:50:01 
DPDK git baseline: Repo:dpdk
  Branch: master
  CommitID:e3183a6edafdc41bfd71de1517f9e9ec85eb1276

155497-155498 --> testing pass

Upstream job id: ACVP-FIPS-testing#10604

Test environment and result as below:

+--------------+----------------------+
| Environment  | dpdk_fips_validation |
+==============+======================+
| Ubuntu 20.04 | PASS                 |
+--------------+----------------------+


Ubuntu 20.04
	Kernel: 5.15
	Compiler: gcc gcc (Ubuntu 9.4.0-1ubuntu1~20.04.2) 9.4.0

To view detailed results, visit:
https://lab.dpdk.org/results/dashboard/patchsets/33742/

UNH-IOL DPDK Community Lab

To manage your email subscriptions, visit: 
https://lab.dpdk.org/results/dashboard/preferences/subscriptions/

^ permalink raw reply	[flat|nested] 24+ messages in thread

* |SUCCESS| pw155497-155498 [PATCH] [2/2] graph: add callback in dispa
       [not found] <20250723165001.11162-3-cfontain@redhat.com>
                   ` (22 preceding siblings ...)
  2025-07-24  8:55 ` |SUCCESS| " dpdklab
@ 2025-07-24 10:53 ` dpdklab
  23 siblings, 0 replies; 24+ messages in thread
From: dpdklab @ 2025-07-24 10:53 UTC (permalink / raw)
  To: Test Report; +Cc: dpdk-test-reports

Test-Label: iol-compile-arm64-testing
Test-Status: SUCCESS
http://dpdk.org/patch/155498

_Testing PASS_

Submitter: Christophe Fontaine <cfontain@redhat.com>
Date: Wednesday, July 23 2025 16:50:01 
DPDK git baseline: Repo:dpdk
  Branch: master
  CommitID:e3183a6edafdc41bfd71de1517f9e9ec85eb1276

155497-155498 --> testing pass

Upstream job id: Generic-DPDK-Compile-Meson#411762

Test environment and result as below:

+------------------------------+--------------------+
|         Environment          | dpdk_meson_compile |
+==============================+====================+
| Red Hat Enterprise Linux 9.5 | PASS               |
+------------------------------+--------------------+
| Ubuntu 20.04                 | PASS               |
+------------------------------+--------------------+
| Debian GNU/Linux 12          | PASS               |
+------------------------------+--------------------+
| Fedora Linux 40              | PASS               |
+------------------------------+--------------------+
| Fedora Linux 41              | PASS               |
+------------------------------+--------------------+
| Ubuntu 22.04                 | PASS               |
+------------------------------+--------------------+
| Ubuntu 24.04                 | PASS               |
+------------------------------+--------------------+
| CentOS Stream 9              | PASS               |
+------------------------------+--------------------+
| CentOS Stream 10             | PASS               |
+------------------------------+--------------------+


Red Hat Enterprise Linux 9.5
	Kernel: 5.4
	Compiler: gcc gcc (GCC) 11.5.0 20240719 (Red Hat 11.5.0-2)

Ubuntu 20.04
	Kernel: 5.4
	Compiler: gcc gcc (Ubuntu 9.4.0-1ubuntu1~20.04.2) 9.4.0

Debian GNU/Linux 12
	Kernel: 5.4
	Compiler: gcc gcc (Debian 12.2.0-14+deb12u1) 12.2.0

Fedora Linux 40
	Kernel: 5.4
	Compiler: gcc gcc (GCC) 14.2.1 20240912 (Red Hat 14.2.1-3)

Fedora Linux 41
	Kernel: 5.4
	Compiler: gcc gcc (GCC) 14.3.1 20250523 (Red Hat 14.3.1-1)

Ubuntu 22.04
	Kernel: 5.4
	Compiler: gcc gcc (Ubuntu 11.4.0-1ubuntu1~22.04) 11.4.0

Ubuntu 24.04
	Kernel: 5.4
	Compiler: gcc gcc (Ubuntu 13.3.0-6ubuntu2~24.04) 13.3.0

CentOS Stream 9
	Kernel: 5.4
	Compiler: gcc gcc (GCC) 11.5.0 20240719 (Red Hat 11.5.0-7)

CentOS Stream 10
	Kernel: 5.4
	Compiler: gcc gcc (GCC) 14.2.1 20250110 (Red Hat 14.2.1-8)

To view detailed results, visit:
https://lab.dpdk.org/results/dashboard/patchsets/33742/

UNH-IOL DPDK Community Lab

To manage your email subscriptions, visit: 
https://lab.dpdk.org/results/dashboard/preferences/subscriptions/

^ permalink raw reply	[flat|nested] 24+ messages in thread

end of thread, other threads:[~2025-07-24 10:53 UTC | newest]

Thread overview: 24+ messages (download: mbox.gz / follow: Atom feed)
-- links below jump to the message on this page --
     [not found] <20250723165001.11162-3-cfontain@redhat.com>
2025-07-23 16:17 ` |SUCCESS| pw155497-155498 [PATCH 2/2] graph: add callback in dispatch mode qemudev
2025-07-23 16:22 ` qemudev
2025-07-23 16:49 ` |SUCCESS| pw155498 " checkpatch
2025-07-23 18:16 ` |SUCCESS| pw155497-155498 [PATCH] [2/2] graph: add callback in dispa dpdklab
2025-07-23 18:28 ` dpdklab
2025-07-23 18:28 ` dpdklab
2025-07-23 18:28 ` dpdklab
2025-07-23 18:44 ` |FAILURE| pw155498 [PATCH 2/2] graph: add callback in dispatch mode 0-day Robot
2025-07-23 18:55 ` |SUCCESS| pw155497-155498 [PATCH] [2/2] graph: add callback in dispa dpdklab
2025-07-23 19:14 ` dpdklab
2025-07-23 19:53 ` |PENDING| " dpdklab
2025-07-23 19:58 ` dpdklab
2025-07-23 20:01 ` |SUCCESS| " dpdklab
2025-07-23 20:37 ` dpdklab
2025-07-23 20:43 ` |PENDING| " dpdklab
2025-07-23 20:44 ` |SUCCESS| " dpdklab
2025-07-23 22:05 ` dpdklab
2025-07-24  3:11 ` |PENDING| " dpdklab
2025-07-24  4:12 ` |SUCCESS| " dpdklab
2025-07-24  4:36 ` |FAILURE| " dpdklab
2025-07-24  4:36 ` dpdklab
2025-07-24  5:05 ` dpdklab
2025-07-24  8:55 ` |SUCCESS| " dpdklab
2025-07-24 10:53 ` dpdklab

This is a public inbox, see mirroring instructions
for how to clone and mirror all data and code used for this inbox;
as well as URLs for NNTP newsgroup(s).