From: qemudev@loongson.cn
To: test-report@dpdk.org
Subject: |SUCCESS| pw156945 [PATCH] event/cnxk: update queue weight mapping for CN20K
Date: Thu, 25 Sep 2025 19:35:29 +0800 [thread overview]
Message-ID: <202509251135.58PBZTU6793812@localhost.localdomain> (raw)
In-Reply-To: <20250925120912.1137360-1-sthotton@marvell.com>
Test-Label: loongarch-compilation
Test-Status: SUCCESS
http://dpdk.org/patch/156945
_Compilation OK_
Submitter: Shijith Thotton <sthotton@marvell.com>
Date: Thu, 25 Sep 2025 17:39:12 +0530
DPDK git baseline: Repo:dpdk-next-eventdev
Branch: for-main
CommitID: 9e36adf88c49b437c4c5ffa46158e53d96bef82c
156945 --> meson & ninja build successfully
Test environment and result as below:
+---------------------+----------------+
| Environment | compilation |
+---------------------+----------------+
| Loongnix-Server 8.3 | PASS |
+---------------------+----------------+
Loongnix-Server 8.3
Kernel: 4.19.190+
Compiler: gcc 8.3
next parent reply other threads:[~2025-09-25 12:12 UTC|newest]
Thread overview: 26+ messages / expand[flat|nested] mbox.gz Atom feed top
[not found] <20250925120912.1137360-1-sthotton@marvell.com>
2025-09-25 11:35 ` qemudev [this message]
2025-09-25 11:40 ` qemudev
2025-09-25 12:07 ` checkpatch
2025-09-25 12:30 ` |PENDING| pw156945 [PATCH] event/cnxk: update queue weight mapping f dpdklab
2025-09-25 12:34 ` |SUCCESS| " dpdklab
2025-09-25 12:34 ` |PENDING| " dpdklab
2025-09-25 12:38 ` |SUCCESS| " dpdklab
2025-09-25 12:42 ` |FAILURE| " dpdklab
2025-09-25 12:42 ` |PENDING| " dpdklab
2025-09-25 12:47 ` dpdklab
2025-09-25 12:50 ` dpdklab
2025-09-25 12:52 ` |SUCCESS| " dpdklab
2025-09-25 12:56 ` |FAILURE| " dpdklab
2025-09-25 12:56 ` |SUCCESS| " dpdklab
2025-09-25 12:56 ` dpdklab
2025-09-25 13:01 ` dpdklab
2025-09-25 13:11 ` dpdklab
2025-09-25 13:14 ` dpdklab
2025-09-25 13:36 ` dpdklab
2025-09-25 13:42 ` dpdklab
2025-09-25 14:57 ` |SUCCESS| pw156945 [PATCH] event/cnxk: update queue weight mapping for CN20K 0-day Robot
2025-09-25 14:57 ` 0-day Robot
2025-09-25 15:59 ` |SUCCESS| pw156945 [PATCH] event/cnxk: update queue weight mapping f dpdklab
2025-09-26 5:10 ` dpdklab
2025-09-27 1:51 ` dpdklab
2025-09-27 3:18 ` dpdklab
Reply instructions:
You may reply publicly to this message via plain-text email
using any one of the following methods:
* Save the following mbox file, import it into your mail client,
and reply-to-all from there: mbox
Avoid top-posting and favor interleaved quoting:
https://en.wikipedia.org/wiki/Posting_style#Interleaved_style
* Reply using the --to, --cc, and --in-reply-to
switches of git-send-email(1):
git send-email \
--in-reply-to=202509251135.58PBZTU6793812@localhost.localdomain \
--to=qemudev@loongson.cn \
--cc=test-report@dpdk.org \
/path/to/YOUR_REPLY
https://kernel.org/pub/software/scm/git/docs/git-send-email.html
* If your mail client supports setting the In-Reply-To header
via mailto: links, try the mailto: link
Be sure your reply has a Subject: header at the top and a blank line
before the message body.
This is a public inbox, see mirroring instructions
for how to clone and mirror all data and code used for this inbox;
as well as URLs for NNTP newsgroup(s).