automatic DPDK test reports
 help / color / mirror / Atom feed
* |SUCCESS| pw157046 [PATCH v6 3/3] dts: update tx_offload test from old dts
       [not found] <20250929172734.218467-4-abailey@iol.unh.edu>
@ 2025-09-29 17:25 ` checkpatch
  2025-09-29 17:49 ` |FAILURE| pw157044-157046 [PATCH] [v6,3/3] dts: update tx_offload te dpdklab
                   ` (19 subsequent siblings)
  20 siblings, 0 replies; 21+ messages in thread
From: checkpatch @ 2025-09-29 17:25 UTC (permalink / raw)
  To: test-report

Test-Label: checkpatch
Test-Status: SUCCESS
http://dpdk.org/patch/157046

_coding style OK_



^ permalink raw reply	[flat|nested] 21+ messages in thread

* |FAILURE| pw157044-157046 [PATCH] [v6,3/3] dts: update tx_offload te
       [not found] <20250929172734.218467-4-abailey@iol.unh.edu>
  2025-09-29 17:25 ` |SUCCESS| pw157046 [PATCH v6 3/3] dts: update tx_offload test from old dts checkpatch
@ 2025-09-29 17:49 ` dpdklab
  2025-09-29 17:52 ` |PENDING| " dpdklab
                   ` (18 subsequent siblings)
  20 siblings, 0 replies; 21+ messages in thread
From: dpdklab @ 2025-09-29 17:49 UTC (permalink / raw)
  To: Test Report; +Cc: dpdk-test-reports, Andrew Bailey

Test-Label: iol-dts-check-format-testing
Test-Status: FAILURE
http://dpdk.org/patch/157046

_Testing issues_

Submitter: Andrew Bailey <abailey@iol.unh.edu>
Date: Monday, September 29 2025 17:27:34 
DPDK git baseline: Repo:dpdk-next-dts
  Branch: master
  CommitID:b71d7bdf2b663f9fedc1d344b81a8cf65518026c

157044-157046 --> testing issues

Upstream job id: DTS-Check-Format-Pipeline#105

Test environment and result as below:

+--------------+------------------+
| Environment  | dts-check-format |
+==============+==================+
| Ubuntu 24.04 | FAIL             |
+--------------+------------------+

==== 20 line log output for Ubuntu 24.04 (dts-check-format): ====
Formatting in ./
----------------
Formatting code with ruff:
70 files left unchanged

Linting in ./
-------------
All checks passed!

Checking types in ./
--------------------
api/testpmd/__init__.py:1371: error: f-string: expecting '}'  [syntax]
Found 1 error in 1 file (errors prevented further checking)

Summary for ./
--------------
Found 2 errors
==== End log output ====

Ubuntu 24.04
	Kernel: 5.15
	Compiler: gcc gcc (Ubuntu 13.3.0-6ubuntu2~24.04) 13.3.0

To view detailed results, visit:
https://lab.dpdk.org/results/dashboard/patchsets/34174/

UNH-IOL DPDK Community Lab

To manage your email subscriptions, visit: 
https://lab.dpdk.org/results/dashboard/preferences/subscriptions/

^ permalink raw reply	[flat|nested] 21+ messages in thread

* |PENDING| pw157044-157046 [PATCH] [v6,3/3] dts: update tx_offload te
       [not found] <20250929172734.218467-4-abailey@iol.unh.edu>
  2025-09-29 17:25 ` |SUCCESS| pw157046 [PATCH v6 3/3] dts: update tx_offload test from old dts checkpatch
  2025-09-29 17:49 ` |FAILURE| pw157044-157046 [PATCH] [v6,3/3] dts: update tx_offload te dpdklab
@ 2025-09-29 17:52 ` dpdklab
  2025-09-29 17:56 ` |SUCCESS| " dpdklab
                   ` (17 subsequent siblings)
  20 siblings, 0 replies; 21+ messages in thread
From: dpdklab @ 2025-09-29 17:52 UTC (permalink / raw)
  To: Test Report; +Cc: dpdk-test-reports

Test-Label: iol-compile-amd64-testing
Test-Status: PENDING
http://dpdk.org/patch/157046

_Testing pending_

Submitter: Andrew Bailey <abailey@iol.unh.edu>
Date: Monday, September 29 2025 17:27:34 
DPDK git baseline: Repo:dpdk-next-dts
  Branch: master
  CommitID:b71d7bdf2b663f9fedc1d344b81a8cf65518026c

157044-157046 --> testing pending

Upstream job id: Generic-VM-DPDK-Compile-Meson#38668

Test environment and result as below:

+-------------------------------+--------------------+-------------------+------------------+-------------------------+-------------------+
|          Environment          | dpdk_meson_compile | dpdk_compile_spdk | dpdk_compile_ovs | dpdk_llvm_clang_compile | dpdk_msvc_compile |
+===============================+====================+===================+==================+=========================+===================+
| CentOS Stream 9               | PEND               | PEND              | SKIPPED          | SKIPPED                 | SKIPPED           |
+-------------------------------+--------------------+-------------------+------------------+-------------------------+-------------------+
| Debian GNU/Linux 12           | PEND               | PEND              | SKIPPED          | SKIPPED                 | SKIPPED           |
+-------------------------------+--------------------+-------------------+------------------+-------------------------+-------------------+
| CentOS Stream 10              | PEND               | SKIPPED           | SKIPPED          | SKIPPED                 | SKIPPED           |
+-------------------------------+--------------------+-------------------+------------------+-------------------------+-------------------+
| Fedora Linux 42               | PEND               | PEND              | PEND             | SKIPPED                 | SKIPPED           |
+-------------------------------+--------------------+-------------------+------------------+-------------------------+-------------------+
| openSUSE Leap 15.6            | PEND               | SKIPPED           | SKIPPED          | SKIPPED                 | SKIPPED           |
+-------------------------------+--------------------+-------------------+------------------+-------------------------+-------------------+
| Red Hat Enterprise Linux 8.10 | PEND               | SKIPPED           | SKIPPED          | SKIPPED                 | SKIPPED           |
+-------------------------------+--------------------+-------------------+------------------+-------------------------+-------------------+
| Red Hat Enterprise Linux 9.5  | PEND               | SKIPPED           | SKIPPED          | SKIPPED                 | SKIPPED           |
+-------------------------------+--------------------+-------------------+------------------+-------------------------+-------------------+
| Ubuntu 20.04                  | PASS               | SKIPPED           | SKIPPED          | SKIPPED                 | SKIPPED           |
+-------------------------------+--------------------+-------------------+------------------+-------------------------+-------------------+
| Ubuntu 24.04                  | PEND               | PEND              | PEND             | SKIPPED                 | SKIPPED           |
+-------------------------------+--------------------+-------------------+------------------+-------------------------+-------------------+
| FreeBSD 14.2                  | PEND               | SKIPPED           | SKIPPED          | SKIPPED                 | SKIPPED           |
+-------------------------------+--------------------+-------------------+------------------+-------------------------+-------------------+
| Ubuntu 22.04                  | PEND               | PEND              | SKIPPED          | SKIPPED                 | SKIPPED           |
+-------------------------------+--------------------+-------------------+------------------+-------------------------+-------------------+
| Alpine Linux 3.22.0           | PEND               | SKIPPED           | SKIPPED          | SKIPPED                 | SKIPPED           |
+-------------------------------+--------------------+-------------------+------------------+-------------------------+-------------------+
| Windows Server 2022           | SKIPPED            | SKIPPED           | SKIPPED          | PEND                    | PEND              |
+-------------------------------+--------------------+-------------------+------------------+-------------------------+-------------------+


CentOS Stream 9
	Kernel: 5.15
	Compiler: gcc gcc (GCC) 11.5.0 20240719 (Red Hat 11.5.0-11)

Debian GNU/Linux 12
	Kernel: 5.15
	Compiler: gcc gcc (Debian 12.2.0-14+deb12u1) 12.2.0

CentOS Stream 10
	Kernel: 5.15
	Compiler: gcc gcc (GCC) 14.2.1 20250110 (Red Hat 14.2.1-8)

Fedora Linux 42
	Kernel: 5.15
	Compiler: gcc gcc (GCC) 15.2.1 20250808 (Red Hat 15.2.1-1)

openSUSE Leap 15.6
	Kernel: 5.15
	Compiler: gcc gcc (SUSE Linux) 7.5.0

Red Hat Enterprise Linux 8.10
	Kernel: 5.15
	Compiler: gcc gcc (GCC) 8.5.0 20210514 (Red Hat 8.5.0-22)

Red Hat Enterprise Linux 9.5
	Kernel: 5.15
	Compiler: gcc gcc (GCC) 11.5.0 20240719 (Red Hat 11.5.0-2)

Ubuntu 20.04
	Kernel: 5.15
	Compiler: gcc gcc (Ubuntu 9.4.0-1ubuntu1~20.04.2) 9.4.0

Ubuntu 24.04
	Kernel: 5.15
	Compiler: gcc gcc (Ubuntu 13.3.0-6ubuntu2~24.04) 13.3.0

FreeBSD 14.2
	Kernel: 14.2-RELEASE
	Compiler: clang 18.1.6

Ubuntu 22.04
	Kernel: 5.15
	Compiler: gcc gcc (Ubuntu 11.4.0-1ubuntu1~22.04) 11.4.0

Alpine Linux 3.22.0
	Kernel: 5.15
	Compiler: gcc gcc (Alpine 14.2.0) 14.2.0

Windows Server 2022
	Kernel: 10.0.20348.2031
	Compiler: clang 15.0.7, gcc 14.1.0 (MinGW), and MSVC VS 19.39.33521

To view detailed results, visit:
https://lab.dpdk.org/results/dashboard/patchsets/34174/

UNH-IOL DPDK Community Lab

To manage your email subscriptions, visit: 
https://lab.dpdk.org/results/dashboard/preferences/subscriptions/

^ permalink raw reply	[flat|nested] 21+ messages in thread

* |SUCCESS| pw157044-157046 [PATCH] [v6,3/3] dts: update tx_offload te
       [not found] <20250929172734.218467-4-abailey@iol.unh.edu>
                   ` (2 preceding siblings ...)
  2025-09-29 17:52 ` |PENDING| " dpdklab
@ 2025-09-29 17:56 ` dpdklab
  2025-09-29 18:00 ` dpdklab
                   ` (16 subsequent siblings)
  20 siblings, 0 replies; 21+ messages in thread
From: dpdklab @ 2025-09-29 17:56 UTC (permalink / raw)
  To: Test Report; +Cc: dpdk-test-reports

Test-Label: iol-mellanox-Functional
Test-Status: SUCCESS
http://dpdk.org/patch/157046

_Functional Testing PASS_

Submitter: Andrew Bailey <abailey@iol.unh.edu>
Date: Monday, September 29 2025 17:27:34 
DPDK git baseline: Repo:dpdk-next-dts
  Branch: master
  CommitID:b71d7bdf2b663f9fedc1d344b81a8cf65518026c

157044-157046 --> functional testing pass

Upstream job id: Template-DPDK-DTS-Pipeline#2240

Test environment and result as below:

Ubuntu 24.04
Kernel: 6.8.0-55-generic
Compiler: gcc 13.3.0
NIC: Mellanox ConnectX-5 100000 Mbps

Aggregate Results by Test Suite
+---------------------------------+--------+
|           Test Suite            | Result |
+=================================+========+
| blocklist                       |  PASS  |
+---------------------------------+--------+
| promisc_support                 |  PASS  |
+---------------------------------+--------+
| uni_pkt                         |  PASS  |
+---------------------------------+--------+
| dynamic_config                  |  PASS  |
+---------------------------------+--------+
| hello_world                     |  PASS  |
+---------------------------------+--------+
| l2fwd                           |  PASS  |
+---------------------------------+--------+
| port_restart_config_persistency |  PASS  |
+---------------------------------+--------+
| softnic                         |  PASS  |
+---------------------------------+--------+
| vlan                            |  PASS  |
+---------------------------------+--------+


To view detailed results, visit:
https://lab.dpdk.org/results/dashboard/patchsets/34174/

UNH-IOL DPDK Community Lab

To manage your email subscriptions, visit: 
https://lab.dpdk.org/results/dashboard/preferences/subscriptions/

^ permalink raw reply	[flat|nested] 21+ messages in thread

* |SUCCESS| pw157044-157046 [PATCH] [v6,3/3] dts: update tx_offload te
       [not found] <20250929172734.218467-4-abailey@iol.unh.edu>
                   ` (3 preceding siblings ...)
  2025-09-29 17:56 ` |SUCCESS| " dpdklab
@ 2025-09-29 18:00 ` dpdklab
  2025-09-29 18:04 ` dpdklab
                   ` (15 subsequent siblings)
  20 siblings, 0 replies; 21+ messages in thread
From: dpdklab @ 2025-09-29 18:00 UTC (permalink / raw)
  To: Test Report; +Cc: dpdk-test-reports

Test-Label: iol-marvell-Functional
Test-Status: SUCCESS
http://dpdk.org/patch/157046

_Functional Testing PASS_

Submitter: Andrew Bailey <abailey@iol.unh.edu>
Date: Monday, September 29 2025 17:27:34 
DPDK git baseline: Repo:dpdk-next-dts
  Branch: master
  CommitID:b71d7bdf2b663f9fedc1d344b81a8cf65518026c

157044-157046 --> functional testing pass

Upstream job id: Template-DTS-Pipeline#247030

Test environment and result as below:

Ubuntu 20.04.6
Kernel: 5.4.105
Compiler: gcc 9.4
NIC: Marvell CN106XX 50000 Mbps
Target: arm64-native-linuxapp-gcc

Aggregate Results by Test Suite
+----------------+--------+
|   Test Suite   | Result |
+================+========+
| cmdline        |  PASS  |
+----------------+--------+
| rxtx_callbacks |  PASS  |
+----------------+--------+


To view detailed results, visit:
https://lab.dpdk.org/results/dashboard/patchsets/34174/

UNH-IOL DPDK Community Lab

To manage your email subscriptions, visit: 
https://lab.dpdk.org/results/dashboard/preferences/subscriptions/

^ permalink raw reply	[flat|nested] 21+ messages in thread

* |SUCCESS| pw157044-157046 [PATCH] [v6,3/3] dts: update tx_offload te
       [not found] <20250929172734.218467-4-abailey@iol.unh.edu>
                   ` (4 preceding siblings ...)
  2025-09-29 18:00 ` dpdklab
@ 2025-09-29 18:04 ` dpdklab
  2025-09-29 18:08 ` |PENDING| " dpdklab
                   ` (14 subsequent siblings)
  20 siblings, 0 replies; 21+ messages in thread
From: dpdklab @ 2025-09-29 18:04 UTC (permalink / raw)
  To: Test Report; +Cc: dpdk-test-reports

Test-Label: iol-sample-apps-testing
Test-Status: SUCCESS
http://dpdk.org/patch/157046

_Testing PASS_

Submitter: Andrew Bailey <abailey@iol.unh.edu>
Date: Monday, September 29 2025 17:27:34 
DPDK git baseline: Repo:dpdk-next-dts
  Branch: master
  CommitID:b71d7bdf2b663f9fedc1d344b81a8cf65518026c

157044-157046 --> testing pass

Upstream job id: Template-DTS-Pipeline#247032

Test environment and result as below:

+--------------+----------------------+
| Environment  | compressdev_zlib_pmd |
+==============+======================+
| Ubuntu 22.04 | PASS                 |
+--------------+----------------------+


Ubuntu 22.04
	Kernel: 5.15
	Compiler: gcc gcc (Ubuntu 11.4.0-1ubuntu1~22.04.2) 11.4.0

To view detailed results, visit:
https://lab.dpdk.org/results/dashboard/patchsets/34174/

UNH-IOL DPDK Community Lab

To manage your email subscriptions, visit: 
https://lab.dpdk.org/results/dashboard/preferences/subscriptions/

^ permalink raw reply	[flat|nested] 21+ messages in thread

* |PENDING| pw157044-157046 [PATCH] [v6,3/3] dts: update tx_offload te
       [not found] <20250929172734.218467-4-abailey@iol.unh.edu>
                   ` (5 preceding siblings ...)
  2025-09-29 18:04 ` dpdklab
@ 2025-09-29 18:08 ` dpdklab
  2025-09-29 18:11 ` dpdklab
                   ` (13 subsequent siblings)
  20 siblings, 0 replies; 21+ messages in thread
From: dpdklab @ 2025-09-29 18:08 UTC (permalink / raw)
  To: Test Report; +Cc: dpdk-test-reports

Test-Label: iol-unit-arm64-testing
Test-Status: PENDING
http://dpdk.org/patch/157046

_Testing pending_

Submitter: Andrew Bailey <abailey@iol.unh.edu>
Date: Monday, September 29 2025 17:27:34 
DPDK git baseline: Repo:dpdk-next-dts
  Branch: master
  CommitID:b71d7bdf2b663f9fedc1d344b81a8cf65518026c

157044-157046 --> testing pending

Upstream job id: Generic-Unit-Test-DPDK#376341

Test environment and result as below:

+------------------------------+--------------+---------------------------+------------------------------+----------------+
|         Environment          | lpm_autotest | cryptodev_sw_zuc_autotest | cryptodev_sw_snow3g_autotest | dpdk_unit_test |
+==============================+==============+===========================+==============================+================+
| Ubuntu 20.04                 | PASS         | SKIPPED                   | SKIPPED                      | PEND           |
+------------------------------+--------------+---------------------------+------------------------------+----------------+
| Debian 12 (arm)              | SKIPPED      | PEND                      | PEND                         | SKIPPED        |
+------------------------------+--------------+---------------------------+------------------------------+----------------+
| Ubuntu 22.04                 | SKIPPED      | SKIPPED                   | SKIPPED                      | PEND           |
+------------------------------+--------------+---------------------------+------------------------------+----------------+
| CentOS Stream 9              | SKIPPED      | SKIPPED                   | SKIPPED                      | PEND           |
+------------------------------+--------------+---------------------------+------------------------------+----------------+
| CentOS Stream 10             | SKIPPED      | SKIPPED                   | SKIPPED                      | PEND           |
+------------------------------+--------------+---------------------------+------------------------------+----------------+
| Fedora Linux 40              | SKIPPED      | SKIPPED                   | SKIPPED                      | PEND           |
+------------------------------+--------------+---------------------------+------------------------------+----------------+
| Debian GNU/Linux 12          | SKIPPED      | SKIPPED                   | SKIPPED                      | PEND           |
+------------------------------+--------------+---------------------------+------------------------------+----------------+
| Fedora Linux 41              | SKIPPED      | SKIPPED                   | SKIPPED                      | PEND           |
+------------------------------+--------------+---------------------------+------------------------------+----------------+
| Fedora Linux 42              | SKIPPED      | SKIPPED                   | SKIPPED                      | PEND           |
+------------------------------+--------------+---------------------------+------------------------------+----------------+
| Ubuntu 24.04                 | SKIPPED      | SKIPPED                   | SKIPPED                      | PEND           |
+------------------------------+--------------+---------------------------+------------------------------+----------------+
| Red Hat Enterprise Linux 9.5 | SKIPPED      | SKIPPED                   | SKIPPED                      | PEND           |
+------------------------------+--------------+---------------------------+------------------------------+----------------+


Ubuntu 20.04
	Kernel: 5.4
	Compiler: gcc gcc (Ubuntu 9.4.0-1ubuntu1~20.04.2) 9.4.0

Debian 12 (arm)
	Kernel: Depends on container host
	Compiler: gcc (Debian 12.2.0-14) 12.2.0

Ubuntu 22.04
	Kernel: 5.15
	Compiler: gcc gcc (Ubuntu 11.4.0-1ubuntu1~22.04.2) 11.4.0

CentOS Stream 9
	Kernel: 5.4
	Compiler: gcc gcc (GCC) 11.5.0 20240719 (Red Hat 11.5.0-11)

CentOS Stream 10
	Kernel: 5.4
	Compiler: gcc gcc (GCC) 14.2.1 20250110 (Red Hat 14.2.1-8)

Fedora Linux 40
	Kernel: 5.4
	Compiler: gcc gcc (GCC) 14.2.1 20240912 (Red Hat 14.2.1-3)

Debian GNU/Linux 12
	Kernel: 5.4
	Compiler: gcc gcc (Debian 12.2.0-14+deb12u1) 12.2.0

Fedora Linux 41
	Kernel: 5.4
	Compiler: clang gcc (GCC) 14.3.1 20250523 (Red Hat 14.3.1-1)

Fedora Linux 42
	Kernel: 5.4
	Compiler: gcc gcc (GCC) 15.2.1 20250808 (Red Hat 15.2.1-1)

Ubuntu 24.04
	Kernel: 5.4
	Compiler: gcc gcc (Ubuntu 13.3.0-6ubuntu2~24.04) 13.3.0

Red Hat Enterprise Linux 9.5
	Kernel: 5.4
	Compiler: gcc gcc (GCC) 11.5.0 20240719 (Red Hat 11.5.0-2)

To view detailed results, visit:
https://lab.dpdk.org/results/dashboard/patchsets/34174/

UNH-IOL DPDK Community Lab

To manage your email subscriptions, visit: 
https://lab.dpdk.org/results/dashboard/preferences/subscriptions/

^ permalink raw reply	[flat|nested] 21+ messages in thread

* |PENDING| pw157044-157046 [PATCH] [v6,3/3] dts: update tx_offload te
       [not found] <20250929172734.218467-4-abailey@iol.unh.edu>
                   ` (6 preceding siblings ...)
  2025-09-29 18:08 ` |PENDING| " dpdklab
@ 2025-09-29 18:11 ` dpdklab
  2025-09-29 18:13 ` |SUCCESS| " dpdklab
                   ` (12 subsequent siblings)
  20 siblings, 0 replies; 21+ messages in thread
From: dpdklab @ 2025-09-29 18:11 UTC (permalink / raw)
  To: Test Report; +Cc: dpdk-test-reports

Test-Label: iol-unit-amd64-testing
Test-Status: PENDING
http://dpdk.org/patch/157046

_Testing pending_

Submitter: Andrew Bailey <abailey@iol.unh.edu>
Date: Monday, September 29 2025 17:27:34 
DPDK git baseline: Repo:dpdk-next-dts
  Branch: master
  CommitID:b71d7bdf2b663f9fedc1d344b81a8cf65518026c

157044-157046 --> testing pending

Upstream job id: Generic-Unit-Test-DPDK#376346

Test environment and result as below:

+-------------------------------+----------------+
|          Environment          | dpdk_unit_test |
+===============================+================+
| CentOS Stream 10              | PASS           |
+-------------------------------+----------------+
| Fedora Linux 40               | PEND           |
+-------------------------------+----------------+
| Debian GNU/Linux 12           | PEND           |
+-------------------------------+----------------+
| CentOS Stream 9               | PEND           |
+-------------------------------+----------------+
| Red Hat Enterprise Linux 8.10 | PEND           |
+-------------------------------+----------------+
| Fedora Linux 42               | PEND           |
+-------------------------------+----------------+
| Red Hat Enterprise Linux 9.5  | PEND           |
+-------------------------------+----------------+
| Ubuntu 24.04                  | PEND           |
+-------------------------------+----------------+
| Ubuntu 22.04                  | PEND           |
+-------------------------------+----------------+
| Windows Server 2022           | PEND           |
+-------------------------------+----------------+
| Ubuntu 20.04                  | PEND           |
+-------------------------------+----------------+
| Fedora Linux 41               | PEND           |
+-------------------------------+----------------+


CentOS Stream 10
	Kernel: 5.15
	Compiler: gcc gcc (GCC) 14.2.1 20250110 (Red Hat 14.2.1-8)

Fedora Linux 40
	Kernel: 5.15
	Compiler: clang gcc (GCC) 14.2.1 20240912 (Red Hat 14.2.1-3)

Debian GNU/Linux 12
	Kernel: 5.15
	Compiler: gcc gcc (Debian 12.2.0-14+deb12u1) 12.2.0

CentOS Stream 9
	Kernel: 5.15
	Compiler: gcc gcc (GCC) 11.5.0 20240719 (Red Hat 11.5.0-11)

Red Hat Enterprise Linux 8.10
	Kernel: 5.15
	Compiler: gcc gcc (GCC) 8.5.0 20210514 (Red Hat 8.5.0-22)

Fedora Linux 42
	Kernel: 5.15
	Compiler: gcc gcc (GCC) 15.2.1 20250808 (Red Hat 15.2.1-1)

Red Hat Enterprise Linux 9.5
	Kernel: 5.15
	Compiler: gcc gcc (GCC) 11.5.0 20240719 (Red Hat 11.5.0-2)

Ubuntu 24.04
	Kernel: 5.15
	Compiler: gcc gcc (Ubuntu 13.3.0-6ubuntu2~24.04) 13.3.0

Ubuntu 22.04
	Kernel: 5.15
	Compiler: gcc gcc (Ubuntu 11.4.0-1ubuntu1~22.04) 11.4.0

Windows Server 2022
	Kernel: 10.0.20348.2031
	Compiler: clang 15.0.7, gcc 14.1.0 (MinGW), and MSVC VS 19.39.33521

Ubuntu 20.04
	Kernel: 5.15
	Compiler: gcc gcc (Ubuntu 9.4.0-1ubuntu1~20.04.2) 9.4.0

Fedora Linux 41
	Kernel: 5.15
	Compiler: gcc gcc (GCC) 14.3.1 20250523 (Red Hat 14.3.1-1)

To view detailed results, visit:
https://lab.dpdk.org/results/dashboard/patchsets/34174/

UNH-IOL DPDK Community Lab

To manage your email subscriptions, visit: 
https://lab.dpdk.org/results/dashboard/preferences/subscriptions/

^ permalink raw reply	[flat|nested] 21+ messages in thread

* |SUCCESS| pw157044-157046 [PATCH] [v6,3/3] dts: update tx_offload te
       [not found] <20250929172734.218467-4-abailey@iol.unh.edu>
                   ` (7 preceding siblings ...)
  2025-09-29 18:11 ` dpdklab
@ 2025-09-29 18:13 ` dpdklab
  2025-09-29 18:18 ` dpdklab
                   ` (11 subsequent siblings)
  20 siblings, 0 replies; 21+ messages in thread
From: dpdklab @ 2025-09-29 18:13 UTC (permalink / raw)
  To: Test Report; +Cc: dpdk-test-reports

Test-Label: iol-intel-Functional
Test-Status: SUCCESS
http://dpdk.org/patch/157046

_Functional Testing PASS_

Submitter: Andrew Bailey <abailey@iol.unh.edu>
Date: Monday, September 29 2025 17:27:34 
DPDK git baseline: Repo:dpdk-next-dts
  Branch: master
  CommitID:b71d7bdf2b663f9fedc1d344b81a8cf65518026c

157044-157046 --> functional testing pass

Upstream job id: Template-DTS-Pipeline#247033

Test environment and result as below:

Ubuntu 24.04 LTS
Kernel: 6.8.0-44-generic
Compiler: gcc 13.2.0
NIC: Intel Corporation Ethernet Controller XL710 for 40GbE QSFP+ 40 Mbps

Aggregate Results by Test Suite
+--------------------+--------+
|     Test Suite     | Result |
+====================+========+
| blocklist          |  PASS  |
+--------------------+--------+
| promisc_support    |  PASS  |
+--------------------+--------+
| uni_pkt            |  PASS  |
+--------------------+--------+
| dynamic_config     |  PASS  |
+--------------------+--------+
| dynamic_queue_conf |  PASS  |
+--------------------+--------+
| hello_world        |  PASS  |
+--------------------+--------+
| l2fwd              |  PASS  |
+--------------------+--------+
| softnic            |  PASS  |
+--------------------+--------+
| vlan               |  PASS  |
+--------------------+--------+


Ubuntu 24.04
Kernel: 6.8
Compiler: gcc gcc (Ubuntu 13.3.0-6ubuntu2~24.04) 13.3.0
NIC: Intel Corporation 4xxx Series QAT 0 Mbps

Aggregate Results by Test Suite
+----------------------------+--------+
|         Test Suite         | Result |
+============================+========+
| crypto_perf_cryptodev_perf |  PASS  |
+----------------------------+--------+


To view detailed results, visit:
https://lab.dpdk.org/results/dashboard/patchsets/34174/

UNH-IOL DPDK Community Lab

To manage your email subscriptions, visit: 
https://lab.dpdk.org/results/dashboard/preferences/subscriptions/

^ permalink raw reply	[flat|nested] 21+ messages in thread

* |SUCCESS| pw157044-157046 [PATCH] [v6,3/3] dts: update tx_offload te
       [not found] <20250929172734.218467-4-abailey@iol.unh.edu>
                   ` (8 preceding siblings ...)
  2025-09-29 18:13 ` |SUCCESS| " dpdklab
@ 2025-09-29 18:18 ` dpdklab
  2025-09-29 18:18 ` dpdklab
                   ` (10 subsequent siblings)
  20 siblings, 0 replies; 21+ messages in thread
From: dpdklab @ 2025-09-29 18:18 UTC (permalink / raw)
  To: Test Report; +Cc: dpdk-test-reports

Test-Label: iol-intel-Performance
Test-Status: SUCCESS
http://dpdk.org/patch/157046

_Performance Testing PASS_

Submitter: Andrew Bailey <abailey@iol.unh.edu>
Date: Monday, September 29 2025 17:27:34 
DPDK git baseline: Repo:dpdk-next-dts
  Branch: master
  CommitID:b71d7bdf2b663f9fedc1d344b81a8cf65518026c

157044-157046 --> performance testing pass

Upstream job id: Template-DTS-Pipeline#247023

Test environment and result as below:

Ubuntu 22.04
Kernel: 5.15
Compiler: gcc gcc (Ubuntu 11.4.0-1ubuntu1~22.04.2) 11.4.0
NIC: Intel E810 100000 Mbps
Fail/Total: 0/2

Detail performance results: 
+------------+---------+----------+-------------+------------------------------+
| frame_size | txd/rxd | num_cpus | num_threads |  throughput difference from  |
|            |         |          |             |           expected           |
+============+=========+==========+=============+==============================+
| 64         | 512     | 1        | 1           | 0.3%                         |
+------------+---------+----------+-------------+------------------------------+
| 64         | 2048    | 1        | 1           | 0.1%                         |
+------------+---------+----------+-------------+------------------------------+

Ubuntu 20.04
Kernel: 5.4
Compiler: gcc gcc (Ubuntu 9.4.0-1ubuntu1~20.04.1) 9.4.0
NIC: Intel Corporation Ethernet Converged Network Adapter XL710-QDA2 40000 Mbps
Fail/Total: 0/4

Detail performance results: 
+----------+-------------+---------+------------+------------------------------+
| num_cpus | num_threads | txd/rxd | frame_size |  throughput difference from  |
|          |             |         |            |           expected           |
+==========+=============+=========+============+==============================+
| 1        | 2           | 512     | 64         | 1.3%                         |
+----------+-------------+---------+------------+------------------------------+
| 1        | 2           | 2048    | 64         | 5.9%                         |
+----------+-------------+---------+------------+------------------------------+
| 1        | 1           | 512     | 64         | -2.9%                        |
+----------+-------------+---------+------------+------------------------------+
| 1        | 1           | 2048    | 64         | -3.8%                        |
+----------+-------------+---------+------------+------------------------------+

Ubuntu 24.04
Kernel: 6.8
Compiler: gcc gcc (Ubuntu 13.3.0-6ubuntu2~24.04) 13.3.0
NIC: Intel E810 (Arm Grace Server) 100000 Mbps
Fail/Total: 0/2

Detail performance results: 
+------------+---------+----------+-------------+------------------------------+
| frame_size | txd/rxd | num_cpus | num_threads |  throughput difference from  |
|            |         |          |             |           expected           |
+============+=========+==========+=============+==============================+
| 64         | 512     | 1        | 1           | -0.4%                        |
+------------+---------+----------+-------------+------------------------------+
| 64         | 2048    | 1        | 1           | -2.3%                        |
+------------+---------+----------+-------------+------------------------------+

To view detailed results, visit:
https://lab.dpdk.org/results/dashboard/patchsets/34174/

UNH-IOL DPDK Community Lab

To manage your email subscriptions, visit: 
https://lab.dpdk.org/results/dashboard/preferences/subscriptions/

^ permalink raw reply	[flat|nested] 21+ messages in thread

* |SUCCESS| pw157044-157046 [PATCH] [v6,3/3] dts: update tx_offload te
       [not found] <20250929172734.218467-4-abailey@iol.unh.edu>
                   ` (9 preceding siblings ...)
  2025-09-29 18:18 ` dpdklab
@ 2025-09-29 18:18 ` dpdklab
  2025-09-29 18:31 ` dpdklab
                   ` (9 subsequent siblings)
  20 siblings, 0 replies; 21+ messages in thread
From: dpdklab @ 2025-09-29 18:18 UTC (permalink / raw)
  To: Test Report; +Cc: dpdk-test-reports

Test-Label: iol-intel-Functional
Test-Status: SUCCESS
http://dpdk.org/patch/157046

_Functional Testing PASS_

Submitter: Andrew Bailey <abailey@iol.unh.edu>
Date: Monday, September 29 2025 17:27:34 
DPDK git baseline: Repo:dpdk-next-dts
  Branch: master
  CommitID:b71d7bdf2b663f9fedc1d344b81a8cf65518026c

157044-157046 --> functional testing pass

Upstream job id: Template-DTS-Pipeline#247027

Test environment and result as below:

Ubuntu 24.04 LTS
Kernel: 6.8.0-44-generic
Compiler: gcc 13.2.0
NIC: Intel Corporation Ethernet Controller XL710 for 40GbE QSFP+ 40 Mbps

Aggregate Results by Test Suite
+--------------------+--------+
|     Test Suite     | Result |
+====================+========+
| blocklist          |  PASS  |
+--------------------+--------+
| promisc_support    |  PASS  |
+--------------------+--------+
| uni_pkt            |  PASS  |
+--------------------+--------+
| dynamic_config     |  PASS  |
+--------------------+--------+
| dynamic_queue_conf |  PASS  |
+--------------------+--------+
| hello_world        |  PASS  |
+--------------------+--------+
| l2fwd              |  PASS  |
+--------------------+--------+
| softnic            |  PASS  |
+--------------------+--------+
| vlan               |  PASS  |
+--------------------+--------+


Ubuntu 24.04
Kernel: 6.8
Compiler: gcc gcc (Ubuntu 13.3.0-6ubuntu2~24.04) 13.3.0
NIC: Intel Corporation 4xxx Series QAT 0 Mbps

Aggregate Results by Test Suite
+----------------------------+--------+
|         Test Suite         | Result |
+============================+========+
| crypto_perf_cryptodev_perf |  PASS  |
+----------------------------+--------+


Ubuntu 20.04
Kernel: 5.4
Compiler: gcc gcc (Ubuntu 9.4.0-1ubuntu1~20.04.1) 9.4.0
NIC: Intel Corporation Ethernet Converged Network Adapter XL710-QDA2 40000 Mbps

Aggregate Results by Test Suite
+-----------------------------+--------+
|         Test Suite          | Result |
+=============================+========+
| unit_tests_mbuf             |  PASS  |
+-----------------------------+--------+
| vhost_virtio_user_interrupt |  PASS  |
+-----------------------------+--------+
| virtio_smoke                |  PASS  |
+-----------------------------+--------+


To view detailed results, visit:
https://lab.dpdk.org/results/dashboard/patchsets/34174/

UNH-IOL DPDK Community Lab

To manage your email subscriptions, visit: 
https://lab.dpdk.org/results/dashboard/preferences/subscriptions/

^ permalink raw reply	[flat|nested] 21+ messages in thread

* |SUCCESS| pw157044-157046 [PATCH] [v6,3/3] dts: update tx_offload te
       [not found] <20250929172734.218467-4-abailey@iol.unh.edu>
                   ` (10 preceding siblings ...)
  2025-09-29 18:18 ` dpdklab
@ 2025-09-29 18:31 ` dpdklab
  2025-09-29 18:36 ` dpdklab
                   ` (8 subsequent siblings)
  20 siblings, 0 replies; 21+ messages in thread
From: dpdklab @ 2025-09-29 18:31 UTC (permalink / raw)
  To: Test Report; +Cc: dpdk-test-reports

Test-Label: iol-broadcom-Performance
Test-Status: SUCCESS
http://dpdk.org/patch/157046

_Performance Testing PASS_

Submitter: Andrew Bailey <abailey@iol.unh.edu>
Date: Monday, September 29 2025 17:27:34 
DPDK git baseline: Repo:dpdk-next-dts
  Branch: master
  CommitID:b71d7bdf2b663f9fedc1d344b81a8cf65518026c

157044-157046 --> performance testing pass

Upstream job id: Template-DTS-Pipeline#247024

Test environment and result as below:

Ubuntu 22.04
Kernel: 5.15
Compiler: gcc gcc (Ubuntu 11.4.0-1ubuntu1~22.04) 11.4.0
NIC: Broadcom Inc. and subsidiaries BCM57414 NetXtreme-E 10Gb/25Gb RDMA Ethernet Controller 16d7 25 Mbps
Fail/Total: 0/3

Detail performance results: 
+------------+---------+----------+-------------+------------------------------+
| frame_size | txd/rxd | num_cpus | num_threads |  throughput difference from  |
|            |         |          |             |           expected           |
+============+=========+==========+=============+==============================+
| 64         | 128     | 1        | 1           | -0.0%                        |
+------------+---------+----------+-------------+------------------------------+
| 64         | 512     | 1        | 1           | 0.2%                         |
+------------+---------+----------+-------------+------------------------------+
| 64         | 2048    | 1        | 1           | -0.1%                        |
+------------+---------+----------+-------------+------------------------------+

Ubuntu 22.04
Kernel: 5.15
Compiler: gcc gcc (Ubuntu 11.4.0-1ubuntu1~22.04.2) 11.4.0
NIC: Arm Broadcom Inc. brcm_57414 25000 Mbps
Fail/Total: 0/2

Detail performance results: 
+------------+---------+----------+-------------+------------------------------+
| frame_size | txd/rxd | num_cpus | num_threads |  throughput difference from  |
|            |         |          |             |           expected           |
+============+=========+==========+=============+==============================+
| 64         | 512     | 1        | 1           | -0.3%                        |
+------------+---------+----------+-------------+------------------------------+
| 64         | 2048    | 1        | 1           | 0.1%                         |
+------------+---------+----------+-------------+------------------------------+

To view detailed results, visit:
https://lab.dpdk.org/results/dashboard/patchsets/34174/

UNH-IOL DPDK Community Lab

To manage your email subscriptions, visit: 
https://lab.dpdk.org/results/dashboard/preferences/subscriptions/

^ permalink raw reply	[flat|nested] 21+ messages in thread

* |SUCCESS| pw157044-157046 [PATCH] [v6,3/3] dts: update tx_offload te
       [not found] <20250929172734.218467-4-abailey@iol.unh.edu>
                   ` (11 preceding siblings ...)
  2025-09-29 18:31 ` dpdklab
@ 2025-09-29 18:36 ` dpdklab
  2025-09-29 18:42 ` |PENDING| " dpdklab
                   ` (7 subsequent siblings)
  20 siblings, 0 replies; 21+ messages in thread
From: dpdklab @ 2025-09-29 18:36 UTC (permalink / raw)
  To: Test Report; +Cc: dpdk-test-reports

Test-Label: iol-intel-Functional
Test-Status: SUCCESS
http://dpdk.org/patch/157046

_Functional Testing PASS_

Submitter: Andrew Bailey <abailey@iol.unh.edu>
Date: Monday, September 29 2025 17:27:34 
DPDK git baseline: Repo:dpdk-next-dts
  Branch: master
  CommitID:b71d7bdf2b663f9fedc1d344b81a8cf65518026c

157044-157046 --> functional testing pass

Upstream job id: Template-DTS-Pipeline#247029

Test environment and result as below:

Ubuntu 24.04 LTS
Kernel: 6.8.0-44-generic
Compiler: gcc 13.2.0
NIC: Intel Corporation Ethernet Controller XL710 for 40GbE QSFP+ 40 Mbps

Aggregate Results by Test Suite
+--------------------+--------+
|     Test Suite     | Result |
+====================+========+
| blocklist          |  PASS  |
+--------------------+--------+
| promisc_support    |  PASS  |
+--------------------+--------+
| uni_pkt            |  PASS  |
+--------------------+--------+
| dynamic_config     |  PASS  |
+--------------------+--------+
| dynamic_queue_conf |  PASS  |
+--------------------+--------+
| hello_world        |  PASS  |
+--------------------+--------+
| l2fwd              |  PASS  |
+--------------------+--------+
| softnic            |  PASS  |
+--------------------+--------+
| vlan               |  PASS  |
+--------------------+--------+


Ubuntu 24.04
Kernel: 6.8
Compiler: gcc gcc (Ubuntu 13.3.0-6ubuntu2~24.04) 13.3.0
NIC: Intel Corporation 4xxx Series QAT 0 Mbps

Aggregate Results by Test Suite
+----------------------------+--------+
|         Test Suite         | Result |
+============================+========+
| crypto_perf_cryptodev_perf |  PASS  |
+----------------------------+--------+


Ubuntu 22.04
Kernel: 5.15
Compiler: gcc gcc (Ubuntu 11.4.0-1ubuntu1~22.04.2) 11.4.0
NIC: Intel Corporation QAT 8970 0 Mbps

Aggregate Results by Test Suite
+----------------------------+--------+
|         Test Suite         | Result |
+============================+========+
| crypto_perf_cryptodev_perf |  PASS  |
+----------------------------+--------+


Ubuntu 20.04
Kernel: 5.4
Compiler: gcc gcc (Ubuntu 9.4.0-1ubuntu1~20.04.1) 9.4.0
NIC: Intel Corporation Ethernet Converged Network Adapter XL710-QDA2 40000 Mbps

Aggregate Results by Test Suite
+-----------------------------+--------+
|         Test Suite          | Result |
+=============================+========+
| unit_tests_mbuf             |  PASS  |
+-----------------------------+--------+
| vhost_virtio_user_interrupt |  PASS  |
+-----------------------------+--------+
| virtio_smoke                |  PASS  |
+-----------------------------+--------+


To view detailed results, visit:
https://lab.dpdk.org/results/dashboard/patchsets/34174/

UNH-IOL DPDK Community Lab

To manage your email subscriptions, visit: 
https://lab.dpdk.org/results/dashboard/preferences/subscriptions/

^ permalink raw reply	[flat|nested] 21+ messages in thread

* |PENDING| pw157044-157046 [PATCH] [v6,3/3] dts: update tx_offload te
       [not found] <20250929172734.218467-4-abailey@iol.unh.edu>
                   ` (12 preceding siblings ...)
  2025-09-29 18:36 ` dpdklab
@ 2025-09-29 18:42 ` dpdklab
  2025-09-29 18:50 ` |SUCCESS| " dpdklab
                   ` (6 subsequent siblings)
  20 siblings, 0 replies; 21+ messages in thread
From: dpdklab @ 2025-09-29 18:42 UTC (permalink / raw)
  To: Test Report; +Cc: dpdk-test-reports

Test-Label: iol-compile-arm64-testing
Test-Status: PENDING
http://dpdk.org/patch/157046

_Testing pending_

Submitter: Andrew Bailey <abailey@iol.unh.edu>
Date: Monday, September 29 2025 17:27:34 
DPDK git baseline: Repo:dpdk-next-dts
  Branch: master
  CommitID:b71d7bdf2b663f9fedc1d344b81a8cf65518026c

157044-157046 --> testing pending

Upstream job id: Generic-DPDK-Compile-Meson#429827

Test environment and result as below:

+------------------------------+--------------------+
|         Environment          | dpdk_meson_compile |
+==============================+====================+
| Red Hat Enterprise Linux 9.5 | PEND               |
+------------------------------+--------------------+
| Ubuntu 20.04                 | PEND               |
+------------------------------+--------------------+
| Debian GNU/Linux 12          | PEND               |
+------------------------------+--------------------+
| Fedora Linux 42              | PEND               |
+------------------------------+--------------------+
| Ubuntu 22.04                 | PEND               |
+------------------------------+--------------------+
| Ubuntu 24.04                 | PEND               |
+------------------------------+--------------------+
| CentOS Stream 9              | PEND               |
+------------------------------+--------------------+
| CentOS Stream 10             | PEND               |
+------------------------------+--------------------+


Red Hat Enterprise Linux 9.5
	Kernel: 5.4
	Compiler: gcc gcc (GCC) 11.5.0 20240719 (Red Hat 11.5.0-2)

Ubuntu 20.04
	Kernel: 5.15
	Compiler: aarch64-linux-gnu-gcc gcc (Ubuntu 9.4.0-1ubuntu1~20.04.2) 9.4.0

Debian GNU/Linux 12
	Kernel: 5.4
	Compiler: gcc gcc (Debian 12.2.0-14+deb12u1) 12.2.0

Fedora Linux 42
	Kernel: 5.4
	Compiler: gcc gcc (GCC) 15.2.1 20250808 (Red Hat 15.2.1-1)

Ubuntu 22.04
	Kernel: 5.4
	Compiler: gcc gcc (Ubuntu 11.4.0-1ubuntu1~22.04) 11.4.0

Ubuntu 24.04
	Kernel: 5.4
	Compiler: gcc gcc (Ubuntu 13.3.0-6ubuntu2~24.04) 13.3.0

CentOS Stream 9
	Kernel: 5.4
	Compiler: gcc gcc (GCC) 11.5.0 20240719 (Red Hat 11.5.0-11)

CentOS Stream 10
	Kernel: 5.4
	Compiler: gcc gcc (GCC) 14.2.1 20250110 (Red Hat 14.2.1-8)

To view detailed results, visit:
https://lab.dpdk.org/results/dashboard/patchsets/34174/

UNH-IOL DPDK Community Lab

To manage your email subscriptions, visit: 
https://lab.dpdk.org/results/dashboard/preferences/subscriptions/

^ permalink raw reply	[flat|nested] 21+ messages in thread

* |SUCCESS| pw157044-157046 [PATCH] [v6,3/3] dts: update tx_offload te
       [not found] <20250929172734.218467-4-abailey@iol.unh.edu>
                   ` (13 preceding siblings ...)
  2025-09-29 18:42 ` |PENDING| " dpdklab
@ 2025-09-29 18:50 ` dpdklab
  2025-09-29 19:05 ` dpdklab
                   ` (5 subsequent siblings)
  20 siblings, 0 replies; 21+ messages in thread
From: dpdklab @ 2025-09-29 18:50 UTC (permalink / raw)
  To: Test Report; +Cc: dpdk-test-reports

Test-Label: iol-compile-amd64-testing
Test-Status: SUCCESS
http://dpdk.org/patch/157046

_Testing PASS_

Submitter: Andrew Bailey <abailey@iol.unh.edu>
Date: Monday, September 29 2025 17:27:34 
DPDK git baseline: Repo:dpdk-next-dts
  Branch: master
  CommitID:b71d7bdf2b663f9fedc1d344b81a8cf65518026c

157044-157046 --> testing pass

Upstream job id: Generic-DPDK-Compile-Meson#429813

Test environment and result as below:

+-------------------------------+--------------------+-------------------+------------------+-------------------------+-------------------+----------------------+
|          Environment          | dpdk_meson_compile | dpdk_compile_spdk | dpdk_compile_ovs | dpdk_llvm_clang_compile | dpdk_msvc_compile | dpdk_mingw64_compile |
+===============================+====================+===================+==================+=========================+===================+======================+
| CentOS Stream 9               | PASS               | PASS              | SKIPPED          | SKIPPED                 | SKIPPED           | SKIPPED              |
+-------------------------------+--------------------+-------------------+------------------+-------------------------+-------------------+----------------------+
| Debian GNU/Linux 12           | PASS               | PASS              | SKIPPED          | SKIPPED                 | SKIPPED           | SKIPPED              |
+-------------------------------+--------------------+-------------------+------------------+-------------------------+-------------------+----------------------+
| CentOS Stream 10              | PASS               | SKIPPED           | SKIPPED          | SKIPPED                 | SKIPPED           | SKIPPED              |
+-------------------------------+--------------------+-------------------+------------------+-------------------------+-------------------+----------------------+
| Fedora Linux 42               | PASS               | PASS              | PASS             | SKIPPED                 | SKIPPED           | SKIPPED              |
+-------------------------------+--------------------+-------------------+------------------+-------------------------+-------------------+----------------------+
| openSUSE Leap 15.6            | PASS               | SKIPPED           | SKIPPED          | SKIPPED                 | SKIPPED           | SKIPPED              |
+-------------------------------+--------------------+-------------------+------------------+-------------------------+-------------------+----------------------+
| Red Hat Enterprise Linux 8.10 | PASS               | SKIPPED           | SKIPPED          | SKIPPED                 | SKIPPED           | SKIPPED              |
+-------------------------------+--------------------+-------------------+------------------+-------------------------+-------------------+----------------------+
| Red Hat Enterprise Linux 9.5  | PASS               | SKIPPED           | SKIPPED          | SKIPPED                 | SKIPPED           | SKIPPED              |
+-------------------------------+--------------------+-------------------+------------------+-------------------------+-------------------+----------------------+
| Ubuntu 20.04                  | PASS               | SKIPPED           | SKIPPED          | SKIPPED                 | SKIPPED           | SKIPPED              |
+-------------------------------+--------------------+-------------------+------------------+-------------------------+-------------------+----------------------+
| Ubuntu 24.04                  | PASS               | PASS              | PASS             | SKIPPED                 | SKIPPED           | SKIPPED              |
+-------------------------------+--------------------+-------------------+------------------+-------------------------+-------------------+----------------------+
| FreeBSD 14.2                  | PASS               | SKIPPED           | SKIPPED          | SKIPPED                 | SKIPPED           | SKIPPED              |
+-------------------------------+--------------------+-------------------+------------------+-------------------------+-------------------+----------------------+
| Ubuntu 22.04                  | PASS               | PASS              | SKIPPED          | SKIPPED                 | SKIPPED           | SKIPPED              |
+-------------------------------+--------------------+-------------------+------------------+-------------------------+-------------------+----------------------+
| Alpine Linux 3.22.0           | PASS               | SKIPPED           | SKIPPED          | SKIPPED                 | SKIPPED           | SKIPPED              |
+-------------------------------+--------------------+-------------------+------------------+-------------------------+-------------------+----------------------+
| Windows Server 2022           | SKIPPED            | SKIPPED           | SKIPPED          | PASS                    | PASS              | PASS                 |
+-------------------------------+--------------------+-------------------+------------------+-------------------------+-------------------+----------------------+


CentOS Stream 9
	Kernel: 5.15
	Compiler: gcc gcc (GCC) 11.5.0 20240719 (Red Hat 11.5.0-11)

Debian GNU/Linux 12
	Kernel: 5.15
	Compiler: gcc gcc (Debian 12.2.0-14+deb12u1) 12.2.0

CentOS Stream 10
	Kernel: 5.15
	Compiler: gcc gcc (GCC) 14.2.1 20250110 (Red Hat 14.2.1-8)

Fedora Linux 42
	Kernel: 5.15
	Compiler: gcc gcc (GCC) 15.2.1 20250808 (Red Hat 15.2.1-1)

openSUSE Leap 15.6
	Kernel: 5.15
	Compiler: gcc gcc (SUSE Linux) 7.5.0

Red Hat Enterprise Linux 8.10
	Kernel: 5.15
	Compiler: gcc gcc (GCC) 8.5.0 20210514 (Red Hat 8.5.0-22)

Red Hat Enterprise Linux 9.5
	Kernel: 5.15
	Compiler: gcc gcc (GCC) 11.5.0 20240719 (Red Hat 11.5.0-2)

Ubuntu 20.04
	Kernel: 5.15
	Compiler: gcc gcc (Ubuntu 9.4.0-1ubuntu1~20.04.2) 9.4.0

Ubuntu 24.04
	Kernel: 5.15
	Compiler: gcc gcc (Ubuntu 13.3.0-6ubuntu2~24.04) 13.3.0

FreeBSD 14.2
	Kernel: 14.2-RELEASE
	Compiler: clang 18.1.6

Ubuntu 22.04
	Kernel: 5.15
	Compiler: gcc gcc (Ubuntu 11.4.0-1ubuntu1~22.04) 11.4.0

Alpine Linux 3.22.0
	Kernel: 5.15
	Compiler: gcc gcc (Alpine 14.2.0) 14.2.0

Windows Server 2022
	Kernel: 10.0.20348.2031
	Compiler: clang 15.0.7, gcc 14.1.0 (MinGW), and MSVC VS 19.39.33521

To view detailed results, visit:
https://lab.dpdk.org/results/dashboard/patchsets/34174/

UNH-IOL DPDK Community Lab

To manage your email subscriptions, visit: 
https://lab.dpdk.org/results/dashboard/preferences/subscriptions/

^ permalink raw reply	[flat|nested] 21+ messages in thread

* |SUCCESS| pw157044-157046 [PATCH] [v6,3/3] dts: update tx_offload te
       [not found] <20250929172734.218467-4-abailey@iol.unh.edu>
                   ` (14 preceding siblings ...)
  2025-09-29 18:50 ` |SUCCESS| " dpdklab
@ 2025-09-29 19:05 ` dpdklab
  2025-09-29 19:05 ` dpdklab
                   ` (4 subsequent siblings)
  20 siblings, 0 replies; 21+ messages in thread
From: dpdklab @ 2025-09-29 19:05 UTC (permalink / raw)
  To: Test Report; +Cc: dpdk-test-reports

Test-Label: iol-sample-apps-testing
Test-Status: SUCCESS
http://dpdk.org/patch/157046

_Testing PASS_

Submitter: Andrew Bailey <abailey@iol.unh.edu>
Date: Monday, September 29 2025 17:27:34 
DPDK git baseline: Repo:dpdk-next-dts
  Branch: master
  CommitID:b71d7bdf2b663f9fedc1d344b81a8cf65518026c

157044-157046 --> testing pass

Upstream job id: Template-DTS-Pipeline#247031

Test environment and result as below:

+--------------+----------------------+
| Environment  | compressdev_zlib_pmd |
+==============+======================+
| Ubuntu 22.04 | PASS                 |
+--------------+----------------------+


Ubuntu 22.04
	Kernel: 5.15
	Compiler: gcc gcc (Ubuntu 11.4.0-1ubuntu1~22.04.2) 11.4.0

To view detailed results, visit:
https://lab.dpdk.org/results/dashboard/patchsets/34174/

UNH-IOL DPDK Community Lab

To manage your email subscriptions, visit: 
https://lab.dpdk.org/results/dashboard/preferences/subscriptions/

^ permalink raw reply	[flat|nested] 21+ messages in thread

* |SUCCESS| pw157044-157046 [PATCH] [v6,3/3] dts: update tx_offload te
       [not found] <20250929172734.218467-4-abailey@iol.unh.edu>
                   ` (15 preceding siblings ...)
  2025-09-29 19:05 ` dpdklab
@ 2025-09-29 19:05 ` dpdklab
  2025-09-29 19:45 ` dpdklab
                   ` (3 subsequent siblings)
  20 siblings, 0 replies; 21+ messages in thread
From: dpdklab @ 2025-09-29 19:05 UTC (permalink / raw)
  To: Test Report; +Cc: dpdk-test-reports

Test-Label: iol-unit-amd64-testing
Test-Status: SUCCESS
http://dpdk.org/patch/157046

_Testing PASS_

Submitter: Andrew Bailey <abailey@iol.unh.edu>
Date: Monday, September 29 2025 17:27:34 
DPDK git baseline: Repo:dpdk-next-dts
  Branch: master
  CommitID:b71d7bdf2b663f9fedc1d344b81a8cf65518026c

157044-157046 --> testing pass

Upstream job id: Generic-Unit-Test-DPDK#376356

Test environment and result as below:

+-------------------------------+----------------+
|          Environment          | dpdk_unit_test |
+===============================+================+
| CentOS Stream 10              | PASS           |
+-------------------------------+----------------+
| Fedora Linux 40               | PASS           |
+-------------------------------+----------------+
| Debian GNU/Linux 12           | PASS           |
+-------------------------------+----------------+
| CentOS Stream 9               | PASS           |
+-------------------------------+----------------+
| Red Hat Enterprise Linux 8.10 | PASS           |
+-------------------------------+----------------+
| Fedora Linux 42               | PASS           |
+-------------------------------+----------------+
| Red Hat Enterprise Linux 9.5  | PASS           |
+-------------------------------+----------------+
| Ubuntu 24.04                  | PASS           |
+-------------------------------+----------------+
| Ubuntu 22.04                  | PASS           |
+-------------------------------+----------------+
| Windows Server 2022           | PASS           |
+-------------------------------+----------------+
| Ubuntu 20.04                  | PASS           |
+-------------------------------+----------------+
| Fedora Linux 41               | PASS           |
+-------------------------------+----------------+


CentOS Stream 10
	Kernel: 5.15
	Compiler: gcc gcc (GCC) 14.2.1 20250110 (Red Hat 14.2.1-8)

Fedora Linux 40
	Kernel: 5.15
	Compiler: clang gcc (GCC) 14.2.1 20240912 (Red Hat 14.2.1-3)

Debian GNU/Linux 12
	Kernel: 5.15
	Compiler: gcc gcc (Debian 12.2.0-14+deb12u1) 12.2.0

CentOS Stream 9
	Kernel: 5.15
	Compiler: gcc gcc (GCC) 11.5.0 20240719 (Red Hat 11.5.0-11)

Red Hat Enterprise Linux 8.10
	Kernel: 5.15
	Compiler: gcc gcc (GCC) 8.5.0 20210514 (Red Hat 8.5.0-22)

Fedora Linux 42
	Kernel: 5.15
	Compiler: gcc gcc (GCC) 15.2.1 20250808 (Red Hat 15.2.1-1)

Red Hat Enterprise Linux 9.5
	Kernel: 5.15
	Compiler: gcc gcc (GCC) 11.5.0 20240719 (Red Hat 11.5.0-2)

Ubuntu 24.04
	Kernel: 5.15
	Compiler: gcc gcc (Ubuntu 13.3.0-6ubuntu2~24.04) 13.3.0

Ubuntu 22.04
	Kernel: 5.15
	Compiler: gcc gcc (Ubuntu 11.4.0-1ubuntu1~22.04) 11.4.0

Windows Server 2022
	Kernel: 10.0.20348.2031
	Compiler: clang 15.0.7, gcc 14.1.0 (MinGW), and MSVC VS 19.39.33521

Ubuntu 20.04
	Kernel: 5.15
	Compiler: gcc gcc (Ubuntu 9.4.0-1ubuntu1~20.04.2) 9.4.0

Fedora Linux 41
	Kernel: 5.15
	Compiler: gcc gcc (GCC) 14.3.1 20250523 (Red Hat 14.3.1-1)

To view detailed results, visit:
https://lab.dpdk.org/results/dashboard/patchsets/34174/

UNH-IOL DPDK Community Lab

To manage your email subscriptions, visit: 
https://lab.dpdk.org/results/dashboard/preferences/subscriptions/

^ permalink raw reply	[flat|nested] 21+ messages in thread

* |SUCCESS| pw157044-157046 [PATCH] [v6,3/3] dts: update tx_offload te
       [not found] <20250929172734.218467-4-abailey@iol.unh.edu>
                   ` (16 preceding siblings ...)
  2025-09-29 19:05 ` dpdklab
@ 2025-09-29 19:45 ` dpdklab
  2025-09-30 10:09 ` dpdklab
                   ` (2 subsequent siblings)
  20 siblings, 0 replies; 21+ messages in thread
From: dpdklab @ 2025-09-29 19:45 UTC (permalink / raw)
  To: Test Report; +Cc: dpdk-test-reports

Test-Label: iol-sample-apps-testing
Test-Status: SUCCESS
http://dpdk.org/patch/157046

_Testing PASS_

Submitter: Andrew Bailey <abailey@iol.unh.edu>
Date: Monday, September 29 2025 17:27:34 
DPDK git baseline: Repo:dpdk-next-dts
  Branch: master
  CommitID:b71d7bdf2b663f9fedc1d344b81a8cf65518026c

157044-157046 --> testing pass

Upstream job id: ACVP-FIPS-testing#11265

Test environment and result as below:

+--------------+----------------------+----------------------+
| Environment  | compressdev_zlib_pmd | dpdk_fips_validation |
+==============+======================+======================+
| Ubuntu 22.04 | PASS                 | SKIPPED              |
+--------------+----------------------+----------------------+
| Ubuntu 20.04 | SKIPPED              | PASS                 |
+--------------+----------------------+----------------------+


Ubuntu 22.04
	Kernel: 5.15
	Compiler: gcc gcc (Ubuntu 11.4.0-1ubuntu1~22.04.2) 11.4.0

Ubuntu 20.04
	Kernel: 5.15
	Compiler: gcc gcc (Ubuntu 9.4.0-1ubuntu1~20.04.2) 9.4.0

To view detailed results, visit:
https://lab.dpdk.org/results/dashboard/patchsets/34174/

UNH-IOL DPDK Community Lab

To manage your email subscriptions, visit: 
https://lab.dpdk.org/results/dashboard/preferences/subscriptions/

^ permalink raw reply	[flat|nested] 21+ messages in thread

* |SUCCESS| pw157044-157046 [PATCH] [v6,3/3] dts: update tx_offload te
       [not found] <20250929172734.218467-4-abailey@iol.unh.edu>
                   ` (17 preceding siblings ...)
  2025-09-29 19:45 ` dpdklab
@ 2025-09-30 10:09 ` dpdklab
  2025-09-30 12:28 ` dpdklab
  2025-10-01  5:51 ` dpdklab
  20 siblings, 0 replies; 21+ messages in thread
From: dpdklab @ 2025-09-30 10:09 UTC (permalink / raw)
  To: Test Report; +Cc: dpdk-test-reports

Test-Label: iol-unit-arm64-testing
Test-Status: SUCCESS
http://dpdk.org/patch/157046

_Testing PASS_

Submitter: Andrew Bailey <abailey@iol.unh.edu>
Date: Monday, September 29 2025 17:27:34 
DPDK git baseline: Repo:dpdk-next-dts
  Branch: master
  CommitID:b71d7bdf2b663f9fedc1d344b81a8cf65518026c

157044-157046 --> testing pass

Upstream job id: Generic-Unit-Test-DPDK#376368

Test environment and result as below:

+------------------------------+--------------+---------------------------+------------------------------+----------------+
|         Environment          | lpm_autotest | cryptodev_sw_zuc_autotest | cryptodev_sw_snow3g_autotest | dpdk_unit_test |
+==============================+==============+===========================+==============================+================+
| Ubuntu 20.04                 | PASS         | SKIPPED                   | SKIPPED                      | PASS           |
+------------------------------+--------------+---------------------------+------------------------------+----------------+
| Debian 12 (arm)              | SKIPPED      | PASS                      | PASS                         | SKIPPED        |
+------------------------------+--------------+---------------------------+------------------------------+----------------+
| Ubuntu 22.04                 | SKIPPED      | SKIPPED                   | SKIPPED                      | PASS           |
+------------------------------+--------------+---------------------------+------------------------------+----------------+
| CentOS Stream 9              | SKIPPED      | SKIPPED                   | SKIPPED                      | PASS           |
+------------------------------+--------------+---------------------------+------------------------------+----------------+
| CentOS Stream 10             | SKIPPED      | SKIPPED                   | SKIPPED                      | PASS           |
+------------------------------+--------------+---------------------------+------------------------------+----------------+
| Fedora Linux 40              | SKIPPED      | SKIPPED                   | SKIPPED                      | PASS           |
+------------------------------+--------------+---------------------------+------------------------------+----------------+
| Debian GNU/Linux 12          | SKIPPED      | SKIPPED                   | SKIPPED                      | PASS           |
+------------------------------+--------------+---------------------------+------------------------------+----------------+
| Fedora Linux 41              | SKIPPED      | SKIPPED                   | SKIPPED                      | PASS           |
+------------------------------+--------------+---------------------------+------------------------------+----------------+
| Fedora Linux 42              | SKIPPED      | SKIPPED                   | SKIPPED                      | PASS           |
+------------------------------+--------------+---------------------------+------------------------------+----------------+
| Ubuntu 24.04                 | SKIPPED      | SKIPPED                   | SKIPPED                      | PASS           |
+------------------------------+--------------+---------------------------+------------------------------+----------------+
| Red Hat Enterprise Linux 9.5 | SKIPPED      | SKIPPED                   | SKIPPED                      | PASS           |
+------------------------------+--------------+---------------------------+------------------------------+----------------+


Ubuntu 20.04
	Kernel: 5.4
	Compiler: gcc gcc (Ubuntu 9.4.0-1ubuntu1~20.04.2) 9.4.0

Debian 12 (arm)
	Kernel: Depends on container host
	Compiler: gcc (Debian 12.2.0-14) 12.2.0

Ubuntu 22.04
	Kernel: 5.15
	Compiler: gcc gcc (Ubuntu 11.4.0-1ubuntu1~22.04.2) 11.4.0

CentOS Stream 9
	Kernel: 5.4
	Compiler: gcc gcc (GCC) 11.5.0 20240719 (Red Hat 11.5.0-11)

CentOS Stream 10
	Kernel: 5.4
	Compiler: gcc gcc (GCC) 14.2.1 20250110 (Red Hat 14.2.1-8)

Fedora Linux 40
	Kernel: 5.4
	Compiler: gcc gcc (GCC) 14.2.1 20240912 (Red Hat 14.2.1-3)

Debian GNU/Linux 12
	Kernel: 5.4
	Compiler: gcc gcc (Debian 12.2.0-14+deb12u1) 12.2.0

Fedora Linux 41
	Kernel: 5.4
	Compiler: clang gcc (GCC) 14.3.1 20250523 (Red Hat 14.3.1-1)

Fedora Linux 42
	Kernel: 5.4
	Compiler: gcc gcc (GCC) 15.2.1 20250808 (Red Hat 15.2.1-1)

Ubuntu 24.04
	Kernel: 5.4
	Compiler: gcc gcc (Ubuntu 13.3.0-6ubuntu2~24.04) 13.3.0

Red Hat Enterprise Linux 9.5
	Kernel: 5.4
	Compiler: gcc gcc (GCC) 11.5.0 20240719 (Red Hat 11.5.0-2)

To view detailed results, visit:
https://lab.dpdk.org/results/dashboard/patchsets/34174/

UNH-IOL DPDK Community Lab

To manage your email subscriptions, visit: 
https://lab.dpdk.org/results/dashboard/preferences/subscriptions/

^ permalink raw reply	[flat|nested] 21+ messages in thread

* |SUCCESS| pw157044-157046 [PATCH] [v6,3/3] dts: update tx_offload te
       [not found] <20250929172734.218467-4-abailey@iol.unh.edu>
                   ` (18 preceding siblings ...)
  2025-09-30 10:09 ` dpdklab
@ 2025-09-30 12:28 ` dpdklab
  2025-10-01  5:51 ` dpdklab
  20 siblings, 0 replies; 21+ messages in thread
From: dpdklab @ 2025-09-30 12:28 UTC (permalink / raw)
  To: Test Report; +Cc: dpdk-test-reports

Test-Label: iol-compile-arm64-testing
Test-Status: SUCCESS
http://dpdk.org/patch/157046

_Testing PASS_

Submitter: Andrew Bailey <abailey@iol.unh.edu>
Date: Monday, September 29 2025 17:27:34 
DPDK git baseline: Repo:dpdk-next-dts
  Branch: master
  CommitID:b71d7bdf2b663f9fedc1d344b81a8cf65518026c

157044-157046 --> testing pass

Upstream job id: Generic-DPDK-Compile-Meson#429823

Test environment and result as below:

+------------------------------+--------------------+
|         Environment          | dpdk_meson_compile |
+==============================+====================+
| Red Hat Enterprise Linux 9.5 | PASS               |
+------------------------------+--------------------+
| Ubuntu 20.04                 | PASS               |
+------------------------------+--------------------+
| Debian GNU/Linux 12          | PASS               |
+------------------------------+--------------------+
| Fedora Linux 42              | PASS               |
+------------------------------+--------------------+
| Ubuntu 22.04                 | PASS               |
+------------------------------+--------------------+
| Ubuntu 24.04                 | PASS               |
+------------------------------+--------------------+
| CentOS Stream 9              | PASS               |
+------------------------------+--------------------+
| CentOS Stream 10             | PASS               |
+------------------------------+--------------------+


Red Hat Enterprise Linux 9.5
	Kernel: 5.4
	Compiler: gcc gcc (GCC) 11.5.0 20240719 (Red Hat 11.5.0-2)

Ubuntu 20.04
	Kernel: 5.15
	Compiler: aarch64-linux-gnu-gcc gcc (Ubuntu 9.4.0-1ubuntu1~20.04.2) 9.4.0

Debian GNU/Linux 12
	Kernel: 5.4
	Compiler: gcc gcc (Debian 12.2.0-14+deb12u1) 12.2.0

Fedora Linux 42
	Kernel: 5.4
	Compiler: gcc gcc (GCC) 15.2.1 20250808 (Red Hat 15.2.1-1)

Ubuntu 22.04
	Kernel: 5.4
	Compiler: gcc gcc (Ubuntu 11.4.0-1ubuntu1~22.04) 11.4.0

Ubuntu 24.04
	Kernel: 5.4
	Compiler: gcc gcc (Ubuntu 13.3.0-6ubuntu2~24.04) 13.3.0

CentOS Stream 9
	Kernel: 5.4
	Compiler: gcc gcc (GCC) 11.5.0 20240719 (Red Hat 11.5.0-11)

CentOS Stream 10
	Kernel: 5.4
	Compiler: gcc gcc (GCC) 14.2.1 20250110 (Red Hat 14.2.1-8)

To view detailed results, visit:
https://lab.dpdk.org/results/dashboard/patchsets/34174/

UNH-IOL DPDK Community Lab

To manage your email subscriptions, visit: 
https://lab.dpdk.org/results/dashboard/preferences/subscriptions/

^ permalink raw reply	[flat|nested] 21+ messages in thread

* |SUCCESS| pw157044-157046 [PATCH] [v6,3/3] dts: update tx_offload te
       [not found] <20250929172734.218467-4-abailey@iol.unh.edu>
                   ` (19 preceding siblings ...)
  2025-09-30 12:28 ` dpdklab
@ 2025-10-01  5:51 ` dpdklab
  20 siblings, 0 replies; 21+ messages in thread
From: dpdklab @ 2025-10-01  5:51 UTC (permalink / raw)
  To: Ali Alnubani, Test Report; +Cc: dpdk-test-reports

Test-Label: iol-mellanox-Performance
Test-Status: SUCCESS
http://dpdk.org/patch/157046

_Performance Testing PASS_

Submitter: Andrew Bailey <abailey@iol.unh.edu>
Date: Monday, September 29 2025 17:27:34 
DPDK git baseline: Repo:dpdk-next-dts
  Branch: master
  CommitID:b71d7bdf2b663f9fedc1d344b81a8cf65518026c

157044-157046 --> performance testing pass

Upstream job id: Template-DTS-Pipeline#247021

Test environment and result as below:

Ubuntu 24.04
Kernel: 6.8
Compiler: gcc gcc (Ubuntu 13.3.0-6ubuntu2~24.04) 13.3.0
NIC: NVIDIA Mellanox ConnectX-7 100000 Mbps
Fail/Total: 0/6

Detail performance results: 
+------------+---------+----------+-------------+------------------------------+
| frame_size | txd/rxd | num_cpus | num_threads |  throughput difference from  |
|            |         |          |             |           expected           |
+============+=========+==========+=============+==============================+
| 64         | 1024    | 1        | 1           | -0.3%                        |
+------------+---------+----------+-------------+------------------------------+
| 128        | 1024    | 1        | 1           | -0.2%                        |
+------------+---------+----------+-------------+------------------------------+
| 256        | 1024    | 1        | 1           | 0.2%                         |
+------------+---------+----------+-------------+------------------------------+
| 512        | 1024    | 1        | 1           | -0.2%                        |
+------------+---------+----------+-------------+------------------------------+
| 1024       | 1024    | 1        | 1           | 0.1%                         |
+------------+---------+----------+-------------+------------------------------+
| 1518       | 1024    | 1        | 1           | 0.1%                         |
+------------+---------+----------+-------------+------------------------------+

Ubuntu 24.04
Kernel: 6.8
Compiler: gcc gcc (Ubuntu 13.3.0-6ubuntu2~24.04) 13.3.0
NIC: Mellanox ConnectX-6 Lx 25000 Mbps
Fail/Total: 0/6

Detail performance results: 
+------------+---------+----------+-------------+------------------------------+
| frame_size | txd/rxd | num_cpus | num_threads |  throughput difference from  |
|            |         |          |             |           expected           |
+============+=========+==========+=============+==============================+
| 64         | 1024    | 1        | 1           | 0.0%                         |
+------------+---------+----------+-------------+------------------------------+
| 128        | 1024    | 1        | 1           | 0.1%                         |
+------------+---------+----------+-------------+------------------------------+
| 256        | 1024    | 1        | 1           | 0.1%                         |
+------------+---------+----------+-------------+------------------------------+
| 512        | 1024    | 1        | 1           | 0.1%                         |
+------------+---------+----------+-------------+------------------------------+
| 1024       | 1024    | 1        | 1           | 0.2%                         |
+------------+---------+----------+-------------+------------------------------+
| 1518       | 1024    | 1        | 1           | 0.2%                         |
+------------+---------+----------+-------------+------------------------------+

To view detailed results, visit:
https://lab.dpdk.org/results/dashboard/patchsets/34174/

UNH-IOL DPDK Community Lab

To manage your email subscriptions, visit: 
https://lab.dpdk.org/results/dashboard/preferences/subscriptions/

^ permalink raw reply	[flat|nested] 21+ messages in thread

end of thread, other threads:[~2025-10-01  5:52 UTC | newest]

Thread overview: 21+ messages (download: mbox.gz / follow: Atom feed)
-- links below jump to the message on this page --
     [not found] <20250929172734.218467-4-abailey@iol.unh.edu>
2025-09-29 17:25 ` |SUCCESS| pw157046 [PATCH v6 3/3] dts: update tx_offload test from old dts checkpatch
2025-09-29 17:49 ` |FAILURE| pw157044-157046 [PATCH] [v6,3/3] dts: update tx_offload te dpdklab
2025-09-29 17:52 ` |PENDING| " dpdklab
2025-09-29 17:56 ` |SUCCESS| " dpdklab
2025-09-29 18:00 ` dpdklab
2025-09-29 18:04 ` dpdklab
2025-09-29 18:08 ` |PENDING| " dpdklab
2025-09-29 18:11 ` dpdklab
2025-09-29 18:13 ` |SUCCESS| " dpdklab
2025-09-29 18:18 ` dpdklab
2025-09-29 18:18 ` dpdklab
2025-09-29 18:31 ` dpdklab
2025-09-29 18:36 ` dpdklab
2025-09-29 18:42 ` |PENDING| " dpdklab
2025-09-29 18:50 ` |SUCCESS| " dpdklab
2025-09-29 19:05 ` dpdklab
2025-09-29 19:05 ` dpdklab
2025-09-29 19:45 ` dpdklab
2025-09-30 10:09 ` dpdklab
2025-09-30 12:28 ` dpdklab
2025-10-01  5:51 ` dpdklab

This is a public inbox, see mirroring instructions
for how to clone and mirror all data and code used for this inbox;
as well as URLs for NNTP newsgroup(s).