automatic DPDK test reports
 help / color / mirror / Atom feed
From: qemudev@loongson.cn
To: test-report@dpdk.org
Subject: |SUCCESS| pw157065-157110 [PATCH 54/54] net/bnxt/tf_ulp: remove Truflow DEBUG code
Date: Tue, 30 Sep 2025 14:53:09 +0800	[thread overview]
Message-ID: <202509300653.58U6r9x82585447@localhost.localdomain> (raw)
In-Reply-To: <20250930003604.87108-55-manish.kurup@broadcom.com>

Test-Label: loongarch-compilation
Test-Status: SUCCESS
http://dpdk.org/patch/157110

_Compilation OK_

Submitter: Manish Kurup <manish.kurup@broadcom.com>
Date: Mon, 29 Sep 2025 20:35:11 -0400
DPDK git baseline: Repo:dpdk-next-net-brcm
  Branch: for-next-net
  CommitID: 1d627ea13aeec2bcccf27246e6be2508370d171e

157065-157110 --> meson & ninja build successfully

Test environment and result as below:

+---------------------+----------------+
|     Environment     | compilation    |
+---------------------+----------------+
| Loongnix-Server 8.3 | PASS           |
+---------------------+----------------+

Loongnix-Server 8.3
    Kernel: 4.19.190+
    Compiler: gcc 8.3


       reply	other threads:[~2025-09-30  7:29 UTC|newest]

Thread overview: 5+ messages / expand[flat|nested]  mbox.gz  Atom feed  top
     [not found] <20250930003604.87108-55-manish.kurup@broadcom.com>
2025-09-30  6:53 ` qemudev [this message]
2025-09-30  6:58 ` qemudev
2025-09-30  7:15 ` |SUCCESS| pw157110 " checkpatch
2025-09-30  7:32 ` |FAILURE| pw157065-157110 [PATCH] [54/54] " dpdklab
2025-09-30  8:46 ` |FAILURE| pw157110 [PATCH 54/54] " 0-day Robot

Reply instructions:

You may reply publicly to this message via plain-text email
using any one of the following methods:

* Save the following mbox file, import it into your mail client,
  and reply-to-all from there: mbox

  Avoid top-posting and favor interleaved quoting:
  https://en.wikipedia.org/wiki/Posting_style#Interleaved_style

* Reply using the --to, --cc, and --in-reply-to
  switches of git-send-email(1):

  git send-email \
    --in-reply-to=202509300653.58U6r9x82585447@localhost.localdomain \
    --to=qemudev@loongson.cn \
    --cc=test-report@dpdk.org \
    /path/to/YOUR_REPLY

  https://kernel.org/pub/software/scm/git/docs/git-send-email.html

* If your mail client supports setting the In-Reply-To header
  via mailto: links, try the mailto: link
Be sure your reply has a Subject: header at the top and a blank line before the message body.
This is a public inbox, see mirroring instructions
for how to clone and mirror all data and code used for this inbox;
as well as URLs for NNTP newsgroup(s).