* |SUCCESS| pw157065-157110 [PATCH 54/54] net/bnxt/tf_ulp: remove Truflow DEBUG code
[not found] <20250930003604.87108-55-manish.kurup@broadcom.com>
@ 2025-09-30 6:53 ` qemudev
2025-09-30 6:58 ` qemudev
` (3 subsequent siblings)
4 siblings, 0 replies; 5+ messages in thread
From: qemudev @ 2025-09-30 6:53 UTC (permalink / raw)
To: test-report
Test-Label: loongarch-compilation
Test-Status: SUCCESS
http://dpdk.org/patch/157110
_Compilation OK_
Submitter: Manish Kurup <manish.kurup@broadcom.com>
Date: Mon, 29 Sep 2025 20:35:11 -0400
DPDK git baseline: Repo:dpdk-next-net-brcm
Branch: for-next-net
CommitID: 1d627ea13aeec2bcccf27246e6be2508370d171e
157065-157110 --> meson & ninja build successfully
Test environment and result as below:
+---------------------+----------------+
| Environment | compilation |
+---------------------+----------------+
| Loongnix-Server 8.3 | PASS |
+---------------------+----------------+
Loongnix-Server 8.3
Kernel: 4.19.190+
Compiler: gcc 8.3
^ permalink raw reply [flat|nested] 5+ messages in thread
* |SUCCESS| pw157065-157110 [PATCH 54/54] net/bnxt/tf_ulp: remove Truflow DEBUG code
[not found] <20250930003604.87108-55-manish.kurup@broadcom.com>
2025-09-30 6:53 ` |SUCCESS| pw157065-157110 [PATCH 54/54] net/bnxt/tf_ulp: remove Truflow DEBUG code qemudev
@ 2025-09-30 6:58 ` qemudev
2025-09-30 7:15 ` |SUCCESS| pw157110 " checkpatch
` (2 subsequent siblings)
4 siblings, 0 replies; 5+ messages in thread
From: qemudev @ 2025-09-30 6:58 UTC (permalink / raw)
To: test-report
Test-Label: loongarch-unit-testing
Test-Status: SUCCESS
http://dpdk.org/patch/157110
_Unit Testing PASS_
Submitter: Manish Kurup <manish.kurup@broadcom.com>
Date: Mon, 29 Sep 2025 20:35:11 -0400
DPDK git baseline: Repo:dpdk-next-net-brcm
Branch: for-next-net
CommitID: 1d627ea13aeec2bcccf27246e6be2508370d171e
157065-157110 --> testing pass
Test environment and result as below:
+---------------------+----------------+
| Environment | dpdk_unit_test |
+---------------------+----------------+
| Loongnix-Server 8.3 | PASS |
+---------------------+----------------+
Loongnix-Server 8.3
Kernel: 4.19.190+
Compiler: gcc 8.3
Test result details:
1/120 DPDK:fast-tests / acl_autotest OK 3.26s
2/120 DPDK:fast-tests / alarm_autotest OK 1.54s
3/120 DPDK:fast-tests / argparse_autotest OK 0.55s
4/120 DPDK:fast-tests / atomic_autotest OK 7.30s
5/120 DPDK:fast-tests / bitcount_autotest OK 0.60s
6/120 DPDK:fast-tests / bitmap_autotest OK 0.59s
7/120 DPDK:fast-tests / bitops_autotest OK 2.08s
8/120 DPDK:fast-tests / bitratestats_autotest OK 0.59s
9/120 DPDK:fast-tests / bitset_autotest OK 3.29s
10/120 DPDK:fast-tests / bpf_autotest OK 0.58s
11/120 DPDK:fast-tests / bpf_convert_autotest OK 0.60s
12/120 DPDK:fast-tests / byteorder_autotest OK 0.59s
13/120 DPDK:fast-tests / cfgfile_autotest OK 0.59s
14/120 DPDK:fast-tests / cksum_autotest OK 0.58s
15/120 DPDK:fast-tests / cmdline_autotest OK 0.59s
16/120 DPDK:fast-tests / common_autotest OK 1.47s
17/120 DPDK:fast-tests / compressdev_autotest SKIP 0.07s exit status 77
18/120 DPDK:fast-tests / cpuflags_autotest OK 0.58s
19/120 DPDK:fast-tests / crc_autotest OK 0.59s
20/120 DPDK:fast-tests / user_delay_us OK 0.57s
21/120 DPDK:fast-tests / debug_autotest OK 13.17s
22/120 DPDK:fast-tests / devargs_autotest OK 0.58s
23/120 DPDK:fast-tests / dispatcher_autotest OK 2.56s
24/120 DPDK:fast-tests / distributor_autotest OK 1.20s
25/120 DPDK:fast-tests / eal_flags_c_opt_autotest OK 0.77s
26/120 DPDK:fast-tests / eal_flags_main_opt_autotest OK 0.22s
27/120 DPDK:fast-tests / eal_flags_n_opt_autotest OK 0.20s
28/120 DPDK:fast-tests / eal_flags_hpet_autotest OK 0.13s
29/120 DPDK:fast-tests / eal_flags_no_huge_autotest OK 0.22s
30/120 DPDK:fast-tests / eal_flags_a_opt_autotest OK 0.29s
31/120 DPDK:fast-tests / eal_flags_b_opt_autotest OK 0.24s
32/120 DPDK:fast-tests / eal_flags_vdev_opt_autotest OK 0.19s
33/120 DPDK:fast-tests / eal_flags_r_opt_autotest OK 0.18s
34/120 DPDK:fast-tests / eal_flags_mem_autotest OK 0.58s
35/120 DPDK:fast-tests / eal_flags_file_prefix_autotest OK 22.23s
36/120 DPDK:fast-tests / eal_flags_misc_autotest OK 1.02s
37/120 DPDK:fast-tests / eal_fs_autotest OK 0.58s
38/120 DPDK:fast-tests / errno_autotest OK 0.58s
39/120 DPDK:fast-tests / ethdev_link_status OK 0.58s
40/120 DPDK:fast-tests / event_eth_tx_adapter_autotest OK 1.69s
41/120 DPDK:fast-tests / event_ring_autotest OK 0.58s
42/120 DPDK:fast-tests / eventdev_common_autotest OK 0.58s
43/120 DPDK:fast-tests / eventdev_selftest_sw OK 7.52s
44/120 DPDK:fast-tests / fbarray_autotest OK 0.59s
45/120 DPDK:fast-tests / fib_autotest OK 1.42s
46/120 DPDK:fast-tests / fib6_autotest OK 1.20s
47/120 DPDK:fast-tests / func_reentrancy_autotest OK 2.21s
48/120 DPDK:fast-tests / graph_autotest OK 0.58s
49/120 DPDK:fast-tests / node_list_dump OK 0.58s
50/120 DPDK:fast-tests / graph_feature_arc_autotest OK 0.58s
51/120 DPDK:fast-tests / hash_autotest OK 1.20s
52/120 DPDK:fast-tests / hash_readwrite_func_autotest OK 6.37s
53/120 DPDK:fast-tests / interrupt_autotest OK 1.89s
54/120 DPDK:fast-tests / ipfrag_autotest OK 0.08s
55/120 DPDK:fast-tests / ipsec_autotest SKIP 0.59s exit status 77
56/120 DPDK:fast-tests / kvargs_autotest OK 0.59s
57/120 DPDK:fast-tests / latencystats_autotest OK 0.59s
58/120 DPDK:fast-tests / lcore_var_autotest OK 0.74s
59/120 DPDK:fast-tests / lcores_autotest OK 5.39s
60/120 DPDK:fast-tests / logs_autotest OK 0.58s
61/120 DPDK:fast-tests / lpm_autotest OK 2.62s
62/120 DPDK:fast-tests / lpm6_autotest OK 5.73s
63/120 DPDK:fast-tests / malloc_autotest OK 61.60s
64/120 DPDK:fast-tests / mbuf_autotest OK 4.87s
65/120 DPDK:fast-tests / mcslock_autotest OK 2.90s
66/120 DPDK:fast-tests / member_autotest OK 1.74s
67/120 DPDK:fast-tests / memcpy_autotest OK 7.01s
68/120 DPDK:fast-tests / memory_autotest OK 0.09s
69/120 DPDK:fast-tests / mempool_autotest OK 0.43s
70/120 DPDK:fast-tests / memzone_autotest OK 0.14s
71/120 DPDK:fast-tests / meter_autotest OK 0.58s
72/120 DPDK:fast-tests / metrics_autotest OK 0.58s
73/120 DPDK:fast-tests / multiprocess_autotest OK 0.19s
74/120 DPDK:fast-tests / net_ether_autotest OK 1.25s
75/120 DPDK:fast-tests / net_ipv6_autotest OK 0.58s
76/120 DPDK:fast-tests / pcapng_autotest OK 6.99s
77/120 DPDK:fast-tests / pdcp_autotest SKIP 0.07s exit status 77
78/120 DPDK:fast-tests / pdump_autotest OK 0.74s
79/120 DPDK:fast-tests / per_lcore_autotest OK 0.68s
80/120 DPDK:fast-tests / pflock_autotest OK 1.39s
81/120 DPDK:fast-tests / pie_autotest OK 0.59s
82/120 DPDK:fast-tests / ring_pmd_autotest OK 0.59s
83/120 DPDK:fast-tests / power_autotest OK 0.57s
84/120 DPDK:fast-tests / power_cpufreq_autotest SKIP 0.07s exit status 77
85/120 DPDK:fast-tests / power_intel_uncore_autotest SKIP 0.59s exit status 77
86/120 DPDK:fast-tests / power_kvm_vm_autotest SKIP 0.07s exit status 77
87/120 DPDK:fast-tests / prefetch_autotest OK 0.58s
88/120 DPDK:fast-tests / ptr_compress_autotest OK 0.58s
89/120 DPDK:fast-tests / rawdev_autotest OK 0.58s
90/120 DPDK:fast-tests / rcu_qsbr_autotest OK 1.10s
91/120 DPDK:fast-tests / reorder_autotest OK 0.64s
92/120 DPDK:fast-tests / rib_autotest OK 9.23s
93/120 DPDK:fast-tests / rib6_autotest OK 9.22s
94/120 DPDK:fast-tests / ring_autotest OK 0.61s
95/120 DPDK:fast-tests / rwlock_test1_autotest OK 1.33s
96/120 DPDK:fast-tests / rwlock_rda_autotest OK 5.58s
97/120 DPDK:fast-tests / rwlock_rds_wrm_autotest OK 5.59s
98/120 DPDK:fast-tests / rwlock_rde_wro_autotest OK 5.59s
99/120 DPDK:fast-tests / sched_autotest OK 0.58s
100/120 DPDK:fast-tests / security_autotest OK 0.07s
101/120 DPDK:fast-tests / seqlock_autotest OK 2.59s
102/120 DPDK:fast-tests / service_autotest OK 3.33s
103/120 DPDK:fast-tests / soring_autotest OK 0.59s
104/120 DPDK:fast-tests / spinlock_autotest OK 0.66s
105/120 DPDK:fast-tests / stack_autotest OK 0.87s
106/120 DPDK:fast-tests / stack_lf_autotest SKIP 0.06s exit status 77
107/120 DPDK:fast-tests / string_autotest OK 0.58s
108/120 DPDK:fast-tests / table_autotest OK 7.88s
109/120 DPDK:fast-tests / tailq_autotest OK 0.58s
110/120 DPDK:fast-tests / telemetry_data_autotest OK 0.59s
111/120 DPDK:fast-tests / telemetry_json_autotest OK 0.59s
112/120 DPDK:fast-tests / thash_autotest OK 0.60s
113/120 DPDK:fast-tests / threads_autotest OK 0.76s
114/120 DPDK:fast-tests / ticketlock_autotest OK 0.74s
115/120 DPDK:fast-tests / timer_autotest OK 3.88s
116/120 DPDK:fast-tests / trace_autotest OK 0.58s
117/120 DPDK:fast-tests / trace_autotest_with_traces OK 0.59s
118/120 DPDK:fast-tests / vdev_autotest OK 0.58s
119/120 DPDK:fast-tests / version_autotest OK 0.59s
120/120 DPDK:fast-tests / telemetry_all OK 19.62s
Ok: 113
Expected Fail: 0
Fail: 0
Unexpected Pass: 0
Skipped: 7
Timeout: 0
^ permalink raw reply [flat|nested] 5+ messages in thread
* |SUCCESS| pw157110 [PATCH 54/54] net/bnxt/tf_ulp: remove Truflow DEBUG code
[not found] <20250930003604.87108-55-manish.kurup@broadcom.com>
2025-09-30 6:53 ` |SUCCESS| pw157065-157110 [PATCH 54/54] net/bnxt/tf_ulp: remove Truflow DEBUG code qemudev
2025-09-30 6:58 ` qemudev
@ 2025-09-30 7:15 ` checkpatch
2025-09-30 7:32 ` |FAILURE| pw157065-157110 [PATCH] [54/54] " dpdklab
2025-09-30 8:46 ` |FAILURE| pw157110 [PATCH 54/54] " 0-day Robot
4 siblings, 0 replies; 5+ messages in thread
From: checkpatch @ 2025-09-30 7:15 UTC (permalink / raw)
To: test-report
Test-Label: checkpatch
Test-Status: SUCCESS
http://dpdk.org/patch/157110
_coding style OK_
^ permalink raw reply [flat|nested] 5+ messages in thread
* |FAILURE| pw157065-157110 [PATCH] [54/54] net/bnxt/tf_ulp: remove Truflow DEBUG code
[not found] <20250930003604.87108-55-manish.kurup@broadcom.com>
` (2 preceding siblings ...)
2025-09-30 7:15 ` |SUCCESS| pw157110 " checkpatch
@ 2025-09-30 7:32 ` dpdklab
2025-09-30 8:46 ` |FAILURE| pw157110 [PATCH 54/54] " 0-day Robot
4 siblings, 0 replies; 5+ messages in thread
From: dpdklab @ 2025-09-30 7:32 UTC (permalink / raw)
To: test-report; +Cc: dpdk-test-reports
Test-Label: iol-testing
Test-Status: FAILURE
http://dpdk.org/patch/157110
_build patch failure_
Submitter: Manish Kurup <manish.kurup@broadcom.com>
Date: Tuesday, September 30 2025 00:36:04
Applied on: CommitID:a8225f2b308dcea8a713d4fb30887701a12f7c87
Apply patch set 157065-157110 failed:
Cloning the DPDK mirror at: https://github.com/DPDK/dpdk.git (Attempt 1 of 3)
Trying to checkout branch: origin/main
Checked out to main (a8225f2b308dcea8a713d4fb30887701a12f7c87)
Done: main commit a8225f2b308dcea8a713d4fb30887701a12f7c87
Trying to checkout branch: origin/next-net-brcm-for-next-net
Checked out to next-net-brcm-for-next-net (1d627ea13aeec2bcccf27246e6be2508370d171e)
Applying patch...
Applying: net/bnxt/tf_ulp: add bnxt app data for 25.11
Applying: net/bnxt: fix a NULL pointer dereference in bnxt_rep funcs
Applying: net/bnxt: enable vector mode processing
Applying: net/bnxt/tf_ulp: add meter stats support for Thor2
Applying: net/bnxt/tf_core: dynamic UPAR support for THOR2
Applying: net/bnxt/tf_core: fix the miscalculation of the lkup table pool
Applying: net/bnxt/tf_core: thor2 TF table scope sizing adjustments
Applying: net/bnxt/tf_ulp: add support for global identifiers
Applying: net/bnxt/tf_core: add support for multi instance
Applying: net/bnxt/tf_core: fix table scope free
Applying: net/bnxt/tf_core: fix vfr clean up and stats lockup
Applying: net/bnxt/tf_ulp: add support for special vxlan
Applying: net/bnxt/tf_ulp: increase shared pool size to 32
Applying: next/bnxt/tf_ulp: truflow fixes for meter and mac_addr cache
Applying: net/bnxt/tf_ulp: add support for tcam priority update
Applying: net/bnxt/tf_ulp: hot upgrade support
Applying: net/bnxt/tf_core: tcam manager logical id free
Applying: net/bnxt/tf_ulp: fix stats counter memory initialization
Applying: net/bnxt: fix max VFs count for thor2
Applying: net/bnxt/tf_ulp: ovs-dpdk packet drop observed with thor2
Applying: net/bnxt/tf_ulp: fix seg fault when devargs argument missing
Applying: net/bnxt: fix default rss config
Applying: net/bnxt/tf_ulp: enable support for global index table
Applying: net/bnxt/tf_core: fix build failure with flow scale option
Applying: net/bnxt: truflow remove redundant code for mpc init
Applying: net/bnxt/tf_ulp: optimize template enums
Applying: net/bnxt/tf_core: thor2 hot upgrade ungraceful quit crash
Applying: net/bnxt/tf_ulp: support MPLS packets
Applying: net/bnxt/tf_core: add backing store debug to dpdk
Applying: net/bnxt/tf_core: truflow global table scope
Applying: net/bnxt/tf_ulp: ulp parser support to handle gre key
Applying: net/bnxt/tf_core: handle out of order MPC completions
Applying: net/bnxt/tf_ulp: socket direct enable
Applying: net/bnxt: fix adding udp_tunnel_port
Applying: net/bnxt/tf_ulp: add non vfr mode capability
Applying: net/bnxt: avoid iova range check when external memory is used
Applying: net/bnxt: avoid potential segfault in VFR handling
Applying: net/bnxt/tf_ulp: change rte_mem_virt2iova to rte_mem_virt2phys
Applying: net/bnxt: thor2 truflow memory manager bug
Applying: net/bnxt: fix stats collection when rx queue is not set
Applying: net/bnxt: fix rss configuration when set to none
Applying: net/bnxt: packet drop after port stop and start
Applying: net/bnxt/tf_core: fix truflow crash on memory allocation failure
Applying: net/bnxt: truflow remove RTE devarg processing for mpc=1
Applying: net/bnxt: add meson build options for TruFlow
Applying: net/bnxt: truflow HSI struct fixes
Applying: net/bnxt/tf_ulp: truflow add pf action handler
Applying: net/bnxt/tf_ulp: add support for unicast only feature
Applying: net/bnxt/tf_core: remove excessive debug logging
Applying: net/bnxt/tf_core: fix truflow PF init failure on sriov disabled
Applying: net/bnxt/tf_ulp: fixes to enable TF functionality
Applying: net/bnxt/tf_ulp: add feature bit rx miss handling
Applying: net/bnxt: add support for truflow promiscuous mode
Applying: net/bnxt/tf_ulp: remove Truflow DEBUG code
Running Check Meson
Processing meson.build
Processing buildtools/meson.build
Processing buildtools/chkincs/meson.build
Processing buildtools/pkg-config/meson.build
Processing buildtools/subproject/meson.build
Processing usertools/meson.build
Processing lib/meson.build
Processing lib/fib/meson.build
Processing lib/mbuf/meson.build
Processing lib/pcapng/meson.build
Processing lib/graph/meson.build
Processing lib/pci/meson.build
Processing lib/reorder/meson.build
Processing lib/power/meson.build
Processing lib/pdump/meson.build
Processing lib/stack/meson.build
Processing lib/pmu/meson.build
Processing lib/eventdev/meson.build
Processing lib/rib/meson.build
Processing lib/net/meson.build
Processing lib/dmadev/meson.build
Processing lib/distributor/meson.build
Processing lib/rcu/meson.build
Processing lib/table/meson.build
Processing lib/member/meson.build
Processing lib/latencystats/meson.build
Processing lib/ring/meson.build
Processing lib/ethdev/meson.build
Processing lib/gro/meson.build
Processing lib/kvargs/meson.build
Processing lib/hash/meson.build
Processing lib/sched/meson.build
Processing lib/argparse/meson.build
Processing lib/compressdev/meson.build
Processing lib/rawdev/meson.build
Processing lib/vhost/meson.build
Processing lib/acl/meson.build
Processing lib/ip_frag/meson.build
Processing lib/cryptodev/meson.build
Processing lib/lpm/meson.build
Processing lib/cmdline/meson.build
Processing lib/dispatcher/meson.build
Processing lib/efd/meson.build
Processing lib/metrics/meson.build
Processing lib/pipeline/meson.build
Processing lib/ptr_compress/meson.build
Processing lib/regexdev/meson.build
Processing lib/bitratestats/meson.build
Processing lib/timer/meson.build
Processing lib/bbdev/meson.build
Processing lib/meter/meson.build
Processing lib/ipsec/meson.build
Processing lib/mldev/meson.build
Processing lib/gso/meson.build
Processing lib/pdcp/meson.build
Processing lib/jobstats/meson.build
Processing lib/cfgfile/meson.build
Processing lib/mempool/meson.build
Processing lib/port/meson.build
Processing lib/gpudev/meson.build
Processing lib/log/meson.build
Processing lib/telemetry/meson.build
Processing lib/security/meson.build
Processing lib/eal/meson.build
Processing lib/eal/riscv/meson.build
Processing lib/eal/riscv/include/meson.build
Processing lib/eal/x86/meson.build
Processing lib/eal/x86/include/meson.build
Processing lib/eal/ppc/meson.build
Processing lib/eal/ppc/include/meson.build
Processing lib/eal/arm/meson.build
Processing lib/eal/arm/include/meson.build
Processing lib/eal/loongarch/meson.build
Processing lib/eal/loongarch/include/meson.build
Processing lib/eal/freebsd/meson.build
Processing lib/eal/freebsd/include/meson.build
Processing lib/eal/windows/meson.build
Processing lib/eal/windows/include/meson.build
Processing lib/eal/linux/meson.build
Processing lib/eal/linux/include/meson.build
Processing lib/eal/common/meson.build
Processing lib/eal/unix/meson.build
Processing lib/eal/include/meson.build
Processing lib/node/meson.build
Processing lib/bpf/meson.build
Processing app/meson.build
Processing app/graph/meson.build
Processing app/test-regex/meson.build
Processing app/pdump/meson.build
Processing app/test-flow-perf/meson.build
Processing app/test-crypto-perf/meson.build
Processing app/test-sad/meson.build
Processing app/test-cmdline/meson.build
Processing app/test-fib/meson.build
Processing app/test-acl/meson.build
Processing app/test-bbdev/meson.build
Processing app/test-eventdev/meson.build
Processing app/test-security-perf/meson.build
Processing app/test-gpudev/meson.build
Processing app/test/meson.build
Processing app/test/suites/meson.build
Processing app/test/test_cfgfiles/meson.build
Processing app/test-compress-perf/meson.build
Processing app/test-mldev/meson.build
Processing app/proc-info/meson.build
Processing app/test-pmd/meson.build
Processing app/dumpcap/meson.build
Processing app/test-dma-perf/meson.build
Processing app/test-pipeline/meson.build
Processing drivers/meson.build
Processing drivers/power/meson.build
Processing drivers/power/amd_uncore/meson.build
Processing drivers/power/intel_uncore/meson.build
Processing drivers/power/kvm_vm/meson.build
Processing drivers/power/intel_pstate/meson.build
Processing drivers/power/amd_pstate/meson.build
Processing drivers/power/acpi/meson.build
Processing drivers/power/cppc/meson.build
Processing drivers/net/meson.build
Processing drivers/net/hinic/meson.build
Processing drivers/net/hinic/base/meson.build
Processing drivers/net/hns3/meson.build
Processing drivers/net/ark/meson.build
Processing drivers/net/avp/meson.build
Processing drivers/net/bnxt/meson.build
Processing drivers/net/bnxt/tf_ulp/meson.build
Processing drivers/net/bnxt/tf_ulp/generic_templates/meson.build
Processing drivers/net/bnxt/tf_core/meson.build
Processing drivers/net/bnxt/tf_core/v3/meson.build
Error parsing drivers/net/bnxt/tf_core/v3/meson.build:15, got some tabulation
Error: Incorrect indent at drivers/net/bnxt/tf_core/v3/meson.build:16
Error parsing drivers/net/bnxt/tf_core/v3/meson.build:16, got some tabulation
Error: Incorrect indent at drivers/net/bnxt/tf_core/v3/meson.build:17
Error parsing drivers/net/bnxt/tf_core/v3/meson.build:17, got some tabulation
Error: Incorrect indent at drivers/net/bnxt/tf_core/v3/meson.build:18
Error parsing drivers/net/bnxt/tf_core/v3/meson.build:18, got some tabulation
Error: Incorrect indent at drivers/net/bnxt/tf_core/v3/meson.build:19
Error parsing drivers/net/bnxt/tf_core/v3/meson.build:19, got some tabulation
Error: Incorrect indent at drivers/net/bnxt/tf_core/v3/meson.build:20
Error parsing drivers/net/bnxt/tf_core/v3/meson.build:20, got some tabulation
Error: Incorrect indent at drivers/net/bnxt/tf_core/v3/meson.build:21
Error parsing drivers/net/bnxt/tf_core/v3/meson.build:21, got some tabulation
Error: Incorrect indent at drivers/net/bnxt/tf_core/v3/meson.build:22
Error parsing drivers/net/bnxt/tf_core/v3/meson.build:22, got some tabulation
Error: Incorrect indent at drivers/net/bnxt/tf_core/v3/meson.build:23
Error parsing drivers/net/bnxt/tf_core/v3/meson.build:23, got some tabulation
Error: Incorrect indent at drivers/net/bnxt/tf_core/v3/meson.build:24
Error parsing drivers/net/bnxt/tf_core/v3/meson.build:24, got some tabulation
Error: Incorrect indent at drivers/net/bnxt/tf_core/v3/meson.build:25
Error parsing drivers/net/bnxt/tf_core/v3/meson.build:25, got some tabulation
Error: Incorrect indent at drivers/net/bnxt/tf_core/v3/meson.build:26
Error parsing drivers/net/bnxt/tf_core/v3/meson.build:26, got some tabulation
Error: Incorrect indent at drivers/net/bnxt/tf_core/v3/meson.build:27
Error parsing drivers/net/bnxt/tf_core/v3/meson.build:27, got some tabulation
Error: Incorrect indent at drivers/net/bnxt/tf_core/v3/meson.build:28
Error parsing drivers/net/bnxt/tf_core/v3/meson.build:28, got some tabulation
Error: Incorrect indent at drivers/net/bnxt/tf_core/v3/meson.build:29
Error parsing drivers/net/bnxt/tf_core/v3/meson.build:29, got some tabulation
Error: Incorrect indent at drivers/net/bnxt/tf_core/v3/meson.build:30
Error parsing drivers/net/bnxt/tf_core/v3/meson.build:30, got some tabulation
Error: Incorrect indent at drivers/net/bnxt/tf_core/v3/meson.build:31
Error parsing drivers/net/bnxt/tf_core/v3/meson.build:31, got some tabulation
Error: Incorrect indent at drivers/net/bnxt/tf_core/v3/meson.build:32
Error parsing drivers/net/bnxt/tf_core/v3/meson.build:32, got some tabulation
Error: Incorrect indent at drivers/net/bnxt/tf_core/v3/meson.build:33
Error parsing drivers/net/bnxt/tf_core/v3/meson.build:33, got some tabulation
Error: Incorrect indent at drivers/net/bnxt/tf_core/v3/meson.build:34
Error parsing drivers/net/bnxt/tf_core/v3/meson.build:34, got some tabulation
Error: Incorrect indent at drivers/net/bnxt/tf_core/v3/meson.build:35
Processing drivers/net/bnxt/hcapi/cfa/meson.build
Processing drivers/net/bnxt/hcapi/cfa_v3/meson.build
Processing drivers/net/ntnic/meson.build
Processing drivers/net/cxgbe/meson.build
Processing drivers/net/bonding/meson.build
Processing drivers/net/dpaa/meson.build
Processing drivers/net/octeon_ep/meson.build
Processing drivers/net/mlx5/meson.build
Processing drivers/net/mlx5/hws/meson.build
Processing drivers/net/mlx5/windows/meson.build
Processing drivers/net/mlx5/linux/meson.build
Processing drivers/net/vdev_netvsc/meson.build
Processing drivers/net/null/meson.build
Processing drivers/net/netvsc/meson.build
Processing drivers/net/ring/meson.build
Processing drivers/net/ena/meson.build
Processing drivers/net/enic/meson.build
Processing drivers/net/xsc/meson.build
Processing drivers/net/softnic/meson.build
Processing drivers/net/mana/meson.build
Processing drivers/net/thunderx/meson.build
Processing drivers/net/thunderx/base/meson.build
Processing drivers/net/failsafe/meson.build
Processing drivers/net/vhost/meson.build
Processing drivers/net/rnp/meson.build
Processing drivers/net/rnp/base/meson.build
Processing drivers/net/atlantic/meson.build
Processing drivers/net/vmxnet3/meson.build
Processing drivers/net/ionic/meson.build
Processing drivers/net/intel/i40e/meson.build
Processing drivers/net/intel/i40e/base/meson.build
Processing drivers/net/intel/idpf/meson.build
Processing drivers/net/intel/idpf/base/meson.build
Processing drivers/net/intel/ixgbe/meson.build
Processing drivers/net/intel/ixgbe/base/meson.build
Processing drivers/net/intel/e1000/meson.build
Processing drivers/net/intel/e1000/base/meson.build
Processing drivers/net/intel/iavf/meson.build
Processing drivers/net/intel/fm10k/meson.build
Processing drivers/net/intel/fm10k/base/meson.build
Processing drivers/net/intel/ipn3ke/meson.build
Processing drivers/net/intel/ice/meson.build
Processing drivers/net/intel/ice/base/meson.build
Processing drivers/net/intel/cpfl/meson.build
Processing drivers/net/bnx2x/meson.build
Processing drivers/net/af_packet/meson.build
Processing drivers/net/octeontx/meson.build
Processing drivers/net/octeontx/base/meson.build
Processing drivers/net/mvneta/meson.build
Processing drivers/net/r8169/meson.build
Processing drivers/net/txgbe/meson.build
Processing drivers/net/txgbe/base/meson.build
Processing drivers/net/tap/meson.build
Processing drivers/net/tap/bpf/meson.build
Processing drivers/net/nfb/meson.build
Processing drivers/net/sfc/meson.build
Processing drivers/net/enetc/meson.build
Processing drivers/net/pcap/meson.build
Processing drivers/net/mlx4/meson.build
Processing drivers/net/memif/meson.build
Processing drivers/net/nfp/meson.build
Processing drivers/net/enetfec/meson.build
Processing drivers/net/zxdh/meson.build
Processing drivers/net/ngbe/meson.build
Processing drivers/net/ngbe/base/meson.build
Processing drivers/net/dpaa2/meson.build
Processing drivers/net/cnxk/meson.build
Processing drivers/net/qede/meson.build
Processing drivers/net/qede/base/meson.build
Processing drivers/net/virtio/meson.build
Processing drivers/net/gve/meson.build
Processing drivers/net/af_xdp/meson.build
Processing drivers/net/axgbe/meson.build
Processing drivers/net/mvpp2/meson.build
Processing drivers/net/pfe/meson.build
Processing drivers/bus/meson.build
Processing drivers/bus/auxiliary/meson.build
Processing drivers/bus/pci/meson.build
Processing drivers/bus/vmbus/meson.build
Processing drivers/bus/dpaa/meson.build
Processing drivers/bus/cdx/meson.build
Processing drivers/bus/vdev/meson.build
Processing drivers/bus/uacce/meson.build
Processing drivers/bus/platform/meson.build
Processing drivers/bus/fslmc/meson.build
Processing drivers/bus/ifpga/meson.build
Processing drivers/vdpa/meson.build
Processing drivers/vdpa/mlx5/meson.build
Processing drivers/vdpa/sfc/meson.build
Processing drivers/vdpa/nfp/meson.build
Processing drivers/vdpa/ifc/meson.build
Processing drivers/gpu/meson.build
Processing drivers/gpu/cuda/meson.build
Processing drivers/regex/meson.build
Processing drivers/regex/mlx5/meson.build
Processing drivers/regex/cn9k/meson.build
Processing drivers/common/meson.build
Processing drivers/common/dpaax/meson.build
Processing drivers/common/zsda/meson.build
Processing drivers/common/nitrox/meson.build
Processing drivers/common/mlx5/meson.build
Processing drivers/common/mlx5/windows/meson.build
Processing drivers/common/mlx5/linux/meson.build
Processing drivers/common/sfc_efx/meson.build
Processing drivers/common/sfc_efx/base/meson.build
Processing drivers/common/cpt/meson.build
Processing drivers/common/qat/meson.build
Processing drivers/common/ionic/meson.build
Processing drivers/common/mvep/meson.build
Processing drivers/common/octeontx/meson.build
Processing drivers/common/nfp/meson.build
Processing drivers/common/cnxk/meson.build
Processing drivers/crypto/meson.build
Processing drivers/crypto/nitrox/meson.build
Processing drivers/crypto/mlx5/meson.build
Processing drivers/crypto/dpaa_sec/meson.build
Processing drivers/crypto/bcmfs/meson.build
Processing drivers/crypto/null/meson.build
Processing drivers/crypto/dpaa2_sec/meson.build
Processing drivers/crypto/ipsec_mb/meson.build
Processing drivers/crypto/caam_jr/meson.build
Processing drivers/crypto/openssl/meson.build
Processing drivers/crypto/ionic/meson.build
Processing drivers/crypto/octeontx/meson.build
Processing drivers/crypto/ccp/meson.build
Processing drivers/crypto/uadk/meson.build
Processing drivers/crypto/cnxk/meson.build
Processing drivers/crypto/scheduler/meson.build
Processing drivers/crypto/virtio/meson.build
Processing drivers/crypto/armv8/meson.build
Processing drivers/crypto/mvsam/meson.build
Processing drivers/baseband/meson.build
Processing drivers/baseband/la12xx/meson.build
Processing drivers/baseband/null/meson.build
Processing drivers/baseband/fpga_5gnr_fec/meson.build
Processing drivers/baseband/acc/meson.build
Processing drivers/baseband/turbo_sw/meson.build
Processing drivers/baseband/fpga_lte_fec/meson.build
Processing drivers/event/meson.build
Processing drivers/event/dlb2/meson.build
Processing drivers/event/dpaa/meson.build
Processing drivers/event/skeleton/meson.build
Processing drivers/event/sw/meson.build
Processing drivers/event/octeontx/meson.build
Processing drivers/event/dpaa2/meson.build
Processing drivers/event/cnxk/meson.build
Processing drivers/event/dsw/meson.build
Processing drivers/event/opdl/meson.build
Processing drivers/dma/meson.build
Processing drivers/dma/dpaa/meson.build
Processing drivers/dma/skeleton/meson.build
Processing drivers/dma/odm/meson.build
Processing drivers/dma/ioat/meson.build
Processing drivers/dma/idxd/meson.build
Processing drivers/dma/hisilicon/meson.build
Processing drivers/dma/dpaa2/meson.build
Processing drivers/dma/cnxk/meson.build
Processing drivers/raw/meson.build
Processing drivers/raw/cnxk_rvu_lf/meson.build
Processing drivers/raw/skeleton/meson.build
Processing drivers/raw/ntb/meson.build
Processing drivers/raw/cnxk_gpio/meson.build
Processing drivers/raw/cnxk_bphy/meson.build
Processing drivers/raw/ifpga/meson.build
Processing drivers/raw/ifpga/base/meson.build
Processing drivers/raw/gdtc/meson.build
Processing drivers/raw/dpaa2_cmdif/meson.build
Processing drivers/ml/meson.build
Processing drivers/ml/cnxk/meson.build
Processing drivers/compress/meson.build
Processing drivers/compress/nitrox/meson.build
Processing drivers/compress/mlx5/meson.build
Processing drivers/compress/zlib/meson.build
Processing drivers/compress/octeontx/meson.build
Processing drivers/compress/uadk/meson.build
Processing drivers/compress/isal/meson.build
Processing drivers/mempool/meson.build
Processing drivers/mempool/stack/meson.build
Processing drivers/mempool/dpaa/meson.build
Processing drivers/mempool/ring/meson.build
Processing drivers/mempool/bucket/meson.build
Processing drivers/mempool/octeontx/meson.build
Processing drivers/mempool/dpaa2/meson.build
Processing drivers/mempool/cnxk/meson.build
Processing kernel/meson.build
Processing kernel/freebsd/meson.build
Processing kernel/freebsd/contigmem/meson.build
Processing kernel/freebsd/nic_uio/meson.build
Processing doc/meson.build
Processing doc/guides/meson.build
Processing doc/api/meson.build
Processing doc/api/dts/meson.build
Processing config/meson.build
Processing config/riscv/meson.build
Processing config/x86/meson.build
Processing config/ppc/meson.build
Processing config/arm/meson.build
Processing config/loongarch/meson.build
Processing examples/meson.build
Processing examples/l2fwd-crypto/meson.build
Processing examples/bbdev_app/meson.build
Processing examples/l2fwd/meson.build
Processing examples/vmdq/meson.build
Processing examples/qos_meter/meson.build
Processing examples/distributor/meson.build
Processing examples/skeleton/meson.build
Processing examples/link_status_interrupt/meson.build
Processing examples/l2fwd-cat/meson.build
Processing examples/l2fwd-keepalive/meson.build
Processing examples/ipv4_multicast/meson.build
Processing examples/l2fwd-jobstats/meson.build
Processing examples/vdpa/meson.build
Processing examples/vm_power_manager/meson.build
Processing examples/vm_power_manager/guest_cli/meson.build
Processing examples/helloworld/meson.build
Processing examples/flow_filtering/meson.build
Processing examples/eventdev_pipeline/meson.build
Processing examples/fips_validation/meson.build
Processing examples/l3fwd-graph/meson.build
Processing examples/ntb/meson.build
Processing examples/vhost/meson.build
Processing examples/ipsec-secgw/meson.build
Processing examples/ethtool/meson.build
Processing examples/vhost_blk/meson.build
Processing examples/vmdq_dcb/meson.build
Processing examples/l2fwd-macsec/meson.build
Processing examples/cmdline/meson.build
Processing examples/l2fwd-event/meson.build
Processing examples/server_node_efd/efd_server/meson.build
Processing examples/server_node_efd/efd_node/meson.build
Processing examples/bond/meson.build
Processing examples/l3fwd/meson.build
Processing examples/ptpclient/meson.build
Processing examples/ip_pipeline/meson.build
Processing examples/service_cores/meson.build
Processing examples/pipeline/meson.build
Processing examples/ip_fragmentation/meson.build
Processing examples/dma/meson.build
Processing examples/l3fwd-power/meson.build
Processing examples/qos_sched/meson.build
Processing examples/rxtx_callbacks/meson.build
Processing examples/timer/meson.build
Processing examples/multi_process/symmetric_mp/meson.build
Processing examples/multi_process/simple_mp/meson.build
Processing examples/multi_process/hotplug_mp/meson.build
Processing examples/multi_process/client_server_mp/mp_client/meson.build
Processing examples/multi_process/client_server_mp/mp_server/meson.build
Processing examples/packet_ordering/meson.build
Processing examples/ip_reassembly/meson.build
Processing examples/vhost_crypto/meson.build
Trying to checkout branch: origin/main
Checked out to main (a8225f2b308dcea8a713d4fb30887701a12f7c87)
Applying patch...
Applying: net/bnxt/tf_ulp: add bnxt app data for 25.11
Applying: net/bnxt: fix a NULL pointer dereference in bnxt_rep funcs
Applying: net/bnxt: enable vector mode processing
Applying: net/bnxt/tf_ulp: add meter stats support for Thor2
Applying: net/bnxt/tf_core: dynamic UPAR support for THOR2
Applying: net/bnxt/tf_core: fix the miscalculation of the lkup table pool
Applying: net/bnxt/tf_core: thor2 TF table scope sizing adjustments
Applying: net/bnxt/tf_ulp: add support for global identifiers
Applying: net/bnxt/tf_core: add support for multi instance
Applying: net/bnxt/tf_core: fix table scope free
Applying: net/bnxt/tf_core: fix vfr clean up and stats lockup
Applying: net/bnxt/tf_ulp: add support for special vxlan
Applying: net/bnxt/tf_ulp: increase shared pool size to 32
Applying: next/bnxt/tf_ulp: truflow fixes for meter and mac_addr cache
Applying: net/bnxt/tf_ulp: add support for tcam priority update
Applying: net/bnxt/tf_ulp: hot upgrade support
Applying: net/bnxt/tf_core: tcam manager logical id free
Applying: net/bnxt/tf_ulp: fix stats counter memory initialization
Applying: net/bnxt: fix max VFs count for thor2
Applying: net/bnxt/tf_ulp: ovs-dpdk packet drop observed with thor2
Applying: net/bnxt/tf_ulp: fix seg fault when devargs argument missing
Applying: net/bnxt: fix default rss config
Applying: net/bnxt/tf_ulp: enable support for global index table
Applying: net/bnxt/tf_core: fix build failure with flow scale option
Applying: net/bnxt: truflow remove redundant code for mpc init
Applying: net/bnxt/tf_ulp: optimize template enums
Applying: net/bnxt/tf_core: thor2 hot upgrade ungraceful quit crash
Applying: net/bnxt/tf_ulp: support MPLS packets
Applying: net/bnxt/tf_core: add backing store debug to dpdk
Applying: net/bnxt/tf_core: truflow global table scope
Applying: net/bnxt/tf_ulp: ulp parser support to handle gre key
Applying: net/bnxt/tf_core: handle out of order MPC completions
Applying: net/bnxt/tf_ulp: socket direct enable
Applying: net/bnxt: fix adding udp_tunnel_port
Applying: net/bnxt/tf_ulp: add non vfr mode capability
Applying: net/bnxt: avoid iova range check when external memory is used
Applying: net/bnxt: avoid potential segfault in VFR handling
Applying: net/bnxt/tf_ulp: change rte_mem_virt2iova to rte_mem_virt2phys
Applying: net/bnxt: thor2 truflow memory manager bug
Applying: net/bnxt: fix stats collection when rx queue is not set
Applying: net/bnxt: fix rss configuration when set to none
Applying: net/bnxt: packet drop after port stop and start
Applying: net/bnxt/tf_core: fix truflow crash on memory allocation failure
Applying: net/bnxt: truflow remove RTE devarg processing for mpc=1
Applying: net/bnxt: add meson build options for TruFlow
Applying: net/bnxt: truflow HSI struct fixes
Applying: net/bnxt/tf_ulp: truflow add pf action handler
Applying: net/bnxt/tf_ulp: add support for unicast only feature
Applying: net/bnxt/tf_core: remove excessive debug logging
Applying: net/bnxt/tf_core: fix truflow PF init failure on sriov disabled
Applying: net/bnxt/tf_ulp: fixes to enable TF functionality
Applying: net/bnxt/tf_ulp: add feature bit rx miss handling
Applying: net/bnxt: add support for truflow promiscuous mode
Applying: net/bnxt/tf_ulp: remove Truflow DEBUG code
Running Check Meson
Processing meson.build
Processing buildtools/meson.build
Processing buildtools/chkincs/meson.build
Processing buildtools/pkg-config/meson.build
Processing buildtools/subproject/meson.build
Processing usertools/meson.build
Processing lib/meson.build
Processing lib/fib/meson.build
Processing lib/mbuf/meson.build
Processing lib/pcapng/meson.build
Processing lib/graph/meson.build
Processing lib/pci/meson.build
Processing lib/reorder/meson.build
Processing lib/power/meson.build
Processing lib/pdump/meson.build
Processing lib/stack/meson.build
Processing lib/pmu/meson.build
Processing lib/eventdev/meson.build
Processing lib/rib/meson.build
Processing lib/net/meson.build
Processing lib/dmadev/meson.build
Processing lib/distributor/meson.build
Processing lib/rcu/meson.build
Processing lib/table/meson.build
Processing lib/member/meson.build
Processing lib/latencystats/meson.build
Processing lib/ring/meson.build
Processing lib/ethdev/meson.build
Processing lib/gro/meson.build
Processing lib/kvargs/meson.build
Processing lib/hash/meson.build
Processing lib/sched/meson.build
Processing lib/argparse/meson.build
Processing lib/compressdev/meson.build
Processing lib/rawdev/meson.build
Processing lib/vhost/meson.build
Processing lib/acl/meson.build
Processing lib/ip_frag/meson.build
Processing lib/cryptodev/meson.build
Processing lib/lpm/meson.build
Processing lib/cmdline/meson.build
Processing lib/dispatcher/meson.build
Processing lib/efd/meson.build
Processing lib/metrics/meson.build
Processing lib/pipeline/meson.build
Processing lib/ptr_compress/meson.build
Processing lib/regexdev/meson.build
Processing lib/bitratestats/meson.build
Processing lib/timer/meson.build
Processing lib/bbdev/meson.build
Processing lib/meter/meson.build
Processing lib/ipsec/meson.build
Processing lib/mldev/meson.build
Processing lib/gso/meson.build
Processing lib/pdcp/meson.build
Processing lib/jobstats/meson.build
Processing lib/cfgfile/meson.build
Processing lib/mempool/meson.build
Processing lib/port/meson.build
Processing lib/gpudev/meson.build
Processing lib/log/meson.build
Processing lib/telemetry/meson.build
Processing lib/security/meson.build
Processing lib/eal/meson.build
Processing lib/eal/riscv/meson.build
Processing lib/eal/riscv/include/meson.build
Processing lib/eal/x86/meson.build
Processing lib/eal/x86/include/meson.build
Processing lib/eal/ppc/meson.build
Processing lib/eal/ppc/include/meson.build
Processing lib/eal/arm/meson.build
Processing lib/eal/arm/include/meson.build
Processing lib/eal/loongarch/meson.build
Processing lib/eal/loongarch/include/meson.build
Processing lib/eal/freebsd/meson.build
Processing lib/eal/freebsd/include/meson.build
Processing lib/eal/windows/meson.build
Processing lib/eal/windows/include/meson.build
Processing lib/eal/linux/meson.build
Processing lib/eal/linux/include/meson.build
Processing lib/eal/common/meson.build
Processing lib/eal/unix/meson.build
Processing lib/eal/include/meson.build
Processing lib/node/meson.build
Processing lib/bpf/meson.build
Processing app/meson.build
Processing app/graph/meson.build
Processing app/test-regex/meson.build
Processing app/pdump/meson.build
Processing app/test-flow-perf/meson.build
Processing app/test-crypto-perf/meson.build
Processing app/test-sad/meson.build
Processing app/test-cmdline/meson.build
Processing app/test-fib/meson.build
Processing app/test-acl/meson.build
Processing app/test-bbdev/meson.build
Processing app/test-eventdev/meson.build
Processing app/test-security-perf/meson.build
Processing app/test-gpudev/meson.build
Processing app/test/meson.build
Processing app/test/suites/meson.build
Processing app/test/test_cfgfiles/meson.build
Processing app/test-compress-perf/meson.build
Processing app/test-mldev/meson.build
Processing app/proc-info/meson.build
Processing app/test-pmd/meson.build
Processing app/dumpcap/meson.build
Processing app/test-dma-perf/meson.build
Processing app/test-pipeline/meson.build
Processing drivers/meson.build
Processing drivers/power/meson.build
Processing drivers/power/amd_uncore/meson.build
Processing drivers/power/intel_uncore/meson.build
Processing drivers/power/kvm_vm/meson.build
Processing drivers/power/intel_pstate/meson.build
Processing drivers/power/amd_pstate/meson.build
Processing drivers/power/acpi/meson.build
Processing drivers/power/cppc/meson.build
Processing drivers/net/meson.build
Processing drivers/net/hinic/meson.build
Processing drivers/net/hinic/base/meson.build
Processing drivers/net/hns3/meson.build
Processing drivers/net/ark/meson.build
Processing drivers/net/avp/meson.build
Processing drivers/net/bnxt/meson.build
Processing drivers/net/bnxt/tf_ulp/meson.build
Processing drivers/net/bnxt/tf_ulp/generic_templates/meson.build
Processing drivers/net/bnxt/tf_core/meson.build
Processing drivers/net/bnxt/tf_core/v3/meson.build
Error parsing drivers/net/bnxt/tf_core/v3/meson.build:15, got some tabulation
Error: Incorrect indent at drivers/net/bnxt/tf_core/v3/meson.build:16
Error parsing drivers/net/bnxt/tf_core/v3/meson.build:16, got some tabulation
Error: Incorrect indent at drivers/net/bnxt/tf_core/v3/meson.build:17
Error parsing drivers/net/bnxt/tf_core/v3/meson.build:17, got some tabulation
Error: Incorrect indent at drivers/net/bnxt/tf_core/v3/meson.build:18
Error parsing drivers/net/bnxt/tf_core/v3/meson.build:18, got some tabulation
Error: Incorrect indent at drivers/net/bnxt/tf_core/v3/meson.build:19
Error parsing drivers/net/bnxt/tf_core/v3/meson.build:19, got some tabulation
Error: Incorrect indent at drivers/net/bnxt/tf_core/v3/meson.build:20
Error parsing drivers/net/bnxt/tf_core/v3/meson.build:20, got some tabulation
Error: Incorrect indent at drivers/net/bnxt/tf_core/v3/meson.build:21
Error parsing drivers/net/bnxt/tf_core/v3/meson.build:21, got some tabulation
Error: Incorrect indent at drivers/net/bnxt/tf_core/v3/meson.build:22
Error parsing drivers/net/bnxt/tf_core/v3/meson.build:22, got some tabulation
Error: Incorrect indent at drivers/net/bnxt/tf_core/v3/meson.build:23
Error parsing drivers/net/bnxt/tf_core/v3/meson.build:23, got some tabulation
Error: Incorrect indent at drivers/net/bnxt/tf_core/v3/meson.build:24
Error parsing drivers/net/bnxt/tf_core/v3/meson.build:24, got some tabulation
Error: Incorrect indent at drivers/net/bnxt/tf_core/v3/meson.build:25
Error parsing drivers/net/bnxt/tf_core/v3/meson.build:25, got some tabulation
Error: Incorrect indent at drivers/net/bnxt/tf_core/v3/meson.build:26
Error parsing drivers/net/bnxt/tf_core/v3/meson.build:26, got some tabulation
Error: Incorrect indent at drivers/net/bnxt/tf_core/v3/meson.build:27
Error parsing drivers/net/bnxt/tf_core/v3/meson.build:27, got some tabulation
Error: Incorrect indent at drivers/net/bnxt/tf_core/v3/meson.build:28
Error parsing drivers/net/bnxt/tf_core/v3/meson.build:28, got some tabulation
Error: Incorrect indent at drivers/net/bnxt/tf_core/v3/meson.build:29
Error parsing drivers/net/bnxt/tf_core/v3/meson.build:29, got some tabulation
Error: Incorrect indent at drivers/net/bnxt/tf_core/v3/meson.build:30
Error parsing drivers/net/bnxt/tf_core/v3/meson.build:30, got some tabulation
Error: Incorrect indent at drivers/net/bnxt/tf_core/v3/meson.build:31
Error parsing drivers/net/bnxt/tf_core/v3/meson.build:31, got some tabulation
Error: Incorrect indent at drivers/net/bnxt/tf_core/v3/meson.build:32
Error parsing drivers/net/bnxt/tf_core/v3/meson.build:32, got some tabulation
Error: Incorrect indent at drivers/net/bnxt/tf_core/v3/meson.build:33
Error parsing drivers/net/bnxt/tf_core/v3/meson.build:33, got some tabulation
Error: Incorrect indent at drivers/net/bnxt/tf_core/v3/meson.build:34
Error parsing drivers/net/bnxt/tf_core/v3/meson.build:34, got some tabulation
Error: Incorrect indent at drivers/net/bnxt/tf_core/v3/meson.build:35
Processing drivers/net/bnxt/hcapi/cfa/meson.build
Processing drivers/net/bnxt/hcapi/cfa_v3/meson.build
Processing drivers/net/ntnic/meson.build
Processing drivers/net/cxgbe/meson.build
Processing drivers/net/bonding/meson.build
Processing drivers/net/dpaa/meson.build
Processing drivers/net/octeon_ep/meson.build
Processing drivers/net/mlx5/meson.build
Processing drivers/net/mlx5/hws/meson.build
Processing drivers/net/mlx5/windows/meson.build
Processing drivers/net/mlx5/linux/meson.build
Processing drivers/net/vdev_netvsc/meson.build
Processing drivers/net/null/meson.build
Processing drivers/net/netvsc/meson.build
Processing drivers/net/ring/meson.build
Processing drivers/net/ena/meson.build
Processing drivers/net/enic/meson.build
Processing drivers/net/xsc/meson.build
Processing drivers/net/softnic/meson.build
Processing drivers/net/mana/meson.build
Processing drivers/net/thunderx/meson.build
Processing drivers/net/thunderx/base/meson.build
Processing drivers/net/failsafe/meson.build
Processing drivers/net/vhost/meson.build
Processing drivers/net/rnp/meson.build
Processing drivers/net/rnp/base/meson.build
Processing drivers/net/atlantic/meson.build
Processing drivers/net/vmxnet3/meson.build
Processing drivers/net/ionic/meson.build
Processing drivers/net/intel/i40e/meson.build
Processing drivers/net/intel/i40e/base/meson.build
Processing drivers/net/intel/idpf/meson.build
Processing drivers/net/intel/idpf/base/meson.build
Processing drivers/net/intel/ixgbe/meson.build
Processing drivers/net/intel/ixgbe/base/meson.build
Processing drivers/net/intel/e1000/meson.build
Processing drivers/net/intel/e1000/base/meson.build
Processing drivers/net/intel/iavf/meson.build
Processing drivers/net/intel/fm10k/meson.build
Processing drivers/net/intel/fm10k/base/meson.build
Processing drivers/net/intel/ipn3ke/meson.build
Processing drivers/net/intel/ice/meson.build
Processing drivers/net/intel/ice/base/meson.build
Processing drivers/net/intel/cpfl/meson.build
Processing drivers/net/bnx2x/meson.build
Processing drivers/net/af_packet/meson.build
Processing drivers/net/octeontx/meson.build
Processing drivers/net/octeontx/base/meson.build
Processing drivers/net/mvneta/meson.build
Processing drivers/net/r8169/meson.build
Processing drivers/net/txgbe/meson.build
Processing drivers/net/txgbe/base/meson.build
Processing drivers/net/tap/meson.build
Processing drivers/net/tap/bpf/meson.build
Processing drivers/net/nfb/meson.build
Processing drivers/net/sfc/meson.build
Processing drivers/net/enetc/meson.build
Processing drivers/net/pcap/meson.build
Processing drivers/net/mlx4/meson.build
Processing drivers/net/memif/meson.build
Processing drivers/net/nfp/meson.build
Processing drivers/net/enetfec/meson.build
Processing drivers/net/zxdh/meson.build
Processing drivers/net/ngbe/meson.build
Processing drivers/net/ngbe/base/meson.build
Processing drivers/net/dpaa2/meson.build
Processing drivers/net/cnxk/meson.build
Processing drivers/net/qede/meson.build
Processing drivers/net/qede/base/meson.build
Processing drivers/net/virtio/meson.build
Processing drivers/net/gve/meson.build
Processing drivers/net/af_xdp/meson.build
Processing drivers/net/axgbe/meson.build
Processing drivers/net/mvpp2/meson.build
Processing drivers/net/pfe/meson.build
Processing drivers/bus/meson.build
Processing drivers/bus/auxiliary/meson.build
Processing drivers/bus/pci/meson.build
Processing drivers/bus/vmbus/meson.build
Processing drivers/bus/dpaa/meson.build
Processing drivers/bus/cdx/meson.build
Processing drivers/bus/vdev/meson.build
Processing drivers/bus/uacce/meson.build
Processing drivers/bus/platform/meson.build
Processing drivers/bus/fslmc/meson.build
Processing drivers/bus/ifpga/meson.build
Processing drivers/vdpa/meson.build
Processing drivers/vdpa/mlx5/meson.build
Processing drivers/vdpa/sfc/meson.build
Processing drivers/vdpa/nfp/meson.build
Processing drivers/vdpa/ifc/meson.build
Processing drivers/gpu/meson.build
Processing drivers/gpu/cuda/meson.build
Processing drivers/regex/meson.build
Processing drivers/regex/mlx5/meson.build
Processing drivers/regex/cn9k/meson.build
Processing drivers/common/meson.build
Processing drivers/common/dpaax/meson.build
Processing drivers/common/zsda/meson.build
Processing drivers/common/nitrox/meson.build
Processing drivers/common/mlx5/meson.build
Processing drivers/common/mlx5/windows/meson.build
Processing drivers/common/mlx5/linux/meson.build
Processing drivers/common/sfc_efx/meson.build
Processing drivers/common/sfc_efx/base/meson.build
Processing drivers/common/cpt/meson.build
Processing drivers/common/qat/meson.build
Processing drivers/common/ionic/meson.build
Processing drivers/common/mvep/meson.build
Processing drivers/common/octeontx/meson.build
Processing drivers/common/nfp/meson.build
Processing drivers/common/cnxk/meson.build
Processing drivers/crypto/meson.build
Processing drivers/crypto/nitrox/meson.build
Processing drivers/crypto/mlx5/meson.build
Processing drivers/crypto/dpaa_sec/meson.build
Processing drivers/crypto/bcmfs/meson.build
Processing drivers/crypto/null/meson.build
Processing drivers/crypto/dpaa2_sec/meson.build
Processing drivers/crypto/ipsec_mb/meson.build
Processing drivers/crypto/caam_jr/meson.build
Processing drivers/crypto/openssl/meson.build
Processing drivers/crypto/ionic/meson.build
Processing drivers/crypto/octeontx/meson.build
Processing drivers/crypto/ccp/meson.build
Processing drivers/crypto/uadk/meson.build
Processing drivers/crypto/cnxk/meson.build
Processing drivers/crypto/scheduler/meson.build
Processing drivers/crypto/virtio/meson.build
Processing drivers/crypto/armv8/meson.build
Processing drivers/crypto/mvsam/meson.build
Processing drivers/baseband/meson.build
Processing drivers/baseband/la12xx/meson.build
Processing drivers/baseband/null/meson.build
Processing drivers/baseband/fpga_5gnr_fec/meson.build
Processing drivers/baseband/acc/meson.build
Processing drivers/baseband/turbo_sw/meson.build
Processing drivers/baseband/fpga_lte_fec/meson.build
Processing drivers/event/meson.build
Processing drivers/event/dlb2/meson.build
Processing drivers/event/dpaa/meson.build
Processing drivers/event/skeleton/meson.build
Processing drivers/event/sw/meson.build
Processing drivers/event/octeontx/meson.build
Processing drivers/event/dpaa2/meson.build
Processing drivers/event/cnxk/meson.build
Processing drivers/event/dsw/meson.build
Processing drivers/event/opdl/meson.build
Processing drivers/dma/meson.build
Processing drivers/dma/dpaa/meson.build
Processing drivers/dma/skeleton/meson.build
Processing drivers/dma/odm/meson.build
Processing drivers/dma/ioat/meson.build
Processing drivers/dma/idxd/meson.build
Processing drivers/dma/hisilicon/meson.build
Processing drivers/dma/dpaa2/meson.build
Processing drivers/dma/cnxk/meson.build
Processing drivers/raw/meson.build
Processing drivers/raw/cnxk_rvu_lf/meson.build
Processing drivers/raw/skeleton/meson.build
Processing drivers/raw/ntb/meson.build
Processing drivers/raw/cnxk_gpio/meson.build
Processing drivers/raw/cnxk_bphy/meson.build
Processing drivers/raw/ifpga/meson.build
Processing drivers/raw/ifpga/base/meson.build
Processing drivers/raw/gdtc/meson.build
Processing drivers/raw/dpaa2_cmdif/meson.build
Processing drivers/ml/meson.build
Processing drivers/ml/cnxk/meson.build
Processing drivers/compress/meson.build
Processing drivers/compress/nitrox/meson.build
Processing drivers/compress/mlx5/meson.build
Processing drivers/compress/zlib/meson.build
Processing drivers/compress/octeontx/meson.build
Processing drivers/compress/uadk/meson.build
Processing drivers/compress/isal/meson.build
Processing drivers/mempool/meson.build
Processing drivers/mempool/stack/meson.build
Processing drivers/mempool/dpaa/meson.build
Processing drivers/mempool/ring/meson.build
Processing drivers/mempool/bucket/meson.build
Processing drivers/mempool/octeontx/meson.build
Processing drivers/mempool/dpaa2/meson.build
Processing drivers/mempool/cnxk/meson.build
Processing kernel/meson.build
Processing kernel/freebsd/meson.build
Processing kernel/freebsd/contigmem/meson.build
Processing kernel/freebsd/nic_uio/meson.build
Processing doc/meson.build
Processing doc/guides/meson.build
Processing doc/api/meson.build
Processing doc/api/dts/meson.build
Processing config/meson.build
Processing config/riscv/meson.build
Processing config/x86/meson.build
Processing config/ppc/meson.build
Processing config/arm/meson.build
Processing config/loongarch/meson.build
Processing examples/meson.build
Processing examples/l2fwd-crypto/meson.build
Processing examples/bbdev_app/meson.build
Processing examples/l2fwd/meson.build
Processing examples/vmdq/meson.build
Processing examples/qos_meter/meson.build
Processing examples/distributor/meson.build
Processing examples/skeleton/meson.build
Processing examples/link_status_interrupt/meson.build
Processing examples/l2fwd-cat/meson.build
Processing examples/l2fwd-keepalive/meson.build
Processing examples/ipv4_multicast/meson.build
Processing examples/l2fwd-jobstats/meson.build
Processing examples/vdpa/meson.build
Processing examples/vm_power_manager/meson.build
Processing examples/vm_power_manager/guest_cli/meson.build
Processing examples/helloworld/meson.build
Processing examples/flow_filtering/meson.build
Processing examples/eventdev_pipeline/meson.build
Processing examples/fips_validation/meson.build
Processing examples/l3fwd-graph/meson.build
Processing examples/ntb/meson.build
Processing examples/vhost/meson.build
Processing examples/ipsec-secgw/meson.build
Processing examples/ethtool/meson.build
Processing examples/vhost_blk/meson.build
Processing examples/vmdq_dcb/meson.build
Processing examples/l2fwd-macsec/meson.build
Processing examples/cmdline/meson.build
Processing examples/l2fwd-event/meson.build
Processing examples/server_node_efd/efd_server/meson.build
Processing examples/server_node_efd/efd_node/meson.build
Processing examples/bond/meson.build
Processing examples/l3fwd/meson.build
Processing examples/ptpclient/meson.build
Processing examples/ip_pipeline/meson.build
Processing examples/service_cores/meson.build
Processing examples/pipeline/meson.build
Processing examples/ip_fragmentation/meson.build
Processing examples/dma/meson.build
Processing examples/l3fwd-power/meson.build
Processing examples/qos_sched/meson.build
Processing examples/rxtx_callbacks/meson.build
Processing examples/timer/meson.build
Processing examples/multi_process/symmetric_mp/meson.build
Processing examples/multi_process/simple_mp/meson.build
Processing examples/multi_process/hotplug_mp/meson.build
Processing examples/multi_process/client_server_mp/mp_client/meson.build
Processing examples/multi_process/client_server_mp/mp_server/meson.build
Processing examples/packet_ordering/meson.build
Processing examples/ip_reassembly/meson.build
Processing examples/vhost_crypto/meson.build
https://lab.dpdk.org/results/dashboard/patchsets/34177/
UNH-IOL DPDK Community Lab
^ permalink raw reply [flat|nested] 5+ messages in thread
* |FAILURE| pw157110 [PATCH 54/54] net/bnxt/tf_ulp: remove Truflow DEBUG code
[not found] <20250930003604.87108-55-manish.kurup@broadcom.com>
` (3 preceding siblings ...)
2025-09-30 7:32 ` |FAILURE| pw157065-157110 [PATCH] [54/54] " dpdklab
@ 2025-09-30 8:46 ` 0-day Robot
4 siblings, 0 replies; 5+ messages in thread
From: 0-day Robot @ 2025-09-30 8:46 UTC (permalink / raw)
To: test-report; +Cc: manish.kurup, robot
From: robot@bytheb.org
Test-Label: github-robot: build
Test-Status: FAILURE
http://patchwork.dpdk.org/patch/157110/
_github build: failed_
Build URL: https://github.com/ovsrobot/dpdk/actions/runs/18122133661
^ permalink raw reply [flat|nested] 5+ messages in thread
end of thread, other threads:[~2025-09-30 8:46 UTC | newest]
Thread overview: 5+ messages (download: mbox.gz / follow: Atom feed)
-- links below jump to the message on this page --
[not found] <20250930003604.87108-55-manish.kurup@broadcom.com>
2025-09-30 6:53 ` |SUCCESS| pw157065-157110 [PATCH 54/54] net/bnxt/tf_ulp: remove Truflow DEBUG code qemudev
2025-09-30 6:58 ` qemudev
2025-09-30 7:15 ` |SUCCESS| pw157110 " checkpatch
2025-09-30 7:32 ` |FAILURE| pw157065-157110 [PATCH] [54/54] " dpdklab
2025-09-30 8:46 ` |FAILURE| pw157110 [PATCH 54/54] " 0-day Robot
This is a public inbox, see mirroring instructions
for how to clone and mirror all data and code used for this inbox;
as well as URLs for NNTP newsgroup(s).