From: qemudev@loongson.cn
To: test-report@dpdk.org
Subject: |SUCCESS| pw157165-157167 [PATCH v2 3/3] app/test: add ML crypto test vectors
Date: Wed, 1 Oct 2025 15:03:41 +0800 [thread overview]
Message-ID: <202510010703.59173fTt3114836@localhost.localdomain> (raw)
In-Reply-To: <20251001073758.1295-4-gmuthukrishn@marvell.com>
Test-Label: loongarch-compilation
Test-Status: SUCCESS
http://dpdk.org/patch/157167
_Compilation OK_
Submitter: Gowrishankar Muthukrishnan <gmuthukrishn@marvell.com>
Date: Wed, 1 Oct 2025 13:07:53 +0530
DPDK git baseline: Repo:dpdk
Branch: main
CommitID: f3878b615e69a12087a6c5d212723478cfc79c31
157165-157167 --> meson & ninja build successfully
Test environment and result as below:
+---------------------+----------------+
| Environment | compilation |
+---------------------+----------------+
| Loongnix-Server 8.3 | PASS |
+---------------------+----------------+
Loongnix-Server 8.3
Kernel: 4.19.190+
Compiler: gcc 8.3
next parent reply other threads:[~2025-10-01 7:40 UTC|newest]
Thread overview: 21+ messages / expand[flat|nested] mbox.gz Atom feed top
[not found] <20251001073758.1295-4-gmuthukrishn@marvell.com>
2025-10-01 7:03 ` qemudev [this message]
2025-10-01 7:08 ` qemudev
2025-10-01 7:40 ` |WARNING| pw157167 " checkpatch
2025-10-01 8:14 ` |SUCCESS| pw157165-157167 [PATCH] [v2,3/3] app/test: add ML crypto t dpdklab
2025-10-01 8:15 ` |PENDING| " dpdklab
2025-10-01 8:16 ` |FAILURE| " dpdklab
2025-10-01 8:19 ` |PENDING| " dpdklab
2025-10-01 8:21 ` |SUCCESS| " dpdklab
2025-10-01 8:34 ` dpdklab
2025-10-01 8:35 ` dpdklab
2025-10-01 8:44 ` dpdklab
2025-10-01 8:45 ` dpdklab
2025-10-01 8:48 ` |FAILURE| pw157167 [PATCH v2 3/3] app/test: add ML crypto test vectors 0-day Robot
2025-10-01 8:51 ` |SUCCESS| pw157165-157167 [PATCH] [v2,3/3] app/test: add ML crypto t dpdklab
2025-10-01 9:02 ` dpdklab
2025-10-01 9:05 ` dpdklab
2025-10-01 9:06 ` |FAILURE| " dpdklab
2025-10-01 9:25 ` dpdklab
2025-10-01 9:29 ` |SUCCESS| " dpdklab
2025-10-01 15:11 ` dpdklab
2025-10-02 6:07 ` |FAILURE| " dpdklab
Reply instructions:
You may reply publicly to this message via plain-text email
using any one of the following methods:
* Save the following mbox file, import it into your mail client,
and reply-to-all from there: mbox
Avoid top-posting and favor interleaved quoting:
https://en.wikipedia.org/wiki/Posting_style#Interleaved_style
* Reply using the --to, --cc, and --in-reply-to
switches of git-send-email(1):
git send-email \
--in-reply-to=202510010703.59173fTt3114836@localhost.localdomain \
--to=qemudev@loongson.cn \
--cc=test-report@dpdk.org \
/path/to/YOUR_REPLY
https://kernel.org/pub/software/scm/git/docs/git-send-email.html
* If your mail client supports setting the In-Reply-To header
via mailto: links, try the mailto: link
Be sure your reply has a Subject: header at the top and a blank line
before the message body.
This is a public inbox, see mirroring instructions
for how to clone and mirror all data and code used for this inbox;
as well as URLs for NNTP newsgroup(s).