automatic DPDK test reports
 help / color / mirror / Atom feed
From: qemudev@loongson.cn
To: test-report@dpdk.org
Cc: Robin Jarry <rjarry@redhat.com>, zhoumin@loongson.cn
Subject: |FAILURE| pw157653 [PATCH dpdk v2] fib6: implement RCU rule reclamation
Date: Wed, 15 Oct 2025 17:26:33 +0800	[thread overview]
Message-ID: <202510150926.59F9QXjc239025@localhost.localdomain> (raw)
In-Reply-To: <20251015095347.333685-2-rjarry@redhat.com>

Test-Label: loongarch-unit-testing
Test-Status: FAILURE
http://dpdk.org/patch/157653

_Unit Testing FAIL_

Submitter: Robin Jarry <rjarry@redhat.com>
Date: Wed, 15 Oct 2025 11:53:48 +0200
DPDK git baseline: Repo:dpdk
  Branch: main
  CommitID: 8aa458f1c44b9f6e73f75047aca77191dc79746f

157653 --> testing fail

Test environment and result as below:

+---------------------+----------------+
|     Environment     | dpdk_unit_test |
+---------------------+----------------+
| Loongnix-Server 8.3 | FAIL           |
+---------------------+----------------+

Loongnix-Server 8.3
    Kernel: 4.19.190+
    Compiler: gcc 8.3


Test result details:
  1/120 DPDK:fast-tests / acl_autotest                            OK              3.42s
  2/120 DPDK:fast-tests / alarm_autotest                          OK              1.60s
  3/120 DPDK:fast-tests / argparse_autotest                       OK              0.61s
  4/120 DPDK:fast-tests / atomic_autotest                         OK              6.92s
  5/120 DPDK:fast-tests / bitcount_autotest                       OK              0.20s
  6/120 DPDK:fast-tests / bitmap_autotest                         OK              0.20s
  7/120 DPDK:fast-tests / bitops_autotest                         OK              1.70s
  8/120 DPDK:fast-tests / bitratestats_autotest                   OK              0.20s
  9/120 DPDK:fast-tests / bitset_autotest                         OK              2.91s
 10/120 DPDK:fast-tests / bpf_autotest                            OK              0.20s
 11/120 DPDK:fast-tests / bpf_convert_autotest                    OK              0.21s
 12/120 DPDK:fast-tests / byteorder_autotest                      OK              0.20s
 13/120 DPDK:fast-tests / cfgfile_autotest                        OK              0.20s
 14/120 DPDK:fast-tests / cksum_autotest                          OK              0.20s
 15/120 DPDK:fast-tests / cmdline_autotest                        OK              0.35s
 16/120 DPDK:fast-tests / common_autotest                         OK              1.08s
 17/120 DPDK:fast-tests / compressdev_autotest                    SKIP            0.06s   exit status 77
 18/120 DPDK:fast-tests / cpuflags_autotest                       OK              0.20s
 19/120 DPDK:fast-tests / crc_autotest                            OK              0.20s
 20/120 DPDK:fast-tests / user_delay_us                           OK              0.20s
 21/120 DPDK:fast-tests / debug_autotest                          OK             16.60s
 22/120 DPDK:fast-tests / devargs_autotest                        OK              0.20s
 23/120 DPDK:fast-tests / dispatcher_autotest                     OK              2.43s
 24/120 DPDK:fast-tests / distributor_autotest                    OK              1.20s
 25/120 DPDK:fast-tests / eal_flags_c_opt_autotest                OK              0.85s
 26/120 DPDK:fast-tests / eal_flags_main_opt_autotest             OK              0.23s
 27/120 DPDK:fast-tests / eal_flags_n_opt_autotest                OK              0.21s
 28/120 DPDK:fast-tests / eal_flags_hpet_autotest                 OK              0.14s
 29/120 DPDK:fast-tests / eal_flags_no_huge_autotest              OK              0.23s
 30/120 DPDK:fast-tests / eal_flags_a_opt_autotest                OK              0.32s
 31/120 DPDK:fast-tests / eal_flags_b_opt_autotest                OK              0.26s
 32/120 DPDK:fast-tests / eal_flags_vdev_opt_autotest             OK              0.20s
 33/120 DPDK:fast-tests / eal_flags_r_opt_autotest                OK              0.19s
 34/120 DPDK:fast-tests / eal_flags_mem_autotest                  OK              0.62s
 35/120 DPDK:fast-tests / eal_flags_file_prefix_autotest          OK             22.25s
 36/120 DPDK:fast-tests / eal_flags_misc_autotest                 OK              1.13s
 37/120 DPDK:fast-tests / eal_fs_autotest                         OK              0.20s
 38/120 DPDK:fast-tests / errno_autotest                          OK              0.20s
 39/120 DPDK:fast-tests / ethdev_link_status                      OK              0.20s
 40/120 DPDK:fast-tests / event_eth_tx_adapter_autotest           OK              1.68s
 41/120 DPDK:fast-tests / event_ring_autotest                     OK              0.21s
 42/120 DPDK:fast-tests / eventdev_common_autotest                OK              0.20s
 43/120 DPDK:fast-tests / eventdev_selftest_sw                    OK              7.02s
 44/120 DPDK:fast-tests / fbarray_autotest                        OK              0.21s
 45/120 DPDK:fast-tests / fib_autotest                            OK              1.06s
 46/120 DPDK:fast-tests / fib6_autotest                           FAIL            1.04s   exit status 255
 47/120 DPDK:fast-tests / func_reentrancy_autotest                OK              2.13s
 48/120 DPDK:fast-tests / graph_autotest                          OK              0.21s
 49/120 DPDK:fast-tests / node_list_dump                          OK              0.20s
 50/120 DPDK:fast-tests / graph_feature_arc_autotest              OK              0.21s
 51/120 DPDK:fast-tests / hash_autotest                           OK              0.83s
 52/120 DPDK:fast-tests / hash_readwrite_func_autotest            OK              6.38s
 53/120 DPDK:fast-tests / interrupt_autotest                      OK              1.51s
 54/120 DPDK:fast-tests / ipfrag_autotest                         OK              0.07s
 55/120 DPDK:fast-tests / ipsec_autotest                          SKIP            0.21s   exit status 77
 56/120 DPDK:fast-tests / kvargs_autotest                         OK              0.21s
 57/120 DPDK:fast-tests / latencystats_autotest                   OK              0.21s
 58/120 DPDK:fast-tests / lcore_var_autotest                      OK              0.35s
 59/120 DPDK:fast-tests / lcores_autotest                         OK              5.01s
 60/120 DPDK:fast-tests / logs_autotest                           OK              0.20s
 61/120 DPDK:fast-tests / lpm_autotest                            OK              2.26s
 62/120 DPDK:fast-tests / lpm6_autotest                           OK              5.37s
 63/120 DPDK:fast-tests / malloc_autotest                         OK             65.12s
 64/120 DPDK:fast-tests / mbuf_autotest                           OK              4.96s
 65/120 DPDK:fast-tests / mcslock_autotest                        OK              3.49s
 66/120 DPDK:fast-tests / member_autotest                         OK              1.42s
 67/120 DPDK:fast-tests / memcpy_autotest                         OK              6.88s
 68/120 DPDK:fast-tests / memory_autotest                         OK              0.09s
 69/120 DPDK:fast-tests / mempool_autotest                        OK              0.44s
 70/120 DPDK:fast-tests / memzone_autotest                        OK              0.15s
 71/120 DPDK:fast-tests / meter_autotest                          OK              0.59s
 72/120 DPDK:fast-tests / metrics_autotest                        OK              0.59s
 73/120 DPDK:fast-tests / multiprocess_autotest                   OK              0.21s
 74/120 DPDK:fast-tests / net_ether_autotest                      OK              1.28s
 75/120 DPDK:fast-tests / net_ipv6_autotest                       OK              0.59s
 76/120 DPDK:fast-tests / pcapng_autotest                         OK              7.62s
 77/120 DPDK:fast-tests / pdcp_autotest                           SKIP            0.08s   exit status 77
 78/120 DPDK:fast-tests / pdump_autotest                          OK              0.70s
 79/120 DPDK:fast-tests / per_lcore_autotest                      OK              0.69s
 80/120 DPDK:fast-tests / pflock_autotest                         OK              1.40s
 81/120 DPDK:fast-tests / pie_autotest                            OK              0.60s
 82/120 DPDK:fast-tests / ring_pmd_autotest                       OK              0.59s
 83/120 DPDK:fast-tests / power_autotest                          OK              0.59s
 84/120 DPDK:fast-tests / power_cpufreq_autotest                  SKIP            0.08s   exit status 77
 85/120 DPDK:fast-tests / power_intel_uncore_autotest             SKIP            0.59s   exit status 77
 86/120 DPDK:fast-tests / power_kvm_vm_autotest                   SKIP            0.08s   exit status 77
 87/120 DPDK:fast-tests / prefetch_autotest                       OK              0.59s
 88/120 DPDK:fast-tests / ptr_compress_autotest                   OK              0.59s
 89/120 DPDK:fast-tests / rawdev_autotest                         OK              0.60s
 90/120 DPDK:fast-tests / rcu_qsbr_autotest                       OK              1.11s
 91/120 DPDK:fast-tests / reorder_autotest                        OK              0.65s
 92/120 DPDK:fast-tests / rib_autotest                            OK              9.25s
 93/120 DPDK:fast-tests / rib6_autotest                           OK              9.24s
 94/120 DPDK:fast-tests / ring_autotest                           OK              0.62s
 95/120 DPDK:fast-tests / rwlock_test1_autotest                   OK              1.34s
 96/120 DPDK:fast-tests / rwlock_rda_autotest                     OK              5.59s
 97/120 DPDK:fast-tests / rwlock_rds_wrm_autotest                 OK              5.58s
 98/120 DPDK:fast-tests / rwlock_rde_wro_autotest                 OK              5.59s
 99/120 DPDK:fast-tests / sched_autotest                          OK              0.60s
100/120 DPDK:fast-tests / security_autotest                       OK              0.08s
101/120 DPDK:fast-tests / seqlock_autotest                        OK              2.58s
102/120 DPDK:fast-tests / service_autotest                        OK              3.29s
103/120 DPDK:fast-tests / soring_autotest                         OK              0.60s
104/120 DPDK:fast-tests / spinlock_autotest                       OK              0.67s
105/120 DPDK:fast-tests / stack_autotest                          OK              0.88s
106/120 DPDK:fast-tests / stack_lf_autotest                       SKIP            0.06s   exit status 77
107/120 DPDK:fast-tests / string_autotest                         OK              0.43s
108/120 DPDK:fast-tests / table_autotest                          OK              7.77s
109/120 DPDK:fast-tests / tailq_autotest                          OK              0.43s
110/120 DPDK:fast-tests / telemetry_data_autotest                 OK              0.44s
111/120 DPDK:fast-tests / telemetry_json_autotest                 OK              0.43s
112/120 DPDK:fast-tests / thash_autotest                          OK              0.45s
113/120 DPDK:fast-tests / threads_autotest                        OK              0.61s
114/120 DPDK:fast-tests / ticketlock_autotest                     OK              0.61s
115/120 DPDK:fast-tests / timer_autotest                          OK              3.96s
116/120 DPDK:fast-tests / trace_autotest                          OK              0.43s
117/120 DPDK:fast-tests / trace_autotest_with_traces              OK              0.44s
118/120 DPDK:fast-tests / vdev_autotest                           OK              0.43s
119/120 DPDK:fast-tests / version_autotest                        OK              0.43s
120/120 DPDK:fast-tests / telemetry_all                           OK             19.50s


Ok:                 112
Expected Fail:      0
Fail:               1
Unexpected Pass:    0
Skipped:            7
Timeout:            0



Test logs for failed test cases:
================================================================================
DPDK:fast-tests / fib6_autotest: FAIL
================================================================================
-------------------------------------stdout-------------------------------------
RTE>>fib6_autotest
 + ------------------------------------------------------- +
 + Test Suite : fib6 autotest
 + ------------------------------------------------------- +
 + TestCase [ 0] : test_create_invalid succeeded
 + TestCase [ 1] : test_free_null succeeded
 + TestCase [ 2] : test_add_del_invalid succeeded
 + TestCase [ 3] : test_get_invalid succeeded
 + TestCase [ 4] : test_lookup succeeded
 + TestCase [ 5] : test_invalid_rcu succeeded
test_fib_rcu_sync_rw: Failed to add rule
 + TestCase [ 6] : test_fib_rcu_sync_rw failed
 + ------------------------------------------------------- +
 + Test Suite Summary : fib6 autotest
 + ------------------------------------------------------- +
 + Tests Total :        7
 + Tests Skipped :      0
 + Tests Executed :     7
 + Tests Unsupported:   0
 + Tests Passed :       6
 + Tests Failed :       1
 + ------------------------------------------------------- +
Test Failed
RTE>>
-------------------------------------stderr-------------------------------------
EAL: Detected CPU lcores: 32
EAL: Detected NUMA nodes: 8
EAL: Detected static linkage of DPDK
EAL: Multi-process socket /var/run/dpdk/rte/mp_socket
EAL: Selected IOVA mode 'VA'
APP: HPET is not enabled, using TSC as default timer
RIB: Can not allocate mempool for RIB6 test_create_invalid
FIB: Can not allocate RIB test_create_invalid
FIB: Can not allocate RIB test_create_invalid
FIB: FIB dataplane struct test_create_invalid memory allocation failed
FIB: FIB dataplane struct test_create_invalid memory allocation failed


  parent reply	other threads:[~2025-10-15 10:03 UTC|newest]

Thread overview: 20+ messages / expand[flat|nested]  mbox.gz  Atom feed  top
     [not found] <20251015095347.333685-2-rjarry@redhat.com>
2025-10-15  9:21 ` |SUCCESS| " qemudev
2025-10-15  9:26 ` qemudev [this message]
2025-10-15  9:55 ` |WARNING| " checkpatch
2025-10-15 10:23 ` |PENDING| pw157653 [PATCH] [v2] " dpdklab
2025-10-15 10:25 ` |SUCCESS| " dpdklab
2025-10-15 10:29 ` dpdklab
2025-10-15 10:33 ` |PENDING| " dpdklab
2025-10-15 10:37 ` dpdklab
2025-10-15 10:44 ` |SUCCESS| " dpdklab
2025-10-15 10:47 ` dpdklab
2025-10-15 10:52 ` dpdklab
2025-10-15 11:05 ` dpdklab
2025-10-15 11:14 ` dpdklab
2025-10-15 11:15 ` |FAILURE| " dpdklab
2025-10-15 11:28 ` |SUCCESS| " dpdklab
2025-10-15 11:31 ` dpdklab
2025-10-15 11:41 ` dpdklab
2025-10-15 11:51 ` |FAILURE| pw157653 [PATCH dpdk v2] " 0-day Robot
2025-10-15 14:05 ` |SUCCESS| pw157653 [PATCH] [v2] " dpdklab
2025-10-15 18:39 ` |FAILURE| " dpdklab

Reply instructions:

You may reply publicly to this message via plain-text email
using any one of the following methods:

* Save the following mbox file, import it into your mail client,
  and reply-to-all from there: mbox

  Avoid top-posting and favor interleaved quoting:
  https://en.wikipedia.org/wiki/Posting_style#Interleaved_style

* Reply using the --to, --cc, and --in-reply-to
  switches of git-send-email(1):

  git send-email \
    --in-reply-to=202510150926.59F9QXjc239025@localhost.localdomain \
    --to=qemudev@loongson.cn \
    --cc=rjarry@redhat.com \
    --cc=test-report@dpdk.org \
    --cc=zhoumin@loongson.cn \
    /path/to/YOUR_REPLY

  https://kernel.org/pub/software/scm/git/docs/git-send-email.html

* If your mail client supports setting the In-Reply-To header
  via mailto: links, try the mailto: link
Be sure your reply has a Subject: header at the top and a blank line before the message body.
This is a public inbox, see mirroring instructions
for how to clone and mirror all data and code used for this inbox;
as well as URLs for NNTP newsgroup(s).