automatic DPDK test reports
 help / color / mirror / Atom feed
From: qemudev@loongson.cn
To: test-report@dpdk.org
Subject: |SUCCESS| pw157689-157690 [PATCH v5 4/4] dma/hisi_acc: add doc
Date: Thu, 16 Oct 2025 09:27:35 +0800	[thread overview]
Message-ID: <202510160127.59G1RZv8631943@localhost.localdomain> (raw)
In-Reply-To: <20251016015221.1423-5-fengchengwen@huawei.com>

Test-Label: loongarch-compilation
Test-Status: SUCCESS
http://dpdk.org/patch/157690

_Compilation OK_

Submitter: Chengwen Feng <fengchengwen@huawei.com>
Date: Thu, 16 Oct 2025 09:52:18 +0800
DPDK git baseline: Repo:dpdk
  Branch: main
  CommitID: 16f4c522003dcfecf23c8d38e009b95a3bbefd03

157689-157690 --> meson & ninja build successfully

Test environment and result as below:

+---------------------+----------------+
|     Environment     | compilation    |
+---------------------+----------------+
| Loongnix-Server 8.3 | PASS           |
+---------------------+----------------+

Loongnix-Server 8.3
    Kernel: 4.19.190+
    Compiler: gcc 8.3


       reply	other threads:[~2025-10-16  2:04 UTC|newest]

Thread overview: 19+ messages / expand[flat|nested]  mbox.gz  Atom feed  top
     [not found] <20251016015221.1423-5-fengchengwen@huawei.com>
2025-10-16  1:27 ` qemudev [this message]
2025-10-16  1:32 ` qemudev
2025-10-16  1:53 ` |SUCCESS| pw157690 " checkpatch
2025-10-16  2:22 ` |PENDING| pw157689-157690 [PATCH] [v5,4/4] " dpdklab
2025-10-16  2:25 ` |SUCCESS| " dpdklab
2025-10-16  2:27 ` |PENDING| " dpdklab
2025-10-16  2:29 ` |SUCCESS| " dpdklab
2025-10-16  2:35 ` |PENDING| " dpdklab
2025-10-16  2:37 ` |FAILURE| " dpdklab
2025-10-16  2:38 ` |PENDING| " dpdklab
2025-10-16  2:44 ` |SUCCESS| " dpdklab
2025-10-16  2:46 ` dpdklab
2025-10-16  2:46 ` dpdklab
2025-10-16  2:47 ` |PENDING| " dpdklab
2025-10-16  3:04 ` |SUCCESS| " dpdklab
2025-10-16  3:12 ` dpdklab
2025-10-16  3:16 ` |WARNING| " dpdklab
2025-10-16  3:21 ` |SUCCESS| " dpdklab
2025-10-16  3:30 ` dpdklab

Reply instructions:

You may reply publicly to this message via plain-text email
using any one of the following methods:

* Save the following mbox file, import it into your mail client,
  and reply-to-all from there: mbox

  Avoid top-posting and favor interleaved quoting:
  https://en.wikipedia.org/wiki/Posting_style#Interleaved_style

* Reply using the --to, --cc, and --in-reply-to
  switches of git-send-email(1):

  git send-email \
    --in-reply-to=202510160127.59G1RZv8631943@localhost.localdomain \
    --to=qemudev@loongson.cn \
    --cc=test-report@dpdk.org \
    /path/to/YOUR_REPLY

  https://kernel.org/pub/software/scm/git/docs/git-send-email.html

* If your mail client supports setting the In-Reply-To header
  via mailto: links, try the mailto: link
Be sure your reply has a Subject: header at the top and a blank line before the message body.
This is a public inbox, see mirroring instructions
for how to clone and mirror all data and code used for this inbox;
as well as URLs for NNTP newsgroup(s).