automatic DPDK test reports
 help / color / mirror / Atom feed
From: qemudev@loongson.cn
To: test-report@dpdk.org
Subject: |SUCCESS| pw157760-157652 [PATCH v3 54/54] net/bnxt/tf_ulp: remove Truflow DEBUG code
Date: Fri, 17 Oct 2025 02:51:34 +0800	[thread overview]
Message-ID: <202510161851.59GIpY9o1125046@localhost.localdomain> (raw)
In-Reply-To: <20251015090024.32250-55-manish.kurup@broadcom.com>

Test-Label: loongarch-compilation
Test-Status: SUCCESS
http://dpdk.org/patch/157652

_Compilation OK_

Submitter: Manish Kurup <manish.kurup@broadcom.com>
Date: Wed, 15 Oct 2025 04:59:31 -0400
DPDK git baseline: Repo:dpdk
  Branch: main
  CommitID: 16f4c522003dcfecf23c8d38e009b95a3bbefd03

157760-157652 --> meson & ninja build successfully

Test environment and result as below:

+---------------------+----------------+
|     Environment     | compilation    |
+---------------------+----------------+
| Loongnix-Server 8.3 | PASS           |
+---------------------+----------------+

Loongnix-Server 8.3
    Kernel: 4.19.190+
    Compiler: gcc 8.3


       reply	other threads:[~2025-10-16 19:28 UTC|newest]

Thread overview: 28+ messages / expand[flat|nested]  mbox.gz  Atom feed  top
     [not found] <20251015090024.32250-55-manish.kurup@broadcom.com>
2025-10-16 18:51 ` qemudev [this message]
2025-10-16 18:56 ` qemudev
2025-10-16 19:23 ` |SUCCESS| pw157652 " checkpatch
2025-10-16 19:50 ` |PENDING| pw157760-157652 [PATCH] [v3,54/54] net/bnxt/tf_ulp: remove dpdklab
2025-10-16 19:53 ` dpdklab
2025-10-16 19:54 ` |SUCCESS| " dpdklab
2025-10-16 19:58 ` dpdklab
2025-10-16 19:58 ` |PENDING| " dpdklab
2025-10-16 20:02 ` dpdklab
2025-10-16 20:13 ` |SUCCESS| " dpdklab
2025-10-16 20:15 ` dpdklab
2025-10-16 20:15 ` dpdklab
2025-10-16 20:17 ` dpdklab
2025-10-16 20:29 ` dpdklab
2025-10-16 20:29 ` dpdklab
2025-10-16 20:29 ` dpdklab
2025-10-16 20:33 ` dpdklab
2025-10-16 20:34 ` dpdklab
2025-10-16 20:36 ` dpdklab
2025-10-16 20:37 ` dpdklab
2025-10-16 20:54 ` dpdklab
2025-10-16 22:38 ` |FAILURE| pw157652 [PATCH v3 54/54] net/bnxt/tf_ulp: remove Truflow DEBUG code 0-day Robot
2025-10-17  0:33 ` |SUCCESS| pw157760-157652 [PATCH] [v3,54/54] net/bnxt/tf_ulp: remove dpdklab
2025-10-17  2:17 ` |WARNING| " dpdklab
2025-10-17  2:33 ` |FAILURE| " dpdklab
2025-10-17  2:47 ` dpdklab
2025-10-17 11:01 ` dpdklab
2025-10-17 16:35 ` |SUCCESS| " dpdklab

Reply instructions:

You may reply publicly to this message via plain-text email
using any one of the following methods:

* Save the following mbox file, import it into your mail client,
  and reply-to-all from there: mbox

  Avoid top-posting and favor interleaved quoting:
  https://en.wikipedia.org/wiki/Posting_style#Interleaved_style

* Reply using the --to, --cc, and --in-reply-to
  switches of git-send-email(1):

  git send-email \
    --in-reply-to=202510161851.59GIpY9o1125046@localhost.localdomain \
    --to=qemudev@loongson.cn \
    --cc=test-report@dpdk.org \
    /path/to/YOUR_REPLY

  https://kernel.org/pub/software/scm/git/docs/git-send-email.html

* If your mail client supports setting the In-Reply-To header
  via mailto: links, try the mailto: link
Be sure your reply has a Subject: header at the top and a blank line before the message body.
This is a public inbox, see mirroring instructions
for how to clone and mirror all data and code used for this inbox;
as well as URLs for NNTP newsgroup(s).