automatic DPDK test reports
 help / color / mirror / Atom feed
From: qemudev@loongson.cn
To: test-report@dpdk.org
Subject: |SUCCESS| pw157761-157767 [PATCH v7 7/7] usertools/mbuf: parse mbuf history dump
Date: Fri, 17 Oct 2025 04:09:34 +0800	[thread overview]
Message-ID: <202510162009.59GK9YlB1180929@localhost.localdomain> (raw)
In-Reply-To: <20251016203557.2554678-8-thomas@monjalon.net>

Test-Label: loongarch-compilation
Test-Status: SUCCESS
http://dpdk.org/patch/157767

_Compilation OK_

Submitter: Thomas Monjalon <thomas@monjalon.net>
Date: Thu, 16 Oct 2025 22:34:39 +0200
DPDK git baseline: Repo:dpdk
  Branch: main
  CommitID: 438491733c2d8a109574449d3d6de9b25a05c07c

157761-157767 --> meson & ninja build successfully

Test environment and result as below:

+---------------------+----------------+
|     Environment     | compilation    |
+---------------------+----------------+
| Loongnix-Server 8.3 | PASS           |
+---------------------+----------------+

Loongnix-Server 8.3
    Kernel: 4.19.190+
    Compiler: gcc 8.3


       reply	other threads:[~2025-10-16 20:46 UTC|newest]

Thread overview: 23+ messages / expand[flat|nested]  mbox.gz  Atom feed  top
     [not found] <20251016203557.2554678-8-thomas@monjalon.net>
2025-10-16 20:09 ` qemudev [this message]
2025-10-16 20:14 ` qemudev
2025-10-16 20:37 ` |SUCCESS| pw157767 " checkpatch
2025-10-16 21:05 ` |SUCCESS| pw157761-157767 [PATCH] [v7,7/7] usertools/mbuf: parse mbu dpdklab
2025-10-16 21:06 ` |PENDING| " dpdklab
2025-10-16 21:07 ` |SUCCESS| " dpdklab
2025-10-16 21:22 ` |PENDING| " dpdklab
2025-10-16 21:24 ` dpdklab
2025-10-16 21:25 ` |SUCCESS| " dpdklab
2025-10-16 21:27 ` dpdklab
2025-10-16 21:29 ` dpdklab
2025-10-16 21:46 ` dpdklab
2025-10-16 21:54 ` dpdklab
2025-10-16 22:04 ` dpdklab
2025-10-16 22:11 ` dpdklab
2025-10-16 22:22 ` dpdklab
2025-10-16 22:22 ` dpdklab
2025-10-16 22:38 ` |FAILURE| pw157767 [PATCH v7 7/7] usertools/mbuf: parse mbuf history dump 0-day Robot
2025-10-17  2:45 ` |PENDING| pw157761-157767 [PATCH] [v7,7/7] usertools/mbuf: parse mbu dpdklab
2025-10-17  3:02 ` |WARNING| " dpdklab
2025-10-17  3:27 ` dpdklab
2025-10-17 12:32 ` |SUCCESS| " dpdklab
2025-10-17 20:27 ` dpdklab

Reply instructions:

You may reply publicly to this message via plain-text email
using any one of the following methods:

* Save the following mbox file, import it into your mail client,
  and reply-to-all from there: mbox

  Avoid top-posting and favor interleaved quoting:
  https://en.wikipedia.org/wiki/Posting_style#Interleaved_style

* Reply using the --to, --cc, and --in-reply-to
  switches of git-send-email(1):

  git send-email \
    --in-reply-to=202510162009.59GK9YlB1180929@localhost.localdomain \
    --to=qemudev@loongson.cn \
    --cc=test-report@dpdk.org \
    /path/to/YOUR_REPLY

  https://kernel.org/pub/software/scm/git/docs/git-send-email.html

* If your mail client supports setting the In-Reply-To header
  via mailto: links, try the mailto: link
Be sure your reply has a Subject: header at the top and a blank line before the message body.
This is a public inbox, see mirroring instructions
for how to clone and mirror all data and code used for this inbox;
as well as URLs for NNTP newsgroup(s).