From: qemudev@loongson.cn
To: test-report@dpdk.org
Subject: |SUCCESS| pw158029-158036 [PATCH v4 8/8] doc: update documentation on pdump library
Date: Thu, 23 Oct 2025 23:13:48 +0800 [thread overview]
Message-ID: <202510231513.59NFDm874021232@localhost.localdomain> (raw)
In-Reply-To: <20251023154748.38535-9-stephen@networkplumber.org>
Test-Label: loongarch-compilation
Test-Status: SUCCESS
http://dpdk.org/patch/158036
_Compilation OK_
Submitter: Stephen Hemminger <stephen@networkplumber.org>
Date: Thu, 23 Oct 2025 08:46:22 -0700
DPDK git baseline: Repo:dpdk
Branch: main
CommitID: 7c744b9a08cf3dd6bdd215689bb6d2beb8a8a4ef
158029-158036 --> meson & ninja build successfully
Test environment and result as below:
+---------------------+----------------+
| Environment | compilation |
+---------------------+----------------+
| Loongnix-Server 8.3 | PASS |
+---------------------+----------------+
Loongnix-Server 8.3
Kernel: 4.19.190+
Compiler: gcc 8.3
next parent reply other threads:[~2025-10-23 15:50 UTC|newest]
Thread overview: 22+ messages / expand[flat|nested] mbox.gz Atom feed top
[not found] <20251023154748.38535-9-stephen@networkplumber.org>
2025-10-23 15:13 ` qemudev [this message]
2025-10-23 15:18 ` qemudev
2025-10-23 15:48 ` |SUCCESS| pw158036 " checkpatch
2025-10-23 16:09 ` |FAILURE| pw158029-158036 [PATCH] [v4,8/8] doc: update documentation dpdklab
2025-10-23 16:10 ` |WARNING| " dpdklab
2025-10-23 16:13 ` |FAILURE| " dpdklab
2025-10-23 16:13 ` |SUCCESS| " dpdklab
2025-10-23 16:18 ` dpdklab
2025-10-23 16:24 ` |FAILURE| " dpdklab
2025-10-23 16:25 ` |PENDING| " dpdklab
2025-10-23 16:30 ` |SUCCESS| " dpdklab
2025-10-23 16:33 ` dpdklab
2025-10-23 16:35 ` dpdklab
2025-10-23 16:35 ` dpdklab
2025-10-23 16:40 ` |WARNING| " dpdklab
2025-10-23 16:42 ` |FAILURE| " dpdklab
2025-10-23 16:45 ` dpdklab
2025-10-23 16:45 ` |WARNING| " dpdklab
2025-10-23 16:51 ` dpdklab
2025-10-23 17:02 ` |SUCCESS| " dpdklab
2025-10-23 17:27 ` dpdklab
2025-10-23 21:10 ` |FAILURE| " dpdklab
Reply instructions:
You may reply publicly to this message via plain-text email
using any one of the following methods:
* Save the following mbox file, import it into your mail client,
and reply-to-all from there: mbox
Avoid top-posting and favor interleaved quoting:
https://en.wikipedia.org/wiki/Posting_style#Interleaved_style
* Reply using the --to, --cc, and --in-reply-to
switches of git-send-email(1):
git send-email \
--in-reply-to=202510231513.59NFDm874021232@localhost.localdomain \
--to=qemudev@loongson.cn \
--cc=test-report@dpdk.org \
/path/to/YOUR_REPLY
https://kernel.org/pub/software/scm/git/docs/git-send-email.html
* If your mail client supports setting the In-Reply-To header
via mailto: links, try the mailto: link
Be sure your reply has a Subject: header at the top and a blank line
before the message body.
This is a public inbox, see mirroring instructions
for how to clone and mirror all data and code used for this inbox;
as well as URLs for NNTP newsgroup(s).