automatic DPDK test reports
 help / color / mirror / Atom feed
From: qemudev@loongson.cn
To: test-report@dpdk.org
Subject: |SUCCESS| pw158038-158056 [PATCH v3 19/19] drivers: fix Klocwork issues
Date: Fri, 24 Oct 2025 00:56:08 +0800	[thread overview]
Message-ID: <202510231656.59NGu8SP4096514@localhost.localdomain> (raw)
In-Reply-To: <20251023172728.770661-19-ndabilpuram@marvell.com>

Test-Label: loongarch-compilation
Test-Status: SUCCESS
http://dpdk.org/patch/158056

_Compilation OK_

Submitter: Nithin Dabilpuram <ndabilpuram@marvell.com>
Date: Thu, 23 Oct 2025 22:57:09 +0530
DPDK git baseline: Repo:dpdk-next-net-mrvl
  Branch: for-next-net
  CommitID: 2863cbd9ee6dabee2b183382d298f4054ba3e8a2

158038-158056 --> meson & ninja build successfully

Test environment and result as below:

+---------------------+----------------+
|     Environment     | compilation    |
+---------------------+----------------+
| Loongnix-Server 8.3 | PASS           |
+---------------------+----------------+

Loongnix-Server 8.3
    Kernel: 4.19.190+
    Compiler: gcc 8.3


       reply	other threads:[~2025-10-23 17:32 UTC|newest]

Thread overview: 25+ messages / expand[flat|nested]  mbox.gz  Atom feed  top
     [not found] <20251023172728.770661-19-ndabilpuram@marvell.com>
2025-10-23 16:56 ` qemudev [this message]
2025-10-23 17:01 ` qemudev
2025-10-23 17:30 ` |SUCCESS| pw158056 " checkpatch
2025-10-23 17:52 ` |PENDING| pw158038-158056 [PATCH] [v3,19/19] drivers: fix Klocwork i dpdklab
2025-10-23 17:56 ` |SUCCESS| " dpdklab
2025-10-23 18:00 ` dpdklab
2025-10-23 18:01 ` |PENDING| " dpdklab
2025-10-23 18:12 ` |SUCCESS| " dpdklab
2025-10-23 18:15 ` dpdklab
2025-10-23 18:17 ` |FAILURE| " dpdklab
2025-10-23 18:17 ` |SUCCESS| " dpdklab
2025-10-23 18:18 ` dpdklab
2025-10-23 18:18 ` |PENDING| " dpdklab
2025-10-23 18:24 ` |SUCCESS| " dpdklab
2025-10-23 18:27 ` dpdklab
2025-10-23 18:33 ` dpdklab
2025-10-23 18:37 ` dpdklab
2025-10-23 18:52 ` dpdklab
2025-10-23 19:12 ` dpdklab
2025-10-23 22:13 ` dpdklab
2025-10-24  0:34 ` |SUCCESS| pw158056 [PATCH v3 19/19] drivers: fix Klocwork issues 0-day Robot
2025-10-24  0:34 ` 0-day Robot
2025-10-24  3:46 ` |WARNING| pw158038-158056 [PATCH] [v3,19/19] drivers: fix Klocwork i dpdklab
2025-10-24  3:58 ` |PENDING| " dpdklab
2025-10-24  4:34 ` |WARNING| " dpdklab

Reply instructions:

You may reply publicly to this message via plain-text email
using any one of the following methods:

* Save the following mbox file, import it into your mail client,
  and reply-to-all from there: mbox

  Avoid top-posting and favor interleaved quoting:
  https://en.wikipedia.org/wiki/Posting_style#Interleaved_style

* Reply using the --to, --cc, and --in-reply-to
  switches of git-send-email(1):

  git send-email \
    --in-reply-to=202510231656.59NGu8SP4096514@localhost.localdomain \
    --to=qemudev@loongson.cn \
    --cc=test-report@dpdk.org \
    /path/to/YOUR_REPLY

  https://kernel.org/pub/software/scm/git/docs/git-send-email.html

* If your mail client supports setting the In-Reply-To header
  via mailto: links, try the mailto: link
Be sure your reply has a Subject: header at the top and a blank line before the message body.
This is a public inbox, see mirroring instructions
for how to clone and mirror all data and code used for this inbox;
as well as URLs for NNTP newsgroup(s).