From: qemudev@loongson.cn
To: test-report@dpdk.org
Subject: |SUCCESS| pw158081-158084 [PATCH v1 4/4] doc: add PTP IDPF documentation
Date: Fri, 24 Oct 2025 19:21:57 +0800 [thread overview]
Message-ID: <202510241121.59OBLv6Y288256@localhost.localdomain> (raw)
In-Reply-To: <20251024120840.420016-5-soumyadeep.hore@intel.com>
Test-Label: loongarch-compilation
Test-Status: SUCCESS
http://dpdk.org/patch/158084
_Compilation OK_
Submitter: Soumyadeep Hore <soumyadeep.hore@intel.com>
Date: Fri, 24 Oct 2025 17:38:37 +0530
DPDK git baseline: Repo:dpdk-next-net-intel
Branch: main
CommitID: 6b997d6b9ffdbb4f8ecd14d1f217da69cdc783af
158081-158084 --> meson & ninja build successfully
Test environment and result as below:
+---------------------+----------------+
| Environment | compilation |
+---------------------+----------------+
| Loongnix-Server 8.3 | PASS |
+---------------------+----------------+
Loongnix-Server 8.3
Kernel: 4.19.190+
Compiler: gcc 8.3
next parent reply other threads:[~2025-10-24 11:58 UTC|newest]
Thread overview: 25+ messages / expand[flat|nested] mbox.gz Atom feed top
[not found] <20251024120840.420016-5-soumyadeep.hore@intel.com>
2025-10-24 11:21 ` qemudev [this message]
2025-10-24 11:26 ` qemudev
2025-10-24 11:53 ` |WARNING| pw158084 " checkpatch
2025-10-24 12:19 ` |PENDING| pw158081-158084 [PATCH] [v1,4/4] doc: add PTP IDPF documen dpdklab
2025-10-24 12:23 ` |SUCCESS| " dpdklab
2025-10-24 12:27 ` dpdklab
2025-10-24 12:30 ` |PENDING| " dpdklab
2025-10-24 12:31 ` |WARNING| " dpdklab
2025-10-24 12:31 ` dpdklab
2025-10-24 12:35 ` |PENDING| " dpdklab
2025-10-24 12:39 ` |SUCCESS| " dpdklab
2025-10-24 12:42 ` dpdklab
2025-10-24 12:44 ` dpdklab
2025-10-24 12:44 ` dpdklab
2025-10-24 12:46 ` dpdklab
2025-10-24 12:53 ` |WARNING| " dpdklab
2025-10-24 13:01 ` |FAILURE| pw158084 [PATCH v1 4/4] doc: add PTP IDPF documentation 0-day Robot
2025-10-24 13:04 ` |SUCCESS| pw158081-158084 [PATCH] [v1,4/4] doc: add PTP IDPF documen dpdklab
2025-10-24 13:08 ` dpdklab
2025-10-24 13:24 ` dpdklab
2025-10-25 0:17 ` dpdklab
2025-10-25 11:32 ` |WARNING| " dpdklab
2025-10-25 12:08 ` dpdklab
2025-10-25 12:13 ` |PENDING| " dpdklab
2025-10-25 21:23 ` |SUCCESS| " dpdklab
Reply instructions:
You may reply publicly to this message via plain-text email
using any one of the following methods:
* Save the following mbox file, import it into your mail client,
and reply-to-all from there: mbox
Avoid top-posting and favor interleaved quoting:
https://en.wikipedia.org/wiki/Posting_style#Interleaved_style
* Reply using the --to, --cc, and --in-reply-to
switches of git-send-email(1):
git send-email \
--in-reply-to=202510241121.59OBLv6Y288256@localhost.localdomain \
--to=qemudev@loongson.cn \
--cc=test-report@dpdk.org \
/path/to/YOUR_REPLY
https://kernel.org/pub/software/scm/git/docs/git-send-email.html
* If your mail client supports setting the In-Reply-To header
via mailto: links, try the mailto: link
Be sure your reply has a Subject: header at the top and a blank line
before the message body.
This is a public inbox, see mirroring instructions
for how to clone and mirror all data and code used for this inbox;
as well as URLs for NNTP newsgroup(s).