* |SUCCESS| pw158086-158088 [PATCH v3 3/3] dts: add virtio forwarding test suite
[not found] <20251024174702.600147-3-dmarx@iol.unh.edu>
@ 2025-10-24 17:21 ` qemudev
2025-10-24 17:26 ` qemudev
` (22 subsequent siblings)
23 siblings, 0 replies; 24+ messages in thread
From: qemudev @ 2025-10-24 17:21 UTC (permalink / raw)
To: test-report
Test-Label: loongarch-compilation
Test-Status: SUCCESS
http://dpdk.org/patch/158088
_Compilation OK_
Submitter: Dean Marx <dmarx@iol.unh.edu>
Date: Fri, 24 Oct 2025 13:46:58 -0400
DPDK git baseline: Repo:dpdk
Branch: main
CommitID: 90f838a042f3e1bd663aca16bcdfc4dcd14b47d5
158086-158088 --> meson & ninja build successfully
Test environment and result as below:
+---------------------+----------------+
| Environment | compilation |
+---------------------+----------------+
| Loongnix-Server 8.3 | PASS |
+---------------------+----------------+
Loongnix-Server 8.3
Kernel: 4.19.190+
Compiler: gcc 8.3
^ permalink raw reply [flat|nested] 24+ messages in thread* |SUCCESS| pw158086-158088 [PATCH v3 3/3] dts: add virtio forwarding test suite
[not found] <20251024174702.600147-3-dmarx@iol.unh.edu>
2025-10-24 17:21 ` |SUCCESS| pw158086-158088 [PATCH v3 3/3] dts: add virtio forwarding test suite qemudev
@ 2025-10-24 17:26 ` qemudev
2025-10-24 17:47 ` |SUCCESS| pw158088 " checkpatch
` (21 subsequent siblings)
23 siblings, 0 replies; 24+ messages in thread
From: qemudev @ 2025-10-24 17:26 UTC (permalink / raw)
To: test-report
Test-Label: loongarch-unit-testing
Test-Status: SUCCESS
http://dpdk.org/patch/158088
_Unit Testing PASS_
Submitter: Dean Marx <dmarx@iol.unh.edu>
Date: Fri, 24 Oct 2025 13:46:58 -0400
DPDK git baseline: Repo:dpdk
Branch: main
CommitID: 90f838a042f3e1bd663aca16bcdfc4dcd14b47d5
158086-158088 --> testing pass
Test environment and result as below:
+---------------------+----------------+
| Environment | dpdk_unit_test |
+---------------------+----------------+
| Loongnix-Server 8.3 | PASS |
+---------------------+----------------+
Loongnix-Server 8.3
Kernel: 4.19.190+
Compiler: gcc 8.3
Test result details:
1/120 DPDK:fast-tests / acl_autotest OK 3.25s
2/120 DPDK:fast-tests / alarm_autotest OK 1.49s
3/120 DPDK:fast-tests / argparse_autotest OK 0.50s
4/120 DPDK:fast-tests / atomic_autotest OK 6.95s
5/120 DPDK:fast-tests / bitcount_autotest OK 0.46s
6/120 DPDK:fast-tests / bitmap_autotest OK 0.45s
7/120 DPDK:fast-tests / bitops_autotest OK 1.95s
8/120 DPDK:fast-tests / bitratestats_autotest OK 0.45s
9/120 DPDK:fast-tests / bitset_autotest OK 3.19s
10/120 DPDK:fast-tests / bpf_autotest OK 0.46s
11/120 DPDK:fast-tests / bpf_convert_autotest OK 0.46s
12/120 DPDK:fast-tests / byteorder_autotest OK 0.46s
13/120 DPDK:fast-tests / cfgfile_autotest OK 0.46s
14/120 DPDK:fast-tests / cksum_autotest OK 0.45s
15/120 DPDK:fast-tests / cmdline_autotest OK 0.46s
16/120 DPDK:fast-tests / common_autotest OK 1.35s
17/120 DPDK:fast-tests / compressdev_autotest SKIP 0.08s exit status 77
18/120 DPDK:fast-tests / cpuflags_autotest OK 0.47s
19/120 DPDK:fast-tests / crc_autotest OK 0.48s
20/120 DPDK:fast-tests / user_delay_us OK 0.48s
21/120 DPDK:fast-tests / debug_autotest OK 17.54s
22/120 DPDK:fast-tests / devargs_autotest OK 0.48s
23/120 DPDK:fast-tests / dispatcher_autotest OK 2.46s
24/120 DPDK:fast-tests / distributor_autotest OK 1.20s
25/120 DPDK:fast-tests / eal_flags_c_opt_autotest OK 0.81s
26/120 DPDK:fast-tests / eal_flags_main_opt_autotest OK 0.22s
27/120 DPDK:fast-tests / eal_flags_n_opt_autotest OK 0.20s
28/120 DPDK:fast-tests / eal_flags_hpet_autotest OK 0.14s
29/120 DPDK:fast-tests / eal_flags_no_huge_autotest OK 0.20s
30/120 DPDK:fast-tests / eal_flags_a_opt_autotest OK 0.32s
31/120 DPDK:fast-tests / eal_flags_b_opt_autotest OK 0.26s
32/120 DPDK:fast-tests / eal_flags_vdev_opt_autotest OK 0.20s
33/120 DPDK:fast-tests / eal_flags_r_opt_autotest OK 0.19s
34/120 DPDK:fast-tests / eal_flags_mem_autotest OK 0.60s
35/120 DPDK:fast-tests / eal_flags_file_prefix_autotest OK 22.28s
36/120 DPDK:fast-tests / eal_flags_misc_autotest OK 1.09s
37/120 DPDK:fast-tests / eal_fs_autotest OK 0.47s
38/120 DPDK:fast-tests / errno_autotest OK 0.48s
39/120 DPDK:fast-tests / ethdev_link_status OK 0.48s
40/120 DPDK:fast-tests / event_eth_tx_adapter_autotest OK 1.70s
41/120 DPDK:fast-tests / event_ring_autotest OK 0.48s
42/120 DPDK:fast-tests / eventdev_common_autotest OK 0.48s
43/120 DPDK:fast-tests / eventdev_selftest_sw OK 7.43s
44/120 DPDK:fast-tests / fbarray_autotest OK 0.48s
45/120 DPDK:fast-tests / fib_autotest OK 1.33s
46/120 DPDK:fast-tests / fib6_autotest OK 1.12s
47/120 DPDK:fast-tests / func_reentrancy_autotest OK 2.25s
48/120 DPDK:fast-tests / graph_autotest OK 0.75s
49/120 DPDK:fast-tests / node_list_dump OK 0.75s
50/120 DPDK:fast-tests / graph_feature_arc_autotest OK 0.75s
51/120 DPDK:fast-tests / hash_autotest OK 1.36s
52/120 DPDK:fast-tests / hash_readwrite_func_autotest OK 6.41s
53/120 DPDK:fast-tests / interrupt_autotest OK 1.93s
54/120 DPDK:fast-tests / ipfrag_autotest OK 0.09s
55/120 DPDK:fast-tests / ipsec_autotest SKIP 0.74s exit status 77
56/120 DPDK:fast-tests / kvargs_autotest OK 0.76s
57/120 DPDK:fast-tests / latencystats_autotest OK 0.75s
58/120 DPDK:fast-tests / lcore_var_autotest OK 0.86s
59/120 DPDK:fast-tests / lcores_autotest OK 5.54s
60/120 DPDK:fast-tests / logs_autotest OK 0.75s
61/120 DPDK:fast-tests / lpm_autotest OK 2.79s
62/120 DPDK:fast-tests / lpm6_autotest OK 5.85s
63/120 DPDK:fast-tests / malloc_autotest OK 63.79s
64/120 DPDK:fast-tests / mbuf_autotest OK 5.38s
65/120 DPDK:fast-tests / mcslock_autotest OK 2.57s
66/120 DPDK:fast-tests / member_autotest OK 1.94s
67/120 DPDK:fast-tests / memcpy_autotest OK 7.45s
68/120 DPDK:fast-tests / memory_autotest OK 0.10s
69/120 DPDK:fast-tests / mempool_autotest OK 0.45s
70/120 DPDK:fast-tests / memzone_autotest OK 0.15s
71/120 DPDK:fast-tests / meter_autotest OK 0.75s
72/120 DPDK:fast-tests / metrics_autotest OK 0.75s
73/120 DPDK:fast-tests / multiprocess_autotest OK 0.22s
74/120 DPDK:fast-tests / net_ether_autotest OK 1.41s
75/120 DPDK:fast-tests / net_ipv6_autotest OK 0.74s
76/120 DPDK:fast-tests / pcapng_autotest OK 7.49s
77/120 DPDK:fast-tests / pdcp_autotest SKIP 0.08s exit status 77
78/120 DPDK:fast-tests / pdump_autotest OK 0.87s
79/120 DPDK:fast-tests / per_lcore_autotest OK 0.85s
80/120 DPDK:fast-tests / pflock_autotest OK 1.55s
81/120 DPDK:fast-tests / pie_autotest OK 0.75s
82/120 DPDK:fast-tests / ring_pmd_autotest OK 0.75s
83/120 DPDK:fast-tests / power_autotest OK 0.74s
84/120 DPDK:fast-tests / power_cpufreq_autotest SKIP 0.09s exit status 77
85/120 DPDK:fast-tests / power_intel_uncore_autotest SKIP 0.74s exit status 77
86/120 DPDK:fast-tests / power_kvm_vm_autotest SKIP 0.08s exit status 77
87/120 DPDK:fast-tests / prefetch_autotest OK 0.74s
88/120 DPDK:fast-tests / ptr_compress_autotest OK 0.74s
89/120 DPDK:fast-tests / rawdev_autotest OK 0.75s
90/120 DPDK:fast-tests / rcu_qsbr_autotest OK 1.25s
91/120 DPDK:fast-tests / reorder_autotest OK 0.80s
92/120 DPDK:fast-tests / rib_autotest OK 9.35s
93/120 DPDK:fast-tests / rib6_autotest OK 9.37s
94/120 DPDK:fast-tests / ring_autotest OK 0.77s
95/120 DPDK:fast-tests / rwlock_test1_autotest OK 1.48s
96/120 DPDK:fast-tests / rwlock_rda_autotest OK 5.73s
97/120 DPDK:fast-tests / rwlock_rds_wrm_autotest OK 5.69s
98/120 DPDK:fast-tests / rwlock_rde_wro_autotest OK 5.73s
99/120 DPDK:fast-tests / sched_autotest OK 0.75s
100/120 DPDK:fast-tests / security_autotest OK 0.08s
101/120 DPDK:fast-tests / seqlock_autotest OK 2.74s
102/120 DPDK:fast-tests / service_autotest OK 3.44s
103/120 DPDK:fast-tests / soring_autotest OK 0.76s
104/120 DPDK:fast-tests / spinlock_autotest OK 0.82s
105/120 DPDK:fast-tests / stack_autotest OK 0.88s
106/120 DPDK:fast-tests / stack_lf_autotest SKIP 0.07s exit status 77
107/120 DPDK:fast-tests / string_autotest OK 0.76s
108/120 DPDK:fast-tests / table_autotest OK 8.04s
109/120 DPDK:fast-tests / tailq_autotest OK 0.75s
110/120 DPDK:fast-tests / telemetry_data_autotest OK 0.76s
111/120 DPDK:fast-tests / telemetry_json_autotest OK 0.59s
112/120 DPDK:fast-tests / thash_autotest OK 0.60s
113/120 DPDK:fast-tests / threads_autotest OK 0.77s
114/120 DPDK:fast-tests / ticketlock_autotest OK 0.75s
115/120 DPDK:fast-tests / timer_autotest OK 3.98s
116/120 DPDK:fast-tests / trace_autotest OK 0.59s
117/120 DPDK:fast-tests / trace_autotest_with_traces OK 0.60s
118/120 DPDK:fast-tests / vdev_autotest OK 0.59s
119/120 DPDK:fast-tests / version_autotest OK 0.59s
120/120 DPDK:fast-tests / telemetry_all OK 19.77s
Ok: 113
Expected Fail: 0
Fail: 0
Unexpected Pass: 0
Skipped: 7
Timeout: 0
^ permalink raw reply [flat|nested] 24+ messages in thread* |SUCCESS| pw158088 [PATCH v3 3/3] dts: add virtio forwarding test suite
[not found] <20251024174702.600147-3-dmarx@iol.unh.edu>
2025-10-24 17:21 ` |SUCCESS| pw158086-158088 [PATCH v3 3/3] dts: add virtio forwarding test suite qemudev
2025-10-24 17:26 ` qemudev
@ 2025-10-24 17:47 ` checkpatch
2025-10-24 18:07 ` |FAILURE| pw158086-158088 [PATCH] [v3,3/3] dts: add virtio forwardin dpdklab
` (20 subsequent siblings)
23 siblings, 0 replies; 24+ messages in thread
From: checkpatch @ 2025-10-24 17:47 UTC (permalink / raw)
To: test-report
Test-Label: checkpatch
Test-Status: SUCCESS
http://dpdk.org/patch/158088
_coding style OK_
^ permalink raw reply [flat|nested] 24+ messages in thread* |FAILURE| pw158086-158088 [PATCH] [v3,3/3] dts: add virtio forwardin
[not found] <20251024174702.600147-3-dmarx@iol.unh.edu>
` (2 preceding siblings ...)
2025-10-24 17:47 ` |SUCCESS| pw158088 " checkpatch
@ 2025-10-24 18:07 ` dpdklab
2025-10-24 18:09 ` |PENDING| " dpdklab
` (19 subsequent siblings)
23 siblings, 0 replies; 24+ messages in thread
From: dpdklab @ 2025-10-24 18:07 UTC (permalink / raw)
To: Test Report; +Cc: dpdk-test-reports, Dean Marx
Test-Label: iol-dts-check-format-testing
Test-Status: FAILURE
http://dpdk.org/patch/158088
_Testing issues_
Submitter: Dean Marx <dmarx@iol.unh.edu>
Date: Friday, October 24 2025 17:47:00
DPDK git baseline: Repo:dpdk-next-dts
Branch: master
CommitID:c1abcee5a9656fb4890b733e6051aa604c60f146
158086-158088 --> testing issues
Upstream job id: DTS-Check-Format-Pipeline#113
Test environment and result as below:
+--------------+------------------+
| Environment | dts-check-format |
+==============+==================+
| Ubuntu 24.04 | FAIL |
+--------------+------------------+
==== 20 line log output for Ubuntu 24.04 (dts-check-format): ====
Formatting in ./
----------------
Formatting code with ruff:
72 files left unchanged
Linting in ./
-------------
All checks passed!
Checking types in ./
--------------------
api/testpmd/__init__.py:215: error: f-string: expecting '}' [syntax]
Found 1 error in 1 file (errors prevented further checking)
Summary for ./
--------------
Found 2 errors
==== End log output ====
Ubuntu 24.04
Kernel: 5.15
Compiler: gcc gcc (Ubuntu 13.3.0-6ubuntu2~24.04) 13.3.0
To view detailed results, visit:
https://lab.dpdk.org/results/dashboard/patchsets/34374/
UNH-IOL DPDK Community Lab
To manage your email subscriptions, visit:
https://lab.dpdk.org/results/dashboard/preferences/subscriptions/
^ permalink raw reply [flat|nested] 24+ messages in thread* |PENDING| pw158086-158088 [PATCH] [v3,3/3] dts: add virtio forwardin
[not found] <20251024174702.600147-3-dmarx@iol.unh.edu>
` (3 preceding siblings ...)
2025-10-24 18:07 ` |FAILURE| pw158086-158088 [PATCH] [v3,3/3] dts: add virtio forwardin dpdklab
@ 2025-10-24 18:09 ` dpdklab
2025-10-24 18:13 ` |SUCCESS| " dpdklab
` (18 subsequent siblings)
23 siblings, 0 replies; 24+ messages in thread
From: dpdklab @ 2025-10-24 18:09 UTC (permalink / raw)
To: Test Report; +Cc: dpdk-test-reports
Test-Label: iol-compile-amd64-testing
Test-Status: PENDING
http://dpdk.org/patch/158088
_Testing pending_
Submitter: Dean Marx <dmarx@iol.unh.edu>
Date: Friday, October 24 2025 17:47:00
DPDK git baseline: Repo:dpdk-next-dts
Branch: master
CommitID:c1abcee5a9656fb4890b733e6051aa604c60f146
158086-158088 --> testing pending
Upstream job id: Generic-VM-DPDK-Compile-Meson#39240
Test environment and result as below:
+---------------------+--------------------+-------------------------+-------------------+
| Environment | dpdk_meson_compile | dpdk_llvm_clang_compile | dpdk_msvc_compile |
+=====================+====================+=========================+===================+
| Ubuntu 20.04 | PASS | SKIPPED | SKIPPED |
+---------------------+--------------------+-------------------------+-------------------+
| FreeBSD 14.2 | PEND | SKIPPED | SKIPPED |
+---------------------+--------------------+-------------------------+-------------------+
| Windows Server 2022 | SKIPPED | PEND | PEND |
+---------------------+--------------------+-------------------------+-------------------+
Ubuntu 20.04
Kernel: 4.19
Compiler: gcc gcc (Ubuntu 9.4.0-1ubuntu1~20.04.2) 9.4.0
FreeBSD 14.2
Kernel: 14.2-RELEASE
Compiler: clang 18.1.6
Windows Server 2022
Kernel: 10.0.20348.2031
Compiler: clang 15.0.7, gcc 14.1.0 (MinGW), and MSVC VS 19.39.33521
To view detailed results, visit:
https://lab.dpdk.org/results/dashboard/patchsets/34374/
UNH-IOL DPDK Community Lab
To manage your email subscriptions, visit:
https://lab.dpdk.org/results/dashboard/preferences/subscriptions/
^ permalink raw reply [flat|nested] 24+ messages in thread* |SUCCESS| pw158086-158088 [PATCH] [v3,3/3] dts: add virtio forwardin
[not found] <20251024174702.600147-3-dmarx@iol.unh.edu>
` (4 preceding siblings ...)
2025-10-24 18:09 ` |PENDING| " dpdklab
@ 2025-10-24 18:13 ` dpdklab
2025-10-24 18:16 ` |PENDING| " dpdklab
` (17 subsequent siblings)
23 siblings, 0 replies; 24+ messages in thread
From: dpdklab @ 2025-10-24 18:13 UTC (permalink / raw)
To: Test Report; +Cc: dpdk-test-reports
Test-Label: iol-mellanox-Functional
Test-Status: SUCCESS
http://dpdk.org/patch/158088
_Functional Testing PASS_
Submitter: Dean Marx <dmarx@iol.unh.edu>
Date: Friday, October 24 2025 17:47:00
DPDK git baseline: Repo:dpdk-next-dts
Branch: master
CommitID:c1abcee5a9656fb4890b733e6051aa604c60f146
158086-158088 --> functional testing pass
Upstream job id: Template-DPDK-DTS-Pipeline#2664
Test environment and result as below:
Ubuntu 24.04
Kernel: 6.8.0-55-generic
Compiler: gcc 13.3.0
NIC: Mellanox ConnectX-5 100000 Mbps
Aggregate Results by Test Suite
+---------------------------------+--------+
| Test Suite | Result |
+=================================+========+
| blocklist | PASS |
+---------------------------------+--------+
| promisc_support | PASS |
+---------------------------------+--------+
| uni_pkt | PASS |
+---------------------------------+--------+
| dynamic_config | PASS |
+---------------------------------+--------+
| hello_world | PASS |
+---------------------------------+--------+
| l2fwd | PASS |
+---------------------------------+--------+
| port_restart_config_persistency | PASS |
+---------------------------------+--------+
| softnic | PASS |
+---------------------------------+--------+
| vlan | PASS |
+---------------------------------+--------+
To view detailed results, visit:
https://lab.dpdk.org/results/dashboard/patchsets/34374/
UNH-IOL DPDK Community Lab
To manage your email subscriptions, visit:
https://lab.dpdk.org/results/dashboard/preferences/subscriptions/
^ permalink raw reply [flat|nested] 24+ messages in thread* |PENDING| pw158086-158088 [PATCH] [v3,3/3] dts: add virtio forwardin
[not found] <20251024174702.600147-3-dmarx@iol.unh.edu>
` (5 preceding siblings ...)
2025-10-24 18:13 ` |SUCCESS| " dpdklab
@ 2025-10-24 18:16 ` dpdklab
2025-10-24 18:21 ` dpdklab
` (16 subsequent siblings)
23 siblings, 0 replies; 24+ messages in thread
From: dpdklab @ 2025-10-24 18:16 UTC (permalink / raw)
To: Test Report; +Cc: dpdk-test-reports
Test-Label: iol-unit-amd64-testing
Test-Status: PENDING
http://dpdk.org/patch/158088
_Testing pending_
Submitter: Dean Marx <dmarx@iol.unh.edu>
Date: Friday, October 24 2025 17:47:00
DPDK git baseline: Repo:dpdk-next-dts
Branch: master
CommitID:c1abcee5a9656fb4890b733e6051aa604c60f146
158086-158088 --> testing pending
Upstream job id: Generic-Unit-Test-DPDK#385059
Test environment and result as below:
+-------------------------------+----------------+
| Environment | dpdk_unit_test |
+===============================+================+
| CentOS Stream 9 | PASS |
+-------------------------------+----------------+
| CentOS Stream 10 | PEND |
+-------------------------------+----------------+
| Fedora Linux 40 | PEND |
+-------------------------------+----------------+
| Debian GNU/Linux 12 | PEND |
+-------------------------------+----------------+
| Fedora Linux 41 | PEND |
+-------------------------------+----------------+
| Red Hat Enterprise Linux 8.10 | PEND |
+-------------------------------+----------------+
| Windows Server 2022 | PEND |
+-------------------------------+----------------+
| Fedora Linux 42 | PEND |
+-------------------------------+----------------+
| Ubuntu 20.04 | PEND |
+-------------------------------+----------------+
| Ubuntu 24.04 | PEND |
+-------------------------------+----------------+
| Ubuntu 22.04 | PEND |
+-------------------------------+----------------+
| Red Hat Enterprise Linux 9.5 | PEND |
+-------------------------------+----------------+
CentOS Stream 9
Kernel: 5.15
Compiler: gcc gcc (GCC) 11.5.0 20240719 (Red Hat 11.5.0-11)
CentOS Stream 10
Kernel: 5.15
Compiler: gcc gcc (GCC) 14.2.1 20250110 (Red Hat 14.2.1-8)
Fedora Linux 40
Kernel: 5.15
Compiler: clang gcc (GCC) 14.2.1 20240912 (Red Hat 14.2.1-3)
Debian GNU/Linux 12
Kernel: 5.15
Compiler: gcc gcc (Debian 12.2.0-14+deb12u1) 12.2.0
Fedora Linux 41
Kernel: 5.15
Compiler: clang gcc (GCC) 14.3.1 20250523 (Red Hat 14.3.1-1)
Red Hat Enterprise Linux 8.10
Kernel: 5.15
Compiler: gcc gcc (GCC) 8.5.0 20210514 (Red Hat 8.5.0-22)
Windows Server 2022
Kernel: 10.0.20348.2031
Compiler: clang 15.0.7, gcc 14.1.0 (MinGW), and MSVC VS 19.39.33521
Fedora Linux 42
Kernel: 5.15
Compiler: gcc gcc (GCC) 15.2.1 20250808 (Red Hat 15.2.1-1)
Ubuntu 20.04
Kernel: 5.15
Compiler: gcc gcc (Ubuntu 9.4.0-1ubuntu1~20.04.2) 9.4.0
Ubuntu 24.04
Kernel: 5.15
Compiler: gcc gcc (Ubuntu 13.3.0-6ubuntu2~24.04) 13.3.0
Ubuntu 22.04
Kernel: 5.15
Compiler: gcc gcc (Ubuntu 11.4.0-1ubuntu1~22.04) 11.4.0
Red Hat Enterprise Linux 9.5
Kernel: 5.15
Compiler: gcc gcc (GCC) 11.5.0 20240719 (Red Hat 11.5.0-2)
To view detailed results, visit:
https://lab.dpdk.org/results/dashboard/patchsets/34374/
UNH-IOL DPDK Community Lab
To manage your email subscriptions, visit:
https://lab.dpdk.org/results/dashboard/preferences/subscriptions/
^ permalink raw reply [flat|nested] 24+ messages in thread* |PENDING| pw158086-158088 [PATCH] [v3,3/3] dts: add virtio forwardin
[not found] <20251024174702.600147-3-dmarx@iol.unh.edu>
` (6 preceding siblings ...)
2025-10-24 18:16 ` |PENDING| " dpdklab
@ 2025-10-24 18:21 ` dpdklab
2025-10-24 18:23 ` |WARNING| " dpdklab
` (15 subsequent siblings)
23 siblings, 0 replies; 24+ messages in thread
From: dpdklab @ 2025-10-24 18:21 UTC (permalink / raw)
To: Test Report; +Cc: dpdk-test-reports
Test-Label: iol-sample-apps-testing
Test-Status: PENDING
http://dpdk.org/patch/158088
_Testing pending_
Submitter: Dean Marx <dmarx@iol.unh.edu>
Date: Friday, October 24 2025 17:47:00
DPDK git baseline: Repo:dpdk-next-dts
Branch: master
CommitID:c1abcee5a9656fb4890b733e6051aa604c60f146
158086-158088 --> testing pending
Upstream job id: Template-DTS-Pipeline#251185
Test environment and result as below:
+--------------+----------------------+----------------------+
| Environment | dpdk_fips_validation | compressdev_zlib_pmd |
+==============+======================+======================+
| Ubuntu 20.04 | PEND | SKIPPED |
+--------------+----------------------+----------------------+
| Ubuntu 22.04 | SKIPPED | PASS |
+--------------+----------------------+----------------------+
Ubuntu 20.04
Kernel: 5.15
Compiler: gcc gcc (Ubuntu 9.4.0-1ubuntu1~20.04.2) 9.4.0
Ubuntu 22.04
Kernel: 5.15
Compiler: gcc gcc (Ubuntu 11.4.0-1ubuntu1~22.04.2) 11.4.0
To view detailed results, visit:
https://lab.dpdk.org/results/dashboard/patchsets/34374/
UNH-IOL DPDK Community Lab
To manage your email subscriptions, visit:
https://lab.dpdk.org/results/dashboard/preferences/subscriptions/
^ permalink raw reply [flat|nested] 24+ messages in thread* |WARNING| pw158086-158088 [PATCH] [v3,3/3] dts: add virtio forwardin
[not found] <20251024174702.600147-3-dmarx@iol.unh.edu>
` (7 preceding siblings ...)
2025-10-24 18:21 ` dpdklab
@ 2025-10-24 18:23 ` dpdklab
2025-10-24 18:24 ` |PENDING| " dpdklab
` (14 subsequent siblings)
23 siblings, 0 replies; 24+ messages in thread
From: dpdklab @ 2025-10-24 18:23 UTC (permalink / raw)
To: Test Report; +Cc: dpdk-test-reports
Test-Label: iol-sample-apps-testing
Test-Status: WARNING
http://dpdk.org/patch/158088
_Testing issues_
Submitter: Dean Marx <dmarx@iol.unh.edu>
Date: Friday, October 24 2025 17:47:00
DPDK git baseline: Repo:dpdk-next-dts
Branch: master
CommitID:c1abcee5a9656fb4890b733e6051aa604c60f146
158086-158088 --> testing issues
Upstream job id: ACVP-FIPS-testing#11550
Test environment and result as below:
+--------------+----------------------+----------------------+
| Environment | dpdk_fips_validation | compressdev_zlib_pmd |
+==============+======================+======================+
| Ubuntu 20.04 | WARN | SKIPPED |
+--------------+----------------------+----------------------+
| Ubuntu 22.04 | SKIPPED | PASS |
+--------------+----------------------+----------------------+
==== 20 line log output for Ubuntu 20.04 (dpdk_fips_validation): ====
Traceback (most recent call last):
File "/dpdk-ci/tools/acvp/acvp_tool.py", line 368, in <module>
main(
File "/dpdk-ci/tools/acvp/acvp_tool.py", line 314, in main
with open(response_path, 'r') as upload_file:
FileNotFoundError: [Errno 2] No such file or directory: '/root/workspace/ACVP-FIPS-testing/out/hmac-sha-1-answers.rsp'
INFO:root:Using response file...
Traceback (most recent call last):
File "/dpdk-ci/tools/acvp/acvp_tool.py", line 368, in <module>
main(
File "/dpdk-ci/tools/acvp/acvp_tool.py", line 314, in main
with open(response_path, 'r') as upload_file:
FileNotFoundError: [Errno 2] No such file or directory: '/root/workspace/ACVP-FIPS-testing/out/acvp-tdes-cbc-answers.rsp'
INFO:root:Using response file...
Traceback (most recent call last):
File "/dpdk-ci/tools/acvp/acvp_tool.py", line 368, in <module>
main(
File "/dpdk-ci/tools/acvp/acvp_tool.py", line 314, in main
with open(response_path, 'r') as upload_file:
FileNotFoundError: [Errno 2] No such file or directory: '/root/workspace/ACVP-FIPS-testing/out/acvp-aes-ctr-answers.rsp'
==== End log output ====
Ubuntu 20.04
Kernel: 5.15
Compiler: gcc gcc (Ubuntu 9.4.0-1ubuntu1~20.04.2) 9.4.0
Ubuntu 22.04
Kernel: 5.15
Compiler: gcc gcc (Ubuntu 11.4.0-1ubuntu1~22.04.2) 11.4.0
To view detailed results, visit:
https://lab.dpdk.org/results/dashboard/patchsets/34374/
UNH-IOL DPDK Community Lab
To manage your email subscriptions, visit:
https://lab.dpdk.org/results/dashboard/preferences/subscriptions/
^ permalink raw reply [flat|nested] 24+ messages in thread* |PENDING| pw158086-158088 [PATCH] [v3,3/3] dts: add virtio forwardin
[not found] <20251024174702.600147-3-dmarx@iol.unh.edu>
` (8 preceding siblings ...)
2025-10-24 18:23 ` |WARNING| " dpdklab
@ 2025-10-24 18:24 ` dpdklab
2025-10-24 18:30 ` |SUCCESS| " dpdklab
` (13 subsequent siblings)
23 siblings, 0 replies; 24+ messages in thread
From: dpdklab @ 2025-10-24 18:24 UTC (permalink / raw)
To: Test Report; +Cc: dpdk-test-reports
Test-Label: iol-unit-arm64-testing
Test-Status: PENDING
http://dpdk.org/patch/158088
_Testing pending_
Submitter: Dean Marx <dmarx@iol.unh.edu>
Date: Friday, October 24 2025 17:47:00
DPDK git baseline: Repo:dpdk-next-dts
Branch: master
CommitID:c1abcee5a9656fb4890b733e6051aa604c60f146
158086-158088 --> testing pending
Upstream job id: Generic-Unit-Test-DPDK#385056
Test environment and result as below:
+------------------------------+--------------+---------------------------+------------------------------+----------------+
| Environment | lpm_autotest | cryptodev_sw_zuc_autotest | cryptodev_sw_snow3g_autotest | dpdk_unit_test |
+==============================+==============+===========================+==============================+================+
| Ubuntu 20.04 | PASS | SKIPPED | SKIPPED | PEND |
+------------------------------+--------------+---------------------------+------------------------------+----------------+
| Debian 12 (arm) | SKIPPED | PEND | PEND | SKIPPED |
+------------------------------+--------------+---------------------------+------------------------------+----------------+
| CentOS Stream 9 | SKIPPED | SKIPPED | SKIPPED | PEND |
+------------------------------+--------------+---------------------------+------------------------------+----------------+
| Debian GNU/Linux 12 | SKIPPED | SKIPPED | SKIPPED | PEND |
+------------------------------+--------------+---------------------------+------------------------------+----------------+
| CentOS Stream 10 | SKIPPED | SKIPPED | SKIPPED | PEND |
+------------------------------+--------------+---------------------------+------------------------------+----------------+
| Fedora Linux 40 | SKIPPED | SKIPPED | SKIPPED | PEND |
+------------------------------+--------------+---------------------------+------------------------------+----------------+
| Fedora Linux 41 | SKIPPED | SKIPPED | SKIPPED | PEND |
+------------------------------+--------------+---------------------------+------------------------------+----------------+
| Fedora Linux 42 | SKIPPED | SKIPPED | SKIPPED | PEND |
+------------------------------+--------------+---------------------------+------------------------------+----------------+
| Ubuntu 22.04 | SKIPPED | SKIPPED | SKIPPED | PEND |
+------------------------------+--------------+---------------------------+------------------------------+----------------+
| Red Hat Enterprise Linux 9.5 | SKIPPED | SKIPPED | SKIPPED | PEND |
+------------------------------+--------------+---------------------------+------------------------------+----------------+
| Ubuntu 24.04 | SKIPPED | SKIPPED | SKIPPED | PEND |
+------------------------------+--------------+---------------------------+------------------------------+----------------+
Ubuntu 20.04
Kernel: 5.4
Compiler: gcc gcc (Ubuntu 9.4.0-1ubuntu1~20.04.2) 9.4.0
Debian 12 (arm)
Kernel: Depends on container host
Compiler: gcc (Debian 12.2.0-14) 12.2.0
CentOS Stream 9
Kernel: 5.4
Compiler: gcc gcc (GCC) 11.5.0 20240719 (Red Hat 11.5.0-11)
Debian GNU/Linux 12
Kernel: 5.4
Compiler: gcc gcc (Debian 12.2.0-14+deb12u1) 12.2.0
CentOS Stream 10
Kernel: 5.4
Compiler: gcc gcc (GCC) 14.2.1 20250110 (Red Hat 14.2.1-8)
Fedora Linux 40
Kernel: 5.4
Compiler: gcc gcc (GCC) 14.2.1 20240912 (Red Hat 14.2.1-3)
Fedora Linux 41
Kernel: 5.4
Compiler: gcc gcc (GCC) 14.3.1 20250523 (Red Hat 14.3.1-1)
Fedora Linux 42
Kernel: 5.4
Compiler: gcc gcc (GCC) 15.2.1 20250808 (Red Hat 15.2.1-1)
Ubuntu 22.04
Kernel: 5.15
Compiler: gcc gcc (Ubuntu 11.4.0-1ubuntu1~22.04.2) 11.4.0
Red Hat Enterprise Linux 9.5
Kernel: 5.4
Compiler: gcc gcc (GCC) 11.5.0 20240719 (Red Hat 11.5.0-2)
Ubuntu 24.04
Kernel: 5.4
Compiler: gcc gcc (Ubuntu 13.3.0-6ubuntu2~24.04) 13.3.0
To view detailed results, visit:
https://lab.dpdk.org/results/dashboard/patchsets/34374/
UNH-IOL DPDK Community Lab
To manage your email subscriptions, visit:
https://lab.dpdk.org/results/dashboard/preferences/subscriptions/
^ permalink raw reply [flat|nested] 24+ messages in thread* |SUCCESS| pw158086-158088 [PATCH] [v3,3/3] dts: add virtio forwardin
[not found] <20251024174702.600147-3-dmarx@iol.unh.edu>
` (9 preceding siblings ...)
2025-10-24 18:24 ` |PENDING| " dpdklab
@ 2025-10-24 18:30 ` dpdklab
2025-10-24 18:35 ` dpdklab
` (12 subsequent siblings)
23 siblings, 0 replies; 24+ messages in thread
From: dpdklab @ 2025-10-24 18:30 UTC (permalink / raw)
To: Test Report; +Cc: dpdk-test-reports
Test-Label: iol-intel-Functional
Test-Status: SUCCESS
http://dpdk.org/patch/158088
_Functional Testing PASS_
Submitter: Dean Marx <dmarx@iol.unh.edu>
Date: Friday, October 24 2025 17:47:00
DPDK git baseline: Repo:dpdk-next-dts
Branch: master
CommitID:c1abcee5a9656fb4890b733e6051aa604c60f146
158086-158088 --> functional testing pass
Upstream job id: Template-DTS-Pipeline#251186
Test environment and result as below:
Ubuntu 24.04 LTS
Kernel: 6.8.0-44-generic
Compiler: gcc 13.2.0
NIC: Intel Corporation Ethernet Controller XL710 for 40GbE QSFP+ 40 Mbps
Aggregate Results by Test Suite
+--------------------+--------+
| Test Suite | Result |
+====================+========+
| blocklist | PASS |
+--------------------+--------+
| promisc_support | PASS |
+--------------------+--------+
| uni_pkt | PASS |
+--------------------+--------+
| dynamic_queue_conf | PASS |
+--------------------+--------+
| hello_world | PASS |
+--------------------+--------+
| l2fwd | PASS |
+--------------------+--------+
| softnic | PASS |
+--------------------+--------+
Ubuntu 24.04
Kernel: 6.8
Compiler: gcc gcc (Ubuntu 13.3.0-6ubuntu2~24.04) 13.3.0
NIC: Intel Corporation 4xxx Series QAT 0 Mbps
Aggregate Results by Test Suite
+----------------------------+--------+
| Test Suite | Result |
+============================+========+
| crypto_perf_cryptodev_perf | PASS |
+----------------------------+--------+
To view detailed results, visit:
https://lab.dpdk.org/results/dashboard/patchsets/34374/
UNH-IOL DPDK Community Lab
To manage your email subscriptions, visit:
https://lab.dpdk.org/results/dashboard/preferences/subscriptions/
^ permalink raw reply [flat|nested] 24+ messages in thread* |SUCCESS| pw158086-158088 [PATCH] [v3,3/3] dts: add virtio forwardin
[not found] <20251024174702.600147-3-dmarx@iol.unh.edu>
` (10 preceding siblings ...)
2025-10-24 18:30 ` |SUCCESS| " dpdklab
@ 2025-10-24 18:35 ` dpdklab
2025-10-24 18:42 ` dpdklab
` (11 subsequent siblings)
23 siblings, 0 replies; 24+ messages in thread
From: dpdklab @ 2025-10-24 18:35 UTC (permalink / raw)
To: Test Report; +Cc: dpdk-test-reports
Test-Label: iol-intel-Functional
Test-Status: SUCCESS
http://dpdk.org/patch/158088
_Functional Testing PASS_
Submitter: Dean Marx <dmarx@iol.unh.edu>
Date: Friday, October 24 2025 17:47:00
DPDK git baseline: Repo:dpdk-next-dts
Branch: master
CommitID:c1abcee5a9656fb4890b733e6051aa604c60f146
158086-158088 --> functional testing pass
Upstream job id: Template-DTS-Pipeline#251180
Test environment and result as below:
Ubuntu 24.04 LTS
Kernel: 6.8.0-44-generic
Compiler: gcc 13.2.0
NIC: Intel Corporation Ethernet Controller XL710 for 40GbE QSFP+ 40 Mbps
Aggregate Results by Test Suite
+--------------------+--------+
| Test Suite | Result |
+====================+========+
| blocklist | PASS |
+--------------------+--------+
| promisc_support | PASS |
+--------------------+--------+
| uni_pkt | PASS |
+--------------------+--------+
| dynamic_queue_conf | PASS |
+--------------------+--------+
| hello_world | PASS |
+--------------------+--------+
| l2fwd | PASS |
+--------------------+--------+
| softnic | PASS |
+--------------------+--------+
Ubuntu 24.04
Kernel: 6.8
Compiler: gcc gcc (Ubuntu 13.3.0-6ubuntu2~24.04) 13.3.0
NIC: Intel Corporation 4xxx Series QAT 0 Mbps
Aggregate Results by Test Suite
+----------------------------+--------+
| Test Suite | Result |
+============================+========+
| crypto_perf_cryptodev_perf | PASS |
+----------------------------+--------+
Ubuntu 20.04
Kernel: 5.4
Compiler: gcc gcc (Ubuntu 9.4.0-1ubuntu1~20.04.1) 9.4.0
NIC: Intel Corporation Ethernet Converged Network Adapter XL710-QDA2 40000 Mbps
Aggregate Results by Test Suite
+-----------------------------+--------+
| Test Suite | Result |
+=============================+========+
| unit_tests_mbuf | PASS |
+-----------------------------+--------+
| vhost_virtio_user_interrupt | PASS |
+-----------------------------+--------+
| virtio_smoke | PASS |
+-----------------------------+--------+
To view detailed results, visit:
https://lab.dpdk.org/results/dashboard/patchsets/34374/
UNH-IOL DPDK Community Lab
To manage your email subscriptions, visit:
https://lab.dpdk.org/results/dashboard/preferences/subscriptions/
^ permalink raw reply [flat|nested] 24+ messages in thread* |SUCCESS| pw158086-158088 [PATCH] [v3,3/3] dts: add virtio forwardin
[not found] <20251024174702.600147-3-dmarx@iol.unh.edu>
` (11 preceding siblings ...)
2025-10-24 18:35 ` dpdklab
@ 2025-10-24 18:42 ` dpdklab
2025-10-24 18:52 ` |WARNING| " dpdklab
` (10 subsequent siblings)
23 siblings, 0 replies; 24+ messages in thread
From: dpdklab @ 2025-10-24 18:42 UTC (permalink / raw)
To: Test Report; +Cc: dpdk-test-reports
Test-Label: iol-compile-amd64-testing
Test-Status: SUCCESS
http://dpdk.org/patch/158088
_Testing PASS_
Submitter: Dean Marx <dmarx@iol.unh.edu>
Date: Friday, October 24 2025 17:47:00
DPDK git baseline: Repo:dpdk-next-dts
Branch: master
CommitID:c1abcee5a9656fb4890b733e6051aa604c60f146
158086-158088 --> testing pass
Upstream job id: Windows-Compile-DPDK-Native#31876
Test environment and result as below:
+---------------------+--------------------+-------------------------+-------------------+----------------------+
| Environment | dpdk_meson_compile | dpdk_llvm_clang_compile | dpdk_msvc_compile | dpdk_mingw64_compile |
+=====================+====================+=========================+===================+======================+
| Ubuntu 20.04 | PASS | SKIPPED | SKIPPED | SKIPPED |
+---------------------+--------------------+-------------------------+-------------------+----------------------+
| FreeBSD 14.2 | PASS | SKIPPED | SKIPPED | SKIPPED |
+---------------------+--------------------+-------------------------+-------------------+----------------------+
| Windows Server 2022 | SKIPPED | PASS | PASS | PASS |
+---------------------+--------------------+-------------------------+-------------------+----------------------+
Ubuntu 20.04
Kernel: 4.19
Compiler: gcc gcc (Ubuntu 9.4.0-1ubuntu1~20.04.2) 9.4.0
FreeBSD 14.2
Kernel: 14.2-RELEASE
Compiler: clang 18.1.6
Windows Server 2022
Kernel: 10.0.20348.2031
Compiler: clang 15.0.7, gcc 14.1.0 (MinGW), and MSVC VS 19.39.33521
To view detailed results, visit:
https://lab.dpdk.org/results/dashboard/patchsets/34374/
UNH-IOL DPDK Community Lab
To manage your email subscriptions, visit:
https://lab.dpdk.org/results/dashboard/preferences/subscriptions/
^ permalink raw reply [flat|nested] 24+ messages in thread* |WARNING| pw158086-158088 [PATCH] [v3,3/3] dts: add virtio forwardin
[not found] <20251024174702.600147-3-dmarx@iol.unh.edu>
` (12 preceding siblings ...)
2025-10-24 18:42 ` dpdklab
@ 2025-10-24 18:52 ` dpdklab
2025-10-24 19:12 ` |SUCCESS| " dpdklab
` (9 subsequent siblings)
23 siblings, 0 replies; 24+ messages in thread
From: dpdklab @ 2025-10-24 18:52 UTC (permalink / raw)
To: Test Report; +Cc: dpdk-test-reports
Test-Label: iol-sample-apps-testing
Test-Status: WARNING
http://dpdk.org/patch/158088
_Testing issues_
Submitter: Dean Marx <dmarx@iol.unh.edu>
Date: Friday, October 24 2025 17:47:00
DPDK git baseline: Repo:dpdk-next-dts
Branch: master
CommitID:c1abcee5a9656fb4890b733e6051aa604c60f146
158086-158088 --> testing issues
Upstream job id: Template-DTS-Pipeline#251184
Test environment and result as below:
+--------------+----------------------+----------------------+
| Environment | dpdk_fips_validation | compressdev_zlib_pmd |
+==============+======================+======================+
| Ubuntu 20.04 | WARN | SKIPPED |
+--------------+----------------------+----------------------+
| Ubuntu 22.04 | SKIPPED | PASS |
+--------------+----------------------+----------------------+
==== 20 line log output for Ubuntu 20.04 (dpdk_fips_validation): ====
Traceback (most recent call last):
File "/dpdk-ci/tools/acvp/acvp_tool.py", line 368, in <module>
main(
File "/dpdk-ci/tools/acvp/acvp_tool.py", line 314, in main
with open(response_path, 'r') as upload_file:
FileNotFoundError: [Errno 2] No such file or directory: '/root/workspace/ACVP-FIPS-testing/out/hmac-sha-1-answers.rsp'
INFO:root:Using response file...
Traceback (most recent call last):
File "/dpdk-ci/tools/acvp/acvp_tool.py", line 368, in <module>
main(
File "/dpdk-ci/tools/acvp/acvp_tool.py", line 314, in main
with open(response_path, 'r') as upload_file:
FileNotFoundError: [Errno 2] No such file or directory: '/root/workspace/ACVP-FIPS-testing/out/acvp-tdes-cbc-answers.rsp'
INFO:root:Using response file...
Traceback (most recent call last):
File "/dpdk-ci/tools/acvp/acvp_tool.py", line 368, in <module>
main(
File "/dpdk-ci/tools/acvp/acvp_tool.py", line 314, in main
with open(response_path, 'r') as upload_file:
FileNotFoundError: [Errno 2] No such file or directory: '/root/workspace/ACVP-FIPS-testing/out/acvp-aes-ctr-answers.rsp'
==== End log output ====
Ubuntu 20.04
Kernel: 5.15
Compiler: gcc gcc (Ubuntu 9.4.0-1ubuntu1~20.04.2) 9.4.0
Ubuntu 22.04
Kernel: 5.15
Compiler: gcc gcc (Ubuntu 11.4.0-1ubuntu1~22.04.2) 11.4.0
To view detailed results, visit:
https://lab.dpdk.org/results/dashboard/patchsets/34374/
UNH-IOL DPDK Community Lab
To manage your email subscriptions, visit:
https://lab.dpdk.org/results/dashboard/preferences/subscriptions/
^ permalink raw reply [flat|nested] 24+ messages in thread* |SUCCESS| pw158086-158088 [PATCH] [v3,3/3] dts: add virtio forwardin
[not found] <20251024174702.600147-3-dmarx@iol.unh.edu>
` (13 preceding siblings ...)
2025-10-24 18:52 ` |WARNING| " dpdklab
@ 2025-10-24 19:12 ` dpdklab
2025-10-24 19:12 ` dpdklab
` (8 subsequent siblings)
23 siblings, 0 replies; 24+ messages in thread
From: dpdklab @ 2025-10-24 19:12 UTC (permalink / raw)
To: Test Report; +Cc: dpdk-test-reports
Test-Label: iol-unit-amd64-testing
Test-Status: SUCCESS
http://dpdk.org/patch/158088
_Testing PASS_
Submitter: Dean Marx <dmarx@iol.unh.edu>
Date: Friday, October 24 2025 17:47:00
DPDK git baseline: Repo:dpdk-next-dts
Branch: master
CommitID:c1abcee5a9656fb4890b733e6051aa604c60f146
158086-158088 --> testing pass
Upstream job id: Generic-Unit-Test-DPDK#385075
Test environment and result as below:
+-------------------------------+----------------+
| Environment | dpdk_unit_test |
+===============================+================+
| CentOS Stream 9 | PASS |
+-------------------------------+----------------+
| CentOS Stream 10 | PASS |
+-------------------------------+----------------+
| Fedora Linux 40 | PASS |
+-------------------------------+----------------+
| Debian GNU/Linux 12 | PASS |
+-------------------------------+----------------+
| Fedora Linux 41 | PASS |
+-------------------------------+----------------+
| Red Hat Enterprise Linux 8.10 | PASS |
+-------------------------------+----------------+
| Windows Server 2022 | PASS |
+-------------------------------+----------------+
| Fedora Linux 42 | PASS |
+-------------------------------+----------------+
| Ubuntu 20.04 | PASS |
+-------------------------------+----------------+
| Ubuntu 24.04 | PASS |
+-------------------------------+----------------+
| Ubuntu 22.04 | PASS |
+-------------------------------+----------------+
| Red Hat Enterprise Linux 9.5 | PASS |
+-------------------------------+----------------+
CentOS Stream 9
Kernel: 5.15
Compiler: gcc gcc (GCC) 11.5.0 20240719 (Red Hat 11.5.0-11)
CentOS Stream 10
Kernel: 5.15
Compiler: gcc gcc (GCC) 14.2.1 20250110 (Red Hat 14.2.1-8)
Fedora Linux 40
Kernel: 5.15
Compiler: clang gcc (GCC) 14.2.1 20240912 (Red Hat 14.2.1-3)
Debian GNU/Linux 12
Kernel: 5.15
Compiler: gcc gcc (Debian 12.2.0-14+deb12u1) 12.2.0
Fedora Linux 41
Kernel: 5.15
Compiler: clang gcc (GCC) 14.3.1 20250523 (Red Hat 14.3.1-1)
Red Hat Enterprise Linux 8.10
Kernel: 5.15
Compiler: gcc gcc (GCC) 8.5.0 20210514 (Red Hat 8.5.0-22)
Windows Server 2022
Kernel: 10.0.20348.2031
Compiler: clang 15.0.7, gcc 14.1.0 (MinGW), and MSVC VS 19.39.33521
Fedora Linux 42
Kernel: 5.15
Compiler: gcc gcc (GCC) 15.2.1 20250808 (Red Hat 15.2.1-1)
Ubuntu 20.04
Kernel: 5.15
Compiler: gcc gcc (Ubuntu 9.4.0-1ubuntu1~20.04.2) 9.4.0
Ubuntu 24.04
Kernel: 5.15
Compiler: gcc gcc (Ubuntu 13.3.0-6ubuntu2~24.04) 13.3.0
Ubuntu 22.04
Kernel: 5.15
Compiler: gcc gcc (Ubuntu 11.4.0-1ubuntu1~22.04) 11.4.0
Red Hat Enterprise Linux 9.5
Kernel: 5.15
Compiler: gcc gcc (GCC) 11.5.0 20240719 (Red Hat 11.5.0-2)
To view detailed results, visit:
https://lab.dpdk.org/results/dashboard/patchsets/34374/
UNH-IOL DPDK Community Lab
To manage your email subscriptions, visit:
https://lab.dpdk.org/results/dashboard/preferences/subscriptions/
^ permalink raw reply [flat|nested] 24+ messages in thread* |SUCCESS| pw158086-158088 [PATCH] [v3,3/3] dts: add virtio forwardin
[not found] <20251024174702.600147-3-dmarx@iol.unh.edu>
` (14 preceding siblings ...)
2025-10-24 19:12 ` |SUCCESS| " dpdklab
@ 2025-10-24 19:12 ` dpdklab
2025-10-24 19:40 ` dpdklab
` (7 subsequent siblings)
23 siblings, 0 replies; 24+ messages in thread
From: dpdklab @ 2025-10-24 19:12 UTC (permalink / raw)
To: Test Report; +Cc: dpdk-test-reports
Test-Label: iol-intel-Functional
Test-Status: SUCCESS
http://dpdk.org/patch/158088
_Functional Testing PASS_
Submitter: Dean Marx <dmarx@iol.unh.edu>
Date: Friday, October 24 2025 17:47:00
DPDK git baseline: Repo:dpdk-next-dts
Branch: master
CommitID:c1abcee5a9656fb4890b733e6051aa604c60f146
158086-158088 --> functional testing pass
Upstream job id: Template-DTS-Pipeline#251182
Test environment and result as below:
Ubuntu 24.04 LTS
Kernel: 6.8.0-44-generic
Compiler: gcc 13.2.0
NIC: Intel Corporation Ethernet Controller XL710 for 40GbE QSFP+ 40 Mbps
Aggregate Results by Test Suite
+--------------------+--------+
| Test Suite | Result |
+====================+========+
| blocklist | PASS |
+--------------------+--------+
| promisc_support | PASS |
+--------------------+--------+
| uni_pkt | PASS |
+--------------------+--------+
| dynamic_queue_conf | PASS |
+--------------------+--------+
| hello_world | PASS |
+--------------------+--------+
| l2fwd | PASS |
+--------------------+--------+
| softnic | PASS |
+--------------------+--------+
Ubuntu 24.04
Kernel: 6.8
Compiler: gcc gcc (Ubuntu 13.3.0-6ubuntu2~24.04) 13.3.0
NIC: Intel Corporation 4xxx Series QAT 0 Mbps
Aggregate Results by Test Suite
+----------------------------+--------+
| Test Suite | Result |
+============================+========+
| crypto_perf_cryptodev_perf | PASS |
+----------------------------+--------+
Ubuntu 22.04
Kernel: 5.15
Compiler: gcc gcc (Ubuntu 11.4.0-1ubuntu1~22.04.2) 11.4.0
NIC: Intel Corporation QAT 8970 0 Mbps
Aggregate Results by Test Suite
+----------------------------+--------+
| Test Suite | Result |
+============================+========+
| crypto_perf_cryptodev_perf | PASS |
+----------------------------+--------+
Ubuntu 20.04
Kernel: 5.4
Compiler: gcc gcc (Ubuntu 9.4.0-1ubuntu1~20.04.1) 9.4.0
NIC: Intel Corporation Ethernet Converged Network Adapter XL710-QDA2 40000 Mbps
Aggregate Results by Test Suite
+-----------------------------+--------+
| Test Suite | Result |
+=============================+========+
| unit_tests_mbuf | PASS |
+-----------------------------+--------+
| vhost_virtio_user_interrupt | PASS |
+-----------------------------+--------+
| virtio_smoke | PASS |
+-----------------------------+--------+
To view detailed results, visit:
https://lab.dpdk.org/results/dashboard/patchsets/34374/
UNH-IOL DPDK Community Lab
To manage your email subscriptions, visit:
https://lab.dpdk.org/results/dashboard/preferences/subscriptions/
^ permalink raw reply [flat|nested] 24+ messages in thread* |SUCCESS| pw158086-158088 [PATCH] [v3,3/3] dts: add virtio forwardin
[not found] <20251024174702.600147-3-dmarx@iol.unh.edu>
` (15 preceding siblings ...)
2025-10-24 19:12 ` dpdklab
@ 2025-10-24 19:40 ` dpdklab
2025-10-24 22:24 ` dpdklab
` (6 subsequent siblings)
23 siblings, 0 replies; 24+ messages in thread
From: dpdklab @ 2025-10-24 19:40 UTC (permalink / raw)
To: Test Report; +Cc: dpdk-test-reports
Test-Label: iol-broadcom-Performance
Test-Status: SUCCESS
http://dpdk.org/patch/158088
_Performance Testing PASS_
Submitter: Dean Marx <dmarx@iol.unh.edu>
Date: Friday, October 24 2025 17:47:00
DPDK git baseline: Repo:dpdk-next-dts
Branch: master
CommitID:c1abcee5a9656fb4890b733e6051aa604c60f146
158086-158088 --> performance testing pass
Upstream job id: Template-DTS-Pipeline#251178
Test environment and result as below:
Ubuntu 22.04
Kernel: 5.15
Compiler: gcc gcc (Ubuntu 11.4.0-1ubuntu1~22.04) 11.4.0
NIC: Broadcom Inc. and subsidiaries BCM57414 NetXtreme-E 10Gb/25Gb RDMA Ethernet Controller 16d7 25 Mbps
Fail/Total: 0/3
Detail performance results:
+------------+---------+----------+-------------+------------------------------+
| frame_size | txd/rxd | num_cpus | num_threads | throughput difference from |
| | | | | expected |
+============+=========+==========+=============+==============================+
| 64 | 128 | 1 | 1 | -0.4% |
+------------+---------+----------+-------------+------------------------------+
| 64 | 512 | 1 | 1 | 0.2% |
+------------+---------+----------+-------------+------------------------------+
| 64 | 2048 | 1 | 1 | -0.4% |
+------------+---------+----------+-------------+------------------------------+
Ubuntu 22.04
Kernel: 5.15
Compiler: gcc gcc (Ubuntu 11.4.0-1ubuntu1~22.04.2) 11.4.0
NIC: Arm Broadcom Inc. brcm_57414 25000 Mbps
Fail/Total: 0/2
Detail performance results:
+------------+---------+----------+-------------+------------------------------+
| frame_size | txd/rxd | num_cpus | num_threads | throughput difference from |
| | | | | expected |
+============+=========+==========+=============+==============================+
| 64 | 512 | 1 | 1 | -0.0% |
+------------+---------+----------+-------------+------------------------------+
| 64 | 2048 | 1 | 1 | -0.1% |
+------------+---------+----------+-------------+------------------------------+
To view detailed results, visit:
https://lab.dpdk.org/results/dashboard/patchsets/34374/
UNH-IOL DPDK Community Lab
To manage your email subscriptions, visit:
https://lab.dpdk.org/results/dashboard/preferences/subscriptions/
^ permalink raw reply [flat|nested] 24+ messages in thread* |SUCCESS| pw158086-158088 [PATCH] [v3,3/3] dts: add virtio forwardin
[not found] <20251024174702.600147-3-dmarx@iol.unh.edu>
` (16 preceding siblings ...)
2025-10-24 19:40 ` dpdklab
@ 2025-10-24 22:24 ` dpdklab
2025-10-24 22:37 ` dpdklab
` (5 subsequent siblings)
23 siblings, 0 replies; 24+ messages in thread
From: dpdklab @ 2025-10-24 22:24 UTC (permalink / raw)
To: Test Report; +Cc: dpdk-test-reports
Test-Label: iol-intel-Functional
Test-Status: SUCCESS
http://dpdk.org/patch/158088
_Functional Testing PASS_
Submitter: Dean Marx <dmarx@iol.unh.edu>
Date: Friday, October 24 2025 17:47:00
DPDK git baseline: Repo:dpdk-next-dts
Branch: master
CommitID:c1abcee5a9656fb4890b733e6051aa604c60f146
158086-158088 --> functional testing pass
Upstream job id: Template-DPDK-DTS-Pipeline#2666
Test environment and result as below:
Ubuntu 24.04 LTS
Kernel: 6.8.0-44-generic
Compiler: gcc 13.2.0
NIC: Intel Corporation Ethernet Controller XL710 for 40GbE QSFP+ 40 Mbps
Aggregate Results by Test Suite
+--------------------+--------+
| Test Suite | Result |
+====================+========+
| blocklist | PASS |
+--------------------+--------+
| promisc_support | PASS |
+--------------------+--------+
| uni_pkt | PASS |
+--------------------+--------+
| dynamic_queue_conf | PASS |
+--------------------+--------+
| hello_world | PASS |
+--------------------+--------+
| l2fwd | PASS |
+--------------------+--------+
| softnic | PASS |
+--------------------+--------+
Ubuntu 24.04
Kernel: 6.8
Compiler: gcc gcc (Ubuntu 13.3.0-6ubuntu2~24.04) 13.3.0
NIC: Intel E810 (Arm Grace Server) 100000 Mbps
Aggregate Results by Test Suite
+------------+--------+
| Test Suite | Result |
+============+========+
| blocklist | PASS |
+------------+--------+
| uni_pkt | PASS |
+------------+--------+
Ubuntu 24.04
Kernel: 6.8
Compiler: gcc gcc (Ubuntu 13.3.0-6ubuntu2~24.04) 13.3.0
NIC: Intel Corporation 4xxx Series QAT 0 Mbps
Aggregate Results by Test Suite
+----------------------------+--------+
| Test Suite | Result |
+============================+========+
| crypto_perf_cryptodev_perf | PASS |
+----------------------------+--------+
Ubuntu 22.04
Kernel: 5.15
Compiler: gcc gcc (Ubuntu 11.4.0-1ubuntu1~22.04.2) 11.4.0
NIC: Intel Corporation QAT 8970 0 Mbps
Aggregate Results by Test Suite
+----------------------------+--------+
| Test Suite | Result |
+============================+========+
| crypto_perf_cryptodev_perf | PASS |
+----------------------------+--------+
Ubuntu 20.04
Kernel: 5.4
Compiler: gcc gcc (Ubuntu 9.4.0-1ubuntu1~20.04.1) 9.4.0
NIC: Intel Corporation Ethernet Converged Network Adapter XL710-QDA2 40000 Mbps
Aggregate Results by Test Suite
+-----------------------------+--------+
| Test Suite | Result |
+=============================+========+
| unit_tests_mbuf | PASS |
+-----------------------------+--------+
| vhost_virtio_user_interrupt | PASS |
+-----------------------------+--------+
| virtio_smoke | PASS |
+-----------------------------+--------+
To view detailed results, visit:
https://lab.dpdk.org/results/dashboard/patchsets/34374/
UNH-IOL DPDK Community Lab
To manage your email subscriptions, visit:
https://lab.dpdk.org/results/dashboard/preferences/subscriptions/
^ permalink raw reply [flat|nested] 24+ messages in thread* |SUCCESS| pw158086-158088 [PATCH] [v3,3/3] dts: add virtio forwardin
[not found] <20251024174702.600147-3-dmarx@iol.unh.edu>
` (17 preceding siblings ...)
2025-10-24 22:24 ` dpdklab
@ 2025-10-24 22:37 ` dpdklab
2025-10-24 22:57 ` dpdklab
` (4 subsequent siblings)
23 siblings, 0 replies; 24+ messages in thread
From: dpdklab @ 2025-10-24 22:37 UTC (permalink / raw)
To: Test Report; +Cc: dpdk-test-reports
Test-Label: iol-intel-Performance
Test-Status: SUCCESS
http://dpdk.org/patch/158088
_Performance Testing PASS_
Submitter: Dean Marx <dmarx@iol.unh.edu>
Date: Friday, October 24 2025 17:47:00
DPDK git baseline: Repo:dpdk-next-dts
Branch: master
CommitID:c1abcee5a9656fb4890b733e6051aa604c60f146
158086-158088 --> performance testing pass
Upstream job id: Template-DTS-Pipeline#251179
Test environment and result as below:
Ubuntu 22.04
Kernel: 5.15
Compiler: gcc gcc (Ubuntu 11.4.0-1ubuntu1~22.04.2) 11.4.0
NIC: Intel E810 100000 Mbps
Fail/Total: 0/2
Detail performance results:
+------------+---------+----------+-------------+------------------------------+
| frame_size | txd/rxd | num_cpus | num_threads | throughput difference from |
| | | | | expected |
+============+=========+==========+=============+==============================+
| 64 | 512 | 1 | 1 | 0.1% |
+------------+---------+----------+-------------+------------------------------+
| 64 | 2048 | 1 | 1 | -1.4% |
+------------+---------+----------+-------------+------------------------------+
Ubuntu 24.04
Kernel: 6.8
Compiler: gcc gcc (Ubuntu 13.3.0-6ubuntu2~24.04) 13.3.0
NIC: Intel E810 (Arm Grace Server) 100000 Mbps
Fail/Total: 0/2
Detail performance results:
+------------+---------+----------+-------------+------------------------------+
| frame_size | txd/rxd | num_cpus | num_threads | throughput difference from |
| | | | | expected |
+============+=========+==========+=============+==============================+
| 64 | 512 | 1 | 1 | 0.7% |
+------------+---------+----------+-------------+------------------------------+
| 64 | 2048 | 1 | 1 | 0.4% |
+------------+---------+----------+-------------+------------------------------+
Ubuntu 20.04
Kernel: 5.4
Compiler: gcc gcc (Ubuntu 9.4.0-1ubuntu1~20.04.1) 9.4.0
NIC: Intel Corporation Ethernet Converged Network Adapter XL710-QDA2 40000 Mbps
Fail/Total: 0/4
Detail performance results:
+----------+-------------+---------+------------+------------------------------+
| num_cpus | num_threads | txd/rxd | frame_size | throughput difference from |
| | | | | expected |
+==========+=============+=========+============+==============================+
| 1 | 2 | 512 | 64 | 1.0% |
+----------+-------------+---------+------------+------------------------------+
| 1 | 2 | 2048 | 64 | -2.4% |
+----------+-------------+---------+------------+------------------------------+
| 1 | 1 | 512 | 64 | 1.2% |
+----------+-------------+---------+------------+------------------------------+
| 1 | 1 | 2048 | 64 | 4.5% |
+----------+-------------+---------+------------+------------------------------+
To view detailed results, visit:
https://lab.dpdk.org/results/dashboard/patchsets/34374/
UNH-IOL DPDK Community Lab
To manage your email subscriptions, visit:
https://lab.dpdk.org/results/dashboard/preferences/subscriptions/
^ permalink raw reply [flat|nested] 24+ messages in thread* |SUCCESS| pw158086-158088 [PATCH] [v3,3/3] dts: add virtio forwardin
[not found] <20251024174702.600147-3-dmarx@iol.unh.edu>
` (18 preceding siblings ...)
2025-10-24 22:37 ` dpdklab
@ 2025-10-24 22:57 ` dpdklab
2025-10-25 12:36 ` |WARNING| " dpdklab
` (3 subsequent siblings)
23 siblings, 0 replies; 24+ messages in thread
From: dpdklab @ 2025-10-24 22:57 UTC (permalink / raw)
To: Test Report, Ali Alnubani; +Cc: dpdk-test-reports
Test-Label: iol-mellanox-Performance
Test-Status: SUCCESS
http://dpdk.org/patch/158088
_Performance Testing PASS_
Submitter: Dean Marx <dmarx@iol.unh.edu>
Date: Friday, October 24 2025 17:47:00
DPDK git baseline: Repo:dpdk-next-dts
Branch: master
CommitID:c1abcee5a9656fb4890b733e6051aa604c60f146
158086-158088 --> performance testing pass
Upstream job id: Template-DTS-Pipeline#251173
Test environment and result as below:
Ubuntu 24.04
Kernel: 6.8
Compiler: gcc gcc (Ubuntu 13.3.0-6ubuntu2~24.04) 13.3.0
NIC: Mellanox ConnectX-6 Lx 25000 Mbps
Fail/Total: 0/6
Detail performance results:
+------------+---------+----------+-------------+------------------------------+
| frame_size | txd/rxd | num_cpus | num_threads | throughput difference from |
| | | | | expected |
+============+=========+==========+=============+==============================+
| 64 | 1024 | 1 | 1 | 0.0% |
+------------+---------+----------+-------------+------------------------------+
| 128 | 1024 | 1 | 1 | 0.2% |
+------------+---------+----------+-------------+------------------------------+
| 256 | 1024 | 1 | 1 | 0.2% |
+------------+---------+----------+-------------+------------------------------+
| 512 | 1024 | 1 | 1 | 0.1% |
+------------+---------+----------+-------------+------------------------------+
| 1024 | 1024 | 1 | 1 | 0.1% |
+------------+---------+----------+-------------+------------------------------+
| 1518 | 1024 | 1 | 1 | -0.2% |
+------------+---------+----------+-------------+------------------------------+
Ubuntu 24.04
Kernel: 6.8
Compiler: gcc gcc (Ubuntu 13.3.0-6ubuntu2~24.04) 13.3.0
NIC: NVIDIA Mellanox ConnectX-7 100000 Mbps
Fail/Total: 0/6
Detail performance results:
+------------+---------+----------+-------------+------------------------------+
| frame_size | txd/rxd | num_cpus | num_threads | throughput difference from |
| | | | | expected |
+============+=========+==========+=============+==============================+
| 64 | 1024 | 1 | 1 | -0.4% |
+------------+---------+----------+-------------+------------------------------+
| 128 | 1024 | 1 | 1 | -0.1% |
+------------+---------+----------+-------------+------------------------------+
| 256 | 1024 | 1 | 1 | 0.4% |
+------------+---------+----------+-------------+------------------------------+
| 512 | 1024 | 1 | 1 | 0.1% |
+------------+---------+----------+-------------+------------------------------+
| 1024 | 1024 | 1 | 1 | 0.1% |
+------------+---------+----------+-------------+------------------------------+
| 1518 | 1024 | 1 | 1 | -0.2% |
+------------+---------+----------+-------------+------------------------------+
To view detailed results, visit:
https://lab.dpdk.org/results/dashboard/patchsets/34374/
UNH-IOL DPDK Community Lab
To manage your email subscriptions, visit:
https://lab.dpdk.org/results/dashboard/preferences/subscriptions/
^ permalink raw reply [flat|nested] 24+ messages in thread* |WARNING| pw158086-158088 [PATCH] [v3,3/3] dts: add virtio forwardin
[not found] <20251024174702.600147-3-dmarx@iol.unh.edu>
` (19 preceding siblings ...)
2025-10-24 22:57 ` dpdklab
@ 2025-10-25 12:36 ` dpdklab
2025-10-25 13:16 ` dpdklab
` (2 subsequent siblings)
23 siblings, 0 replies; 24+ messages in thread
From: dpdklab @ 2025-10-25 12:36 UTC (permalink / raw)
To: Test Report; +Cc: dpdk-test-reports
Test-Label: iol-compile-amd64-testing
Test-Status: WARNING
http://dpdk.org/patch/158088
_Testing issues_
Submitter: Dean Marx <dmarx@iol.unh.edu>
Date: Friday, October 24 2025 17:47:00
DPDK git baseline: Repo:dpdk-next-dts
Branch: master
CommitID:c1abcee5a9656fb4890b733e6051aa604c60f146
158086-158088 --> testing issues
Upstream job id: Generic-DPDK-Compile-Meson#437590
Test environment and result as below:
+-------------------------------+--------------------+-------------------------+-------------------+----------------------+-------------------+------------------+
| Environment | dpdk_meson_compile | dpdk_llvm_clang_compile | dpdk_msvc_compile | dpdk_mingw64_compile | dpdk_compile_spdk | dpdk_compile_ovs |
+===============================+====================+=========================+===================+======================+===================+==================+
| Ubuntu 20.04 | PASS | SKIPPED | SKIPPED | SKIPPED | SKIPPED | SKIPPED |
+-------------------------------+--------------------+-------------------------+-------------------+----------------------+-------------------+------------------+
| FreeBSD 14.2 | PASS | SKIPPED | SKIPPED | SKIPPED | SKIPPED | SKIPPED |
+-------------------------------+--------------------+-------------------------+-------------------+----------------------+-------------------+------------------+
| CentOS Stream 9 | PEND | SKIPPED | SKIPPED | SKIPPED | PEND | SKIPPED |
+-------------------------------+--------------------+-------------------------+-------------------+----------------------+-------------------+------------------+
| CentOS Stream 10 | PASS | SKIPPED | SKIPPED | SKIPPED | SKIPPED | SKIPPED |
+-------------------------------+--------------------+-------------------------+-------------------+----------------------+-------------------+------------------+
| Debian GNU/Linux 12 | PEND | SKIPPED | SKIPPED | SKIPPED | PEND | SKIPPED |
+-------------------------------+--------------------+-------------------------+-------------------+----------------------+-------------------+------------------+
| Fedora Linux 42 | PASS | SKIPPED | SKIPPED | SKIPPED | WARN | PASS |
+-------------------------------+--------------------+-------------------------+-------------------+----------------------+-------------------+------------------+
| openSUSE Leap 15.6 | PEND | SKIPPED | SKIPPED | SKIPPED | SKIPPED | SKIPPED |
+-------------------------------+--------------------+-------------------------+-------------------+----------------------+-------------------+------------------+
| Red Hat Enterprise Linux 8.10 | PASS | SKIPPED | SKIPPED | SKIPPED | SKIPPED | SKIPPED |
+-------------------------------+--------------------+-------------------------+-------------------+----------------------+-------------------+------------------+
| Red Hat Enterprise Linux 9.5 | PEND | SKIPPED | SKIPPED | SKIPPED | SKIPPED | SKIPPED |
+-------------------------------+--------------------+-------------------------+-------------------+----------------------+-------------------+------------------+
| Windows Server 2022 | SKIPPED | PASS | PASS | PASS | SKIPPED | SKIPPED |
+-------------------------------+--------------------+-------------------------+-------------------+----------------------+-------------------+------------------+
==== 20 line log output for Fedora Linux 42 (dpdk_compile_spdk): ====
--- Failed to get log output ---
==== End log output ====
Ubuntu 20.04
Kernel: 4.19
Compiler: gcc gcc (Ubuntu 9.4.0-1ubuntu1~20.04.2) 9.4.0
FreeBSD 14.2
Kernel: 14.2-RELEASE
Compiler: clang 18.1.6
CentOS Stream 9
Kernel: 5.15
Compiler: gcc gcc (GCC) 11.5.0 20240719 (Red Hat 11.5.0-11)
CentOS Stream 10
Kernel: 5.15
Compiler: gcc gcc (GCC) 14.2.1 20250110 (Red Hat 14.2.1-8)
Debian GNU/Linux 12
Kernel: 5.15
Compiler: gcc gcc (Debian 12.2.0-14+deb12u1) 12.2.0
Fedora Linux 42
Kernel: 5.15
Compiler: clang gcc (GCC) 15.2.1 20250808 (Red Hat 15.2.1-1)
openSUSE Leap 15.6
Kernel: 5.15
Compiler: gcc gcc (SUSE Linux) 7.5.0
Red Hat Enterprise Linux 8.10
Kernel: 5.15
Compiler: gcc gcc (GCC) 8.5.0 20210514 (Red Hat 8.5.0-22)
Red Hat Enterprise Linux 9.5
Kernel: 5.15
Compiler: gcc gcc (GCC) 11.5.0 20240719 (Red Hat 11.5.0-2)
Windows Server 2022
Kernel: 10.0.20348.2031
Compiler: clang 15.0.7, gcc 14.1.0 (MinGW), and MSVC VS 19.39.33521
To view detailed results, visit:
https://lab.dpdk.org/results/dashboard/patchsets/34374/
UNH-IOL DPDK Community Lab
To manage your email subscriptions, visit:
https://lab.dpdk.org/results/dashboard/preferences/subscriptions/
^ permalink raw reply [flat|nested] 24+ messages in thread* |WARNING| pw158086-158088 [PATCH] [v3,3/3] dts: add virtio forwardin
[not found] <20251024174702.600147-3-dmarx@iol.unh.edu>
` (20 preceding siblings ...)
2025-10-25 12:36 ` |WARNING| " dpdklab
@ 2025-10-25 13:16 ` dpdklab
2025-10-25 13:28 ` |PENDING| " dpdklab
2025-10-25 16:11 ` |SUCCESS| " dpdklab
23 siblings, 0 replies; 24+ messages in thread
From: dpdklab @ 2025-10-25 13:16 UTC (permalink / raw)
To: Test Report; +Cc: dpdk-test-reports
Test-Label: iol-compile-amd64-testing
Test-Status: WARNING
http://dpdk.org/patch/158088
_Testing issues_
Submitter: Dean Marx <dmarx@iol.unh.edu>
Date: Friday, October 24 2025 17:47:00
DPDK git baseline: Repo:dpdk-next-dts
Branch: master
CommitID:c1abcee5a9656fb4890b733e6051aa604c60f146
158086-158088 --> testing issues
Upstream job id: Generic-DPDK-Compile-Meson#437597
Test environment and result as below:
+-------------------------------+--------------------+-------------------------+-------------------+----------------------+-------------------+------------------+
| Environment | dpdk_meson_compile | dpdk_llvm_clang_compile | dpdk_msvc_compile | dpdk_mingw64_compile | dpdk_compile_spdk | dpdk_compile_ovs |
+===============================+====================+=========================+===================+======================+===================+==================+
| Ubuntu 20.04 | PASS | SKIPPED | SKIPPED | SKIPPED | SKIPPED | SKIPPED |
+-------------------------------+--------------------+-------------------------+-------------------+----------------------+-------------------+------------------+
| FreeBSD 14.2 | PASS | SKIPPED | SKIPPED | SKIPPED | SKIPPED | SKIPPED |
+-------------------------------+--------------------+-------------------------+-------------------+----------------------+-------------------+------------------+
| CentOS Stream 9 | PASS | SKIPPED | SKIPPED | SKIPPED | WARN | SKIPPED |
+-------------------------------+--------------------+-------------------------+-------------------+----------------------+-------------------+------------------+
| CentOS Stream 10 | PASS | SKIPPED | SKIPPED | SKIPPED | SKIPPED | SKIPPED |
+-------------------------------+--------------------+-------------------------+-------------------+----------------------+-------------------+------------------+
| Debian GNU/Linux 12 | PASS | SKIPPED | SKIPPED | SKIPPED | WARN | SKIPPED |
+-------------------------------+--------------------+-------------------------+-------------------+----------------------+-------------------+------------------+
| Fedora Linux 42 | PASS | SKIPPED | SKIPPED | SKIPPED | WARN | PASS |
+-------------------------------+--------------------+-------------------------+-------------------+----------------------+-------------------+------------------+
| openSUSE Leap 15.6 | PASS | SKIPPED | SKIPPED | SKIPPED | SKIPPED | SKIPPED |
+-------------------------------+--------------------+-------------------------+-------------------+----------------------+-------------------+------------------+
| Red Hat Enterprise Linux 8.10 | PASS | SKIPPED | SKIPPED | SKIPPED | SKIPPED | SKIPPED |
+-------------------------------+--------------------+-------------------------+-------------------+----------------------+-------------------+------------------+
| Red Hat Enterprise Linux 9.5 | PASS | SKIPPED | SKIPPED | SKIPPED | SKIPPED | SKIPPED |
+-------------------------------+--------------------+-------------------------+-------------------+----------------------+-------------------+------------------+
| Ubuntu 22.04 | PASS | SKIPPED | SKIPPED | SKIPPED | WARN | SKIPPED |
+-------------------------------+--------------------+-------------------------+-------------------+----------------------+-------------------+------------------+
| Ubuntu 24.04 | PASS | SKIPPED | SKIPPED | SKIPPED | WARN | PASS |
+-------------------------------+--------------------+-------------------------+-------------------+----------------------+-------------------+------------------+
| Alpine Linux 3.22.0 | PASS | SKIPPED | SKIPPED | SKIPPED | SKIPPED | SKIPPED |
+-------------------------------+--------------------+-------------------------+-------------------+----------------------+-------------------+------------------+
| Windows Server 2022 | SKIPPED | PASS | PASS | PASS | SKIPPED | SKIPPED |
+-------------------------------+--------------------+-------------------------+-------------------+----------------------+-------------------+------------------+
==== 20 line log output for Ubuntu 24.04 (dpdk_compile_spdk): ====
--- Failed to get log output ---
==== End log output ====
Ubuntu 20.04
Kernel: 4.19
Compiler: gcc gcc (Ubuntu 9.4.0-1ubuntu1~20.04.2) 9.4.0
FreeBSD 14.2
Kernel: 14.2-RELEASE
Compiler: clang 18.1.6
CentOS Stream 9
Kernel: 5.15
Compiler: gcc gcc (GCC) 11.5.0 20240719 (Red Hat 11.5.0-11)
CentOS Stream 10
Kernel: 5.15
Compiler: gcc gcc (GCC) 14.2.1 20250110 (Red Hat 14.2.1-8)
Debian GNU/Linux 12
Kernel: 5.15
Compiler: gcc gcc (Debian 12.2.0-14+deb12u1) 12.2.0
Fedora Linux 42
Kernel: 5.15
Compiler: clang gcc (GCC) 15.2.1 20250808 (Red Hat 15.2.1-1)
openSUSE Leap 15.6
Kernel: 5.15
Compiler: gcc gcc (SUSE Linux) 7.5.0
Red Hat Enterprise Linux 8.10
Kernel: 5.15
Compiler: gcc gcc (GCC) 8.5.0 20210514 (Red Hat 8.5.0-22)
Red Hat Enterprise Linux 9.5
Kernel: 5.15
Compiler: gcc gcc (GCC) 11.5.0 20240719 (Red Hat 11.5.0-2)
Ubuntu 22.04
Kernel: 5.15
Compiler: gcc gcc (Ubuntu 11.4.0-1ubuntu1~22.04) 11.4.0
Ubuntu 24.04
Kernel: 5.15
Compiler: gcc gcc (Ubuntu 13.3.0-6ubuntu2~24.04) 13.3.0
Alpine Linux 3.22.0
Kernel: 5.15
Compiler: gcc gcc (Alpine 14.2.0) 14.2.0
Windows Server 2022
Kernel: 10.0.20348.2031
Compiler: clang 15.0.7, gcc 14.1.0 (MinGW), and MSVC VS 19.39.33521
To view detailed results, visit:
https://lab.dpdk.org/results/dashboard/patchsets/34374/
UNH-IOL DPDK Community Lab
To manage your email subscriptions, visit:
https://lab.dpdk.org/results/dashboard/preferences/subscriptions/
^ permalink raw reply [flat|nested] 24+ messages in thread* |PENDING| pw158086-158088 [PATCH] [v3,3/3] dts: add virtio forwardin
[not found] <20251024174702.600147-3-dmarx@iol.unh.edu>
` (21 preceding siblings ...)
2025-10-25 13:16 ` dpdklab
@ 2025-10-25 13:28 ` dpdklab
2025-10-25 16:11 ` |SUCCESS| " dpdklab
23 siblings, 0 replies; 24+ messages in thread
From: dpdklab @ 2025-10-25 13:28 UTC (permalink / raw)
To: Test Report; +Cc: dpdk-test-reports
Test-Label: iol-compile-arm64-testing
Test-Status: PENDING
http://dpdk.org/patch/158088
_Testing pending_
Submitter: Dean Marx <dmarx@iol.unh.edu>
Date: Friday, October 24 2025 17:47:00
DPDK git baseline: Repo:dpdk-next-dts
Branch: master
CommitID:c1abcee5a9656fb4890b733e6051aa604c60f146
158086-158088 --> testing pending
Upstream job id: Generic-DPDK-Compile-Meson#437600
Test environment and result as below:
+------------------------------+--------------------+
| Environment | dpdk_meson_compile |
+==============================+====================+
| Red Hat Enterprise Linux 9.5 | PEND |
+------------------------------+--------------------+
| Ubuntu 20.04 | PEND |
+------------------------------+--------------------+
| Debian GNU/Linux 12 | PEND |
+------------------------------+--------------------+
| Fedora Linux 42 | PEND |
+------------------------------+--------------------+
| Ubuntu 22.04 | PEND |
+------------------------------+--------------------+
| Ubuntu 24.04 | PEND |
+------------------------------+--------------------+
| CentOS Stream 9 | PEND |
+------------------------------+--------------------+
| CentOS Stream 10 | PEND |
+------------------------------+--------------------+
Red Hat Enterprise Linux 9.5
Kernel: 5.4
Compiler: gcc gcc (GCC) 11.5.0 20240719 (Red Hat 11.5.0-2)
Ubuntu 20.04
Kernel: 5.15
Compiler: aarch64-linux-gnu-gcc gcc (Ubuntu 9.4.0-1ubuntu1~20.04.2) 9.4.0
Debian GNU/Linux 12
Kernel: 5.4
Compiler: gcc gcc (Debian 12.2.0-14+deb12u1) 12.2.0
Fedora Linux 42
Kernel: 5.4
Compiler: gcc gcc (GCC) 15.2.1 20250808 (Red Hat 15.2.1-1)
Ubuntu 22.04
Kernel: 5.4
Compiler: gcc gcc (Ubuntu 11.4.0-1ubuntu1~22.04) 11.4.0
Ubuntu 24.04
Kernel: 5.4
Compiler: gcc gcc (Ubuntu 13.3.0-6ubuntu2~24.04) 13.3.0
CentOS Stream 9
Kernel: 5.4
Compiler: gcc gcc (GCC) 11.5.0 20240719 (Red Hat 11.5.0-11)
CentOS Stream 10
Kernel: 5.4
Compiler: gcc gcc (GCC) 14.2.1 20250110 (Red Hat 14.2.1-8)
To view detailed results, visit:
https://lab.dpdk.org/results/dashboard/patchsets/34374/
UNH-IOL DPDK Community Lab
To manage your email subscriptions, visit:
https://lab.dpdk.org/results/dashboard/preferences/subscriptions/
^ permalink raw reply [flat|nested] 24+ messages in thread* |SUCCESS| pw158086-158088 [PATCH] [v3,3/3] dts: add virtio forwardin
[not found] <20251024174702.600147-3-dmarx@iol.unh.edu>
` (22 preceding siblings ...)
2025-10-25 13:28 ` |PENDING| " dpdklab
@ 2025-10-25 16:11 ` dpdklab
23 siblings, 0 replies; 24+ messages in thread
From: dpdklab @ 2025-10-25 16:11 UTC (permalink / raw)
To: Test Report; +Cc: dpdk-test-reports
Test-Label: iol-unit-arm64-testing
Test-Status: SUCCESS
http://dpdk.org/patch/158088
_Testing PASS_
Submitter: Dean Marx <dmarx@iol.unh.edu>
Date: Friday, October 24 2025 17:47:00
DPDK git baseline: Repo:dpdk-next-dts
Branch: master
CommitID:c1abcee5a9656fb4890b733e6051aa604c60f146
158086-158088 --> testing pass
Upstream job id: Generic-Unit-Test-DPDK#385072
Test environment and result as below:
+------------------------------+--------------+---------------------------+------------------------------+----------------+
| Environment | lpm_autotest | cryptodev_sw_zuc_autotest | cryptodev_sw_snow3g_autotest | dpdk_unit_test |
+==============================+==============+===========================+==============================+================+
| Ubuntu 20.04 | PASS | SKIPPED | SKIPPED | PASS |
+------------------------------+--------------+---------------------------+------------------------------+----------------+
| Debian 12 (arm) | SKIPPED | PASS | PASS | SKIPPED |
+------------------------------+--------------+---------------------------+------------------------------+----------------+
| CentOS Stream 9 | SKIPPED | SKIPPED | SKIPPED | PASS |
+------------------------------+--------------+---------------------------+------------------------------+----------------+
| Debian GNU/Linux 12 | SKIPPED | SKIPPED | SKIPPED | PASS |
+------------------------------+--------------+---------------------------+------------------------------+----------------+
| CentOS Stream 10 | SKIPPED | SKIPPED | SKIPPED | PASS |
+------------------------------+--------------+---------------------------+------------------------------+----------------+
| Fedora Linux 40 | SKIPPED | SKIPPED | SKIPPED | PASS |
+------------------------------+--------------+---------------------------+------------------------------+----------------+
| Fedora Linux 41 | SKIPPED | SKIPPED | SKIPPED | PASS |
+------------------------------+--------------+---------------------------+------------------------------+----------------+
| Fedora Linux 42 | SKIPPED | SKIPPED | SKIPPED | PASS |
+------------------------------+--------------+---------------------------+------------------------------+----------------+
| Ubuntu 22.04 | SKIPPED | SKIPPED | SKIPPED | PASS |
+------------------------------+--------------+---------------------------+------------------------------+----------------+
| Red Hat Enterprise Linux 9.5 | SKIPPED | SKIPPED | SKIPPED | PASS |
+------------------------------+--------------+---------------------------+------------------------------+----------------+
| Ubuntu 24.04 | SKIPPED | SKIPPED | SKIPPED | PASS |
+------------------------------+--------------+---------------------------+------------------------------+----------------+
Ubuntu 20.04
Kernel: 5.4
Compiler: gcc gcc (Ubuntu 9.4.0-1ubuntu1~20.04.2) 9.4.0
Debian 12 (arm)
Kernel: Depends on container host
Compiler: gcc (Debian 12.2.0-14) 12.2.0
CentOS Stream 9
Kernel: 5.4
Compiler: gcc gcc (GCC) 11.5.0 20240719 (Red Hat 11.5.0-11)
Debian GNU/Linux 12
Kernel: 5.4
Compiler: gcc gcc (Debian 12.2.0-14+deb12u1) 12.2.0
CentOS Stream 10
Kernel: 5.4
Compiler: gcc gcc (GCC) 14.2.1 20250110 (Red Hat 14.2.1-8)
Fedora Linux 40
Kernel: 5.4
Compiler: gcc gcc (GCC) 14.2.1 20240912 (Red Hat 14.2.1-3)
Fedora Linux 41
Kernel: 5.4
Compiler: gcc gcc (GCC) 14.3.1 20250523 (Red Hat 14.3.1-1)
Fedora Linux 42
Kernel: 5.4
Compiler: gcc gcc (GCC) 15.2.1 20250808 (Red Hat 15.2.1-1)
Ubuntu 22.04
Kernel: 5.15
Compiler: gcc gcc (Ubuntu 11.4.0-1ubuntu1~22.04.2) 11.4.0
Red Hat Enterprise Linux 9.5
Kernel: 5.4
Compiler: gcc gcc (GCC) 11.5.0 20240719 (Red Hat 11.5.0-2)
Ubuntu 24.04
Kernel: 5.4
Compiler: gcc gcc (Ubuntu 13.3.0-6ubuntu2~24.04) 13.3.0
To view detailed results, visit:
https://lab.dpdk.org/results/dashboard/patchsets/34374/
UNH-IOL DPDK Community Lab
To manage your email subscriptions, visit:
https://lab.dpdk.org/results/dashboard/preferences/subscriptions/
^ permalink raw reply [flat|nested] 24+ messages in thread