From: qemudev@loongson.cn
To: test-report@dpdk.org
Subject: |SUCCESS| pw158089-158090 [PATCH v3 2/2] dts: add QinQ test suite
Date: Sat, 25 Oct 2025 01:41:40 +0800 [thread overview]
Message-ID: <202510241741.59OHfeJv442664@localhost.localdomain> (raw)
In-Reply-To: <20251024181606.604135-2-dmarx@iol.unh.edu>
Test-Label: loongarch-compilation
Test-Status: SUCCESS
http://dpdk.org/patch/158090
_Compilation OK_
Submitter: Dean Marx <dmarx@iol.unh.edu>
Date: Fri, 24 Oct 2025 14:16:05 -0400
DPDK git baseline: Repo:dpdk
Branch: main
CommitID: 90f838a042f3e1bd663aca16bcdfc4dcd14b47d5
158089-158090 --> meson & ninja build successfully
Test environment and result as below:
+---------------------+----------------+
| Environment | compilation |
+---------------------+----------------+
| Loongnix-Server 8.3 | PASS |
+---------------------+----------------+
Loongnix-Server 8.3
Kernel: 4.19.190+
Compiler: gcc 8.3
next parent reply other threads:[~2025-10-24 18:18 UTC|newest]
Thread overview: 26+ messages / expand[flat|nested] mbox.gz Atom feed top
[not found] <20251024181606.604135-2-dmarx@iol.unh.edu>
2025-10-24 17:41 ` qemudev [this message]
2025-10-24 17:46 ` qemudev
2025-10-24 18:16 ` |SUCCESS| pw158090 " checkpatch
2025-10-24 18:40 ` |FAILURE| pw158089-158090 [PATCH] [v3,2/2] " dpdklab
2025-10-24 18:43 ` |PENDING| " dpdklab
2025-10-24 18:47 ` |SUCCESS| " dpdklab
2025-10-24 18:55 ` |PENDING| " dpdklab
2025-10-24 18:56 ` |WARNING| " dpdklab
2025-10-24 19:03 ` |SUCCESS| " dpdklab
2025-10-24 19:05 ` dpdklab
2025-10-24 19:08 ` dpdklab
2025-10-24 19:08 ` |PENDING| " dpdklab
2025-10-24 19:11 ` |FAILURE| pw158090 [PATCH v3 2/2] " 0-day Robot
2025-10-24 19:12 ` |PENDING| pw158089-158090 [PATCH] [v3,2/2] " dpdklab
2025-10-24 19:15 ` |SUCCESS| " dpdklab
2025-10-24 19:38 ` |WARNING| " dpdklab
2025-10-24 20:07 ` |SUCCESS| " dpdklab
2025-10-24 20:08 ` dpdklab
2025-10-24 21:12 ` dpdklab
2025-10-24 22:40 ` dpdklab
2025-10-24 22:53 ` dpdklab
2025-10-24 23:22 ` dpdklab
2025-10-25 11:00 ` dpdklab
2025-10-25 15:09 ` |WARNING| " dpdklab
2025-10-25 16:02 ` dpdklab
2025-10-25 16:29 ` dpdklab
Reply instructions:
You may reply publicly to this message via plain-text email
using any one of the following methods:
* Save the following mbox file, import it into your mail client,
and reply-to-all from there: mbox
Avoid top-posting and favor interleaved quoting:
https://en.wikipedia.org/wiki/Posting_style#Interleaved_style
* Reply using the --to, --cc, and --in-reply-to
switches of git-send-email(1):
git send-email \
--in-reply-to=202510241741.59OHfeJv442664@localhost.localdomain \
--to=qemudev@loongson.cn \
--cc=test-report@dpdk.org \
/path/to/YOUR_REPLY
https://kernel.org/pub/software/scm/git/docs/git-send-email.html
* If your mail client supports setting the In-Reply-To header
via mailto: links, try the mailto: link
Be sure your reply has a Subject: header at the top and a blank line
before the message body.
This is a public inbox, see mirroring instructions
for how to clone and mirror all data and code used for this inbox;
as well as URLs for NNTP newsgroup(s).