From: qemudev@loongson.cn
To: test-report@dpdk.org
Subject: |SUCCESS| pw158113-158130 [PATCH 19/19] net/txgbe: remove unsupported flow action mark
Date: Mon, 27 Oct 2025 10:43:54 +0800 [thread overview]
Message-ID: <202510270243.59R2hseP1249324@localhost.localdomain> (raw)
In-Reply-To: <20251027031542.10512-20-jiawenwu@trustnetic.com>
Test-Label: loongarch-compilation
Test-Status: SUCCESS
http://dpdk.org/patch/158130
_Compilation OK_
Submitter: Jiawen Wu <jiawenwu@trustnetic.com>
Date: Mon, 27 Oct 2025 11:15:24 +0800
DPDK git baseline: Repo:dpdk-next-net
Branch: main
CommitID: 9670fb84b607e9292648e6b66e50e74adea05774
158113-158130 --> meson & ninja build successfully
Test environment and result as below:
+---------------------+----------------+
| Environment | compilation |
+---------------------+----------------+
| Loongnix-Server 8.3 | PASS |
+---------------------+----------------+
Loongnix-Server 8.3
Kernel: 4.19.190+
Compiler: gcc 8.3
next parent reply other threads:[~2025-10-27 3:20 UTC|newest]
Thread overview: 27+ messages / expand[flat|nested] mbox.gz Atom feed top
[not found] <20251027031542.10512-20-jiawenwu@trustnetic.com>
2025-10-27 2:43 ` qemudev [this message]
2025-10-27 2:48 ` qemudev
2025-10-27 3:18 ` |SUCCESS| pw158130 " checkpatch
2025-10-27 3:40 ` |PENDING| pw158113-158130 [PATCH] [19/19] net/txgbe: remove unsuppor dpdklab
2025-10-27 3:43 ` dpdklab
2025-10-27 3:43 ` dpdklab
2025-10-27 3:44 ` |SUCCESS| " dpdklab
2025-10-27 3:48 ` dpdklab
2025-10-27 3:50 ` |PENDING| " dpdklab
2025-10-27 3:52 ` |FAILURE| " dpdklab
2025-10-27 3:52 ` dpdklab
2025-10-27 3:52 ` dpdklab
2025-10-27 3:53 ` |PENDING| " dpdklab
2025-10-27 4:00 ` |SUCCESS| " dpdklab
2025-10-27 4:03 ` |WARNING| " dpdklab
2025-10-27 4:03 ` |SUCCESS| " dpdklab
2025-10-27 4:07 ` dpdklab
2025-10-27 4:13 ` |WARNING| " dpdklab
2025-10-27 4:23 ` |SUCCESS| pw158130 [PATCH 19/19] net/txgbe: remove unsupported flow action mark 0-day Robot
2025-10-27 4:23 ` 0-day Robot
2025-10-27 4:24 ` |SUCCESS| pw158113-158130 [PATCH] [19/19] net/txgbe: remove unsuppor dpdklab
2025-10-27 4:29 ` dpdklab
2025-10-27 5:21 ` dpdklab
2025-10-27 5:24 ` |WARNING| " dpdklab
2025-10-27 5:27 ` |SUCCESS| " dpdklab
2025-10-27 5:30 ` dpdklab
2025-10-27 8:04 ` dpdklab
Reply instructions:
You may reply publicly to this message via plain-text email
using any one of the following methods:
* Save the following mbox file, import it into your mail client,
and reply-to-all from there: mbox
Avoid top-posting and favor interleaved quoting:
https://en.wikipedia.org/wiki/Posting_style#Interleaved_style
* Reply using the --to, --cc, and --in-reply-to
switches of git-send-email(1):
git send-email \
--in-reply-to=202510270243.59R2hseP1249324@localhost.localdomain \
--to=qemudev@loongson.cn \
--cc=test-report@dpdk.org \
/path/to/YOUR_REPLY
https://kernel.org/pub/software/scm/git/docs/git-send-email.html
* If your mail client supports setting the In-Reply-To header
via mailto: links, try the mailto: link
Be sure your reply has a Subject: header at the top and a blank line
before the message body.
This is a public inbox, see mirroring instructions
for how to clone and mirror all data and code used for this inbox;
as well as URLs for NNTP newsgroup(s).