automatic DPDK test reports
 help / color / mirror / Atom feed
From: qemudev@loongson.cn
To: test-report@dpdk.org
Subject: |SUCCESS| pw158164-158166 [PATCH dpdk v3 3/3] net/tap: detect namespace change
Date: Tue, 28 Oct 2025 05:44:37 +0800	[thread overview]
Message-ID: <202510272144.59RLibac1752172@localhost.localdomain> (raw)
In-Reply-To: <20251027221622.494080-8-rjarry@redhat.com>

Test-Label: loongarch-compilation
Test-Status: SUCCESS
http://dpdk.org/patch/158166

_Compilation OK_

Submitter: Robin Jarry <rjarry@redhat.com>
Date: Mon, 27 Oct 2025 23:16:23 +0100
DPDK git baseline: Repo:dpdk-next-net
  Branch: main
  CommitID: 11a6a4b1f19140ac3a57ace844be3cba00c39eaa

158164-158166 --> meson & ninja build successfully

Test environment and result as below:

+---------------------+----------------+
|     Environment     | compilation    |
+---------------------+----------------+
| Loongnix-Server 8.3 | PASS           |
+---------------------+----------------+

Loongnix-Server 8.3
    Kernel: 4.19.190+
    Compiler: gcc 8.3


       reply	other threads:[~2025-10-27 22:21 UTC|newest]

Thread overview: 27+ messages / expand[flat|nested]  mbox.gz  Atom feed  top
     [not found] <20251027221622.494080-8-rjarry@redhat.com>
2025-10-27 21:44 ` qemudev [this message]
2025-10-27 21:49 ` qemudev
2025-10-27 22:17 ` |SUCCESS| pw158166 " checkpatch
2025-10-27 22:42 ` |PENDING| pw158164-158166 [PATCH] [v3,3/3] net/tap: detect namespace dpdklab
2025-10-27 22:44 ` dpdklab
2025-10-27 22:44 ` dpdklab
2025-10-27 22:44 ` |SUCCESS| " dpdklab
2025-10-27 22:49 ` dpdklab
2025-10-27 22:50 ` |PENDING| " dpdklab
2025-10-27 22:53 ` dpdklab
2025-10-27 23:01 ` |SUCCESS| " dpdklab
2025-10-27 23:02 ` |FAILURE| " dpdklab
2025-10-27 23:04 ` |SUCCESS| " dpdklab
2025-10-27 23:06 ` dpdklab
2025-10-27 23:06 ` dpdklab
2025-10-27 23:07 ` |WARNING| " dpdklab
2025-10-27 23:18 ` |SUCCESS| " dpdklab
2025-10-27 23:25 ` |WARNING| " dpdklab
2025-10-27 23:25 ` |SUCCESS| " dpdklab
2025-10-27 23:30 ` |WARNING| " dpdklab
2025-10-27 23:36 ` |SUCCESS| pw158166 [PATCH dpdk v3 3/3] net/tap: detect namespace change 0-day Robot
2025-10-27 23:36 ` 0-day Robot
2025-10-27 23:38 ` |SUCCESS| pw158164-158166 [PATCH] [v3,3/3] net/tap: detect namespace dpdklab
2025-10-27 23:39 ` |WARNING| " dpdklab
2025-10-27 23:43 ` |SUCCESS| " dpdklab
2025-10-28  0:01 ` dpdklab
2025-10-28  2:10 ` dpdklab

Reply instructions:

You may reply publicly to this message via plain-text email
using any one of the following methods:

* Save the following mbox file, import it into your mail client,
  and reply-to-all from there: mbox

  Avoid top-posting and favor interleaved quoting:
  https://en.wikipedia.org/wiki/Posting_style#Interleaved_style

* Reply using the --to, --cc, and --in-reply-to
  switches of git-send-email(1):

  git send-email \
    --in-reply-to=202510272144.59RLibac1752172@localhost.localdomain \
    --to=qemudev@loongson.cn \
    --cc=test-report@dpdk.org \
    /path/to/YOUR_REPLY

  https://kernel.org/pub/software/scm/git/docs/git-send-email.html

* If your mail client supports setting the In-Reply-To header
  via mailto: links, try the mailto: link
Be sure your reply has a Subject: header at the top and a blank line before the message body.
This is a public inbox, see mirroring instructions
for how to clone and mirror all data and code used for this inbox;
as well as URLs for NNTP newsgroup(s).