From: qemudev@loongson.cn
To: test-report@dpdk.org
Subject: |SUCCESS| pw158189 [PATCH] doc: fix doxygen errors with v1.15.0
Date: Tue, 28 Oct 2025 21:37:24 +0800 [thread overview]
Message-ID: <202510281337.59SDbOBx2271314@localhost.localdomain> (raw)
In-Reply-To: <20251028141159.177727-1-jerinj@marvell.com>
Test-Label: loongarch-compilation
Test-Status: SUCCESS
http://dpdk.org/patch/158189
_Compilation OK_
Submitter: Jerin Jacob <jerinj@marvell.com>
Date: Tue, 28 Oct 2025 19:41:59 +0530
DPDK git baseline: Repo:dpdk
Branch: main
CommitID: 39b54f2dcf44ad1f91eabc7080cd5dea763607fd
158189 --> meson & ninja build successfully
Test environment and result as below:
+---------------------+----------------+
| Environment | compilation |
+---------------------+----------------+
| Loongnix-Server 8.3 | PASS |
+---------------------+----------------+
Loongnix-Server 8.3
Kernel: 4.19.190+
Compiler: gcc 8.3
next parent reply other threads:[~2025-10-28 14:14 UTC|newest]
Thread overview: 30+ messages / expand[flat|nested] mbox.gz Atom feed top
[not found] <20251028141159.177727-1-jerinj@marvell.com>
2025-10-28 13:37 ` qemudev [this message]
2025-10-28 13:42 ` qemudev
2025-10-28 14:12 ` checkpatch
2025-10-28 14:48 ` |PENDING| " dpdklab
2025-10-28 14:50 ` |SUCCESS| " dpdklab
2025-10-28 14:54 ` dpdklab
2025-10-28 14:58 ` dpdklab
2025-10-28 14:59 ` dpdklab
2025-10-28 15:07 ` dpdklab
2025-10-28 15:10 ` dpdklab
2025-10-28 15:11 ` |PENDING| " dpdklab
2025-10-28 15:12 ` |SUCCESS| " dpdklab
2025-10-28 15:39 ` dpdklab
2025-10-28 15:39 ` |FAILURE| pw158189 [dpdk-dev] " 0-day Robot
2025-10-28 18:31 ` |WARNING| pw158189 " dpdklab
2025-10-28 18:32 ` |PENDING| " dpdklab
2025-10-28 18:57 ` |WARNING| " dpdklab
2025-10-28 19:29 ` |PENDING| " dpdklab
2025-10-28 19:58 ` |WARNING| " dpdklab
2025-10-28 19:59 ` dpdklab
2025-10-28 19:59 ` dpdklab
2025-10-28 20:31 ` |SUCCESS| " dpdklab
2025-10-28 20:46 ` dpdklab
2025-10-28 21:05 ` dpdklab
2025-10-28 21:09 ` dpdklab
2025-10-28 21:35 ` dpdklab
2025-10-28 22:27 ` dpdklab
2025-10-28 23:01 ` |WARNING| " dpdklab
2025-10-28 23:02 ` dpdklab
2025-10-29 6:04 ` |SUCCESS| " dpdklab
Reply instructions:
You may reply publicly to this message via plain-text email
using any one of the following methods:
* Save the following mbox file, import it into your mail client,
and reply-to-all from there: mbox
Avoid top-posting and favor interleaved quoting:
https://en.wikipedia.org/wiki/Posting_style#Interleaved_style
* Reply using the --to, --cc, and --in-reply-to
switches of git-send-email(1):
git send-email \
--in-reply-to=202510281337.59SDbOBx2271314@localhost.localdomain \
--to=qemudev@loongson.cn \
--cc=test-report@dpdk.org \
/path/to/YOUR_REPLY
https://kernel.org/pub/software/scm/git/docs/git-send-email.html
* If your mail client supports setting the In-Reply-To header
via mailto: links, try the mailto: link
Be sure your reply has a Subject: header at the top and a blank line
before the message body.
This is a public inbox, see mirroring instructions
for how to clone and mirror all data and code used for this inbox;
as well as URLs for NNTP newsgroup(s).