automatic DPDK test reports
 help / color / mirror / Atom feed
From: qemudev@loongson.cn
To: test-report@dpdk.org
Subject: |SUCCESS| pw158206 [PATCH] bitmap: change return value of rte_bitmap_free
Date: Wed, 29 Oct 2025 04:09:30 +0800	[thread overview]
Message-ID: <202510282009.59SK9Usw2542072@localhost.localdomain> (raw)
In-Reply-To: <20251028204432.880074-1-stephen@networkplumber.org>

Test-Label: loongarch-compilation
Test-Status: SUCCESS
http://dpdk.org/patch/158206

_Compilation OK_

Submitter: Stephen Hemminger <stephen@networkplumber.org>
Date: Tue, 28 Oct 2025 13:44:32 -0700
DPDK git baseline: Repo:dpdk
  Branch: main
  CommitID: 39b54f2dcf44ad1f91eabc7080cd5dea763607fd

158206 --> meson & ninja build successfully

Test environment and result as below:

+---------------------+----------------+
|     Environment     | compilation    |
+---------------------+----------------+
| Loongnix-Server 8.3 | PASS           |
+---------------------+----------------+

Loongnix-Server 8.3
    Kernel: 4.19.190+
    Compiler: gcc 8.3


       reply	other threads:[~2025-10-28 20:46 UTC|newest]

Thread overview: 28+ messages / expand[flat|nested]  mbox.gz  Atom feed  top
     [not found] <20251028204432.880074-1-stephen@networkplumber.org>
2025-10-28 20:09 ` qemudev [this message]
2025-10-28 20:14 ` qemudev
2025-10-28 20:44 ` checkpatch
2025-10-28 21:14 ` |SUCCESS| pw158206 [PATCH] bitmap: change return value of rte_bitmap dpdklab
2025-10-28 21:19 ` dpdklab
2025-10-28 21:20 ` |PENDING| " dpdklab
2025-10-28 21:32 ` |SUCCESS| " dpdklab
2025-10-28 21:33 ` |PENDING| " dpdklab
2025-10-28 21:34 ` |SUCCESS| " dpdklab
2025-10-28 21:35 ` dpdklab
2025-10-28 21:37 ` dpdklab
2025-10-28 21:45 ` |WARNING| " dpdklab
2025-10-28 21:47 ` dpdklab
2025-10-28 22:18 ` |FAILURE| pw158206 [PATCH] bitmap: change return value of rte_bitmap_free 0-day Robot
2025-10-28 22:43 ` |SUCCESS| pw158206 [PATCH] bitmap: change return value of rte_bitmap dpdklab
2025-10-28 23:46 ` |PENDING| " dpdklab
2025-10-28 23:51 ` |WARNING| " dpdklab
2025-10-28 23:51 ` dpdklab
2025-10-29  0:27 ` |SUCCESS| " dpdklab
2025-10-29  0:33 ` |WARNING| " dpdklab
2025-10-29  0:35 ` dpdklab
2025-10-29  0:36 ` |PENDING| " dpdklab
2025-10-29  0:46 ` |SUCCESS| " dpdklab
2025-10-29  1:08 ` dpdklab
2025-10-29  4:36 ` dpdklab
2025-10-29  4:49 ` dpdklab
2025-10-29  6:45 ` dpdklab
2025-10-30  8:39 ` dpdklab

Reply instructions:

You may reply publicly to this message via plain-text email
using any one of the following methods:

* Save the following mbox file, import it into your mail client,
  and reply-to-all from there: mbox

  Avoid top-posting and favor interleaved quoting:
  https://en.wikipedia.org/wiki/Posting_style#Interleaved_style

* Reply using the --to, --cc, and --in-reply-to
  switches of git-send-email(1):

  git send-email \
    --in-reply-to=202510282009.59SK9Usw2542072@localhost.localdomain \
    --to=qemudev@loongson.cn \
    --cc=test-report@dpdk.org \
    /path/to/YOUR_REPLY

  https://kernel.org/pub/software/scm/git/docs/git-send-email.html

* If your mail client supports setting the In-Reply-To header
  via mailto: links, try the mailto: link
Be sure your reply has a Subject: header at the top and a blank line before the message body.
This is a public inbox, see mirroring instructions
for how to clone and mirror all data and code used for this inbox;
as well as URLs for NNTP newsgroup(s).