automatic DPDK test reports
 help / color / mirror / Atom feed
From: qemudev@loongson.cn
To: test-report@dpdk.org
Subject: |SUCCESS| pw158284 [RFC] ethdev: fix UAF in rte_eth_tx_burst with filtering
Date: Thu, 30 Oct 2025 07:19:28 +0800	[thread overview]
Message-ID: <202510292319.59TNJSjp3186590@localhost.localdomain> (raw)
In-Reply-To: <20251029235400.1486861-1-stephen@networkplumber.org>

Test-Label: loongarch-compilation
Test-Status: SUCCESS
http://dpdk.org/patch/158284

_Compilation OK_

Submitter: Stephen Hemminger <stephen@networkplumber.org>
Date: Wed, 29 Oct 2025 16:54:00 -0700
DPDK git baseline: Repo:dpdk-next-net
  Branch: main
  CommitID: 33145656260ac9a87590daab3d6f57aa9e579247

158284 --> meson & ninja build successfully

Test environment and result as below:

+---------------------+----------------+
|     Environment     | compilation    |
+---------------------+----------------+
| Loongnix-Server 8.3 | PASS           |
+---------------------+----------------+

Loongnix-Server 8.3
    Kernel: 4.19.190+
    Compiler: gcc 8.3


       reply	other threads:[~2025-10-29 23:56 UTC|newest]

Thread overview: 26+ messages / expand[flat|nested]  mbox.gz  Atom feed  top
     [not found] <20251029235400.1486861-1-stephen@networkplumber.org>
2025-10-29 23:19 ` qemudev [this message]
2025-10-29 23:24 ` qemudev
2025-10-29 23:54 ` checkpatch
2025-10-30  0:27 ` |PENDING| pw158284 [PATCH] [RFC] ethdev: fix UAF in rte_eth_tx_burst dpdklab
2025-10-30  0:27 ` |SUCCESS| " dpdklab
2025-10-30  0:33 ` dpdklab
2025-10-30  0:53 ` dpdklab
2025-10-30  0:54 ` dpdklab
2025-10-30  0:56 ` |SUCCESS| pw158284 [RFC] ethdev: fix UAF in rte_eth_tx_burst with filtering 0-day Robot
2025-10-30  0:56 ` 0-day Robot
2025-10-30  0:57 ` |PENDING| pw158284 [PATCH] [RFC] ethdev: fix UAF in rte_eth_tx_burst dpdklab
2025-10-30  0:59 ` |SUCCESS| " dpdklab
2025-10-30  1:02 ` |PENDING| " dpdklab
2025-10-30  1:03 ` |SUCCESS| " dpdklab
2025-10-30  1:03 ` dpdklab
2025-10-30  1:12 ` |FAILURE| " dpdklab
2025-10-30  1:27 ` |WARNING| " dpdklab
2025-10-30  1:30 ` |PENDING| " dpdklab
2025-10-30  1:32 ` |SUCCESS| " dpdklab
2025-10-30  1:42 ` |WARNING| " dpdklab
2025-10-30  1:51 ` |SUCCESS| " dpdklab
2025-10-30  1:54 ` dpdklab
2025-10-30  1:56 ` |WARNING| " dpdklab
2025-10-30  2:01 ` dpdklab
2025-10-30  2:02 ` |SUCCESS| " dpdklab
2025-10-30  7:51 ` dpdklab

Reply instructions:

You may reply publicly to this message via plain-text email
using any one of the following methods:

* Save the following mbox file, import it into your mail client,
  and reply-to-all from there: mbox

  Avoid top-posting and favor interleaved quoting:
  https://en.wikipedia.org/wiki/Posting_style#Interleaved_style

* Reply using the --to, --cc, and --in-reply-to
  switches of git-send-email(1):

  git send-email \
    --in-reply-to=202510292319.59TNJSjp3186590@localhost.localdomain \
    --to=qemudev@loongson.cn \
    --cc=test-report@dpdk.org \
    /path/to/YOUR_REPLY

  https://kernel.org/pub/software/scm/git/docs/git-send-email.html

* If your mail client supports setting the In-Reply-To header
  via mailto: links, try the mailto: link
Be sure your reply has a Subject: header at the top and a blank line before the message body.
This is a public inbox, see mirroring instructions
for how to clone and mirror all data and code used for this inbox;
as well as URLs for NNTP newsgroup(s).