automatic DPDK test reports
 help / color / mirror / Atom feed
* |SUCCESS| pw158300-158304 [PATCH 5/5] bpf: remove use of vla
       [not found] <20251030173732.246435-6-stephen@networkplumber.org>
@ 2025-10-30 17:17 ` qemudev
  2025-10-30 17:21 ` qemudev
                   ` (2 subsequent siblings)
  3 siblings, 0 replies; 4+ messages in thread
From: qemudev @ 2025-10-30 17:17 UTC (permalink / raw)
  To: test-report

Test-Label: loongarch-compilation
Test-Status: SUCCESS
http://dpdk.org/patch/158304

_Compilation OK_

Submitter: Stephen Hemminger <stephen@networkplumber.org>
Date: Thu, 30 Oct 2025 10:34:09 -0700
DPDK git baseline: Repo:dpdk
  Branch: main
  CommitID: 39b54f2dcf44ad1f91eabc7080cd5dea763607fd

158300-158304 --> meson & ninja build successfully

Test environment and result as below:

+---------------------+----------------+
|     Environment     | compilation    |
+---------------------+----------------+
| Loongnix-Server 8.3 | PASS           |
+---------------------+----------------+

Loongnix-Server 8.3
    Kernel: 4.19.190+
    Compiler: gcc 8.3


^ permalink raw reply	[flat|nested] 4+ messages in thread

* |SUCCESS| pw158300-158304 [PATCH 5/5] bpf: remove use of vla
       [not found] <20251030173732.246435-6-stephen@networkplumber.org>
  2025-10-30 17:17 ` |SUCCESS| pw158300-158304 [PATCH 5/5] bpf: remove use of vla qemudev
@ 2025-10-30 17:21 ` qemudev
  2025-10-30 17:38 ` |SUCCESS| pw158304 " checkpatch
  2025-10-30 19:07 ` |FAILURE| " 0-day Robot
  3 siblings, 0 replies; 4+ messages in thread
From: qemudev @ 2025-10-30 17:21 UTC (permalink / raw)
  To: test-report

Test-Label: loongarch-unit-testing
Test-Status: SUCCESS
http://dpdk.org/patch/158304

_Unit Testing PASS_

Submitter: Stephen Hemminger <stephen@networkplumber.org>
Date: Thu, 30 Oct 2025 10:34:09 -0700
DPDK git baseline: Repo:dpdk
  Branch: main
  CommitID: 39b54f2dcf44ad1f91eabc7080cd5dea763607fd

158300-158304 --> testing pass

Test environment and result as below:

+---------------------+----------------+
|     Environment     | dpdk_unit_test |
+---------------------+----------------+
| Loongnix-Server 8.3 | PASS           |
+---------------------+----------------+

Loongnix-Server 8.3
    Kernel: 4.19.190+
    Compiler: gcc 8.3


Test result details:
  1/123 DPDK:fast-tests / acl_autotest                            OK              3.26s
  2/123 DPDK:fast-tests / alarm_autotest                          OK              1.56s
  3/123 DPDK:fast-tests / argparse_autotest                       OK              0.53s
  4/123 DPDK:fast-tests / atomic_autotest                         OK              7.66s
  5/123 DPDK:fast-tests / bitcount_autotest                       OK              0.21s
  6/123 DPDK:fast-tests / bitmap_autotest                         OK              0.20s
  7/123 DPDK:fast-tests / bitops_autotest                         OK              1.70s
  8/123 DPDK:fast-tests / bitratestats_autotest                   OK              0.20s
  9/123 DPDK:fast-tests / bitset_autotest                         OK              2.96s
 10/123 DPDK:fast-tests / bpf_autotest                            OK              0.20s
 11/123 DPDK:fast-tests / bpf_elf_load_autotest                   SKIP            0.20s   exit status 77
 12/123 DPDK:fast-tests / bpf_eth_tx_elf_load_autotest            SKIP            0.20s   exit status 77
 13/123 DPDK:fast-tests / bpf_eth_rx_elf_load_autotest            SKIP            0.20s   exit status 77
 14/123 DPDK:fast-tests / bpf_convert_autotest                    OK              0.21s
 15/123 DPDK:fast-tests / byteorder_autotest                      OK              0.20s
 16/123 DPDK:fast-tests / cfgfile_autotest                        OK              0.20s
 17/123 DPDK:fast-tests / cksum_autotest                          OK              0.20s
 18/123 DPDK:fast-tests / cmdline_autotest                        OK              0.20s
 19/123 DPDK:fast-tests / common_autotest                         OK              1.09s
 20/123 DPDK:fast-tests / compressdev_autotest                    SKIP            0.06s   exit status 77
 21/123 DPDK:fast-tests / cpuflags_autotest                       OK              0.20s
 22/123 DPDK:fast-tests / crc_autotest                            OK              0.20s
 23/123 DPDK:fast-tests / user_delay_us                           OK              0.20s
 24/123 DPDK:fast-tests / debug_autotest                          OK             21.25s
 25/123 DPDK:fast-tests / devargs_autotest                        OK              0.20s
 26/123 DPDK:fast-tests / dispatcher_autotest                     OK              2.57s
 27/123 DPDK:fast-tests / distributor_autotest                    OK              1.20s
 28/123 DPDK:fast-tests / eal_flags_c_opt_autotest                OK              0.85s
 29/123 DPDK:fast-tests / eal_flags_main_opt_autotest             OK              0.22s
 30/123 DPDK:fast-tests / eal_flags_n_opt_autotest                OK              0.20s
 31/123 DPDK:fast-tests / eal_flags_hpet_autotest                 OK              0.14s
 32/123 DPDK:fast-tests / eal_flags_no_huge_autotest              OK              0.20s
 33/123 DPDK:fast-tests / eal_flags_a_opt_autotest                OK              0.32s
 34/123 DPDK:fast-tests / eal_flags_b_opt_autotest                OK              0.26s
 35/123 DPDK:fast-tests / eal_flags_vdev_opt_autotest             OK              0.20s
 36/123 DPDK:fast-tests / eal_flags_r_opt_autotest                OK              0.19s
 37/123 DPDK:fast-tests / eal_flags_mem_autotest                  OK              0.61s
 38/123 DPDK:fast-tests / eal_flags_file_prefix_autotest          OK             22.29s
 39/123 DPDK:fast-tests / eal_flags_misc_autotest                 OK              1.11s
 40/123 DPDK:fast-tests / eal_fs_autotest                         OK              0.20s
 41/123 DPDK:fast-tests / errno_autotest                          OK              0.20s
 42/123 DPDK:fast-tests / ethdev_link_status                      OK              0.20s
 43/123 DPDK:fast-tests / event_eth_tx_adapter_autotest           OK              1.69s
 44/123 DPDK:fast-tests / event_ring_autotest                     OK              0.21s
 45/123 DPDK:fast-tests / eventdev_common_autotest                OK              0.20s
 46/123 DPDK:fast-tests / eventdev_selftest_sw                    OK              7.26s
 47/123 DPDK:fast-tests / fbarray_autotest                        OK              0.27s
 48/123 DPDK:fast-tests / fib_autotest                            OK              1.05s
 49/123 DPDK:fast-tests / fib6_autotest                           OK              0.84s
 50/123 DPDK:fast-tests / func_reentrancy_autotest                OK              2.28s
 51/123 DPDK:fast-tests / graph_autotest                          OK              0.21s
 52/123 DPDK:fast-tests / node_list_dump                          OK              0.20s
 53/123 DPDK:fast-tests / graph_feature_arc_autotest              OK              0.21s
 54/123 DPDK:fast-tests / hash_autotest                           OK              1.00s
 55/123 DPDK:fast-tests / hash_readwrite_func_autotest            OK              6.37s
 56/123 DPDK:fast-tests / interrupt_autotest                      OK              1.90s
 57/123 DPDK:fast-tests / ipfrag_autotest                         OK              0.09s
 58/123 DPDK:fast-tests / ipsec_autotest                          SKIP            0.60s   exit status 77
 59/123 DPDK:fast-tests / kvargs_autotest                         OK              0.60s
 60/123 DPDK:fast-tests / latencystats_autotest                   OK              0.60s
 61/123 DPDK:fast-tests / lcore_var_autotest                      OK              0.72s
 62/123 DPDK:fast-tests / lcores_autotest                         OK              5.40s
 63/123 DPDK:fast-tests / logs_autotest                           OK              0.59s
 64/123 DPDK:fast-tests / lpm_autotest                            OK              2.64s
 65/123 DPDK:fast-tests / lpm6_autotest                           OK              5.77s
 66/123 DPDK:fast-tests / malloc_autotest                         OK             60.51s
 67/123 DPDK:fast-tests / mbuf_autotest                           OK              4.57s
 68/123 DPDK:fast-tests / mcslock_autotest                        OK              3.72s
 69/123 DPDK:fast-tests / member_autotest                         OK              1.92s
 70/123 DPDK:fast-tests / memcpy_autotest                         OK              7.10s
 71/123 DPDK:fast-tests / memory_autotest                         OK              0.11s
 72/123 DPDK:fast-tests / mempool_autotest                        OK              0.45s
 73/123 DPDK:fast-tests / memzone_autotest                        OK              0.15s
 74/123 DPDK:fast-tests / meter_autotest                          OK              0.59s
 75/123 DPDK:fast-tests / metrics_autotest                        OK              0.58s
 76/123 DPDK:fast-tests / multiprocess_autotest                   OK              0.21s
 77/123 DPDK:fast-tests / net_ether_autotest                      OK              1.25s
 78/123 DPDK:fast-tests / net_ipv6_autotest                       OK              0.59s
 79/123 DPDK:fast-tests / pcapng_autotest                         OK              6.70s
 80/123 DPDK:fast-tests / pdcp_autotest                           SKIP            0.08s   exit status 77
 81/123 DPDK:fast-tests / pdump_autotest                          OK              0.70s
 82/123 DPDK:fast-tests / per_lcore_autotest                      OK              0.69s
 83/123 DPDK:fast-tests / pflock_autotest                         OK              1.39s
 84/123 DPDK:fast-tests / pie_autotest                            OK              0.59s
 85/123 DPDK:fast-tests / ring_pmd_autotest                       OK              0.58s
 86/123 DPDK:fast-tests / power_autotest                          OK              0.58s
 87/123 DPDK:fast-tests / power_cpufreq_autotest                  SKIP            0.07s   exit status 77
 88/123 DPDK:fast-tests / power_intel_uncore_autotest             SKIP            0.43s   exit status 77
 89/123 DPDK:fast-tests / power_kvm_vm_autotest                   SKIP            0.07s   exit status 77
 90/123 DPDK:fast-tests / prefetch_autotest                       OK              0.43s
 91/123 DPDK:fast-tests / ptr_compress_autotest                   OK              0.43s
 92/123 DPDK:fast-tests / rawdev_autotest                         OK              0.43s
 93/123 DPDK:fast-tests / rcu_qsbr_autotest                       OK              0.95s
 94/123 DPDK:fast-tests / reorder_autotest                        OK              0.49s
 95/123 DPDK:fast-tests / rib_autotest                            OK              9.08s
 96/123 DPDK:fast-tests / rib6_autotest                           OK              9.07s
 97/123 DPDK:fast-tests / ring_autotest                           OK              0.46s
 98/123 DPDK:fast-tests / rwlock_test1_autotest                   OK              1.18s
 99/123 DPDK:fast-tests / rwlock_rda_autotest                     OK              5.43s
100/123 DPDK:fast-tests / rwlock_rds_wrm_autotest                 OK              5.43s
101/123 DPDK:fast-tests / rwlock_rde_wro_autotest                 OK              5.41s
102/123 DPDK:fast-tests / sched_autotest                          OK              0.43s
103/123 DPDK:fast-tests / security_autotest                       OK              0.07s
104/123 DPDK:fast-tests / seqlock_autotest                        OK              2.43s
105/123 DPDK:fast-tests / service_autotest                        OK              3.14s
106/123 DPDK:fast-tests / soring_autotest                         OK              0.44s
107/123 DPDK:fast-tests / spinlock_autotest                       OK              0.51s
108/123 DPDK:fast-tests / stack_autotest                          OK              0.87s
109/123 DPDK:fast-tests / stack_lf_autotest                       SKIP            0.06s   exit status 77
110/123 DPDK:fast-tests / string_autotest                         OK              0.43s
111/123 DPDK:fast-tests / table_autotest                          OK              7.54s
112/123 DPDK:fast-tests / tailq_autotest                          OK              0.43s
113/123 DPDK:fast-tests / telemetry_data_autotest                 OK              0.44s
114/123 DPDK:fast-tests / telemetry_json_autotest                 OK              0.43s
115/123 DPDK:fast-tests / thash_autotest                          OK              0.45s
116/123 DPDK:fast-tests / threads_autotest                        OK              0.61s
117/123 DPDK:fast-tests / ticketlock_autotest                     OK              0.58s
118/123 DPDK:fast-tests / timer_autotest                          OK              3.94s
119/123 DPDK:fast-tests / trace_autotest                          OK              0.43s
120/123 DPDK:fast-tests / trace_autotest_with_traces              OK              0.44s
121/123 DPDK:fast-tests / vdev_autotest                           OK              0.43s
122/123 DPDK:fast-tests / version_autotest                        OK              0.43s
123/123 DPDK:fast-tests / telemetry_all                           OK             19.49s


Ok:                 113
Expected Fail:      0
Fail:               0
Unexpected Pass:    0
Skipped:            10
Timeout:            0


^ permalink raw reply	[flat|nested] 4+ messages in thread

* |SUCCESS| pw158304 [PATCH 5/5] bpf: remove use of vla
       [not found] <20251030173732.246435-6-stephen@networkplumber.org>
  2025-10-30 17:17 ` |SUCCESS| pw158300-158304 [PATCH 5/5] bpf: remove use of vla qemudev
  2025-10-30 17:21 ` qemudev
@ 2025-10-30 17:38 ` checkpatch
  2025-10-30 19:07 ` |FAILURE| " 0-day Robot
  3 siblings, 0 replies; 4+ messages in thread
From: checkpatch @ 2025-10-30 17:38 UTC (permalink / raw)
  To: test-report

Test-Label: checkpatch
Test-Status: SUCCESS
http://dpdk.org/patch/158304

_coding style OK_



^ permalink raw reply	[flat|nested] 4+ messages in thread

* |FAILURE| pw158304 [PATCH 5/5] bpf: remove use of vla
       [not found] <20251030173732.246435-6-stephen@networkplumber.org>
                   ` (2 preceding siblings ...)
  2025-10-30 17:38 ` |SUCCESS| pw158304 " checkpatch
@ 2025-10-30 19:07 ` 0-day Robot
  3 siblings, 0 replies; 4+ messages in thread
From: 0-day Robot @ 2025-10-30 19:07 UTC (permalink / raw)
  To: test-report; +Cc: stephen, robot

From: robot@bytheb.org

Test-Label: github-robot: build
Test-Status: FAILURE
http://patchwork.dpdk.org/patch/158304/

_github build: failed_
Build URL: https://github.com/ovsrobot/dpdk/actions/runs/18950546248

^ permalink raw reply	[flat|nested] 4+ messages in thread

end of thread, other threads:[~2025-10-30 19:07 UTC | newest]

Thread overview: 4+ messages (download: mbox.gz / follow: Atom feed)
-- links below jump to the message on this page --
     [not found] <20251030173732.246435-6-stephen@networkplumber.org>
2025-10-30 17:17 ` |SUCCESS| pw158300-158304 [PATCH 5/5] bpf: remove use of vla qemudev
2025-10-30 17:21 ` qemudev
2025-10-30 17:38 ` |SUCCESS| pw158304 " checkpatch
2025-10-30 19:07 ` |FAILURE| " 0-day Robot

This is a public inbox, see mirroring instructions
for how to clone and mirror all data and code used for this inbox;
as well as URLs for NNTP newsgroup(s).