automatic DPDK test reports
 help / color / mirror / Atom feed
From: qemudev@loongson.cn
To: test-report@dpdk.org
Subject: |SUCCESS| pw158311 [PATCH v1 1/1] net/nbl: use hardware MAC address instead of random one
Date: Fri, 31 Oct 2025 09:09:24 +0800	[thread overview]
Message-ID: <202510310109.59V19ORJ3864617@localhost.localdomain> (raw)
In-Reply-To: <20251031014417.3424934-2-dimon.zhao@nebula-matrix.com>

Test-Label: loongarch-compilation
Test-Status: SUCCESS
http://dpdk.org/patch/158311

_Compilation OK_

Submitter: Dimon Zhao <dimon.zhao@nebula-matrix.com>
Date: Thu, 30 Oct 2025 18:44:16 -0700
DPDK git baseline: Repo:dpdk-next-net
  Branch: main
  CommitID: 5d2900b5b1a9da68c19d53d3f8e1075bee0a5f47

158311 --> meson & ninja build successfully

Test environment and result as below:

+---------------------+----------------+
|     Environment     | compilation    |
+---------------------+----------------+
| Loongnix-Server 8.3 | PASS           |
+---------------------+----------------+

Loongnix-Server 8.3
    Kernel: 4.19.190+
    Compiler: gcc 8.3


       reply	other threads:[~2025-10-31  1:46 UTC|newest]

Thread overview: 27+ messages / expand[flat|nested]  mbox.gz  Atom feed  top
     [not found] <20251031014417.3424934-2-dimon.zhao@nebula-matrix.com>
2025-10-31  1:09 ` qemudev [this message]
2025-10-31  1:14 ` qemudev
2025-10-31  1:44 ` checkpatch
2025-10-31  2:10 ` |PENDING| pw158311 [PATCH] [v1,1/1] net/nbl: use hardware MAC addres dpdklab
2025-10-31  2:13 ` dpdklab
2025-10-31  2:14 ` dpdklab
2025-10-31  2:14 ` |SUCCESS| " dpdklab
2025-10-31  2:18 ` dpdklab
2025-10-31  2:23 ` |PENDING| " dpdklab
2025-10-31  2:28 ` dpdklab
2025-10-31  2:30 ` |FAILURE| " dpdklab
2025-10-31  2:30 ` |SUCCESS| " dpdklab
2025-10-31  2:31 ` |WARNING| " dpdklab
2025-10-31  2:33 ` |SUCCESS| " dpdklab
2025-10-31  2:35 ` dpdklab
2025-10-31  2:39 ` dpdklab
2025-10-31  2:45 ` |SUCCESS| pw158311 [PATCH v1 1/1] net/nbl: use hardware MAC address instead of random one 0-day Robot
2025-10-31  2:45 ` 0-day Robot
2025-10-31  2:54 ` |WARNING| pw158311 [PATCH] [v1,1/1] net/nbl: use hardware MAC addres dpdklab
2025-10-31  2:56 ` dpdklab
2025-10-31  2:56 ` |SUCCESS| " dpdklab
2025-10-31  2:58 ` dpdklab
2025-10-31  3:01 ` dpdklab
2025-10-31  6:31 ` dpdklab
2025-10-31  6:46 ` dpdklab
2025-10-31  6:59 ` dpdklab
2025-10-31  9:31 ` dpdklab

Reply instructions:

You may reply publicly to this message via plain-text email
using any one of the following methods:

* Save the following mbox file, import it into your mail client,
  and reply-to-all from there: mbox

  Avoid top-posting and favor interleaved quoting:
  https://en.wikipedia.org/wiki/Posting_style#Interleaved_style

* Reply using the --to, --cc, and --in-reply-to
  switches of git-send-email(1):

  git send-email \
    --in-reply-to=202510310109.59V19ORJ3864617@localhost.localdomain \
    --to=qemudev@loongson.cn \
    --cc=test-report@dpdk.org \
    /path/to/YOUR_REPLY

  https://kernel.org/pub/software/scm/git/docs/git-send-email.html

* If your mail client supports setting the In-Reply-To header
  via mailto: links, try the mailto: link
Be sure your reply has a Subject: header at the top and a blank line before the message body.
This is a public inbox, see mirroring instructions
for how to clone and mirror all data and code used for this inbox;
as well as URLs for NNTP newsgroup(s).