automatic DPDK test reports
 help / color / mirror / Atom feed
From: qemudev@loongson.cn
To: test-report@dpdk.org
Subject: |SUCCESS| pw158325 [PATCH dpdk] graph: fix use-after-free when updating edges with active graphs
Date: Sat, 1 Nov 2025 05:40:30 +0800	[thread overview]
Message-ID: <202510312140.59VLeU1R122251@localhost.localdomain> (raw)
In-Reply-To: <20251031221304.394997-2-rjarry@redhat.com>

Test-Label: loongarch-compilation
Test-Status: SUCCESS
http://dpdk.org/patch/158325

_Compilation OK_

Submitter: Robin Jarry <rjarry@redhat.com>
Date: Fri, 31 Oct 2025 23:13:04 +0100
DPDK git baseline: Repo:dpdk
  Branch: main
  CommitID: 8c4861d00aabcf54ef9d6f1df2a4cfb37c06f6c2

158325 --> meson & ninja build successfully

Test environment and result as below:

+---------------------+----------------+
|     Environment     | compilation    |
+---------------------+----------------+
| Loongnix-Server 8.3 | PASS           |
+---------------------+----------------+

Loongnix-Server 8.3
    Kernel: 4.19.190+
    Compiler: gcc 8.3


       reply	other threads:[~2025-10-31 22:17 UTC|newest]

Thread overview: 26+ messages / expand[flat|nested]  mbox.gz  Atom feed  top
     [not found] <20251031221304.394997-2-rjarry@redhat.com>
2025-10-31 21:40 ` qemudev [this message]
2025-10-31 21:45 ` qemudev
2025-10-31 22:13 ` checkpatch
2025-10-31 22:41 ` |PENDING| pw158325 [PATCH] graph: fix use-after-free when updating e dpdklab
2025-10-31 22:42 ` dpdklab
2025-10-31 22:43 ` |SUCCESS| " dpdklab
2025-10-31 22:43 ` |PENDING| " dpdklab
2025-10-31 22:45 ` dpdklab
2025-10-31 22:47 ` |SUCCESS| " dpdklab
2025-10-31 22:50 ` |FAILURE| " dpdklab
2025-10-31 22:50 ` dpdklab
2025-10-31 22:51 ` |PENDING| " dpdklab
2025-10-31 22:59 ` |SUCCESS| " dpdklab
2025-10-31 23:03 ` dpdklab
2025-10-31 23:03 ` |WARNING| " dpdklab
2025-10-31 23:05 ` |SUCCESS| " dpdklab
2025-10-31 23:12 ` |WARNING| " dpdklab
2025-10-31 23:17 ` |SUCCESS| pw158325 [PATCH dpdk] graph: fix use-after-free when updating edges with active graphs 0-day Robot
2025-10-31 23:17 ` 0-day Robot
2025-10-31 23:23 ` |SUCCESS| pw158325 [PATCH] graph: fix use-after-free when updating e dpdklab
2025-10-31 23:25 ` dpdklab
2025-10-31 23:26 ` |WARNING| " dpdklab
2025-10-31 23:28 ` |SUCCESS| " dpdklab
2025-10-31 23:30 ` dpdklab
2025-11-01  0:16 ` dpdklab
2025-11-01  2:17 ` dpdklab

Reply instructions:

You may reply publicly to this message via plain-text email
using any one of the following methods:

* Save the following mbox file, import it into your mail client,
  and reply-to-all from there: mbox

  Avoid top-posting and favor interleaved quoting:
  https://en.wikipedia.org/wiki/Posting_style#Interleaved_style

* Reply using the --to, --cc, and --in-reply-to
  switches of git-send-email(1):

  git send-email \
    --in-reply-to=202510312140.59VLeU1R122251@localhost.localdomain \
    --to=qemudev@loongson.cn \
    --cc=test-report@dpdk.org \
    /path/to/YOUR_REPLY

  https://kernel.org/pub/software/scm/git/docs/git-send-email.html

* If your mail client supports setting the In-Reply-To header
  via mailto: links, try the mailto: link
Be sure your reply has a Subject: header at the top and a blank line before the message body.
This is a public inbox, see mirroring instructions
for how to clone and mirror all data and code used for this inbox;
as well as URLs for NNTP newsgroup(s).