From: qemudev@loongson.cn
To: test-report@dpdk.org
Subject: |SUCCESS| pw158341-158344 [PATCH v3 4/4] doc: add PTP IDPF documentation
Date: Mon, 3 Nov 2025 10:51:36 +0800 [thread overview]
Message-ID: <202511030251.5A32pa3V793812@localhost.localdomain> (raw)
In-Reply-To: <20251103160646.140084-5-soumyadeep.hore@intel.com>
Test-Label: loongarch-compilation
Test-Status: SUCCESS
http://dpdk.org/patch/158344
_Compilation OK_
Submitter: Soumyadeep Hore <soumyadeep.hore@intel.com>
Date: Mon, 3 Nov 2025 11:06:42 -0500
DPDK git baseline: Repo:dpdk-next-net-intel
Branch: main
CommitID: 40de0ba36a04ef80e8a2ac90c240183fc2c6d1b4
158341-158344 --> meson & ninja build successfully
Test environment and result as below:
+---------------------+----------------+
| Environment | compilation |
+---------------------+----------------+
| Loongnix-Server 8.3 | PASS |
+---------------------+----------------+
Loongnix-Server 8.3
Kernel: 4.19.190+
Compiler: gcc 8.3
next parent reply other threads:[~2025-11-03 3:28 UTC|newest]
Thread overview: 28+ messages / expand[flat|nested] mbox.gz Atom feed top
[not found] <20251103160646.140084-5-soumyadeep.hore@intel.com>
2025-11-03 2:51 ` qemudev [this message]
2025-11-03 2:56 ` qemudev
2025-11-03 3:26 ` |SUCCESS| pw158344 " checkpatch
2025-11-03 3:49 ` |PENDING| pw158341-158344 [PATCH] [v3,4/4] doc: add PTP IDPF documen dpdklab
2025-11-03 3:51 ` dpdklab
2025-11-03 3:52 ` dpdklab
2025-11-03 3:53 ` |SUCCESS| " dpdklab
2025-11-03 3:57 ` dpdklab
2025-11-03 4:00 ` |PENDING| " dpdklab
2025-11-03 4:02 ` dpdklab
2025-11-03 4:04 ` |FAILURE| " dpdklab
2025-11-03 4:09 ` |SUCCESS| " dpdklab
2025-11-03 4:12 ` dpdklab
2025-11-03 4:15 ` |WARNING| " dpdklab
2025-11-03 4:15 ` |SUCCESS| " dpdklab
2025-11-03 4:16 ` dpdklab
2025-11-03 4:25 ` |WARNING| " dpdklab
2025-11-03 4:33 ` |SUCCESS| " dpdklab
2025-11-03 4:34 ` dpdklab
2025-11-03 4:35 ` |WARNING| " dpdklab
2025-11-03 4:36 ` dpdklab
2025-11-03 4:37 ` |SUCCESS| pw158344 [PATCH v3 4/4] doc: add PTP IDPF documentation 0-day Robot
2025-11-03 4:37 ` 0-day Robot
2025-11-03 4:45 ` |SUCCESS| pw158341-158344 [PATCH] [v3,4/4] doc: add PTP IDPF documen dpdklab
2025-11-03 5:03 ` dpdklab
2025-11-03 7:18 ` dpdklab
2025-11-03 16:06 ` dpdklab
2025-11-03 16:19 ` dpdklab
Reply instructions:
You may reply publicly to this message via plain-text email
using any one of the following methods:
* Save the following mbox file, import it into your mail client,
and reply-to-all from there: mbox
Avoid top-posting and favor interleaved quoting:
https://en.wikipedia.org/wiki/Posting_style#Interleaved_style
* Reply using the --to, --cc, and --in-reply-to
switches of git-send-email(1):
git send-email \
--in-reply-to=202511030251.5A32pa3V793812@localhost.localdomain \
--to=qemudev@loongson.cn \
--cc=test-report@dpdk.org \
/path/to/YOUR_REPLY
https://kernel.org/pub/software/scm/git/docs/git-send-email.html
* If your mail client supports setting the In-Reply-To header
via mailto: links, try the mailto: link
Be sure your reply has a Subject: header at the top and a blank line
before the message body.
This is a public inbox, see mirroring instructions
for how to clone and mirror all data and code used for this inbox;
as well as URLs for NNTP newsgroup(s).