automatic DPDK test reports
 help / color / mirror / Atom feed
From: qemudev@loongson.cn
To: test-report@dpdk.org
Subject: |SUCCESS| pw158353 [PATCH] app/testpmd: fix inner header parsing for tunnel TSO
Date: Tue, 4 Nov 2025 00:09:31 +0800	[thread overview]
Message-ID: <202511031609.5A3G9VHo1121680@localhost.localdomain> (raw)
In-Reply-To: <20251103164001.437863-1-shperetz@nvidia.com>

Test-Label: loongarch-compilation
Test-Status: SUCCESS
http://dpdk.org/patch/158353

_Compilation OK_

Submitter: Shani Peretz <shperetz@nvidia.com>
Date: Mon, 3 Nov 2025 18:40:01 +0200
DPDK git baseline: Repo:dpdk-next-net
  Branch: main
  CommitID: 80dea84c15d0ba5b8b092db744e26319a6f23a04

158353 --> meson & ninja build successfully

Test environment and result as below:

+---------------------+----------------+
|     Environment     | compilation    |
+---------------------+----------------+
| Loongnix-Server 8.3 | PASS           |
+---------------------+----------------+

Loongnix-Server 8.3
    Kernel: 4.19.190+
    Compiler: gcc 8.3


       reply	other threads:[~2025-11-03 16:46 UTC|newest]

Thread overview: 25+ messages / expand[flat|nested]  mbox.gz  Atom feed  top
     [not found] <20251103164001.437863-1-shperetz@nvidia.com>
2025-11-03 16:09 ` qemudev [this message]
2025-11-03 16:14 ` qemudev
2025-11-03 16:40 ` checkpatch
2025-11-03 17:11 ` |PENDING| pw158353 [PATCH] app/testpmd: fix inner header parsing for dpdklab
2025-11-03 17:12 ` dpdklab
2025-11-03 17:14 ` |SUCCESS| " dpdklab
2025-11-03 17:15 ` |PENDING| " dpdklab
2025-11-03 17:18 ` |SUCCESS| " dpdklab
2025-11-03 17:20 ` |FAILURE| " dpdklab
2025-11-03 17:20 ` dpdklab
2025-11-03 17:22 ` |PENDING| " dpdklab
2025-11-03 17:30 ` |SUCCESS| " dpdklab
2025-11-03 17:33 ` dpdklab
2025-11-03 17:36 ` dpdklab
2025-11-03 17:48 ` dpdklab
2025-11-03 17:50 ` |FAILURE| " dpdklab
2025-11-03 18:02 ` |SUCCESS| pw158353 [PATCH] app/testpmd: fix inner header parsing for tunnel TSO 0-day Robot
2025-11-03 18:02 ` 0-day Robot
2025-11-03 18:04 ` |SUCCESS| pw158353 [PATCH] app/testpmd: fix inner header parsing for dpdklab
2025-11-03 18:06 ` |FAILURE| " dpdklab
2025-11-03 18:31 ` dpdklab
2025-11-03 18:33 ` |SUCCESS| " dpdklab
2025-11-03 18:35 ` dpdklab
2025-11-03 18:35 ` |WARNING| " dpdklab
2025-11-03 20:48 ` |SUCCESS| " dpdklab

Reply instructions:

You may reply publicly to this message via plain-text email
using any one of the following methods:

* Save the following mbox file, import it into your mail client,
  and reply-to-all from there: mbox

  Avoid top-posting and favor interleaved quoting:
  https://en.wikipedia.org/wiki/Posting_style#Interleaved_style

* Reply using the --to, --cc, and --in-reply-to
  switches of git-send-email(1):

  git send-email \
    --in-reply-to=202511031609.5A3G9VHo1121680@localhost.localdomain \
    --to=qemudev@loongson.cn \
    --cc=test-report@dpdk.org \
    /path/to/YOUR_REPLY

  https://kernel.org/pub/software/scm/git/docs/git-send-email.html

* If your mail client supports setting the In-Reply-To header
  via mailto: links, try the mailto: link
Be sure your reply has a Subject: header at the top and a blank line before the message body.
This is a public inbox, see mirroring instructions
for how to clone and mirror all data and code used for this inbox;
as well as URLs for NNTP newsgroup(s).