* |SUCCESS| pw158619-158623 [PATCH v5 5/5] bpf: replace use of VLA
[not found] <20251109200854.45942-6-stephen@networkplumber.org>
@ 2025-11-09 19:38 ` qemudev
2025-11-09 19:43 ` qemudev
` (22 subsequent siblings)
23 siblings, 0 replies; 24+ messages in thread
From: qemudev @ 2025-11-09 19:38 UTC (permalink / raw)
To: test-report
Test-Label: loongarch-compilation
Test-Status: SUCCESS
http://dpdk.org/patch/158623
_Compilation OK_
Submitter: Stephen Hemminger <stephen@networkplumber.org>
Date: Sun, 9 Nov 2025 12:07:34 -0800
DPDK git baseline: Repo:dpdk
Branch: main
CommitID: 8010858724e2aca25f4b3a6bf383e3eacb2f4b10
158619-158623 --> meson & ninja build successfully
Test environment and result as below:
+---------------------+----------------+
| Environment | compilation |
+---------------------+----------------+
| Loongnix-Server 8.3 | PASS |
+---------------------+----------------+
Loongnix-Server 8.3
Kernel: 4.19.190+
Compiler: gcc 8.3
^ permalink raw reply [flat|nested] 24+ messages in thread
* |SUCCESS| pw158619-158623 [PATCH v5 5/5] bpf: replace use of VLA
[not found] <20251109200854.45942-6-stephen@networkplumber.org>
2025-11-09 19:38 ` |SUCCESS| pw158619-158623 [PATCH v5 5/5] bpf: replace use of VLA qemudev
@ 2025-11-09 19:43 ` qemudev
2025-11-09 20:10 ` |SUCCESS| pw158623 " checkpatch
` (21 subsequent siblings)
23 siblings, 0 replies; 24+ messages in thread
From: qemudev @ 2025-11-09 19:43 UTC (permalink / raw)
To: test-report
Test-Label: loongarch-unit-testing
Test-Status: SUCCESS
http://dpdk.org/patch/158623
_Unit Testing PASS_
Submitter: Stephen Hemminger <stephen@networkplumber.org>
Date: Sun, 9 Nov 2025 12:07:34 -0800
DPDK git baseline: Repo:dpdk
Branch: main
CommitID: 8010858724e2aca25f4b3a6bf383e3eacb2f4b10
158619-158623 --> testing pass
Test environment and result as below:
+---------------------+----------------+
| Environment | dpdk_unit_test |
+---------------------+----------------+
| Loongnix-Server 8.3 | PASS |
+---------------------+----------------+
Loongnix-Server 8.3
Kernel: 4.19.190+
Compiler: gcc 8.3
Test result details:
1/123 DPDK:fast-tests / acl_autotest OK 3.35s
2/123 DPDK:fast-tests / alarm_autotest OK 1.63s
3/123 DPDK:fast-tests / argparse_autotest OK 0.63s
4/123 DPDK:fast-tests / atomic_autotest OK 7.26s
5/123 DPDK:fast-tests / bitcount_autotest OK 0.51s
6/123 DPDK:fast-tests / bitmap_autotest OK 0.31s
7/123 DPDK:fast-tests / bitops_autotest OK 1.81s
8/123 DPDK:fast-tests / bitratestats_autotest OK 0.31s
9/123 DPDK:fast-tests / bitset_autotest OK 3.09s
10/123 DPDK:fast-tests / bpf_autotest OK 0.31s
11/123 DPDK:fast-tests / bpf_elf_load_autotest SKIP 0.31s exit status 77
12/123 DPDK:fast-tests / bpf_eth_tx_elf_load_autotest SKIP 0.31s exit status 77
13/123 DPDK:fast-tests / bpf_eth_rx_elf_load_autotest SKIP 0.43s exit status 77
14/123 DPDK:fast-tests / bpf_convert_autotest OK 0.31s
15/123 DPDK:fast-tests / byteorder_autotest OK 0.31s
16/123 DPDK:fast-tests / cfgfile_autotest OK 0.31s
17/123 DPDK:fast-tests / cksum_autotest OK 0.31s
18/123 DPDK:fast-tests / cmdline_autotest OK 0.31s
19/123 DPDK:fast-tests / common_autotest OK 1.19s
20/123 DPDK:fast-tests / compressdev_autotest SKIP 0.06s exit status 77
21/123 DPDK:fast-tests / cpuflags_autotest OK 0.57s
22/123 DPDK:fast-tests / crc_autotest OK 0.66s
23/123 DPDK:fast-tests / user_delay_us OK 0.67s
24/123 DPDK:fast-tests / debug_autotest OK 18.18s
25/123 DPDK:fast-tests / devargs_autotest OK 0.66s
26/123 DPDK:fast-tests / dispatcher_autotest OK 2.49s
27/123 DPDK:fast-tests / distributor_autotest OK 1.20s
28/123 DPDK:fast-tests / eal_flags_c_opt_autotest OK 0.76s
29/123 DPDK:fast-tests / eal_flags_main_opt_autotest OK 0.21s
30/123 DPDK:fast-tests / eal_flags_n_opt_autotest OK 0.19s
31/123 DPDK:fast-tests / eal_flags_hpet_autotest OK 0.13s
32/123 DPDK:fast-tests / eal_flags_no_huge_autotest OK 0.18s
33/123 DPDK:fast-tests / eal_flags_a_opt_autotest OK 0.29s
34/123 DPDK:fast-tests / eal_flags_b_opt_autotest OK 0.24s
35/123 DPDK:fast-tests / eal_flags_vdev_opt_autotest OK 0.19s
36/123 DPDK:fast-tests / eal_flags_r_opt_autotest OK 0.18s
37/123 DPDK:fast-tests / eal_flags_mem_autotest OK 0.57s
38/123 DPDK:fast-tests / eal_flags_file_prefix_autotest OK 22.22s
39/123 DPDK:fast-tests / eal_flags_misc_autotest OK 1.01s
40/123 DPDK:fast-tests / eal_fs_autotest OK 0.30s
41/123 DPDK:fast-tests / errno_autotest OK 0.31s
42/123 DPDK:fast-tests / ethdev_link_status OK 0.31s
43/123 DPDK:fast-tests / event_eth_tx_adapter_autotest OK 1.69s
44/123 DPDK:fast-tests / event_ring_autotest OK 0.31s
45/123 DPDK:fast-tests / eventdev_common_autotest OK 0.31s
46/123 DPDK:fast-tests / eventdev_selftest_sw OK 7.25s
47/123 DPDK:fast-tests / fbarray_autotest OK 0.31s
48/123 DPDK:fast-tests / fib_autotest OK 1.14s
49/123 DPDK:fast-tests / fib6_autotest OK 0.93s
50/123 DPDK:fast-tests / func_reentrancy_autotest OK 2.26s
51/123 DPDK:fast-tests / graph_autotest OK 0.31s
52/123 DPDK:fast-tests / node_list_dump OK 0.31s
53/123 DPDK:fast-tests / graph_feature_arc_autotest OK 0.31s
54/123 DPDK:fast-tests / hash_autotest OK 0.93s
55/123 DPDK:fast-tests / hash_readwrite_func_autotest OK 0.11s
56/123 DPDK:fast-tests / interrupt_autotest OK 1.61s
57/123 DPDK:fast-tests / ipfrag_autotest OK 0.07s
58/123 DPDK:fast-tests / ipsec_autotest SKIP 0.31s exit status 77
59/123 DPDK:fast-tests / kvargs_autotest OK 0.31s
60/123 DPDK:fast-tests / latencystats_autotest OK 0.32s
61/123 DPDK:fast-tests / lcore_var_autotest OK 0.45s
62/123 DPDK:fast-tests / lcores_autotest OK 5.12s
63/123 DPDK:fast-tests / logs_autotest OK 0.31s
64/123 DPDK:fast-tests / lpm_autotest OK 2.35s
65/123 DPDK:fast-tests / lpm6_autotest OK 5.52s
66/123 DPDK:fast-tests / malloc_autotest OK 59.83s
67/123 DPDK:fast-tests / mbuf_autotest OK 5.06s
68/123 DPDK:fast-tests / mcslock_autotest OK 2.71s
69/123 DPDK:fast-tests / member_autotest OK 1.49s
70/123 DPDK:fast-tests / memcpy_autotest OK 6.77s
71/123 DPDK:fast-tests / memory_autotest OK 0.08s
72/123 DPDK:fast-tests / mempool_autotest OK 0.43s
73/123 DPDK:fast-tests / memzone_autotest OK 0.14s
74/123 DPDK:fast-tests / meter_autotest OK 0.30s
75/123 DPDK:fast-tests / metrics_autotest OK 0.31s
76/123 DPDK:fast-tests / multiprocess_autotest OK 0.18s
77/123 DPDK:fast-tests / net_ether_autotest OK 0.97s
78/123 DPDK:fast-tests / net_ipv6_autotest OK 0.31s
79/123 DPDK:fast-tests / pcapng_autotest OK 7.82s
80/123 DPDK:fast-tests / pdcp_autotest SKIP 0.06s exit status 77
81/123 DPDK:fast-tests / pdump_autotest OK 0.40s
82/123 DPDK:fast-tests / per_lcore_autotest OK 0.41s
83/123 DPDK:fast-tests / pflock_autotest OK 1.12s
84/123 DPDK:fast-tests / pie_autotest OK 0.31s
85/123 DPDK:fast-tests / ring_pmd_autotest OK 0.31s
86/123 DPDK:fast-tests / power_autotest OK 0.31s
87/123 DPDK:fast-tests / power_cpufreq_autotest SKIP 0.06s exit status 77
88/123 DPDK:fast-tests / power_intel_uncore_autotest SKIP 0.30s exit status 77
89/123 DPDK:fast-tests / power_kvm_vm_autotest SKIP 0.06s exit status 77
90/123 DPDK:fast-tests / prefetch_autotest OK 0.55s
91/123 DPDK:fast-tests / ptr_compress_autotest OK 0.62s
92/123 DPDK:fast-tests / rawdev_autotest OK 0.63s
93/123 DPDK:fast-tests / rcu_qsbr_autotest OK 1.14s
94/123 DPDK:fast-tests / reorder_autotest OK 0.69s
95/123 DPDK:fast-tests / rib_autotest OK 9.27s
96/123 DPDK:fast-tests / rib6_autotest OK 9.27s
97/123 DPDK:fast-tests / ring_autotest OK 0.66s
98/123 DPDK:fast-tests / rwlock_test1_autotest OK 1.38s
99/123 DPDK:fast-tests / rwlock_rda_autotest OK 5.63s
100/123 DPDK:fast-tests / rwlock_rds_wrm_autotest OK 5.62s
101/123 DPDK:fast-tests / rwlock_rde_wro_autotest OK 5.63s
102/123 DPDK:fast-tests / sched_autotest OK 0.63s
103/123 DPDK:fast-tests / security_autotest OK 0.06s
104/123 DPDK:fast-tests / seqlock_autotest OK 2.31s
105/123 DPDK:fast-tests / service_autotest OK 3.01s
106/123 DPDK:fast-tests / soring_autotest OK 0.53s
107/123 DPDK:fast-tests / spinlock_autotest OK 0.60s
108/123 DPDK:fast-tests / stack_autotest OK 0.87s
109/123 DPDK:fast-tests / stack_lf_autotest SKIP 0.06s exit status 77
110/123 DPDK:fast-tests / string_autotest OK 0.43s
111/123 DPDK:fast-tests / table_autotest OK 7.64s
112/123 DPDK:fast-tests / tailq_autotest OK 0.43s
113/123 DPDK:fast-tests / telemetry_data_autotest OK 0.44s
114/123 DPDK:fast-tests / telemetry_json_autotest OK 0.43s
115/123 DPDK:fast-tests / thash_autotest OK 0.45s
116/123 DPDK:fast-tests / threads_autotest OK 0.61s
117/123 DPDK:fast-tests / ticketlock_autotest OK 0.59s
118/123 DPDK:fast-tests / timer_autotest OK 3.94s
119/123 DPDK:fast-tests / trace_autotest OK 0.43s
120/123 DPDK:fast-tests / trace_autotest_with_traces OK 0.44s
121/123 DPDK:fast-tests / vdev_autotest OK 0.43s
122/123 DPDK:fast-tests / version_autotest OK 0.43s
123/123 DPDK:fast-tests / telemetry_all OK 19.46s
Ok: 113
Expected Fail: 0
Fail: 0
Unexpected Pass: 0
Skipped: 10
Timeout: 0
^ permalink raw reply [flat|nested] 24+ messages in thread
* |SUCCESS| pw158623 [PATCH v5 5/5] bpf: replace use of VLA
[not found] <20251109200854.45942-6-stephen@networkplumber.org>
2025-11-09 19:38 ` |SUCCESS| pw158619-158623 [PATCH v5 5/5] bpf: replace use of VLA qemudev
2025-11-09 19:43 ` qemudev
@ 2025-11-09 20:10 ` checkpatch
2025-11-09 20:32 ` |PENDING| pw158619-158623 [PATCH] [v5,5/5] " dpdklab
` (20 subsequent siblings)
23 siblings, 0 replies; 24+ messages in thread
From: checkpatch @ 2025-11-09 20:10 UTC (permalink / raw)
To: test-report
Test-Label: checkpatch
Test-Status: SUCCESS
http://dpdk.org/patch/158623
_coding style OK_
^ permalink raw reply [flat|nested] 24+ messages in thread
* |PENDING| pw158619-158623 [PATCH] [v5,5/5] bpf: replace use of VLA
[not found] <20251109200854.45942-6-stephen@networkplumber.org>
` (2 preceding siblings ...)
2025-11-09 20:10 ` |SUCCESS| pw158623 " checkpatch
@ 2025-11-09 20:32 ` dpdklab
2025-11-09 20:33 ` |SUCCESS| " dpdklab
` (19 subsequent siblings)
23 siblings, 0 replies; 24+ messages in thread
From: dpdklab @ 2025-11-09 20:32 UTC (permalink / raw)
To: Test Report; +Cc: dpdk-test-reports
Test-Label: iol-compile-amd64-testing
Test-Status: PENDING
http://dpdk.org/patch/158623
_Testing pending_
Submitter: Stephen Hemminger <stephen@networkplumber.org>
Date: Sunday, November 09 2025 20:07:38
DPDK git baseline: Repo:dpdk
Branch: master
CommitID:8010858724e2aca25f4b3a6bf383e3eacb2f4b10
158619-158623 --> testing pending
Upstream job id: Generic-VM-DPDK-Compile-Meson#39600
Test environment and result as below:
+-------------------------------+--------------------+------------------+-------------------------+-------------------+
| Environment | dpdk_meson_compile | dpdk_compile_ovs | dpdk_llvm_clang_compile | dpdk_msvc_compile |
+===============================+====================+==================+=========================+===================+
| Red Hat Enterprise Linux 8.10 | PEND | SKIPPED | SKIPPED | SKIPPED |
+-------------------------------+--------------------+------------------+-------------------------+-------------------+
| CentOS Stream 9 | PEND | SKIPPED | SKIPPED | SKIPPED |
+-------------------------------+--------------------+------------------+-------------------------+-------------------+
| Debian GNU/Linux 12 | PEND | SKIPPED | SKIPPED | SKIPPED |
+-------------------------------+--------------------+------------------+-------------------------+-------------------+
| Fedora Linux 42 | PEND | PEND | SKIPPED | SKIPPED |
+-------------------------------+--------------------+------------------+-------------------------+-------------------+
| openSUSE Leap 15.6 | PEND | SKIPPED | SKIPPED | SKIPPED |
+-------------------------------+--------------------+------------------+-------------------------+-------------------+
| CentOS Stream 10 | PEND | SKIPPED | SKIPPED | SKIPPED |
+-------------------------------+--------------------+------------------+-------------------------+-------------------+
| Ubuntu 20.04 | PASS | SKIPPED | SKIPPED | SKIPPED |
+-------------------------------+--------------------+------------------+-------------------------+-------------------+
| Ubuntu 22.04 | PEND | SKIPPED | SKIPPED | SKIPPED |
+-------------------------------+--------------------+------------------+-------------------------+-------------------+
| Ubuntu 24.04 | PEND | PEND | SKIPPED | SKIPPED |
+-------------------------------+--------------------+------------------+-------------------------+-------------------+
| Red Hat Enterprise Linux 9.5 | PEND | SKIPPED | SKIPPED | SKIPPED |
+-------------------------------+--------------------+------------------+-------------------------+-------------------+
| FreeBSD 14.2 | PEND | SKIPPED | SKIPPED | SKIPPED |
+-------------------------------+--------------------+------------------+-------------------------+-------------------+
| Alpine Linux 3.22.0 | PEND | SKIPPED | SKIPPED | SKIPPED |
+-------------------------------+--------------------+------------------+-------------------------+-------------------+
| Windows Server 2022 | SKIPPED | SKIPPED | PEND | PEND |
+-------------------------------+--------------------+------------------+-------------------------+-------------------+
Red Hat Enterprise Linux 8.10
Kernel: 5.15
Compiler: gcc gcc (GCC) 8.5.0 20210514 (Red Hat 8.5.0-22)
CentOS Stream 9
Kernel: 5.15
Compiler: gcc gcc (GCC) 11.5.0 20240719 (Red Hat 11.5.0-11)
Debian GNU/Linux 12
Kernel: 5.15
Compiler: gcc gcc (Debian 12.2.0-14+deb12u1) 12.2.0
Fedora Linux 42
Kernel: 5.15
Compiler: clang gcc (GCC) 15.2.1 20250808 (Red Hat 15.2.1-1)
openSUSE Leap 15.6
Kernel: 5.15
Compiler: gcc gcc (SUSE Linux) 7.5.0
CentOS Stream 10
Kernel: 5.15
Compiler: gcc gcc (GCC) 14.2.1 20250110 (Red Hat 14.2.1-8)
Ubuntu 20.04
Kernel: 5.15
Compiler: gcc gcc (Ubuntu 9.4.0-1ubuntu1~20.04.2) 9.4.0
Ubuntu 22.04
Kernel: 5.15
Compiler: gcc gcc (Ubuntu 11.4.0-1ubuntu1~22.04) 11.4.0
Ubuntu 24.04
Kernel: 5.15
Compiler: gcc gcc (Ubuntu 13.3.0-6ubuntu2~24.04) 13.3.0
Red Hat Enterprise Linux 9.5
Kernel: 5.15
Compiler: gcc gcc (GCC) 11.5.0 20240719 (Red Hat 11.5.0-2)
FreeBSD 14.2
Kernel: 14.2-RELEASE
Compiler: clang 18.1.6
Alpine Linux 3.22.0
Kernel: 5.15
Compiler: gcc gcc (Alpine 14.2.0) 14.2.0
Windows Server 2022
Kernel: 10.0.20348.2031
Compiler: clang 15.0.7, gcc 14.1.0 (MinGW), and MSVC VS 19.39.33521
To view detailed results, visit:
https://lab.dpdk.org/results/dashboard/patchsets/34514/
UNH-IOL DPDK Community Lab
To manage your email subscriptions, visit:
https://lab.dpdk.org/results/dashboard/preferences/subscriptions/
^ permalink raw reply [flat|nested] 24+ messages in thread
* |SUCCESS| pw158619-158623 [PATCH] [v5,5/5] bpf: replace use of VLA
[not found] <20251109200854.45942-6-stephen@networkplumber.org>
` (3 preceding siblings ...)
2025-11-09 20:32 ` |PENDING| pw158619-158623 [PATCH] [v5,5/5] " dpdklab
@ 2025-11-09 20:33 ` dpdklab
2025-11-09 20:34 ` |PENDING| " dpdklab
` (18 subsequent siblings)
23 siblings, 0 replies; 24+ messages in thread
From: dpdklab @ 2025-11-09 20:33 UTC (permalink / raw)
To: Test Report; +Cc: dpdk-test-reports
Test-Label: iol-mellanox-Functional
Test-Status: SUCCESS
http://dpdk.org/patch/158623
_Functional Testing PASS_
Submitter: Stephen Hemminger <stephen@networkplumber.org>
Date: Sunday, November 09 2025 20:07:38
DPDK git baseline: Repo:dpdk
Branch: master
CommitID:8010858724e2aca25f4b3a6bf383e3eacb2f4b10
158619-158623 --> functional testing pass
Upstream job id: Template-DPDK-DTS-Pipeline#3091
Test environment and result as below:
Ubuntu 24.04
Kernel: 6.8.0-55-generic
Compiler: gcc 13.3.0
NIC: Mellanox ConnectX-5 100000 Mbps
Aggregate Results by Test Suite
+---------------------------------+--------+
| Test Suite | Result |
+=================================+========+
| blocklist | PASS |
+---------------------------------+--------+
| promisc_support | PASS |
+---------------------------------+--------+
| uni_pkt | PASS |
+---------------------------------+--------+
| dynamic_config | PASS |
+---------------------------------+--------+
| hello_world | PASS |
+---------------------------------+--------+
| l2fwd | PASS |
+---------------------------------+--------+
| port_restart_config_persistency | PASS |
+---------------------------------+--------+
| softnic | PASS |
+---------------------------------+--------+
| vlan | PASS |
+---------------------------------+--------+
To view detailed results, visit:
https://lab.dpdk.org/results/dashboard/patchsets/34514/
UNH-IOL DPDK Community Lab
To manage your email subscriptions, visit:
https://lab.dpdk.org/results/dashboard/preferences/subscriptions/
^ permalink raw reply [flat|nested] 24+ messages in thread
* |PENDING| pw158619-158623 [PATCH] [v5,5/5] bpf: replace use of VLA
[not found] <20251109200854.45942-6-stephen@networkplumber.org>
` (4 preceding siblings ...)
2025-11-09 20:33 ` |SUCCESS| " dpdklab
@ 2025-11-09 20:34 ` dpdklab
2025-11-09 20:35 ` dpdklab
` (17 subsequent siblings)
23 siblings, 0 replies; 24+ messages in thread
From: dpdklab @ 2025-11-09 20:34 UTC (permalink / raw)
To: Test Report; +Cc: dpdk-test-reports
Test-Label: iol-compile-arm64-testing
Test-Status: PENDING
http://dpdk.org/patch/158623
_Testing pending_
Submitter: Stephen Hemminger <stephen@networkplumber.org>
Date: Sunday, November 09 2025 20:07:38
DPDK git baseline: Repo:dpdk
Branch: master
CommitID:8010858724e2aca25f4b3a6bf383e3eacb2f4b10
158619-158623 --> testing pending
Upstream job id: Generic-DPDK-Compile-Meson#442331
Test environment and result as below:
+------------------------------+--------------------+
| Environment | dpdk_meson_compile |
+==============================+====================+
| Ubuntu 20.04 | PEND |
+------------------------------+--------------------+
| Fedora Linux 42 | PEND |
+------------------------------+--------------------+
| Red Hat Enterprise Linux 9.5 | PEND |
+------------------------------+--------------------+
| Debian GNU/Linux 12 | PEND |
+------------------------------+--------------------+
| Ubuntu 22.04 | PEND |
+------------------------------+--------------------+
| CentOS Stream 9 | PEND |
+------------------------------+--------------------+
| Ubuntu 24.04 | PEND |
+------------------------------+--------------------+
| CentOS Stream 10 | PEND |
+------------------------------+--------------------+
Ubuntu 20.04
Kernel: 5.4
Compiler: gcc gcc (Ubuntu 9.4.0-1ubuntu1~20.04.2) 9.4.0
Fedora Linux 42
Kernel: 5.4
Compiler: clang gcc (GCC) 15.2.1 20250808 (Red Hat 15.2.1-1)
Red Hat Enterprise Linux 9.5
Kernel: 5.4
Compiler: gcc gcc (GCC) 11.5.0 20240719 (Red Hat 11.5.0-2)
Debian GNU/Linux 12
Kernel: 5.4
Compiler: gcc gcc (Debian 12.2.0-14+deb12u1) 12.2.0
Ubuntu 22.04
Kernel: 5.4
Compiler: gcc gcc (Ubuntu 11.4.0-1ubuntu1~22.04) 11.4.0
CentOS Stream 9
Kernel: 5.4
Compiler: gcc gcc (GCC) 11.5.0 20240719 (Red Hat 11.5.0-11)
Ubuntu 24.04
Kernel: 5.4
Compiler: gcc gcc (Ubuntu 13.3.0-6ubuntu2~24.04) 13.3.0
CentOS Stream 10
Kernel: 5.4
Compiler: gcc gcc (GCC) 14.2.1 20250110 (Red Hat 14.2.1-8)
To view detailed results, visit:
https://lab.dpdk.org/results/dashboard/patchsets/34514/
UNH-IOL DPDK Community Lab
To manage your email subscriptions, visit:
https://lab.dpdk.org/results/dashboard/preferences/subscriptions/
^ permalink raw reply [flat|nested] 24+ messages in thread
* |PENDING| pw158619-158623 [PATCH] [v5,5/5] bpf: replace use of VLA
[not found] <20251109200854.45942-6-stephen@networkplumber.org>
` (5 preceding siblings ...)
2025-11-09 20:34 ` |PENDING| " dpdklab
@ 2025-11-09 20:35 ` dpdklab
2025-11-09 20:36 ` dpdklab
` (16 subsequent siblings)
23 siblings, 0 replies; 24+ messages in thread
From: dpdklab @ 2025-11-09 20:35 UTC (permalink / raw)
To: Test Report; +Cc: dpdk-test-reports
Test-Label: iol-unit-arm64-testing
Test-Status: PENDING
http://dpdk.org/patch/158623
_Testing pending_
Submitter: Stephen Hemminger <stephen@networkplumber.org>
Date: Sunday, November 09 2025 20:07:38
DPDK git baseline: Repo:dpdk
Branch: master
CommitID:8010858724e2aca25f4b3a6bf383e3eacb2f4b10
158619-158623 --> testing pending
Upstream job id: Generic-Unit-Test-DPDK#390291
Test environment and result as below:
+------------------------------+--------------+---------------------------+------------------------------+----------------+
| Environment | lpm_autotest | cryptodev_sw_zuc_autotest | cryptodev_sw_snow3g_autotest | dpdk_unit_test |
+==============================+==============+===========================+==============================+================+
| Ubuntu 20.04 | PEND | SKIPPED | SKIPPED | PEND |
+------------------------------+--------------+---------------------------+------------------------------+----------------+
| Debian 12 (arm) | SKIPPED | PASS | PEND | SKIPPED |
+------------------------------+--------------+---------------------------+------------------------------+----------------+
| Fedora Linux 40 | SKIPPED | SKIPPED | SKIPPED | PEND |
+------------------------------+--------------+---------------------------+------------------------------+----------------+
| Red Hat Enterprise Linux 9.5 | SKIPPED | SKIPPED | SKIPPED | PEND |
+------------------------------+--------------+---------------------------+------------------------------+----------------+
| CentOS Stream 9 | SKIPPED | SKIPPED | SKIPPED | PEND |
+------------------------------+--------------+---------------------------+------------------------------+----------------+
| CentOS Stream 10 | SKIPPED | SKIPPED | SKIPPED | PEND |
+------------------------------+--------------+---------------------------+------------------------------+----------------+
| Debian GNU/Linux 12 | SKIPPED | SKIPPED | SKIPPED | PEND |
+------------------------------+--------------+---------------------------+------------------------------+----------------+
| Fedora Linux 42 | SKIPPED | SKIPPED | SKIPPED | PEND |
+------------------------------+--------------+---------------------------+------------------------------+----------------+
| Ubuntu 22.04 | SKIPPED | SKIPPED | SKIPPED | PEND |
+------------------------------+--------------+---------------------------+------------------------------+----------------+
| Fedora Linux 41 | SKIPPED | SKIPPED | SKIPPED | PEND |
+------------------------------+--------------+---------------------------+------------------------------+----------------+
| Ubuntu 24.04 | SKIPPED | SKIPPED | SKIPPED | PEND |
+------------------------------+--------------+---------------------------+------------------------------+----------------+
Ubuntu 20.04
Kernel: 5.4
Compiler: gcc gcc (Ubuntu 9.4.0-1ubuntu1~20.04.2) 9.4.0
Debian 12 (arm)
Kernel: Depends on container host
Compiler: gcc (Debian 12.2.0-14) 12.2.0
Fedora Linux 40
Kernel: 5.4
Compiler: clang gcc (GCC) 14.2.1 20240912 (Red Hat 14.2.1-3)
Red Hat Enterprise Linux 9.5
Kernel: 5.4
Compiler: gcc gcc (GCC) 11.5.0 20240719 (Red Hat 11.5.0-2)
CentOS Stream 9
Kernel: 5.4
Compiler: gcc gcc (GCC) 11.5.0 20240719 (Red Hat 11.5.0-11)
CentOS Stream 10
Kernel: 5.4
Compiler: gcc gcc (GCC) 14.2.1 20250110 (Red Hat 14.2.1-8)
Debian GNU/Linux 12
Kernel: 5.4
Compiler: gcc gcc (Debian 12.2.0-14+deb12u1) 12.2.0
Fedora Linux 42
Kernel: 5.4
Compiler: gcc gcc (GCC) 15.2.1 20250808 (Red Hat 15.2.1-1)
Ubuntu 22.04
Kernel: 5.4
Compiler: gcc gcc (Ubuntu 11.4.0-1ubuntu1~22.04) 11.4.0
Fedora Linux 41
Kernel: 5.4
Compiler: clang gcc (GCC) 14.3.1 20250523 (Red Hat 14.3.1-1)
Ubuntu 24.04
Kernel: 5.4
Compiler: gcc gcc (Ubuntu 13.3.0-6ubuntu2~24.04) 13.3.0
To view detailed results, visit:
https://lab.dpdk.org/results/dashboard/patchsets/34514/
UNH-IOL DPDK Community Lab
To manage your email subscriptions, visit:
https://lab.dpdk.org/results/dashboard/preferences/subscriptions/
^ permalink raw reply [flat|nested] 24+ messages in thread
* |PENDING| pw158619-158623 [PATCH] [v5,5/5] bpf: replace use of VLA
[not found] <20251109200854.45942-6-stephen@networkplumber.org>
` (6 preceding siblings ...)
2025-11-09 20:35 ` dpdklab
@ 2025-11-09 20:36 ` dpdklab
2025-11-09 20:38 ` |SUCCESS| " dpdklab
` (15 subsequent siblings)
23 siblings, 0 replies; 24+ messages in thread
From: dpdklab @ 2025-11-09 20:36 UTC (permalink / raw)
To: Test Report; +Cc: dpdk-test-reports
Test-Label: iol-unit-amd64-testing
Test-Status: PENDING
http://dpdk.org/patch/158623
_Testing pending_
Submitter: Stephen Hemminger <stephen@networkplumber.org>
Date: Sunday, November 09 2025 20:07:38
DPDK git baseline: Repo:dpdk
Branch: master
CommitID:8010858724e2aca25f4b3a6bf383e3eacb2f4b10
158619-158623 --> testing pending
Upstream job id: Generic-Unit-Test-DPDK#390303
Test environment and result as below:
+-------------------------------+----------------+
| Environment | dpdk_unit_test |
+===============================+================+
| Ubuntu 22.04 | PEND |
+-------------------------------+----------------+
| Fedora Linux 40 | PEND |
+-------------------------------+----------------+
| Fedora Linux 41 | PEND |
+-------------------------------+----------------+
| Fedora Linux 42 | PEND |
+-------------------------------+----------------+
| CentOS Stream 10 | PEND |
+-------------------------------+----------------+
| Red Hat Enterprise Linux 8.10 | PEND |
+-------------------------------+----------------+
| Debian GNU/Linux 12 | PEND |
+-------------------------------+----------------+
| Red Hat Enterprise Linux 9.5 | PEND |
+-------------------------------+----------------+
| Ubuntu 24.04 | PEND |
+-------------------------------+----------------+
| CentOS Stream 9 | PEND |
+-------------------------------+----------------+
| Ubuntu 20.04 | PEND |
+-------------------------------+----------------+
| Windows Server 2022 | PEND |
+-------------------------------+----------------+
Ubuntu 22.04
Kernel: 5.15
Compiler: gcc gcc (Ubuntu 11.4.0-1ubuntu1~22.04) 11.4.0
Fedora Linux 40
Kernel: 5.15
Compiler: gcc gcc (GCC) 14.2.1 20240912 (Red Hat 14.2.1-3)
Fedora Linux 41
Kernel: 5.15
Compiler: gcc gcc (GCC) 14.3.1 20250523 (Red Hat 14.3.1-1)
Fedora Linux 42
Kernel: 5.15
Compiler: clang gcc (GCC) 15.2.1 20250808 (Red Hat 15.2.1-1)
CentOS Stream 10
Kernel: 5.15
Compiler: gcc gcc (GCC) 14.2.1 20250110 (Red Hat 14.2.1-8)
Red Hat Enterprise Linux 8.10
Kernel: 5.15
Compiler: gcc gcc (GCC) 8.5.0 20210514 (Red Hat 8.5.0-22)
Debian GNU/Linux 12
Kernel: 5.15
Compiler: gcc gcc (Debian 12.2.0-14+deb12u1) 12.2.0
Red Hat Enterprise Linux 9.5
Kernel: 5.15
Compiler: gcc gcc (GCC) 11.5.0 20240719 (Red Hat 11.5.0-2)
Ubuntu 24.04
Kernel: 5.15
Compiler: gcc gcc (Ubuntu 13.3.0-6ubuntu2~24.04) 13.3.0
CentOS Stream 9
Kernel: 5.15
Compiler: gcc gcc (GCC) 11.5.0 20240719 (Red Hat 11.5.0-11)
Ubuntu 20.04
Kernel: 5.15
Compiler: gcc gcc (Ubuntu 9.4.0-1ubuntu1~20.04.2) 9.4.0
Windows Server 2022
Kernel: 10.0.20348.2031
Compiler: clang 15.0.7, gcc 14.1.0 (MinGW), and MSVC VS 19.39.33521
To view detailed results, visit:
https://lab.dpdk.org/results/dashboard/patchsets/34514/
UNH-IOL DPDK Community Lab
To manage your email subscriptions, visit:
https://lab.dpdk.org/results/dashboard/preferences/subscriptions/
^ permalink raw reply [flat|nested] 24+ messages in thread
* |SUCCESS| pw158619-158623 [PATCH] [v5,5/5] bpf: replace use of VLA
[not found] <20251109200854.45942-6-stephen@networkplumber.org>
` (7 preceding siblings ...)
2025-11-09 20:36 ` dpdklab
@ 2025-11-09 20:38 ` dpdklab
2025-11-09 20:42 ` |PENDING| " dpdklab
` (14 subsequent siblings)
23 siblings, 0 replies; 24+ messages in thread
From: dpdklab @ 2025-11-09 20:38 UTC (permalink / raw)
To: Test Report; +Cc: dpdk-test-reports
Test-Label: iol-marvell-Functional
Test-Status: SUCCESS
http://dpdk.org/patch/158623
_Functional Testing PASS_
Submitter: Stephen Hemminger <stephen@networkplumber.org>
Date: Sunday, November 09 2025 20:07:38
DPDK git baseline: Repo:dpdk
Branch: master
CommitID:8010858724e2aca25f4b3a6bf383e3eacb2f4b10
158619-158623 --> functional testing pass
Upstream job id: Template-DTS-Pipeline#253728
Test environment and result as below:
Ubuntu 20.04.6
Kernel: 5.4.105
Compiler: gcc 9.4
NIC: Marvell CN106XX 50000 Mbps
Target: arm64-native-linuxapp-gcc
Aggregate Results by Test Suite
+----------------+--------+
| Test Suite | Result |
+================+========+
| cmdline | PASS |
+----------------+--------+
| rxtx_callbacks | PASS |
+----------------+--------+
To view detailed results, visit:
https://lab.dpdk.org/results/dashboard/patchsets/34514/
UNH-IOL DPDK Community Lab
To manage your email subscriptions, visit:
https://lab.dpdk.org/results/dashboard/preferences/subscriptions/
^ permalink raw reply [flat|nested] 24+ messages in thread
* |PENDING| pw158619-158623 [PATCH] [v5,5/5] bpf: replace use of VLA
[not found] <20251109200854.45942-6-stephen@networkplumber.org>
` (8 preceding siblings ...)
2025-11-09 20:38 ` |SUCCESS| " dpdklab
@ 2025-11-09 20:42 ` dpdklab
2025-11-09 20:50 ` |SUCCESS| " dpdklab
` (13 subsequent siblings)
23 siblings, 0 replies; 24+ messages in thread
From: dpdklab @ 2025-11-09 20:42 UTC (permalink / raw)
To: Test Report; +Cc: dpdk-test-reports
Test-Label: iol-sample-apps-testing
Test-Status: PENDING
http://dpdk.org/patch/158623
_Testing pending_
Submitter: Stephen Hemminger <stephen@networkplumber.org>
Date: Sunday, November 09 2025 20:07:38
DPDK git baseline: Repo:dpdk
Branch: master
CommitID:8010858724e2aca25f4b3a6bf383e3eacb2f4b10
158619-158623 --> testing pending
Upstream job id: Template-DTS-Pipeline#253730
Test environment and result as below:
+--------------+----------------------+----------------------+
| Environment | dpdk_fips_validation | compressdev_zlib_pmd |
+==============+======================+======================+
| Ubuntu 20.04 | PEND | SKIPPED |
+--------------+----------------------+----------------------+
| Ubuntu 22.04 | SKIPPED | PASS |
+--------------+----------------------+----------------------+
Ubuntu 20.04
Kernel: 5.15
Compiler: gcc gcc (Ubuntu 9.4.0-1ubuntu1~20.04.2) 9.4.0
Ubuntu 22.04
Kernel: 5.15
Compiler: gcc gcc (Ubuntu 11.4.0-1ubuntu1~22.04.2) 11.4.0
To view detailed results, visit:
https://lab.dpdk.org/results/dashboard/patchsets/34514/
UNH-IOL DPDK Community Lab
To manage your email subscriptions, visit:
https://lab.dpdk.org/results/dashboard/preferences/subscriptions/
^ permalink raw reply [flat|nested] 24+ messages in thread
* |SUCCESS| pw158619-158623 [PATCH] [v5,5/5] bpf: replace use of VLA
[not found] <20251109200854.45942-6-stephen@networkplumber.org>
` (9 preceding siblings ...)
2025-11-09 20:42 ` |PENDING| " dpdklab
@ 2025-11-09 20:50 ` dpdklab
2025-11-09 20:53 ` dpdklab
` (12 subsequent siblings)
23 siblings, 0 replies; 24+ messages in thread
From: dpdklab @ 2025-11-09 20:50 UTC (permalink / raw)
To: Test Report; +Cc: dpdk-test-reports
Test-Label: iol-intel-Functional
Test-Status: SUCCESS
http://dpdk.org/patch/158623
_Functional Testing PASS_
Submitter: Stephen Hemminger <stephen@networkplumber.org>
Date: Sunday, November 09 2025 20:07:38
DPDK git baseline: Repo:dpdk
Branch: master
CommitID:8010858724e2aca25f4b3a6bf383e3eacb2f4b10
158619-158623 --> functional testing pass
Upstream job id: Template-DTS-Pipeline#253731
Test environment and result as below:
Ubuntu 24.04
Kernel: 6.8
Compiler: gcc gcc (Ubuntu 13.3.0-6ubuntu2~24.04) 13.3.0
NIC: Intel E810 (Arm Grace Server) 100000 Mbps
Aggregate Results by Test Suite
+------------+--------+
| Test Suite | Result |
+============+========+
| blocklist | PASS |
+------------+--------+
Ubuntu 24.04 LTS
Kernel: 6.8.0-44-generic
Compiler: gcc 13.2.0
NIC: Intel Corporation Ethernet Controller XL710 for 40GbE QSFP+ 40 Mbps
Aggregate Results by Test Suite
+--------------------+--------+
| Test Suite | Result |
+====================+========+
| blocklist | PASS |
+--------------------+--------+
| promisc_support | PASS |
+--------------------+--------+
| uni_pkt | PASS |
+--------------------+--------+
| dynamic_queue_conf | PASS |
+--------------------+--------+
| hello_world | PASS |
+--------------------+--------+
| l2fwd | PASS |
+--------------------+--------+
| softnic | PASS |
+--------------------+--------+
Ubuntu 24.04
Kernel: 6.8
Compiler: gcc gcc (Ubuntu 13.3.0-6ubuntu2~24.04) 13.3.0
NIC: Intel Corporation 4xxx Series QAT 0 Mbps
Aggregate Results by Test Suite
+----------------------------+--------+
| Test Suite | Result |
+============================+========+
| crypto_perf_cryptodev_perf | PASS |
+----------------------------+--------+
To view detailed results, visit:
https://lab.dpdk.org/results/dashboard/patchsets/34514/
UNH-IOL DPDK Community Lab
To manage your email subscriptions, visit:
https://lab.dpdk.org/results/dashboard/preferences/subscriptions/
^ permalink raw reply [flat|nested] 24+ messages in thread
* |SUCCESS| pw158619-158623 [PATCH] [v5,5/5] bpf: replace use of VLA
[not found] <20251109200854.45942-6-stephen@networkplumber.org>
` (10 preceding siblings ...)
2025-11-09 20:50 ` |SUCCESS| " dpdklab
@ 2025-11-09 20:53 ` dpdklab
2025-11-09 20:55 ` |FAILURE| " dpdklab
` (11 subsequent siblings)
23 siblings, 0 replies; 24+ messages in thread
From: dpdklab @ 2025-11-09 20:53 UTC (permalink / raw)
To: Test Report, Ali Alnubani; +Cc: dpdk-test-reports
Test-Label: iol-mellanox-Performance
Test-Status: SUCCESS
http://dpdk.org/patch/158623
_Performance Testing PASS_
Submitter: Stephen Hemminger <stephen@networkplumber.org>
Date: Sunday, November 09 2025 20:07:38
DPDK git baseline: Repo:dpdk
Branch: master
CommitID:8010858724e2aca25f4b3a6bf383e3eacb2f4b10
158619-158623 --> performance testing pass
Upstream job id: Template-DTS-Pipeline#253718
Test environment and result as below:
Ubuntu 24.04
Kernel: 6.8
Compiler: gcc gcc (Ubuntu 13.3.0-6ubuntu2~24.04) 13.3.0
NIC: Mellanox ConnectX-6 Lx 25000 Mbps
Fail/Total: 0/6
Detail performance results:
+------------+---------+----------+-------------+------------------------------+
| frame_size | txd/rxd | num_cpus | num_threads | throughput difference from |
| | | | | expected |
+============+=========+==========+=============+==============================+
| 64 | 1024 | 1 | 1 | 0.1% |
+------------+---------+----------+-------------+------------------------------+
| 128 | 1024 | 1 | 1 | 0.2% |
+------------+---------+----------+-------------+------------------------------+
| 256 | 1024 | 1 | 1 | 0.2% |
+------------+---------+----------+-------------+------------------------------+
| 512 | 1024 | 1 | 1 | 0.1% |
+------------+---------+----------+-------------+------------------------------+
| 1024 | 1024 | 1 | 1 | 0.2% |
+------------+---------+----------+-------------+------------------------------+
| 1518 | 1024 | 1 | 1 | -0.2% |
+------------+---------+----------+-------------+------------------------------+
Ubuntu 24.04
Kernel: 6.8
Compiler: gcc gcc (Ubuntu 13.3.0-6ubuntu2~24.04) 13.3.0
NIC: NVIDIA Mellanox ConnectX-7 100000 Mbps
Fail/Total: 0/6
Detail performance results:
+------------+---------+----------+-------------+------------------------------+
| frame_size | txd/rxd | num_cpus | num_threads | throughput difference from |
| | | | | expected |
+============+=========+==========+=============+==============================+
| 64 | 1024 | 1 | 1 | -0.7% |
+------------+---------+----------+-------------+------------------------------+
| 128 | 1024 | 1 | 1 | -0.1% |
+------------+---------+----------+-------------+------------------------------+
| 256 | 1024 | 1 | 1 | -1.7% |
+------------+---------+----------+-------------+------------------------------+
| 512 | 1024 | 1 | 1 | 0.0% |
+------------+---------+----------+-------------+------------------------------+
| 1024 | 1024 | 1 | 1 | -0.0% |
+------------+---------+----------+-------------+------------------------------+
| 1518 | 1024 | 1 | 1 | -0.0% |
+------------+---------+----------+-------------+------------------------------+
To view detailed results, visit:
https://lab.dpdk.org/results/dashboard/patchsets/34514/
UNH-IOL DPDK Community Lab
To manage your email subscriptions, visit:
https://lab.dpdk.org/results/dashboard/preferences/subscriptions/
^ permalink raw reply [flat|nested] 24+ messages in thread
* |FAILURE| pw158619-158623 [PATCH] [v5,5/5] bpf: replace use of VLA
[not found] <20251109200854.45942-6-stephen@networkplumber.org>
` (11 preceding siblings ...)
2025-11-09 20:53 ` dpdklab
@ 2025-11-09 20:55 ` dpdklab
2025-11-09 20:55 ` |SUCCESS| " dpdklab
` (10 subsequent siblings)
23 siblings, 0 replies; 24+ messages in thread
From: dpdklab @ 2025-11-09 20:55 UTC (permalink / raw)
To: Georgii Tkachuk, Qian Xu, Lijuan Tu, Test Report, Ferruh Yigit
Cc: dpdk-test-reports, Stephen Hemminger
Test-Label: iol-intel-Performance
Test-Status: FAILURE
http://dpdk.org/patch/158623
_Performance Testing issues_
Submitter: Stephen Hemminger <stephen@networkplumber.org>
Date: Sunday, November 09 2025 20:07:38
DPDK git baseline: Repo:dpdk
Branch: master
CommitID:8010858724e2aca25f4b3a6bf383e3eacb2f4b10
158619-158623 --> performance testing issues
Upstream job id: Template-DTS-Pipeline#253721
Test environment and result as below:
Ubuntu 20.04
Kernel: 5.4
Compiler: gcc gcc (Ubuntu 9.4.0-1ubuntu1~20.04.1) 9.4.0
NIC: Intel Corporation Ethernet Converged Network Adapter XL710-QDA2 40000 Mbps
Fail/Total: 0/4
Detail performance results:
+----------+-------------+---------+------------+------------------------------+
| num_cpus | num_threads | txd/rxd | frame_size | throughput difference from |
| | | | | expected |
+==========+=============+=========+============+==============================+
| 1 | 2 | 512 | 64 | 1.5% |
+----------+-------------+---------+------------+------------------------------+
| 1 | 2 | 2048 | 64 | -2.9% |
+----------+-------------+---------+------------+------------------------------+
| 1 | 1 | 512 | 64 | 2.3% |
+----------+-------------+---------+------------+------------------------------+
| 1 | 1 | 2048 | 64 | -1.2% |
+----------+-------------+---------+------------+------------------------------+
Ubuntu 22.04
Kernel: 5.15
Compiler: gcc gcc (Ubuntu 11.4.0-1ubuntu1~22.04.2) 11.4.0
NIC: Intel E810 100000 Mbps
Fail/Total: 0/2
Detail performance results:
+------------+---------+----------+-------------+------------------------------+
| frame_size | txd/rxd | num_cpus | num_threads | throughput difference from |
| | | | | expected |
+============+=========+==========+=============+==============================+
| 64 | 512 | 1 | 1 | 0.2% |
+------------+---------+----------+-------------+------------------------------+
| 64 | 2048 | 1 | 1 | 0.1% |
+------------+---------+----------+-------------+------------------------------+
Ubuntu 24.04
Kernel: 6.8
Compiler: gcc gcc (Ubuntu 13.3.0-6ubuntu2~24.04) 13.3.0
NIC: Intel E810 (Arm Grace Server) 100000 Mbps
Fail/Total: 2/2
Failed cases list:
- DTS https://dpdklab.iol.unh.edu/results/testcases/1/
Detail performance results:
+------------+---------+----------+-------------+------------------------------+
| frame_size | txd/rxd | num_cpus | num_threads | throughput difference from |
| | | | | expected |
+============+=========+==========+=============+==============================+
| 64 | 512 | 1 | 1 | -29.7% |
+------------+---------+----------+-------------+------------------------------+
| 64 | 2048 | 1 | 1 | -20.5% |
+------------+---------+----------+-------------+------------------------------+
To view detailed results, visit:
https://lab.dpdk.org/results/dashboard/patchsets/34514/
UNH-IOL DPDK Community Lab
To manage your email subscriptions, visit:
https://lab.dpdk.org/results/dashboard/preferences/subscriptions/
^ permalink raw reply [flat|nested] 24+ messages in thread
* |SUCCESS| pw158619-158623 [PATCH] [v5,5/5] bpf: replace use of VLA
[not found] <20251109200854.45942-6-stephen@networkplumber.org>
` (12 preceding siblings ...)
2025-11-09 20:55 ` |FAILURE| " dpdklab
@ 2025-11-09 20:55 ` dpdklab
2025-11-09 21:04 ` dpdklab
` (9 subsequent siblings)
23 siblings, 0 replies; 24+ messages in thread
From: dpdklab @ 2025-11-09 20:55 UTC (permalink / raw)
To: Test Report; +Cc: dpdk-test-reports
Test-Label: iol-intel-Functional
Test-Status: SUCCESS
http://dpdk.org/patch/158623
_Functional Testing PASS_
Submitter: Stephen Hemminger <stephen@networkplumber.org>
Date: Sunday, November 09 2025 20:07:38
DPDK git baseline: Repo:dpdk
Branch: master
CommitID:8010858724e2aca25f4b3a6bf383e3eacb2f4b10
158619-158623 --> functional testing pass
Upstream job id: Template-DTS-Pipeline#253725
Test environment and result as below:
Ubuntu 24.04
Kernel: 6.8
Compiler: gcc gcc (Ubuntu 13.3.0-6ubuntu2~24.04) 13.3.0
NIC: Intel E810 (Arm Grace Server) 100000 Mbps
Aggregate Results by Test Suite
+------------+--------+
| Test Suite | Result |
+============+========+
| blocklist | PASS |
+------------+--------+
Ubuntu 24.04 LTS
Kernel: 6.8.0-44-generic
Compiler: gcc 13.2.0
NIC: Intel Corporation Ethernet Controller XL710 for 40GbE QSFP+ 40 Mbps
Aggregate Results by Test Suite
+--------------------+--------+
| Test Suite | Result |
+====================+========+
| blocklist | PASS |
+--------------------+--------+
| promisc_support | PASS |
+--------------------+--------+
| uni_pkt | PASS |
+--------------------+--------+
| dynamic_queue_conf | PASS |
+--------------------+--------+
| hello_world | PASS |
+--------------------+--------+
| l2fwd | PASS |
+--------------------+--------+
| softnic | PASS |
+--------------------+--------+
Ubuntu 24.04
Kernel: 6.8
Compiler: gcc gcc (Ubuntu 13.3.0-6ubuntu2~24.04) 13.3.0
NIC: Intel Corporation 4xxx Series QAT 0 Mbps
Aggregate Results by Test Suite
+----------------------------+--------+
| Test Suite | Result |
+============================+========+
| crypto_perf_cryptodev_perf | PASS |
+----------------------------+--------+
Ubuntu 20.04
Kernel: 5.4
Compiler: gcc gcc (Ubuntu 9.4.0-1ubuntu1~20.04.1) 9.4.0
NIC: Intel Corporation Ethernet Converged Network Adapter XL710-QDA2 40000 Mbps
Aggregate Results by Test Suite
+-----------------------------+--------+
| Test Suite | Result |
+=============================+========+
| unit_tests_mbuf | PASS |
+-----------------------------+--------+
| vhost_virtio_user_interrupt | PASS |
+-----------------------------+--------+
| virtio_smoke | PASS |
+-----------------------------+--------+
To view detailed results, visit:
https://lab.dpdk.org/results/dashboard/patchsets/34514/
UNH-IOL DPDK Community Lab
To manage your email subscriptions, visit:
https://lab.dpdk.org/results/dashboard/preferences/subscriptions/
^ permalink raw reply [flat|nested] 24+ messages in thread
* |SUCCESS| pw158619-158623 [PATCH] [v5,5/5] bpf: replace use of VLA
[not found] <20251109200854.45942-6-stephen@networkplumber.org>
` (13 preceding siblings ...)
2025-11-09 20:55 ` |SUCCESS| " dpdklab
@ 2025-11-09 21:04 ` dpdklab
2025-11-09 21:06 ` dpdklab
` (8 subsequent siblings)
23 siblings, 0 replies; 24+ messages in thread
From: dpdklab @ 2025-11-09 21:04 UTC (permalink / raw)
To: Test Report; +Cc: dpdk-test-reports
Test-Label: iol-sample-apps-testing
Test-Status: SUCCESS
http://dpdk.org/patch/158623
_Testing PASS_
Submitter: Stephen Hemminger <stephen@networkplumber.org>
Date: Sunday, November 09 2025 20:07:38
DPDK git baseline: Repo:dpdk
Branch: master
CommitID:8010858724e2aca25f4b3a6bf383e3eacb2f4b10
158619-158623 --> testing pass
Upstream job id: ACVP-FIPS-testing#11735
Test environment and result as below:
+--------------+----------------------+----------------------+
| Environment | dpdk_fips_validation | compressdev_zlib_pmd |
+==============+======================+======================+
| Ubuntu 20.04 | PASS | SKIPPED |
+--------------+----------------------+----------------------+
| Ubuntu 22.04 | SKIPPED | PASS |
+--------------+----------------------+----------------------+
Ubuntu 20.04
Kernel: 5.15
Compiler: gcc gcc (Ubuntu 9.4.0-1ubuntu1~20.04.2) 9.4.0
Ubuntu 22.04
Kernel: 5.15
Compiler: gcc gcc (Ubuntu 11.4.0-1ubuntu1~22.04.2) 11.4.0
To view detailed results, visit:
https://lab.dpdk.org/results/dashboard/patchsets/34514/
UNH-IOL DPDK Community Lab
To manage your email subscriptions, visit:
https://lab.dpdk.org/results/dashboard/preferences/subscriptions/
^ permalink raw reply [flat|nested] 24+ messages in thread
* |SUCCESS| pw158619-158623 [PATCH] [v5,5/5] bpf: replace use of VLA
[not found] <20251109200854.45942-6-stephen@networkplumber.org>
` (14 preceding siblings ...)
2025-11-09 21:04 ` dpdklab
@ 2025-11-09 21:06 ` dpdklab
2025-11-09 21:07 ` dpdklab
` (7 subsequent siblings)
23 siblings, 0 replies; 24+ messages in thread
From: dpdklab @ 2025-11-09 21:06 UTC (permalink / raw)
To: Test Report; +Cc: dpdk-test-reports
Test-Label: iol-compile-amd64-testing
Test-Status: SUCCESS
http://dpdk.org/patch/158623
_Testing PASS_
Submitter: Stephen Hemminger <stephen@networkplumber.org>
Date: Sunday, November 09 2025 20:07:38
DPDK git baseline: Repo:dpdk
Branch: master
CommitID:8010858724e2aca25f4b3a6bf383e3eacb2f4b10
158619-158623 --> testing pass
Upstream job id: Generic-DPDK-Compile-Meson#442319
Test environment and result as below:
+-------------------------------+--------------------+------------------+-------------------------+-------------------+----------------------+
| Environment | dpdk_meson_compile | dpdk_compile_ovs | dpdk_llvm_clang_compile | dpdk_msvc_compile | dpdk_mingw64_compile |
+===============================+====================+==================+=========================+===================+======================+
| Red Hat Enterprise Linux 8.10 | PASS | SKIPPED | SKIPPED | SKIPPED | SKIPPED |
+-------------------------------+--------------------+------------------+-------------------------+-------------------+----------------------+
| CentOS Stream 9 | PASS | SKIPPED | SKIPPED | SKIPPED | SKIPPED |
+-------------------------------+--------------------+------------------+-------------------------+-------------------+----------------------+
| Debian GNU/Linux 12 | PASS | SKIPPED | SKIPPED | SKIPPED | SKIPPED |
+-------------------------------+--------------------+------------------+-------------------------+-------------------+----------------------+
| Fedora Linux 42 | PASS | PASS | SKIPPED | SKIPPED | SKIPPED |
+-------------------------------+--------------------+------------------+-------------------------+-------------------+----------------------+
| openSUSE Leap 15.6 | PASS | SKIPPED | SKIPPED | SKIPPED | SKIPPED |
+-------------------------------+--------------------+------------------+-------------------------+-------------------+----------------------+
| CentOS Stream 10 | PASS | SKIPPED | SKIPPED | SKIPPED | SKIPPED |
+-------------------------------+--------------------+------------------+-------------------------+-------------------+----------------------+
| Ubuntu 20.04 | PASS | SKIPPED | SKIPPED | SKIPPED | SKIPPED |
+-------------------------------+--------------------+------------------+-------------------------+-------------------+----------------------+
| Ubuntu 22.04 | PASS | SKIPPED | SKIPPED | SKIPPED | SKIPPED |
+-------------------------------+--------------------+------------------+-------------------------+-------------------+----------------------+
| Ubuntu 24.04 | PASS | PASS | SKIPPED | SKIPPED | SKIPPED |
+-------------------------------+--------------------+------------------+-------------------------+-------------------+----------------------+
| Red Hat Enterprise Linux 9.5 | PASS | SKIPPED | SKIPPED | SKIPPED | SKIPPED |
+-------------------------------+--------------------+------------------+-------------------------+-------------------+----------------------+
| FreeBSD 14.2 | PASS | SKIPPED | SKIPPED | SKIPPED | SKIPPED |
+-------------------------------+--------------------+------------------+-------------------------+-------------------+----------------------+
| Alpine Linux 3.22.0 | PASS | SKIPPED | SKIPPED | SKIPPED | SKIPPED |
+-------------------------------+--------------------+------------------+-------------------------+-------------------+----------------------+
| Windows Server 2022 | SKIPPED | SKIPPED | PASS | PASS | PASS |
+-------------------------------+--------------------+------------------+-------------------------+-------------------+----------------------+
Red Hat Enterprise Linux 8.10
Kernel: 5.15
Compiler: gcc gcc (GCC) 8.5.0 20210514 (Red Hat 8.5.0-22)
CentOS Stream 9
Kernel: 5.15
Compiler: gcc gcc (GCC) 11.5.0 20240719 (Red Hat 11.5.0-11)
Debian GNU/Linux 12
Kernel: 5.15
Compiler: gcc gcc (Debian 12.2.0-14+deb12u1) 12.2.0
Fedora Linux 42
Kernel: 5.15
Compiler: clang gcc (GCC) 15.2.1 20250808 (Red Hat 15.2.1-1)
openSUSE Leap 15.6
Kernel: 5.15
Compiler: gcc gcc (SUSE Linux) 7.5.0
CentOS Stream 10
Kernel: 5.15
Compiler: gcc gcc (GCC) 14.2.1 20250110 (Red Hat 14.2.1-8)
Ubuntu 20.04
Kernel: 5.15
Compiler: gcc gcc (Ubuntu 9.4.0-1ubuntu1~20.04.2) 9.4.0
Ubuntu 22.04
Kernel: 5.15
Compiler: gcc gcc (Ubuntu 11.4.0-1ubuntu1~22.04) 11.4.0
Ubuntu 24.04
Kernel: 5.15
Compiler: gcc gcc (Ubuntu 13.3.0-6ubuntu2~24.04) 13.3.0
Red Hat Enterprise Linux 9.5
Kernel: 5.15
Compiler: gcc gcc (GCC) 11.5.0 20240719 (Red Hat 11.5.0-2)
FreeBSD 14.2
Kernel: 14.2-RELEASE
Compiler: clang 18.1.6
Alpine Linux 3.22.0
Kernel: 5.15
Compiler: gcc gcc (Alpine 14.2.0) 14.2.0
Windows Server 2022
Kernel: 10.0.20348.2031
Compiler: clang 15.0.7, gcc 14.1.0 (MinGW), and MSVC VS 19.39.33521
To view detailed results, visit:
https://lab.dpdk.org/results/dashboard/patchsets/34514/
UNH-IOL DPDK Community Lab
To manage your email subscriptions, visit:
https://lab.dpdk.org/results/dashboard/preferences/subscriptions/
^ permalink raw reply [flat|nested] 24+ messages in thread
* |SUCCESS| pw158619-158623 [PATCH] [v5,5/5] bpf: replace use of VLA
[not found] <20251109200854.45942-6-stephen@networkplumber.org>
` (15 preceding siblings ...)
2025-11-09 21:06 ` dpdklab
@ 2025-11-09 21:07 ` dpdklab
2025-11-09 21:10 ` dpdklab
` (6 subsequent siblings)
23 siblings, 0 replies; 24+ messages in thread
From: dpdklab @ 2025-11-09 21:07 UTC (permalink / raw)
To: Test Report; +Cc: dpdk-test-reports
Test-Label: iol-intel-Functional
Test-Status: SUCCESS
http://dpdk.org/patch/158623
_Functional Testing PASS_
Submitter: Stephen Hemminger <stephen@networkplumber.org>
Date: Sunday, November 09 2025 20:07:38
DPDK git baseline: Repo:dpdk
Branch: master
CommitID:8010858724e2aca25f4b3a6bf383e3eacb2f4b10
158619-158623 --> functional testing pass
Upstream job id: Template-DTS-Pipeline#253727
Test environment and result as below:
Ubuntu 24.04
Kernel: 6.8
Compiler: gcc gcc (Ubuntu 13.3.0-6ubuntu2~24.04) 13.3.0
NIC: Intel E810 (Arm Grace Server) 100000 Mbps
Aggregate Results by Test Suite
+------------+--------+
| Test Suite | Result |
+============+========+
| blocklist | PASS |
+------------+--------+
Ubuntu 24.04 LTS
Kernel: 6.8.0-44-generic
Compiler: gcc 13.2.0
NIC: Intel Corporation Ethernet Controller XL710 for 40GbE QSFP+ 40 Mbps
Aggregate Results by Test Suite
+--------------------+--------+
| Test Suite | Result |
+====================+========+
| blocklist | PASS |
+--------------------+--------+
| promisc_support | PASS |
+--------------------+--------+
| uni_pkt | PASS |
+--------------------+--------+
| dynamic_queue_conf | PASS |
+--------------------+--------+
| hello_world | PASS |
+--------------------+--------+
| l2fwd | PASS |
+--------------------+--------+
| softnic | PASS |
+--------------------+--------+
Ubuntu 24.04
Kernel: 6.8
Compiler: gcc gcc (Ubuntu 13.3.0-6ubuntu2~24.04) 13.3.0
NIC: Intel Corporation 4xxx Series QAT 0 Mbps
Aggregate Results by Test Suite
+----------------------------+--------+
| Test Suite | Result |
+============================+========+
| crypto_perf_cryptodev_perf | PASS |
+----------------------------+--------+
Ubuntu 22.04
Kernel: 5.15
Compiler: gcc gcc (Ubuntu 11.4.0-1ubuntu1~22.04.2) 11.4.0
NIC: Intel Corporation QAT 8970 0 Mbps
Aggregate Results by Test Suite
+----------------------------+--------+
| Test Suite | Result |
+============================+========+
| crypto_perf_cryptodev_perf | PASS |
+----------------------------+--------+
Ubuntu 20.04
Kernel: 5.4
Compiler: gcc gcc (Ubuntu 9.4.0-1ubuntu1~20.04.1) 9.4.0
NIC: Intel Corporation Ethernet Converged Network Adapter XL710-QDA2 40000 Mbps
Aggregate Results by Test Suite
+-----------------------------+--------+
| Test Suite | Result |
+=============================+========+
| unit_tests_mbuf | PASS |
+-----------------------------+--------+
| vhost_virtio_user_interrupt | PASS |
+-----------------------------+--------+
| virtio_smoke | PASS |
+-----------------------------+--------+
To view detailed results, visit:
https://lab.dpdk.org/results/dashboard/patchsets/34514/
UNH-IOL DPDK Community Lab
To manage your email subscriptions, visit:
https://lab.dpdk.org/results/dashboard/preferences/subscriptions/
^ permalink raw reply [flat|nested] 24+ messages in thread
* |SUCCESS| pw158619-158623 [PATCH] [v5,5/5] bpf: replace use of VLA
[not found] <20251109200854.45942-6-stephen@networkplumber.org>
` (16 preceding siblings ...)
2025-11-09 21:07 ` dpdklab
@ 2025-11-09 21:10 ` dpdklab
2025-11-09 21:13 ` dpdklab
` (5 subsequent siblings)
23 siblings, 0 replies; 24+ messages in thread
From: dpdklab @ 2025-11-09 21:10 UTC (permalink / raw)
To: Test Report; +Cc: dpdk-test-reports
Test-Label: iol-unit-amd64-testing
Test-Status: SUCCESS
http://dpdk.org/patch/158623
_Testing PASS_
Submitter: Stephen Hemminger <stephen@networkplumber.org>
Date: Sunday, November 09 2025 20:07:38
DPDK git baseline: Repo:dpdk
Branch: master
CommitID:8010858724e2aca25f4b3a6bf383e3eacb2f4b10
158619-158623 --> testing pass
Upstream job id: Generic-Unit-Test-DPDK#390301
Test environment and result as below:
+-------------------------------+----------------+
| Environment | dpdk_unit_test |
+===============================+================+
| Ubuntu 22.04 | PASS |
+-------------------------------+----------------+
| Fedora Linux 40 | PASS |
+-------------------------------+----------------+
| Fedora Linux 41 | PASS |
+-------------------------------+----------------+
| Fedora Linux 42 | PASS |
+-------------------------------+----------------+
| CentOS Stream 10 | PASS |
+-------------------------------+----------------+
| Red Hat Enterprise Linux 8.10 | PASS |
+-------------------------------+----------------+
| Debian GNU/Linux 12 | PASS |
+-------------------------------+----------------+
| Red Hat Enterprise Linux 9.5 | PASS |
+-------------------------------+----------------+
| Ubuntu 24.04 | PASS |
+-------------------------------+----------------+
| CentOS Stream 9 | PASS |
+-------------------------------+----------------+
| Ubuntu 20.04 | PASS |
+-------------------------------+----------------+
| Windows Server 2022 | PASS |
+-------------------------------+----------------+
Ubuntu 22.04
Kernel: 5.15
Compiler: gcc gcc (Ubuntu 11.4.0-1ubuntu1~22.04) 11.4.0
Fedora Linux 40
Kernel: 5.15
Compiler: gcc gcc (GCC) 14.2.1 20240912 (Red Hat 14.2.1-3)
Fedora Linux 41
Kernel: 5.15
Compiler: gcc gcc (GCC) 14.3.1 20250523 (Red Hat 14.3.1-1)
Fedora Linux 42
Kernel: 5.15
Compiler: clang gcc (GCC) 15.2.1 20250808 (Red Hat 15.2.1-1)
CentOS Stream 10
Kernel: 5.15
Compiler: gcc gcc (GCC) 14.2.1 20250110 (Red Hat 14.2.1-8)
Red Hat Enterprise Linux 8.10
Kernel: 5.15
Compiler: gcc gcc (GCC) 8.5.0 20210514 (Red Hat 8.5.0-22)
Debian GNU/Linux 12
Kernel: 5.15
Compiler: gcc gcc (Debian 12.2.0-14+deb12u1) 12.2.0
Red Hat Enterprise Linux 9.5
Kernel: 5.15
Compiler: gcc gcc (GCC) 11.5.0 20240719 (Red Hat 11.5.0-2)
Ubuntu 24.04
Kernel: 5.15
Compiler: gcc gcc (Ubuntu 13.3.0-6ubuntu2~24.04) 13.3.0
CentOS Stream 9
Kernel: 5.15
Compiler: gcc gcc (GCC) 11.5.0 20240719 (Red Hat 11.5.0-11)
Ubuntu 20.04
Kernel: 5.15
Compiler: gcc gcc (Ubuntu 9.4.0-1ubuntu1~20.04.2) 9.4.0
Windows Server 2022
Kernel: 10.0.20348.2031
Compiler: clang 15.0.7, gcc 14.1.0 (MinGW), and MSVC VS 19.39.33521
To view detailed results, visit:
https://lab.dpdk.org/results/dashboard/patchsets/34514/
UNH-IOL DPDK Community Lab
To manage your email subscriptions, visit:
https://lab.dpdk.org/results/dashboard/preferences/subscriptions/
^ permalink raw reply [flat|nested] 24+ messages in thread
* |SUCCESS| pw158619-158623 [PATCH] [v5,5/5] bpf: replace use of VLA
[not found] <20251109200854.45942-6-stephen@networkplumber.org>
` (17 preceding siblings ...)
2025-11-09 21:10 ` dpdklab
@ 2025-11-09 21:13 ` dpdklab
2025-11-09 21:18 ` dpdklab
` (4 subsequent siblings)
23 siblings, 0 replies; 24+ messages in thread
From: dpdklab @ 2025-11-09 21:13 UTC (permalink / raw)
To: Test Report; +Cc: dpdk-test-reports
Test-Label: iol-sample-apps-testing
Test-Status: SUCCESS
http://dpdk.org/patch/158623
_Testing PASS_
Submitter: Stephen Hemminger <stephen@networkplumber.org>
Date: Sunday, November 09 2025 20:07:38
DPDK git baseline: Repo:dpdk
Branch: master
CommitID:8010858724e2aca25f4b3a6bf383e3eacb2f4b10
158619-158623 --> testing pass
Upstream job id: Template-DTS-Pipeline#253729
Test environment and result as below:
+--------------+----------------------+----------------------+
| Environment | dpdk_fips_validation | compressdev_zlib_pmd |
+==============+======================+======================+
| Ubuntu 20.04 | PASS | SKIPPED |
+--------------+----------------------+----------------------+
| Ubuntu 22.04 | SKIPPED | PASS |
+--------------+----------------------+----------------------+
Ubuntu 20.04
Kernel: 5.15
Compiler: gcc gcc (Ubuntu 9.4.0-1ubuntu1~20.04.2) 9.4.0
Ubuntu 22.04
Kernel: 5.15
Compiler: gcc gcc (Ubuntu 11.4.0-1ubuntu1~22.04.2) 11.4.0
To view detailed results, visit:
https://lab.dpdk.org/results/dashboard/patchsets/34514/
UNH-IOL DPDK Community Lab
To manage your email subscriptions, visit:
https://lab.dpdk.org/results/dashboard/preferences/subscriptions/
^ permalink raw reply [flat|nested] 24+ messages in thread
* |SUCCESS| pw158619-158623 [PATCH] [v5,5/5] bpf: replace use of VLA
[not found] <20251109200854.45942-6-stephen@networkplumber.org>
` (18 preceding siblings ...)
2025-11-09 21:13 ` dpdklab
@ 2025-11-09 21:18 ` dpdklab
2025-11-09 21:43 ` |SUCCESS| pw158623 [PATCH v5 5/5] " 0-day Robot
` (3 subsequent siblings)
23 siblings, 0 replies; 24+ messages in thread
From: dpdklab @ 2025-11-09 21:18 UTC (permalink / raw)
To: Test Report; +Cc: dpdk-test-reports
Test-Label: iol-broadcom-Performance
Test-Status: SUCCESS
http://dpdk.org/patch/158623
_Performance Testing PASS_
Submitter: Stephen Hemminger <stephen@networkplumber.org>
Date: Sunday, November 09 2025 20:07:38
DPDK git baseline: Repo:dpdk
Branch: master
CommitID:8010858724e2aca25f4b3a6bf383e3eacb2f4b10
158619-158623 --> performance testing pass
Upstream job id: Template-DTS-Pipeline#253723
Test environment and result as below:
Ubuntu 22.04
Kernel: 5.15
Compiler: gcc gcc (Ubuntu 11.4.0-1ubuntu1~22.04) 11.4.0
NIC: Broadcom Inc. and subsidiaries BCM57414 NetXtreme-E 10Gb/25Gb RDMA Ethernet Controller 16d7 25 Mbps
Fail/Total: 0/3
Detail performance results:
+------------+---------+----------+-------------+------------------------------+
| frame_size | txd/rxd | num_cpus | num_threads | throughput difference from |
| | | | | expected |
+============+=========+==========+=============+==============================+
| 64 | 128 | 1 | 1 | -0.4% |
+------------+---------+----------+-------------+------------------------------+
| 64 | 512 | 1 | 1 | 1.4% |
+------------+---------+----------+-------------+------------------------------+
| 64 | 2048 | 1 | 1 | 0.1% |
+------------+---------+----------+-------------+------------------------------+
Ubuntu 22.04
Kernel: 5.15
Compiler: gcc gcc (Ubuntu 11.4.0-1ubuntu1~22.04.2) 11.4.0
NIC: Arm Broadcom Inc. brcm_57414 25000 Mbps
Fail/Total: 0/2
Detail performance results:
+------------+---------+----------+-------------+------------------------------+
| frame_size | txd/rxd | num_cpus | num_threads | throughput difference from |
| | | | | expected |
+============+=========+==========+=============+==============================+
| 64 | 512 | 1 | 1 | -0.6% |
+------------+---------+----------+-------------+------------------------------+
| 64 | 2048 | 1 | 1 | -0.2% |
+------------+---------+----------+-------------+------------------------------+
To view detailed results, visit:
https://lab.dpdk.org/results/dashboard/patchsets/34514/
UNH-IOL DPDK Community Lab
To manage your email subscriptions, visit:
https://lab.dpdk.org/results/dashboard/preferences/subscriptions/
^ permalink raw reply [flat|nested] 24+ messages in thread
* |SUCCESS| pw158623 [PATCH v5 5/5] bpf: replace use of VLA
[not found] <20251109200854.45942-6-stephen@networkplumber.org>
` (19 preceding siblings ...)
2025-11-09 21:18 ` dpdklab
@ 2025-11-09 21:43 ` 0-day Robot
2025-11-09 21:43 ` 0-day Robot
` (2 subsequent siblings)
23 siblings, 0 replies; 24+ messages in thread
From: 0-day Robot @ 2025-11-09 21:43 UTC (permalink / raw)
To: test-report; +Cc: robot
From: robot@bytheb.org
Test-Label: github-robot: build
Test-Status: SUCCESS
http://patchwork.dpdk.org/patch/158623/
_github build: passed_
Build URL: https://github.com/ovsrobot/dpdk/actions/runs/19214252807
^ permalink raw reply [flat|nested] 24+ messages in thread
* |SUCCESS| pw158623 [PATCH v5 5/5] bpf: replace use of VLA
[not found] <20251109200854.45942-6-stephen@networkplumber.org>
` (20 preceding siblings ...)
2025-11-09 21:43 ` |SUCCESS| pw158623 [PATCH v5 5/5] " 0-day Robot
@ 2025-11-09 21:43 ` 0-day Robot
2025-11-09 21:56 ` |SUCCESS| pw158619-158623 [PATCH] [v5,5/5] " dpdklab
2025-11-09 23:56 ` dpdklab
23 siblings, 0 replies; 24+ messages in thread
From: 0-day Robot @ 2025-11-09 21:43 UTC (permalink / raw)
To: test-report; +Cc: robot
From: robot@bytheb.org
Test-Label: github-robot-post
Test-Status: SUCCESS
http://patchwork.dpdk.org/patch/158623/
_github post: success_
HTML Link: https://github.com/ovsrobot/dpdk/pull/362
^ permalink raw reply [flat|nested] 24+ messages in thread
* |SUCCESS| pw158619-158623 [PATCH] [v5,5/5] bpf: replace use of VLA
[not found] <20251109200854.45942-6-stephen@networkplumber.org>
` (21 preceding siblings ...)
2025-11-09 21:43 ` 0-day Robot
@ 2025-11-09 21:56 ` dpdklab
2025-11-09 23:56 ` dpdklab
23 siblings, 0 replies; 24+ messages in thread
From: dpdklab @ 2025-11-09 21:56 UTC (permalink / raw)
To: Test Report; +Cc: dpdk-test-reports
Test-Label: iol-unit-arm64-testing
Test-Status: SUCCESS
http://dpdk.org/patch/158623
_Testing PASS_
Submitter: Stephen Hemminger <stephen@networkplumber.org>
Date: Sunday, November 09 2025 20:07:38
DPDK git baseline: Repo:dpdk
Branch: master
CommitID:8010858724e2aca25f4b3a6bf383e3eacb2f4b10
158619-158623 --> testing pass
Upstream job id: Generic-Unit-Test-DPDK#390310
Test environment and result as below:
+------------------------------+--------------+---------------------------+------------------------------+----------------+
| Environment | lpm_autotest | cryptodev_sw_zuc_autotest | cryptodev_sw_snow3g_autotest | dpdk_unit_test |
+==============================+==============+===========================+==============================+================+
| Ubuntu 20.04 | PASS | SKIPPED | SKIPPED | PASS |
+------------------------------+--------------+---------------------------+------------------------------+----------------+
| Debian 12 (arm) | SKIPPED | PASS | PASS | SKIPPED |
+------------------------------+--------------+---------------------------+------------------------------+----------------+
| Fedora Linux 40 | SKIPPED | SKIPPED | SKIPPED | PASS |
+------------------------------+--------------+---------------------------+------------------------------+----------------+
| Red Hat Enterprise Linux 9.5 | SKIPPED | SKIPPED | SKIPPED | PASS |
+------------------------------+--------------+---------------------------+------------------------------+----------------+
| CentOS Stream 9 | SKIPPED | SKIPPED | SKIPPED | PASS |
+------------------------------+--------------+---------------------------+------------------------------+----------------+
| CentOS Stream 10 | SKIPPED | SKIPPED | SKIPPED | PASS |
+------------------------------+--------------+---------------------------+------------------------------+----------------+
| Debian GNU/Linux 12 | SKIPPED | SKIPPED | SKIPPED | PASS |
+------------------------------+--------------+---------------------------+------------------------------+----------------+
| Fedora Linux 42 | SKIPPED | SKIPPED | SKIPPED | PASS |
+------------------------------+--------------+---------------------------+------------------------------+----------------+
| Ubuntu 22.04 | SKIPPED | SKIPPED | SKIPPED | PASS |
+------------------------------+--------------+---------------------------+------------------------------+----------------+
| Fedora Linux 41 | SKIPPED | SKIPPED | SKIPPED | PASS |
+------------------------------+--------------+---------------------------+------------------------------+----------------+
| Ubuntu 24.04 | SKIPPED | SKIPPED | SKIPPED | PASS |
+------------------------------+--------------+---------------------------+------------------------------+----------------+
Ubuntu 20.04
Kernel: 5.4
Compiler: gcc gcc (Ubuntu 9.4.0-1ubuntu1~20.04.2) 9.4.0
Debian 12 (arm)
Kernel: Depends on container host
Compiler: gcc (Debian 12.2.0-14) 12.2.0
Fedora Linux 40
Kernel: 5.4
Compiler: clang gcc (GCC) 14.2.1 20240912 (Red Hat 14.2.1-3)
Red Hat Enterprise Linux 9.5
Kernel: 5.4
Compiler: gcc gcc (GCC) 11.5.0 20240719 (Red Hat 11.5.0-2)
CentOS Stream 9
Kernel: 5.4
Compiler: gcc gcc (GCC) 11.5.0 20240719 (Red Hat 11.5.0-11)
CentOS Stream 10
Kernel: 5.4
Compiler: gcc gcc (GCC) 14.2.1 20250110 (Red Hat 14.2.1-8)
Debian GNU/Linux 12
Kernel: 5.4
Compiler: gcc gcc (Debian 12.2.0-14+deb12u1) 12.2.0
Fedora Linux 42
Kernel: 5.4
Compiler: gcc gcc (GCC) 15.2.1 20250808 (Red Hat 15.2.1-1)
Ubuntu 22.04
Kernel: 5.4
Compiler: gcc gcc (Ubuntu 11.4.0-1ubuntu1~22.04) 11.4.0
Fedora Linux 41
Kernel: 5.4
Compiler: clang gcc (GCC) 14.3.1 20250523 (Red Hat 14.3.1-1)
Ubuntu 24.04
Kernel: 5.4
Compiler: gcc gcc (Ubuntu 13.3.0-6ubuntu2~24.04) 13.3.0
To view detailed results, visit:
https://lab.dpdk.org/results/dashboard/patchsets/34514/
UNH-IOL DPDK Community Lab
To manage your email subscriptions, visit:
https://lab.dpdk.org/results/dashboard/preferences/subscriptions/
^ permalink raw reply [flat|nested] 24+ messages in thread
* |SUCCESS| pw158619-158623 [PATCH] [v5,5/5] bpf: replace use of VLA
[not found] <20251109200854.45942-6-stephen@networkplumber.org>
` (22 preceding siblings ...)
2025-11-09 21:56 ` |SUCCESS| pw158619-158623 [PATCH] [v5,5/5] " dpdklab
@ 2025-11-09 23:56 ` dpdklab
23 siblings, 0 replies; 24+ messages in thread
From: dpdklab @ 2025-11-09 23:56 UTC (permalink / raw)
To: Test Report; +Cc: dpdk-test-reports
Test-Label: iol-compile-arm64-testing
Test-Status: SUCCESS
http://dpdk.org/patch/158623
_Testing PASS_
Submitter: Stephen Hemminger <stephen@networkplumber.org>
Date: Sunday, November 09 2025 20:07:38
DPDK git baseline: Repo:dpdk
Branch: master
CommitID:8010858724e2aca25f4b3a6bf383e3eacb2f4b10
158619-158623 --> testing pass
Upstream job id: Generic-DPDK-Compile-Meson#442334
Test environment and result as below:
+------------------------------+--------------------+
| Environment | dpdk_meson_compile |
+==============================+====================+
| Ubuntu 20.04 | PASS |
+------------------------------+--------------------+
| Fedora Linux 42 | PASS |
+------------------------------+--------------------+
| Red Hat Enterprise Linux 9.5 | PASS |
+------------------------------+--------------------+
| Debian GNU/Linux 12 | PASS |
+------------------------------+--------------------+
| Ubuntu 22.04 | PASS |
+------------------------------+--------------------+
| CentOS Stream 9 | PASS |
+------------------------------+--------------------+
| Ubuntu 24.04 | PASS |
+------------------------------+--------------------+
| CentOS Stream 10 | PASS |
+------------------------------+--------------------+
Ubuntu 20.04
Kernel: 5.4
Compiler: gcc gcc (Ubuntu 9.4.0-1ubuntu1~20.04.2) 9.4.0
Fedora Linux 42
Kernel: 5.4
Compiler: clang gcc (GCC) 15.2.1 20250808 (Red Hat 15.2.1-1)
Red Hat Enterprise Linux 9.5
Kernel: 5.4
Compiler: gcc gcc (GCC) 11.5.0 20240719 (Red Hat 11.5.0-2)
Debian GNU/Linux 12
Kernel: 5.4
Compiler: gcc gcc (Debian 12.2.0-14+deb12u1) 12.2.0
Ubuntu 22.04
Kernel: 5.4
Compiler: gcc gcc (Ubuntu 11.4.0-1ubuntu1~22.04) 11.4.0
CentOS Stream 9
Kernel: 5.4
Compiler: gcc gcc (GCC) 11.5.0 20240719 (Red Hat 11.5.0-11)
Ubuntu 24.04
Kernel: 5.4
Compiler: gcc gcc (Ubuntu 13.3.0-6ubuntu2~24.04) 13.3.0
CentOS Stream 10
Kernel: 5.4
Compiler: gcc gcc (GCC) 14.2.1 20250110 (Red Hat 14.2.1-8)
To view detailed results, visit:
https://lab.dpdk.org/results/dashboard/patchsets/34514/
UNH-IOL DPDK Community Lab
To manage your email subscriptions, visit:
https://lab.dpdk.org/results/dashboard/preferences/subscriptions/
^ permalink raw reply [flat|nested] 24+ messages in thread
end of thread, other threads:[~2025-11-09 23:56 UTC | newest]
Thread overview: 24+ messages (download: mbox.gz / follow: Atom feed)
-- links below jump to the message on this page --
[not found] <20251109200854.45942-6-stephen@networkplumber.org>
2025-11-09 19:38 ` |SUCCESS| pw158619-158623 [PATCH v5 5/5] bpf: replace use of VLA qemudev
2025-11-09 19:43 ` qemudev
2025-11-09 20:10 ` |SUCCESS| pw158623 " checkpatch
2025-11-09 20:32 ` |PENDING| pw158619-158623 [PATCH] [v5,5/5] " dpdklab
2025-11-09 20:33 ` |SUCCESS| " dpdklab
2025-11-09 20:34 ` |PENDING| " dpdklab
2025-11-09 20:35 ` dpdklab
2025-11-09 20:36 ` dpdklab
2025-11-09 20:38 ` |SUCCESS| " dpdklab
2025-11-09 20:42 ` |PENDING| " dpdklab
2025-11-09 20:50 ` |SUCCESS| " dpdklab
2025-11-09 20:53 ` dpdklab
2025-11-09 20:55 ` |FAILURE| " dpdklab
2025-11-09 20:55 ` |SUCCESS| " dpdklab
2025-11-09 21:04 ` dpdklab
2025-11-09 21:06 ` dpdklab
2025-11-09 21:07 ` dpdklab
2025-11-09 21:10 ` dpdklab
2025-11-09 21:13 ` dpdklab
2025-11-09 21:18 ` dpdklab
2025-11-09 21:43 ` |SUCCESS| pw158623 [PATCH v5 5/5] " 0-day Robot
2025-11-09 21:43 ` 0-day Robot
2025-11-09 21:56 ` |SUCCESS| pw158619-158623 [PATCH] [v5,5/5] " dpdklab
2025-11-09 23:56 ` dpdklab
This is a public inbox, see mirroring instructions
for how to clone and mirror all data and code used for this inbox;
as well as URLs for NNTP newsgroup(s).