From: qemudev@loongson.cn
To: test-report@dpdk.org
Subject: |SUCCESS| pw158625-158626 [PATCH v5 2/2] app/testpmd: support multi-cores process one TC
Date: Mon, 10 Nov 2025 15:01:25 +0800 [thread overview]
Message-ID: <202511100701.5AA71PHv1884763@localhost.localdomain> (raw)
In-Reply-To: <20251110073610.14020-3-fengchengwen@huawei.com>
Test-Label: loongarch-compilation
Test-Status: SUCCESS
http://dpdk.org/patch/158626
_Compilation OK_
Submitter: Chengwen Feng <fengchengwen@huawei.com>
Date: Mon, 10 Nov 2025 15:36:09 +0800
DPDK git baseline: Repo:dpdk-next-net
Branch: main
CommitID: 591ee7f468aebec30d68d30afa8d5e4dcfc897dc
158625-158626 --> meson & ninja build successfully
Test environment and result as below:
+---------------------+----------------+
| Environment | compilation |
+---------------------+----------------+
| Loongnix-Server 8.3 | PASS |
+---------------------+----------------+
Loongnix-Server 8.3
Kernel: 4.19.190+
Compiler: gcc 8.3
next parent reply other threads:[~2025-11-10 7:38 UTC|newest]
Thread overview: 21+ messages / expand[flat|nested] mbox.gz Atom feed top
[not found] <20251110073610.14020-3-fengchengwen@huawei.com>
2025-11-10 7:01 ` qemudev [this message]
2025-11-10 7:06 ` qemudev
2025-11-10 7:36 ` |SUCCESS| pw158626 " checkpatch
2025-11-10 8:02 ` |SUCCESS| pw158625-158626 [PATCH] [v5,2/2] app/testpmd: support mult dpdklab
2025-11-10 8:03 ` |PENDING| " dpdklab
2025-11-10 8:04 ` dpdklab
2025-11-10 8:05 ` dpdklab
2025-11-10 8:07 ` |SUCCESS| " dpdklab
2025-11-10 8:10 ` |PENDING| " dpdklab
2025-11-10 8:11 ` dpdklab
2025-11-10 8:17 ` |FAILURE| " dpdklab
2025-11-10 8:19 ` |SUCCESS| " dpdklab
2025-11-10 8:22 ` dpdklab
2025-11-10 8:24 ` dpdklab
2025-11-10 8:33 ` dpdklab
2025-11-10 8:42 ` dpdklab
2025-11-10 8:52 ` dpdklab
2025-11-10 8:54 ` dpdklab
2025-11-10 9:04 ` dpdklab
2025-11-10 9:24 ` |FAILURE| " dpdklab
2025-11-10 11:20 ` |SUCCESS| " dpdklab
Reply instructions:
You may reply publicly to this message via plain-text email
using any one of the following methods:
* Save the following mbox file, import it into your mail client,
and reply-to-all from there: mbox
Avoid top-posting and favor interleaved quoting:
https://en.wikipedia.org/wiki/Posting_style#Interleaved_style
* Reply using the --to, --cc, and --in-reply-to
switches of git-send-email(1):
git send-email \
--in-reply-to=202511100701.5AA71PHv1884763@localhost.localdomain \
--to=qemudev@loongson.cn \
--cc=test-report@dpdk.org \
/path/to/YOUR_REPLY
https://kernel.org/pub/software/scm/git/docs/git-send-email.html
* If your mail client supports setting the In-Reply-To header
via mailto: links, try the mailto: link
Be sure your reply has a Subject: header at the top and a blank line
before the message body.
This is a public inbox, see mirroring instructions
for how to clone and mirror all data and code used for this inbox;
as well as URLs for NNTP newsgroup(s).