From: qemudev@loongson.cn
To: test-report@dpdk.org
Subject: |SUCCESS| pw158636 [PATCH] gro : improve GRO performance based on hash table
Date: Mon, 10 Nov 2025 23:54:07 +0800 [thread overview]
Message-ID: <202511101554.5AAFs7m72142865@localhost.localdomain> (raw)
In-Reply-To: <20251110162356.173438-1-kumaraparamesh92@gmail.com>
Test-Label: loongarch-compilation
Test-Status: SUCCESS
http://dpdk.org/patch/158636
_Compilation OK_
Submitter: Kumara Parameshwaran <kumaraparamesh92@gmail.com>
Date: Mon, 10 Nov 2025 21:53:56 +0530
DPDK git baseline: Repo:dpdk
Branch: main
CommitID: 2e22572b9a6ce8bcdc0347313a35bb3066b0faff
158636 --> meson & ninja build successfully
Test environment and result as below:
+---------------------+----------------+
| Environment | compilation |
+---------------------+----------------+
| Loongnix-Server 8.3 | PASS |
+---------------------+----------------+
Loongnix-Server 8.3
Kernel: 4.19.190+
Compiler: gcc 8.3
next parent reply other threads:[~2025-11-10 16:30 UTC|newest]
Thread overview: 18+ messages / expand[flat|nested] mbox.gz Atom feed top
[not found] <20251110162356.173438-1-kumaraparamesh92@gmail.com>
2025-11-10 15:54 ` qemudev [this message]
2025-11-10 15:59 ` qemudev
2025-11-10 16:23 ` |WARNING| " checkpatch
2025-11-10 17:09 ` |FAILURE| " 0-day Robot
2025-11-10 17:40 ` |PENDING| pw158636 [PATCH] gro : improve GRO performance based on ha dpdklab
2025-11-10 17:43 ` |SUCCESS| " dpdklab
2025-11-10 17:43 ` |PENDING| " dpdklab
2025-11-10 17:47 ` |SUCCESS| " dpdklab
2025-11-10 17:51 ` |PENDING| " dpdklab
2025-11-10 17:52 ` dpdklab
2025-11-10 18:03 ` |SUCCESS| " dpdklab
2025-11-10 18:05 ` dpdklab
2025-11-10 18:13 ` dpdklab
2025-11-10 18:16 ` dpdklab
2025-11-10 18:17 ` dpdklab
2025-11-10 18:24 ` dpdklab
2025-11-10 18:24 ` dpdklab
2025-11-10 18:24 ` dpdklab
Reply instructions:
You may reply publicly to this message via plain-text email
using any one of the following methods:
* Save the following mbox file, import it into your mail client,
and reply-to-all from there: mbox
Avoid top-posting and favor interleaved quoting:
https://en.wikipedia.org/wiki/Posting_style#Interleaved_style
* Reply using the --to, --cc, and --in-reply-to
switches of git-send-email(1):
git send-email \
--in-reply-to=202511101554.5AAFs7m72142865@localhost.localdomain \
--to=qemudev@loongson.cn \
--cc=test-report@dpdk.org \
/path/to/YOUR_REPLY
https://kernel.org/pub/software/scm/git/docs/git-send-email.html
* If your mail client supports setting the In-Reply-To header
via mailto: links, try the mailto: link
Be sure your reply has a Subject: header at the top and a blank line
before the message body.
This is a public inbox, see mirroring instructions
for how to clone and mirror all data and code used for this inbox;
as well as URLs for NNTP newsgroup(s).